--
-- Host: localhost    Database: persisters
-- ------------------------------------------------------


--
-- Table structure for table `RayBoardBoards`
--

CREATE TABLE `RayBoardBoards` (
  `ID` int(11) NOT NULL AUTO_INCREMENT,
  `Name` varchar(255) NOT NULL DEFAULT '',
  `Password` varchar(255) NOT NULL DEFAULT '',
  `OwnerID` varchar(20) NOT NULL DEFAULT '0',
  `When` int(11) DEFAULT NULL,
  `Status` enum('new','normal','delete') NOT NULL DEFAULT 'new',
  PRIMARY KEY (`ID`)
) ENGINE=MyISAM DEFAULT CHARSET=utf8;

--
-- Dumping data for table `RayBoardBoards`
--


--
-- Table structure for table `RayBoardCurrentUsers`
--

CREATE TABLE `RayBoardCurrentUsers` (
  `ID` varchar(20) NOT NULL DEFAULT '',
  `Nick` varchar(255) NOT NULL,
  `Sex` enum('M','F') NOT NULL DEFAULT 'M',
  `Age` int(11) NOT NULL DEFAULT '0',
  `Photo` varchar(255) NOT NULL DEFAULT '',
  `Profile` varchar(255) NOT NULL DEFAULT '',
  `Desc` varchar(255) NOT NULL,
  `When` int(11) NOT NULL DEFAULT '0',
  `Status` enum('new','old','idle') NOT NULL DEFAULT 'new',
  PRIMARY KEY (`ID`)
) ENGINE=MyISAM DEFAULT CHARSET=utf8;

--
-- Dumping data for table `RayBoardCurrentUsers`
--


--
-- Table structure for table `RayBoardUsers`
--

CREATE TABLE `RayBoardUsers` (
  `ID` int(11) NOT NULL AUTO_INCREMENT,
  `Board` int(11) NOT NULL DEFAULT '0',
  `User` varchar(20) NOT NULL DEFAULT '',
  `When` int(11) DEFAULT NULL,
  `Status` enum('normal','delete') NOT NULL DEFAULT 'normal',
  PRIMARY KEY (`ID`)
) ENGINE=MyISAM DEFAULT CHARSET=utf8;

--
-- Dumping data for table `RayBoardUsers`
--


--
-- Table structure for table `RayChatCurrentUsers`
--

CREATE TABLE `RayChatCurrentUsers` (
  `ID` varchar(20) NOT NULL DEFAULT '',
  `Nick` varchar(36) NOT NULL DEFAULT '',
  `Sex` enum('M','F') NOT NULL DEFAULT 'M',
  `Age` int(11) NOT NULL DEFAULT '0',
  `Desc` text NOT NULL,
  `Photo` varchar(255) NOT NULL DEFAULT '',
  `Profile` varchar(255) NOT NULL DEFAULT '',
  `Online` varchar(10) NOT NULL DEFAULT 'online',
  `Start` int(11) NOT NULL DEFAULT '0',
  `When` int(11) NOT NULL DEFAULT '0',
  `Status` enum('new','old','idle','kick','type','online') NOT NULL DEFAULT 'new',
  PRIMARY KEY (`ID`)
) ENGINE=MyISAM DEFAULT CHARSET=utf8;

--
-- Dumping data for table `RayChatCurrentUsers`
--


--
-- Table structure for table `RayChatMemberships`
--

CREATE TABLE `RayChatMemberships` (
  `ID` int(11) NOT NULL AUTO_INCREMENT,
  `Setting` int(11) NOT NULL DEFAULT '0',
  `Value` varchar(255) COLLATE utf8_unicode_ci NOT NULL DEFAULT '',
  `Membership` int(11) NOT NULL DEFAULT '0',
  PRIMARY KEY (`ID`)
) ENGINE=InnoDB DEFAULT CHARSET=utf8 COLLATE=utf8_unicode_ci;

--
-- Dumping data for table `RayChatMemberships`
--


--
-- Table structure for table `RayChatMembershipsSettings`
--

CREATE TABLE `RayChatMembershipsSettings` (
  `ID` int(11) NOT NULL AUTO_INCREMENT,
  `Name` varchar(20) COLLATE utf8_unicode_ci NOT NULL DEFAULT '',
  `Caption` varchar(255) COLLATE utf8_unicode_ci NOT NULL DEFAULT '',
  `Type` enum('boolean','number','custom') COLLATE utf8_unicode_ci NOT NULL DEFAULT 'boolean',
  `Default` varchar(255) COLLATE utf8_unicode_ci NOT NULL DEFAULT '',
  `Range` int(3) NOT NULL DEFAULT '3',
  `Error` varchar(255) COLLATE utf8_unicode_ci NOT NULL DEFAULT '',
  PRIMARY KEY (`ID`),
  UNIQUE KEY `Name` (`Name`)
) ENGINE=InnoDB AUTO_INCREMENT=13 DEFAULT CHARSET=utf8 COLLATE=utf8_unicode_ci;

--
-- Dumping data for table `RayChatMembershipsSettings`
--

INSERT INTO `RayChatMembershipsSettings` VALUES (1,'RoomCreate','New Rooms Creating:','boolean','true',1,'RayzRoomCreate'),(2,'PrivateRoomCreate','Private Rooms Creating:','boolean','true',1,'RayzPrivateRoomCreate'),(3,'AVCasting','Audio/Video Casting:','boolean','true',1,'RayzAVCasting'),(4,'AVPlaying','Audio/Video Playing (for Messenger):','boolean','true',1,'RayzAVPlaying'),(5,'AVLargeWindow','Enable Large Video Window:','boolean','true',1,'RayzAVLargeWindow'),(6,'FileSend','Files Sending:','boolean','true',1,'RayzFileSend'),(7,'WhisperMessages','Whispering Messages:','boolean','true',1,'RayzWhisperMessages'),(8,'DirectMessages','Addressed Messages:','boolean','true',1,'RayzDirectMessages'),(9,'RoomsNumber','Maximum Rooms Number:','number','100',3,'RayzRoomsNumber'),(10,'ChatsNumber','Maximum Private Chats Number:','number','100',3,'RayzChatsNumber'),(11,'AVWindowsNumber','Maximum Video Windows Number:','number','100',3,'RayzAVWindowsNumber'),(12,'RestrictedRooms','Restricted Rooms:','custom','',1,'RayzRestrictedRooms');

--
-- Table structure for table `RayChatMessages`
--

CREATE TABLE `RayChatMessages` (
  `ID` int(11) NOT NULL AUTO_INCREMENT,
  `Room` int(11) NOT NULL DEFAULT '0',
  `Sender` varchar(20) NOT NULL DEFAULT '',
  `Recipient` varchar(20) NOT NULL DEFAULT '',
  `Whisper` enum('true','false') NOT NULL DEFAULT 'false',
  `Message` text NOT NULL,
  `Style` text NOT NULL,
  `Type` varchar(10) NOT NULL DEFAULT 'text',
  `When` int(11) NOT NULL DEFAULT '0',
  PRIMARY KEY (`ID`)
) ENGINE=MyISAM DEFAULT CHARSET=utf8;

--
-- Dumping data for table `RayChatMessages`
--


--
-- Table structure for table `RayChatProfiles`
--

CREATE TABLE `RayChatProfiles` (
  `ID` varchar(20) NOT NULL DEFAULT '0',
  `Banned` enum('true','false') NOT NULL DEFAULT 'false',
  `Type` varchar(10) NOT NULL DEFAULT 'full',
  `Smileset` varchar(255) NOT NULL DEFAULT '',
  PRIMARY KEY (`ID`)
) ENGINE=MyISAM DEFAULT CHARSET=utf8;

--
-- Dumping data for table `RayChatProfiles`
--


--
-- Table structure for table `RayChatRoomsUsers`
--

CREATE TABLE `RayChatRoomsUsers` (
  `ID` int(11) NOT NULL AUTO_INCREMENT,
  `Room` int(11) NOT NULL DEFAULT '0',
  `User` varchar(20) NOT NULL DEFAULT '',
  `When` int(11) DEFAULT NULL,
  `Status` enum('normal','delete') NOT NULL DEFAULT 'normal',
  PRIMARY KEY (`ID`)
) ENGINE=MyISAM DEFAULT CHARSET=utf8;

--
-- Dumping data for table `RayChatRoomsUsers`
--


--
-- Table structure for table `RayImContacts`
--

CREATE TABLE `RayImContacts` (
  `ID` int(11) NOT NULL AUTO_INCREMENT,
  `SenderID` int(11) NOT NULL DEFAULT '0',
  `RecipientID` int(11) NOT NULL DEFAULT '0',
  `Online` varchar(10) NOT NULL DEFAULT 'online',
  `When` int(11) NOT NULL DEFAULT '0',
  PRIMARY KEY (`ID`)
) ENGINE=MyISAM DEFAULT CHARSET=utf8;

--
-- Dumping data for table `RayImContacts`
--


--
-- Table structure for table `RayImMessages`
--

CREATE TABLE `RayImMessages` (
  `ID` int(11) NOT NULL AUTO_INCREMENT,
  `ContactID` int(11) NOT NULL DEFAULT '0',
  `Message` text NOT NULL,
  `Style` text NOT NULL,
  `Type` varchar(10) NOT NULL DEFAULT 'text',
  `When` int(11) NOT NULL DEFAULT '0',
  PRIMARY KEY (`ID`)
) ENGINE=MyISAM DEFAULT CHARSET=utf8;

--
-- Dumping data for table `RayImMessages`
--


--
-- Table structure for table `RayImPendings`
--

CREATE TABLE `RayImPendings` (
  `ID` int(11) NOT NULL AUTO_INCREMENT,
  `SenderID` int(11) NOT NULL DEFAULT '0',
  `RecipientID` int(11) NOT NULL DEFAULT '0',
  `Message` varchar(255) NOT NULL DEFAULT '',
  `When` int(11) NOT NULL DEFAULT '0',
  PRIMARY KEY (`ID`),
  KEY `RecipientID` (`RecipientID`)
) ENGINE=MyISAM DEFAULT CHARSET=utf8;

--
-- Dumping data for table `RayImPendings`
--


--
-- Table structure for table `RayImProfiles`
--

CREATE TABLE `RayImProfiles` (
  `ID` int(11) NOT NULL DEFAULT '0',
  `Smileset` varchar(255) NOT NULL DEFAULT '',
  PRIMARY KEY (`ID`)
) ENGINE=MyISAM DEFAULT CHARSET=utf8;

--
-- Dumping data for table `RayImProfiles`
--


--
-- Table structure for table `RayMp3Files`
--

CREATE TABLE `RayMp3Files` (
  `ID` int(11) NOT NULL AUTO_INCREMENT,
  `Categories` text NOT NULL,
  `Title` varchar(255) NOT NULL DEFAULT '',
  `Uri` varchar(255) NOT NULL DEFAULT '',
  `Tags` text NOT NULL,
  `Description` text NOT NULL,
  `Time` int(11) NOT NULL DEFAULT '0',
  `Date` int(20) NOT NULL DEFAULT '0',
  `Reports` int(11) NOT NULL DEFAULT '0',
  `Owner` varchar(64) NOT NULL DEFAULT '',
  `Listens` int(12) DEFAULT '0',
  `Rate` float NOT NULL,
  `RateCount` int(11) NOT NULL,
  `CommentsCount` int(11) NOT NULL,
  `Featured` tinyint(4) NOT NULL,
  `Status` enum('approved','disapproved','pending','processing','failed') NOT NULL DEFAULT 'pending',
  PRIMARY KEY (`ID`),
  KEY `Owner` (`Owner`),
  FULLTEXT KEY `ftMain` (`Title`,`Tags`,`Description`,`Categories`),
  FULLTEXT KEY `ftTags` (`Tags`),
  FULLTEXT KEY `ftCategories` (`Categories`)
) ENGINE=MyISAM DEFAULT CHARSET=utf8;

--
-- Dumping data for table `RayMp3Files`
--


--
-- Table structure for table `RayMp3Tokens`
--

CREATE TABLE `RayMp3Tokens` (
  `ID` int(11) NOT NULL DEFAULT '0',
  `Token` varchar(32) NOT NULL DEFAULT '',
  `Date` int(20) NOT NULL DEFAULT '0',
  PRIMARY KEY (`ID`,`Token`)
) ENGINE=MyISAM DEFAULT CHARSET=utf8;

--
-- Dumping data for table `RayMp3Tokens`
--


--
-- Table structure for table `RayShoutboxMessages`
--

CREATE TABLE `RayShoutboxMessages` (
  `ID` int(11) NOT NULL AUTO_INCREMENT,
  `UserID` varchar(20) NOT NULL DEFAULT '0',
  `Msg` text NOT NULL,
  `When` int(11) NOT NULL DEFAULT '0',
  PRIMARY KEY (`ID`)
) ENGINE=MyISAM DEFAULT CHARSET=utf8;

--
-- Dumping data for table `RayShoutboxMessages`
--


--
-- Table structure for table `RayVideoFiles`
--

CREATE TABLE `RayVideoFiles` (
  `ID` int(11) NOT NULL AUTO_INCREMENT,
  `Categories` text NOT NULL,
  `Title` varchar(255) NOT NULL DEFAULT '',
  `Uri` varchar(255) NOT NULL DEFAULT '',
  `Tags` text NOT NULL,
  `Description` text NOT NULL,
  `Time` int(11) NOT NULL DEFAULT '0',
  `Date` int(20) NOT NULL DEFAULT '0',
  `Owner` varchar(64) NOT NULL DEFAULT '',
  `Views` int(12) DEFAULT '0',
  `Rate` float NOT NULL,
  `RateCount` int(11) NOT NULL,
  `CommentsCount` int(11) NOT NULL,
  `Featured` tinyint(4) NOT NULL,
  `Status` enum('approved','disapproved','pending','processing','failed') NOT NULL DEFAULT 'pending',
  `Source` varchar(20) NOT NULL DEFAULT '',
  `Video` varchar(32) NOT NULL DEFAULT '',
  PRIMARY KEY (`ID`),
  KEY `Owner` (`Owner`),
  FULLTEXT KEY `ftMain` (`Title`,`Tags`,`Description`,`Categories`),
  FULLTEXT KEY `ftTags` (`Tags`),
  FULLTEXT KEY `ftCategories` (`Categories`)
) ENGINE=MyISAM DEFAULT CHARSET=utf8;

--
-- Dumping data for table `RayVideoFiles`
--


--
-- Table structure for table `RayVideoTokens`
--

CREATE TABLE `RayVideoTokens` (
  `ID` int(11) NOT NULL DEFAULT '0',
  `Token` varchar(32) NOT NULL DEFAULT '',
  `Date` int(20) NOT NULL DEFAULT '0',
  PRIMARY KEY (`ID`,`Token`)
) ENGINE=MyISAM DEFAULT CHARSET=utf8;

--
-- Dumping data for table `RayVideoTokens`
--


--
-- Table structure for table `RayVideo_commentsFiles`
--

CREATE TABLE `RayVideo_commentsFiles` (
  `ID` int(11) NOT NULL AUTO_INCREMENT,
  `Categories` text NOT NULL,
  `Title` varchar(255) NOT NULL DEFAULT '',
  `Uri` varchar(255) NOT NULL DEFAULT '',
  `Tags` text NOT NULL,
  `Description` text NOT NULL,
  `Time` int(11) NOT NULL DEFAULT '0',
  `Date` int(20) NOT NULL DEFAULT '0',
  `Owner` varchar(64) NOT NULL DEFAULT '',
  `Views` int(12) DEFAULT '0',
  `Status` enum('approved','disapproved','pending','processing','failed') NOT NULL DEFAULT 'pending',
  PRIMARY KEY (`ID`),
  KEY `Owner` (`Owner`)
) ENGINE=MyISAM DEFAULT CHARSET=utf8;

--
-- Dumping data for table `RayVideo_commentsFiles`
--


--
-- Table structure for table `RayVideo_commentsTokens`
--

CREATE TABLE `RayVideo_commentsTokens` (
  `ID` int(11) NOT NULL DEFAULT '0',
  `Token` varchar(32) NOT NULL DEFAULT '',
  `Date` int(20) NOT NULL DEFAULT '0',
  PRIMARY KEY (`ID`,`Token`)
) ENGINE=MyISAM DEFAULT CHARSET=utf8;

--
-- Dumping data for table `RayVideo_commentsTokens`
--


--
-- Table structure for table `bx_ads_category`
--

CREATE TABLE `bx_ads_category` (
  `ID` int(11) unsigned NOT NULL AUTO_INCREMENT,
  `Name` varchar(64) NOT NULL DEFAULT '',
  `CEntryUri` varchar(64) NOT NULL DEFAULT '',
  `Description` varchar(128) DEFAULT NULL,
  `CustomFieldName1` varchar(50) DEFAULT NULL,
  `CustomFieldName2` varchar(50) DEFAULT NULL,
  `Unit1` varchar(8) NOT NULL DEFAULT '$',
  `Unit2` varchar(8) NOT NULL,
  `Picture` varchar(255) NOT NULL,
  PRIMARY KEY (`ID`),
  UNIQUE KEY `CEntryUri` (`CEntryUri`)
) ENGINE=MyISAM AUTO_INCREMENT=11 DEFAULT CHARSET=utf8;

--
-- Dumping data for table `bx_ads_category`
--

INSERT INTO `bx_ads_category` VALUES (1,'Jobs','Jobs','Jobs','salary','','$','','user-md'),(4,'Housing & Rentals','Housing-_-Rentals','Housing & Rentals','rental','','$','','home'),(5,'Services','Services','Services','price','','$','','wrench'),(9,'For Sale','For-Sale','For Sale','price','year','$','','shopping-cart'),(10,'Cars For Sale','Cars-For-Sale','Cars For Sale','price','year','$','','truck');

--
-- Table structure for table `bx_ads_category_subs`
--

CREATE TABLE `bx_ads_category_subs` (
  `ID` int(11) unsigned NOT NULL AUTO_INCREMENT,
  `IDClassified` int(11) unsigned DEFAULT NULL,
  `NameSub` varchar(128) NOT NULL DEFAULT '',
  `SEntryUri` varchar(128) NOT NULL DEFAULT '',
  `Description` varchar(150) DEFAULT 'No description',
  PRIMARY KEY (`ID`),
  UNIQUE KEY `SEntryUri` (`SEntryUri`),
  KEY `IDClassified` (`IDClassified`)
) ENGINE=MyISAM AUTO_INCREMENT=85 DEFAULT CHARSET=utf8;

--
-- Dumping data for table `bx_ads_category_subs`
--

INSERT INTO `bx_ads_category_subs` VALUES (4,2,'positions and openings','positions-and-openings','positions and openings desc'),(5,2,'instruments for sale','instruments-for-sale','instruments for sale desc'),(6,2,'instruments wanted','instruments-wanted','instruments wanted desc'),(7,3,'activities','activities','activities desc'),(8,3,'artists','artists','artists desc'),(9,3,'childcare','childcare','childcare desc'),(10,4,'apartments / housing','apartments-housing','apartments / housing description'),(11,4,'real estate for sale','real-estate-for-sale','real estate for sale description'),(12,4,'roommates','roommates','roommates description'),(38,1,'accounting / finance','accounting-finance','accounting / finance desc'),(36,5,'automotive','automotive','automotive desc'),(43,1,'education / nonprofit sec','education-nonprofit-sec','education / nonprofit sector desc'),(47,1,'government / legal','government-legal','government/legal desc'),(84,1,'programming / web design','programming-web-design','programming / web design desc'),(54,1,'other','other','other desc'),(55,4,'temporary vacation rental','temporary-vacation-rental','temporary vacation rentals desc'),(56,4,'office / commercial','office-commercial','office / commercial  desc'),(58,5,'financial','financial','financial'),(60,5,'labor / move','labor-move','labor/move desc'),(61,5,'legal','legal','legal desc'),(62,5,'educational','educational','educational desc'),(64,7,'acting','acting','acting desc'),(65,7,'dance','dance','dance desc'),(83,7,'musicians','musicians','musicians desc'),(67,7,'modeling','modeling','modeling desc'),(68,7,'reality shows','reality-shows','reality shows  desc'),(69,8,'men seeking women','men-seeking-women','men seeking women desc'),(70,8,'women seeking men','women-seeking-men','women seeking men desc'),(71,8,'women seeking women','women-seeking-women','women seeking women desc'),(73,8,'missed connections','missed-connections','missed connections desc'),(74,9,'barter','barter','barter desc'),(77,9,'clothing','clothing','clothing desc'),(78,9,'collectibles','collectibles','collectibles desc'),(79,9,'miscellaneous','miscellaneous','miscellaneous desc'),(80,10,'autos / trucks','autos-trucks','autos / trucks desc'),(81,10,'motorcycles','motorcycles','motorcycles desc'),(82,10,'auto parts','auto-parts','auto parts desc');

--
-- Table structure for table `bx_ads_cmts`
--

CREATE TABLE `bx_ads_cmts` (
  `cmt_id` int(11) NOT NULL AUTO_INCREMENT,
  `cmt_parent_id` int(11) NOT NULL DEFAULT '0',
  `cmt_object_id` int(11) NOT NULL DEFAULT '0',
  `cmt_author_id` int(10) unsigned NOT NULL DEFAULT '0',
  `cmt_text` text NOT NULL,
  `cmt_mood` tinyint(4) NOT NULL DEFAULT '0',
  `cmt_rate` int(11) NOT NULL DEFAULT '0',
  `cmt_rate_count` int(11) NOT NULL DEFAULT '0',
  `cmt_time` datetime NOT NULL DEFAULT '0000-00-00 00:00:00',
  `cmt_replies` int(11) NOT NULL DEFAULT '0',
  PRIMARY KEY (`cmt_id`),
  KEY `cmt_object_id` (`cmt_object_id`,`cmt_parent_id`)
) ENGINE=MyISAM DEFAULT CHARSET=utf8;

--
-- Dumping data for table `bx_ads_cmts`
--


--
-- Table structure for table `bx_ads_main`
--

CREATE TABLE `bx_ads_main` (
  `ID` int(11) unsigned NOT NULL AUTO_INCREMENT,
  `IDProfile` int(11) unsigned NOT NULL DEFAULT '0',
  `IDClassifiedsSubs` int(11) unsigned NOT NULL DEFAULT '0',
  `DateTime` int(10) DEFAULT NULL,
  `Subject` varchar(50) NOT NULL DEFAULT '',
  `EntryUri` varchar(255) NOT NULL DEFAULT '',
  `Message` text NOT NULL,
  `Status` enum('new','active','inactive') NOT NULL DEFAULT 'new',
  `CustomFieldValue1` varchar(50) DEFAULT NULL,
  `CustomFieldValue2` varchar(50) DEFAULT NULL,
  `LifeTime` int(3) NOT NULL DEFAULT '30',
  `Media` varchar(50) DEFAULT NULL,
  `Tags` text NOT NULL,
  `Country` varchar(2) DEFAULT NULL,
  `City` varchar(128) DEFAULT NULL,
  `Featured` int(1) NOT NULL DEFAULT '0',
  `Views` int(11) NOT NULL,
  `Rate` float NOT NULL,
  `RateCount` int(11) NOT NULL,
  `CommentsCount` int(11) NOT NULL,
  `AllowView` int(11) NOT NULL,
  `AllowRate` int(11) NOT NULL,
  `AllowComment` int(11) NOT NULL,
  PRIMARY KEY (`ID`),
  UNIQUE KEY `EntryUri` (`EntryUri`),
  KEY `IDProfile` (`IDProfile`),
  KEY `IDClassifiedsSubs` (`IDClassifiedsSubs`),
  FULLTEXT KEY `ftMain` (`Subject`,`Tags`,`Message`,`City`),
  FULLTEXT KEY `ftTags` (`Tags`)
) ENGINE=MyISAM AUTO_INCREMENT=2 DEFAULT CHARSET=utf8;

--
-- Dumping data for table `bx_ads_main`
--

INSERT INTO `bx_ads_main` VALUES (1,2,10,1432831222,'bethany','bethany','<p>3 bedroom rental available in Amherst, MA available June 1st. Please call someone else for more information.</p>\r\n<p></p>\r\n<ul>\r\n<li>light</li>\r\n<li>sunny</li>\r\n<li>far from town</li>\r\n<li>quite</li>\r\n<li>non-smoker</li>\r\n<li>etc</li>\r\n</ul>','active','1000','0',15,'1','light, sunny','US','amherst',0,1,0,0,0,4,4,4);

--
-- Table structure for table `bx_ads_main_media`
--

CREATE TABLE `bx_ads_main_media` (
  `MediaID` int(11) unsigned NOT NULL AUTO_INCREMENT,
  `MediaProfileID` int(11) unsigned NOT NULL DEFAULT '0',
  `MediaType` enum('photo','other') NOT NULL DEFAULT 'photo',
  `MediaFile` varchar(50) NOT NULL DEFAULT '',
  `MediaDate` int(10) DEFAULT NULL,
  PRIMARY KEY (`MediaID`),
  KEY `med_prof_id` (`MediaProfileID`)
) ENGINE=MyISAM AUTO_INCREMENT=2 DEFAULT CHARSET=utf8;

--
-- Dumping data for table `bx_ads_main_media`
--

INSERT INTO `bx_ads_main_media` VALUES (1,2,'photo','2_1432831222_1.jpg',1432831222);

--
-- Table structure for table `bx_ads_rating`
--

CREATE TABLE `bx_ads_rating` (
  `ads_id` int(12) NOT NULL DEFAULT '0',
  `ads_rating_count` int(11) NOT NULL DEFAULT '0',
  `ads_rating_sum` int(11) NOT NULL DEFAULT '0',
  UNIQUE KEY `med_id` (`ads_id`)
) ENGINE=MyISAM DEFAULT CHARSET=utf8;

--
-- Dumping data for table `bx_ads_rating`
--


--
-- Table structure for table `bx_ads_views_track`
--

CREATE TABLE `bx_ads_views_track` (
  `id` int(10) unsigned NOT NULL,
  `viewer` int(10) unsigned NOT NULL,
  `ip` int(10) unsigned NOT NULL,
  `ts` int(10) unsigned NOT NULL,
  KEY `id` (`id`,`viewer`,`ip`)
) ENGINE=MyISAM DEFAULT CHARSET=utf8;

--
-- Dumping data for table `bx_ads_views_track`
--

INSERT INTO `bx_ads_views_track` VALUES (1,2,2706229665,1432831224);

--
-- Table structure for table `bx_ads_voting_track`
--

CREATE TABLE `bx_ads_voting_track` (
  `ads_id` int(12) NOT NULL DEFAULT '0',
  `ads_ip` varchar(20) DEFAULT NULL,
  `ads_date` datetime DEFAULT NULL,
  KEY `med_ip` (`ads_ip`,`ads_id`)
) ENGINE=MyISAM DEFAULT CHARSET=utf8;

--
-- Dumping data for table `bx_ads_voting_track`
--


--
-- Table structure for table `bx_events_admins`
--

CREATE TABLE `bx_events_admins` (
  `id_entry` int(10) unsigned NOT NULL,
  `id_profile` int(10) unsigned NOT NULL,
  `when` int(10) unsigned NOT NULL,
  PRIMARY KEY (`id_entry`,`id_profile`)
) ENGINE=MyISAM DEFAULT CHARSET=utf8;

--
-- Dumping data for table `bx_events_admins`
--


--
-- Table structure for table `bx_events_cmts`
--

CREATE TABLE `bx_events_cmts` (
  `cmt_id` int(11) NOT NULL AUTO_INCREMENT,
  `cmt_parent_id` int(11) NOT NULL DEFAULT '0',
  `cmt_object_id` int(12) NOT NULL DEFAULT '0',
  `cmt_author_id` int(10) unsigned NOT NULL DEFAULT '0',
  `cmt_text` text NOT NULL,
  `cmt_mood` tinyint(4) NOT NULL DEFAULT '0',
  `cmt_rate` int(11) NOT NULL DEFAULT '0',
  `cmt_rate_count` int(11) NOT NULL DEFAULT '0',
  `cmt_time` datetime NOT NULL DEFAULT '0000-00-00 00:00:00',
  `cmt_replies` int(11) NOT NULL DEFAULT '0',
  PRIMARY KEY (`cmt_id`),
  KEY `cmt_object_id` (`cmt_object_id`,`cmt_parent_id`)
) ENGINE=MyISAM AUTO_INCREMENT=5 DEFAULT CHARSET=utf8;

--
-- Dumping data for table `bx_events_cmts`
--

INSERT INTO `bx_events_cmts` VALUES (1,0,1,1,'I don\'t think I\'ve been invited yet.',0,0,0,'2015-04-08 16:29:11',0),(2,0,1,2,'did you get one now? \n',0,0,0,'2015-04-08 16:30:48',0),(3,0,1,1,'Odd.  I got an email about it, but when I log in, there\'s nothing to remind me of it.',0,0,0,'2015-04-08 16:32:39',0),(4,0,1,1,'I hired some entertainment.  See picture.',0,0,0,'2015-04-08 16:34:08',0);

--
-- Table structure for table `bx_events_cmts_track`
--

CREATE TABLE `bx_events_cmts_track` (
  `cmt_system_id` int(11) NOT NULL DEFAULT '0',
  `cmt_id` int(11) NOT NULL DEFAULT '0',
  `cmt_rate` tinyint(4) NOT NULL DEFAULT '0',
  `cmt_rate_author_id` int(10) unsigned NOT NULL DEFAULT '0',
  `cmt_rate_author_nip` int(11) unsigned NOT NULL DEFAULT '0',
  `cmt_rate_ts` int(11) NOT NULL DEFAULT '0',
  PRIMARY KEY (`cmt_system_id`,`cmt_id`,`cmt_rate_author_nip`)
) ENGINE=MyISAM DEFAULT CHARSET=utf8;

--
-- Dumping data for table `bx_events_cmts_track`
--


--
-- Table structure for table `bx_events_files`
--

CREATE TABLE `bx_events_files` (
  `entry_id` int(10) unsigned NOT NULL,
  `media_id` int(10) unsigned NOT NULL,
  UNIQUE KEY `entry_id` (`entry_id`,`media_id`)
) ENGINE=MyISAM DEFAULT CHARSET=utf8;

--
-- Dumping data for table `bx_events_files`
--


--
-- Table structure for table `bx_events_forum`
--

CREATE TABLE `bx_events_forum` (
  `forum_id` int(10) unsigned NOT NULL AUTO_INCREMENT,
  `forum_uri` varchar(255) NOT NULL DEFAULT '',
  `cat_id` int(11) NOT NULL DEFAULT '0',
  `forum_title` varchar(255) DEFAULT NULL,
  `forum_desc` varchar(255) NOT NULL DEFAULT '',
  `forum_posts` int(11) NOT NULL DEFAULT '0',
  `forum_topics` int(11) NOT NULL DEFAULT '0',
  `forum_last` int(11) NOT NULL DEFAULT '0',
  `forum_type` enum('public','private') NOT NULL DEFAULT 'public',
  `forum_order` int(11) NOT NULL DEFAULT '0',
  `entry_id` int(10) unsigned NOT NULL,
  PRIMARY KEY (`forum_id`),
  KEY `cat_id` (`cat_id`),
  KEY `forum_uri` (`forum_uri`),
  KEY `entry_id` (`entry_id`)
) ENGINE=MyISAM AUTO_INCREMENT=3 DEFAULT CHARSET=utf8;

--
-- Dumping data for table `bx_events_forum`
--

INSERT INTO `bx_events_forum` VALUES (1,'Test-Event',1,'Test Event','bethany',0,0,1428510258,'public',0,1),(2,'Mothers-Meeting-Test-Event',1,'Mothers Meeting Test Event','bethany',0,0,1433255749,'public',0,2);

--
-- Table structure for table `bx_events_forum_actions_log`
--

CREATE TABLE `bx_events_forum_actions_log` (
  `user_name` varchar(32) NOT NULL DEFAULT '',
  `id` int(11) NOT NULL DEFAULT '0',
  `action_name` varchar(32) NOT NULL DEFAULT '',
  `action_when` int(11) NOT NULL DEFAULT '0',
  KEY `action_when` (`action_when`)
) ENGINE=MyISAM DEFAULT CHARSET=utf8;

--
-- Dumping data for table `bx_events_forum_actions_log`
--


--
-- Table structure for table `bx_events_forum_attachments`
--

CREATE TABLE `bx_events_forum_attachments` (
  `att_hash` char(16) CHARACTER SET utf8 COLLATE utf8_unicode_ci NOT NULL,
  `post_id` int(10) unsigned NOT NULL,
  `att_name` varchar(255) CHARACTER SET utf8 COLLATE utf8_unicode_ci NOT NULL,
  `att_type` varchar(64) CHARACTER SET utf8 COLLATE utf8_unicode_ci NOT NULL,
  `att_when` int(11) NOT NULL,
  `att_size` int(11) NOT NULL,
  `att_downloads` int(11) NOT NULL,
  PRIMARY KEY (`att_hash`),
  KEY `post_id` (`post_id`)
) ENGINE=MyISAM DEFAULT CHARSET=utf8;

--
-- Dumping data for table `bx_events_forum_attachments`
--


--
-- Table structure for table `bx_events_forum_cat`
--

CREATE TABLE `bx_events_forum_cat` (
  `cat_id` int(10) unsigned NOT NULL AUTO_INCREMENT,
  `cat_uri` varchar(255) NOT NULL DEFAULT '',
  `cat_name` varchar(255) DEFAULT NULL,
  `cat_icon` varchar(32) NOT NULL DEFAULT '',
  `cat_order` float NOT NULL DEFAULT '0',
  `cat_expanded` tinyint(4) NOT NULL DEFAULT '0',
  PRIMARY KEY (`cat_id`),
  KEY `cat_order` (`cat_order`),
  KEY `cat_uri` (`cat_uri`)
) ENGINE=MyISAM AUTO_INCREMENT=2 DEFAULT CHARSET=utf8;

--
-- Dumping data for table `bx_events_forum_cat`
--

INSERT INTO `bx_events_forum_cat` VALUES (1,'Events','Events','',64,0);

--
-- Table structure for table `bx_events_forum_flag`
--

CREATE TABLE `bx_events_forum_flag` (
  `user` varchar(32) NOT NULL DEFAULT '',
  `topic_id` int(11) NOT NULL DEFAULT '0',
  `when` int(11) NOT NULL DEFAULT '0',
  PRIMARY KEY (`user`,`topic_id`)
) ENGINE=MyISAM DEFAULT CHARSET=utf8;

--
-- Dumping data for table `bx_events_forum_flag`
--


--
-- Table structure for table `bx_events_forum_post`
--

CREATE TABLE `bx_events_forum_post` (
  `post_id` int(10) unsigned NOT NULL AUTO_INCREMENT,
  `topic_id` int(11) NOT NULL DEFAULT '0',
  `forum_id` int(11) NOT NULL DEFAULT '0',
  `user` varchar(32) NOT NULL DEFAULT '0',
  `post_text` mediumtext NOT NULL,
  `when` int(11) NOT NULL DEFAULT '0',
  `votes` int(11) NOT NULL DEFAULT '0',
  `reports` int(11) NOT NULL DEFAULT '0',
  `hidden` tinyint(4) NOT NULL DEFAULT '0',
  PRIMARY KEY (`post_id`),
  KEY `topic_id` (`topic_id`),
  KEY `forum_id` (`forum_id`),
  KEY `user` (`user`),
  KEY `when` (`when`)
) ENGINE=MyISAM DEFAULT CHARSET=utf8;

--
-- Dumping data for table `bx_events_forum_post`
--


--
-- Table structure for table `bx_events_forum_signatures`
--

CREATE TABLE `bx_events_forum_signatures` (
  `user` varchar(32) NOT NULL,
  `signature` varchar(255) NOT NULL,
  `when` int(11) NOT NULL,
  PRIMARY KEY (`user`)
) ENGINE=MyISAM DEFAULT CHARSET=utf8;

--
-- Dumping data for table `bx_events_forum_signatures`
--


--
-- Table structure for table `bx_events_forum_topic`
--

CREATE TABLE `bx_events_forum_topic` (
  `topic_id` int(10) unsigned NOT NULL AUTO_INCREMENT,
  `topic_uri` varchar(255) NOT NULL DEFAULT '',
  `forum_id` int(11) NOT NULL DEFAULT '0',
  `topic_title` varchar(255) NOT NULL DEFAULT '',
  `when` int(11) NOT NULL DEFAULT '0',
  `topic_posts` int(11) NOT NULL DEFAULT '0',
  `first_post_user` varchar(32) NOT NULL DEFAULT '0',
  `first_post_when` int(11) NOT NULL DEFAULT '0',
  `last_post_user` varchar(32) NOT NULL DEFAULT '',
  `last_post_when` int(11) NOT NULL DEFAULT '0',
  `topic_sticky` int(11) NOT NULL DEFAULT '0',
  `topic_locked` tinyint(4) NOT NULL DEFAULT '0',
  `topic_hidden` tinyint(4) NOT NULL DEFAULT '0',
  PRIMARY KEY (`topic_id`),
  KEY `forum_id` (`forum_id`),
  KEY `forum_id_2` (`forum_id`,`when`),
  KEY `topic_uri` (`topic_uri`)
) ENGINE=MyISAM DEFAULT CHARSET=utf8;

--
-- Dumping data for table `bx_events_forum_topic`
--


--
-- Table structure for table `bx_events_forum_user`
--

CREATE TABLE `bx_events_forum_user` (
  `user_name` varchar(32) NOT NULL DEFAULT '',
  `user_pwd` varchar(32) NOT NULL DEFAULT '',
  `user_email` varchar(128) NOT NULL DEFAULT '',
  `user_join_date` int(11) NOT NULL DEFAULT '0',
  PRIMARY KEY (`user_name`),
  UNIQUE KEY `user_email` (`user_email`)
) ENGINE=MyISAM DEFAULT CHARSET=utf8;

--
-- Dumping data for table `bx_events_forum_user`
--


--
-- Table structure for table `bx_events_forum_user_activity`
--

CREATE TABLE `bx_events_forum_user_activity` (
  `user` varchar(32) NOT NULL DEFAULT '',
  `act_current` int(11) NOT NULL DEFAULT '0',
  `act_last` int(11) NOT NULL DEFAULT '0',
  PRIMARY KEY (`user`)
) ENGINE=MyISAM DEFAULT CHARSET=utf8;

--
-- Dumping data for table `bx_events_forum_user_activity`
--


--
-- Table structure for table `bx_events_forum_user_stat`
--

CREATE TABLE `bx_events_forum_user_stat` (
  `user` varchar(32) NOT NULL DEFAULT '',
  `posts` int(11) NOT NULL DEFAULT '0',
  `user_last_post` int(11) NOT NULL DEFAULT '0',
  KEY `user` (`user`)
) ENGINE=MyISAM DEFAULT CHARSET=utf8;

--
-- Dumping data for table `bx_events_forum_user_stat`
--


--
-- Table structure for table `bx_events_forum_vote`
--

CREATE TABLE `bx_events_forum_vote` (
  `user_name` varchar(32) NOT NULL DEFAULT '',
  `post_id` int(11) NOT NULL DEFAULT '0',
  `vote_when` int(11) NOT NULL DEFAULT '0',
  `vote_point` tinyint(4) NOT NULL DEFAULT '0',
  PRIMARY KEY (`user_name`,`post_id`)
) ENGINE=MyISAM DEFAULT CHARSET=utf8;

--
-- Dumping data for table `bx_events_forum_vote`
--


--
-- Table structure for table `bx_events_images`
--

CREATE TABLE `bx_events_images` (
  `entry_id` int(10) unsigned NOT NULL,
  `media_id` int(10) unsigned NOT NULL,
  UNIQUE KEY `entry_id` (`entry_id`,`media_id`)
) ENGINE=MyISAM DEFAULT CHARSET=utf8;

--
-- Dumping data for table `bx_events_images`
--

INSERT INTO `bx_events_images` VALUES (1,3);

--
-- Table structure for table `bx_events_main`
--

CREATE TABLE `bx_events_main` (
  `ID` int(10) unsigned NOT NULL AUTO_INCREMENT,
  `Title` varchar(100) NOT NULL DEFAULT '',
  `EntryUri` varchar(255) NOT NULL,
  `Description` text NOT NULL,
  `Status` enum('approved','pending') NOT NULL DEFAULT 'approved',
  `Country` varchar(2) NOT NULL DEFAULT 'US',
  `City` varchar(50) NOT NULL DEFAULT '',
  `Place` varchar(100) NOT NULL DEFAULT '',
  `PrimPhoto` int(11) NOT NULL,
  `Date` int(11) NOT NULL,
  `EventStart` int(11) NOT NULL DEFAULT '0',
  `EventEnd` int(11) NOT NULL DEFAULT '0',
  `ResponsibleID` int(10) unsigned NOT NULL DEFAULT '0',
  `EventMembershipFilter` varchar(100) NOT NULL DEFAULT '',
  `Tags` varchar(255) NOT NULL DEFAULT '',
  `Categories` text NOT NULL,
  `Views` int(11) NOT NULL,
  `Rate` float NOT NULL,
  `RateCount` int(11) NOT NULL,
  `CommentsCount` int(11) NOT NULL,
  `FansCount` int(11) NOT NULL,
  `Featured` tinyint(4) NOT NULL,
  `allow_view_event_to` int(11) NOT NULL,
  `allow_view_participants_to` varchar(16) NOT NULL,
  `allow_comment_to` varchar(16) NOT NULL,
  `allow_rate_to` varchar(16) NOT NULL,
  `allow_join_to` int(11) NOT NULL,
  `allow_post_in_forum_to` varchar(16) NOT NULL,
  `JoinConfirmation` tinyint(4) NOT NULL DEFAULT '0',
  `allow_upload_photos_to` varchar(16) NOT NULL,
  `allow_upload_videos_to` varchar(16) NOT NULL,
  `allow_upload_sounds_to` varchar(16) NOT NULL,
  `allow_upload_files_to` varchar(16) NOT NULL,
  PRIMARY KEY (`ID`),
  UNIQUE KEY `EntryUri` (`EntryUri`),
  KEY `ResponsibleID` (`ResponsibleID`),
  KEY `EventStart` (`EventStart`),
  KEY `Date` (`Date`),
  FULLTEXT KEY `Title` (`Title`,`Description`,`City`,`Place`,`Tags`,`Categories`),
  FULLTEXT KEY `Tags` (`Tags`),
  FULLTEXT KEY `Categories` (`Categories`)
) ENGINE=MyISAM AUTO_INCREMENT=3 DEFAULT CHARSET=utf8;

--
-- Dumping data for table `bx_events_main`
--

INSERT INTO `bx_events_main` VALUES (1,'Test Event','Test-Event','Show up if you can. ','approved','US','Amherst','A restaurant',3,1428510258,1428564660,1428576480,2,'','something','Presentation',2,0,0,4,2,1,3,'3','3','3',3,'',0,'a','','',''),(2,'Mothers Meeting Test Event','Mothers-Meeting-Test-Event','<p>Test event. Mothers meet.  Etc.</p>','approved','US','Amherst','Raos',0,1433255749,1434427200,1434412800,2,'','fun','Birthday',1,0,0,0,0,0,4,'4','4','4',4,'',0,'a','','','');

--
-- Table structure for table `bx_events_participants`
--

CREATE TABLE `bx_events_participants` (
  `id_entry` int(10) unsigned NOT NULL,
  `id_profile` int(10) unsigned NOT NULL,
  `when` int(10) unsigned NOT NULL,
  `confirmed` tinyint(4) NOT NULL,
  PRIMARY KEY (`id_entry`,`id_profile`)
) ENGINE=MyISAM DEFAULT CHARSET=utf8;

--
-- Dumping data for table `bx_events_participants`
--

INSERT INTO `bx_events_participants` VALUES (1,2,1428510658,1),(1,1,1428510770,1);

--
-- Table structure for table `bx_events_rating`
--

CREATE TABLE `bx_events_rating` (
  `gal_id` int(10) unsigned NOT NULL DEFAULT '0',
  `gal_rating_count` int(11) NOT NULL DEFAULT '0',
  `gal_rating_sum` int(11) NOT NULL DEFAULT '0',
  UNIQUE KEY `gal_id` (`gal_id`)
) ENGINE=MyISAM DEFAULT CHARSET=utf8;

--
-- Dumping data for table `bx_events_rating`
--


--
-- Table structure for table `bx_events_rating_track`
--

CREATE TABLE `bx_events_rating_track` (
  `gal_id` int(10) unsigned NOT NULL DEFAULT '0',
  `gal_ip` varchar(20) DEFAULT NULL,
  `gal_date` datetime DEFAULT NULL,
  KEY `gal_ip` (`gal_ip`,`gal_id`)
) ENGINE=MyISAM DEFAULT CHARSET=utf8;

--
-- Dumping data for table `bx_events_rating_track`
--


--
-- Table structure for table `bx_events_sounds`
--

CREATE TABLE `bx_events_sounds` (
  `entry_id` int(10) unsigned NOT NULL,
  `media_id` int(10) unsigned NOT NULL,
  UNIQUE KEY `entry_id` (`entry_id`,`media_id`)
) ENGINE=MyISAM DEFAULT CHARSET=utf8;

--
-- Dumping data for table `bx_events_sounds`
--


--
-- Table structure for table `bx_events_videos`
--

CREATE TABLE `bx_events_videos` (
  `entry_id` int(10) unsigned NOT NULL,
  `media_id` int(10) unsigned NOT NULL,
  UNIQUE KEY `entry_id` (`entry_id`,`media_id`)
) ENGINE=MyISAM DEFAULT CHARSET=utf8;

--
-- Dumping data for table `bx_events_videos`
--


--
-- Table structure for table `bx_events_views_track`
--

CREATE TABLE `bx_events_views_track` (
  `id` int(10) unsigned NOT NULL,
  `viewer` int(10) unsigned NOT NULL,
  `ip` int(10) unsigned NOT NULL,
  `ts` int(10) unsigned NOT NULL,
  KEY `id` (`id`,`viewer`,`ip`)
) ENGINE=MyISAM DEFAULT CHARSET=utf8;

--
-- Dumping data for table `bx_events_views_track`
--

INSERT INTO `bx_events_views_track` VALUES (1,2,2722637885,1428510270),(1,1,2903073612,1428510539),(2,2,404930803,1433256072);

--
-- Table structure for table `bx_fdb_comments`
--

CREATE TABLE `bx_fdb_comments` (
  `cmt_id` int(11) NOT NULL AUTO_INCREMENT,
  `cmt_parent_id` int(11) NOT NULL DEFAULT '0',
  `cmt_object_id` int(11) NOT NULL DEFAULT '0',
  `cmt_author_id` int(10) unsigned NOT NULL DEFAULT '0',
  `cmt_text` text NOT NULL,
  `cmt_mood` tinyint(4) NOT NULL DEFAULT '0',
  `cmt_rate` int(11) NOT NULL DEFAULT '0',
  `cmt_rate_count` int(11) NOT NULL DEFAULT '0',
  `cmt_time` datetime NOT NULL DEFAULT '0000-00-00 00:00:00',
  `cmt_replies` int(11) NOT NULL DEFAULT '0',
  PRIMARY KEY (`cmt_id`),
  KEY `cmt_object_id` (`cmt_object_id`,`cmt_parent_id`)
) ENGINE=MyISAM DEFAULT CHARSET=utf8;

--
-- Dumping data for table `bx_fdb_comments`
--


--
-- Table structure for table `bx_fdb_comments_track`
--

CREATE TABLE `bx_fdb_comments_track` (
  `cmt_system_id` int(11) NOT NULL DEFAULT '0',
  `cmt_id` int(11) NOT NULL DEFAULT '0',
  `cmt_rate` tinyint(4) NOT NULL DEFAULT '0',
  `cmt_rate_author_id` int(10) unsigned NOT NULL DEFAULT '0',
  `cmt_rate_author_nip` int(11) unsigned NOT NULL DEFAULT '0',
  `cmt_rate_ts` int(11) NOT NULL DEFAULT '0',
  PRIMARY KEY (`cmt_system_id`,`cmt_id`,`cmt_rate_author_nip`)
) ENGINE=MyISAM DEFAULT CHARSET=utf8;

--
-- Dumping data for table `bx_fdb_comments_track`
--


--
-- Table structure for table `bx_fdb_entries`
--

CREATE TABLE `bx_fdb_entries` (
  `id` int(11) unsigned NOT NULL AUTO_INCREMENT,
  `author_id` int(11) unsigned NOT NULL DEFAULT '0',
  `caption` varchar(64) NOT NULL DEFAULT '',
  `content` text NOT NULL,
  `uri` varchar(64) NOT NULL DEFAULT '',
  `tags` varchar(255) NOT NULL DEFAULT '',
  `allow_comment_to` int(11) NOT NULL DEFAULT '0',
  `allow_vote_to` int(11) NOT NULL DEFAULT '0',
  `date` int(11) NOT NULL DEFAULT '0',
  `status` tinyint(4) NOT NULL DEFAULT '0',
  `rate` int(11) NOT NULL DEFAULT '0',
  `rate_count` int(11) NOT NULL DEFAULT '0',
  `cmts_count` int(11) NOT NULL DEFAULT '0',
  PRIMARY KEY (`id`),
  UNIQUE KEY `uri` (`uri`),
  FULLTEXT KEY `search_group` (`caption`,`content`,`tags`),
  FULLTEXT KEY `search_caption` (`caption`),
  FULLTEXT KEY `search_content` (`content`),
  FULLTEXT KEY `search_tags` (`tags`)
) ENGINE=MyISAM DEFAULT CHARSET=utf8;

--
-- Dumping data for table `bx_fdb_entries`
--


--
-- Table structure for table `bx_fdb_voting`
--

CREATE TABLE `bx_fdb_voting` (
  `fdb_id` bigint(8) NOT NULL DEFAULT '0',
  `fdb_rating_count` int(11) NOT NULL DEFAULT '0',
  `fdb_rating_sum` int(11) NOT NULL DEFAULT '0',
  UNIQUE KEY `fdb_id` (`fdb_id`)
) ENGINE=MyISAM DEFAULT CHARSET=utf8;

--
-- Dumping data for table `bx_fdb_voting`
--


--
-- Table structure for table `bx_fdb_voting_track`
--

CREATE TABLE `bx_fdb_voting_track` (
  `fdb_id` bigint(8) NOT NULL DEFAULT '0',
  `fdb_ip` varchar(20) DEFAULT NULL,
  `fdb_date` datetime DEFAULT NULL,
  KEY `fdb_ip` (`fdb_ip`,`fdb_id`)
) ENGINE=MyISAM DEFAULT CHARSET=utf8;

--
-- Dumping data for table `bx_fdb_voting_track`
--


--
-- Table structure for table `bx_news_comments`
--

CREATE TABLE `bx_news_comments` (
  `cmt_id` int(11) NOT NULL AUTO_INCREMENT,
  `cmt_parent_id` int(11) NOT NULL DEFAULT '0',
  `cmt_object_id` int(11) NOT NULL DEFAULT '0',
  `cmt_author_id` int(10) unsigned NOT NULL DEFAULT '0',
  `cmt_text` text NOT NULL,
  `cmt_mood` tinyint(4) NOT NULL DEFAULT '0',
  `cmt_rate` int(11) NOT NULL DEFAULT '0',
  `cmt_rate_count` int(11) NOT NULL DEFAULT '0',
  `cmt_time` datetime NOT NULL DEFAULT '0000-00-00 00:00:00',
  `cmt_replies` int(11) NOT NULL DEFAULT '0',
  PRIMARY KEY (`cmt_id`),
  KEY `cmt_object_id` (`cmt_object_id`,`cmt_parent_id`)
) ENGINE=MyISAM DEFAULT CHARSET=utf8;

--
-- Dumping data for table `bx_news_comments`
--


--
-- Table structure for table `bx_news_comments_track`
--

CREATE TABLE `bx_news_comments_track` (
  `cmt_system_id` int(11) NOT NULL DEFAULT '0',
  `cmt_id` int(11) NOT NULL DEFAULT '0',
  `cmt_rate` tinyint(4) NOT NULL DEFAULT '0',
  `cmt_rate_author_id` int(10) unsigned NOT NULL DEFAULT '0',
  `cmt_rate_author_nip` int(11) unsigned NOT NULL DEFAULT '0',
  `cmt_rate_ts` int(11) NOT NULL DEFAULT '0',
  PRIMARY KEY (`cmt_system_id`,`cmt_id`,`cmt_rate_author_nip`)
) ENGINE=MyISAM DEFAULT CHARSET=utf8;

--
-- Dumping data for table `bx_news_comments_track`
--


--
-- Table structure for table `bx_news_entries`
--

CREATE TABLE `bx_news_entries` (
  `id` int(11) unsigned NOT NULL AUTO_INCREMENT,
  `author_id` int(11) unsigned NOT NULL DEFAULT '0',
  `caption` varchar(64) NOT NULL DEFAULT '',
  `snippet` text NOT NULL,
  `content` text NOT NULL,
  `when` int(11) NOT NULL DEFAULT '0',
  `uri` varchar(64) NOT NULL DEFAULT '',
  `tags` varchar(255) NOT NULL DEFAULT '',
  `categories` varchar(255) NOT NULL DEFAULT '',
  `comment` tinyint(4) NOT NULL DEFAULT '0',
  `vote` tinyint(4) NOT NULL DEFAULT '0',
  `date` int(11) NOT NULL DEFAULT '0',
  `status` tinyint(4) NOT NULL DEFAULT '0',
  `featured` tinyint(4) NOT NULL DEFAULT '0',
  `rate` int(11) NOT NULL DEFAULT '0',
  `rate_count` int(11) NOT NULL DEFAULT '0',
  `view_count` int(11) NOT NULL DEFAULT '0',
  `cmts_count` int(11) NOT NULL DEFAULT '0',
  PRIMARY KEY (`id`),
  UNIQUE KEY `uri` (`uri`),
  FULLTEXT KEY `search_group` (`caption`,`content`,`tags`,`categories`),
  FULLTEXT KEY `search_caption` (`caption`),
  FULLTEXT KEY `search_content` (`content`),
  FULLTEXT KEY `search_tags` (`tags`),
  FULLTEXT KEY `search_categories` (`categories`)
) ENGINE=MyISAM DEFAULT CHARSET=utf8;

--
-- Dumping data for table `bx_news_entries`
--


--
-- Table structure for table `bx_news_views_track`
--

CREATE TABLE `bx_news_views_track` (
  `id` int(10) unsigned NOT NULL,
  `viewer` int(10) unsigned NOT NULL,
  `ip` int(10) unsigned NOT NULL,
  `ts` int(10) unsigned NOT NULL,
  KEY `id` (`id`,`viewer`,`ip`)
) ENGINE=MyISAM DEFAULT CHARSET=utf8;

--
-- Dumping data for table `bx_news_views_track`
--


--
-- Table structure for table `bx_news_voting`
--

CREATE TABLE `bx_news_voting` (
  `news_id` bigint(8) NOT NULL DEFAULT '0',
  `news_rating_count` int(11) NOT NULL DEFAULT '0',
  `news_rating_sum` int(11) NOT NULL DEFAULT '0',
  UNIQUE KEY `news_id` (`news_id`)
) ENGINE=MyISAM DEFAULT CHARSET=utf8;

--
-- Dumping data for table `bx_news_voting`
--


--
-- Table structure for table `bx_news_voting_track`
--

CREATE TABLE `bx_news_voting_track` (
  `news_id` bigint(8) NOT NULL DEFAULT '0',
  `news_ip` varchar(20) DEFAULT NULL,
  `news_date` datetime DEFAULT NULL,
  KEY `news_ip` (`news_ip`,`news_id`)
) ENGINE=MyISAM DEFAULT CHARSET=utf8;

--
-- Dumping data for table `bx_news_voting_track`
--


--
-- Table structure for table `bx_pageac_member_menu_visibility`
--

CREATE TABLE `bx_pageac_member_menu_visibility` (
  `MenuItemID` int(11) NOT NULL,
  `MemLevels` text,
  PRIMARY KEY (`MenuItemID`)
) ENGINE=MyISAM DEFAULT CHARSET=utf8;

--
-- Dumping data for table `bx_pageac_member_menu_visibility`
--


--
-- Table structure for table `bx_pageac_page_blocks_visibility`
--

CREATE TABLE `bx_pageac_page_blocks_visibility` (
  `PageBlockID` int(11) NOT NULL,
  `MemLevels` text,
  PRIMARY KEY (`PageBlockID`)
) ENGINE=MyISAM DEFAULT CHARSET=utf8;

--
-- Dumping data for table `bx_pageac_page_blocks_visibility`
--


--
-- Table structure for table `bx_pageac_rules`
--

CREATE TABLE `bx_pageac_rules` (
  `ID` int(11) NOT NULL AUTO_INCREMENT,
  `Rule` text NOT NULL,
  `MemLevels` text,
  PRIMARY KEY (`ID`)
) ENGINE=MyISAM DEFAULT CHARSET=utf8;

--
-- Dumping data for table `bx_pageac_rules`
--


--
-- Table structure for table `bx_pageac_top_menu_visibility`
--

CREATE TABLE `bx_pageac_top_menu_visibility` (
  `MenuItemID` int(11) NOT NULL,
  `MemLevels` text,
  PRIMARY KEY (`MenuItemID`)
) ENGINE=MyISAM DEFAULT CHARSET=utf8;

--
-- Dumping data for table `bx_pageac_top_menu_visibility`
--


--
-- Table structure for table `bx_photos_cmts`
--

CREATE TABLE `bx_photos_cmts` (
  `cmt_id` int(11) NOT NULL AUTO_INCREMENT,
  `cmt_parent_id` int(11) NOT NULL DEFAULT '0',
  `cmt_object_id` int(10) unsigned NOT NULL DEFAULT '0',
  `cmt_author_id` int(10) unsigned NOT NULL DEFAULT '0',
  `cmt_text` text NOT NULL,
  `cmt_mood` tinyint(4) NOT NULL DEFAULT '0',
  `cmt_rate` int(11) NOT NULL DEFAULT '0',
  `cmt_rate_count` int(11) NOT NULL DEFAULT '0',
  `cmt_time` datetime NOT NULL DEFAULT '0000-00-00 00:00:00',
  `cmt_replies` int(11) NOT NULL DEFAULT '0',
  PRIMARY KEY (`cmt_id`),
  KEY `cmt_object_id` (`cmt_object_id`,`cmt_parent_id`)
) ENGINE=MyISAM DEFAULT CHARSET=utf8;

--
-- Dumping data for table `bx_photos_cmts`
--


--
-- Table structure for table `bx_photos_cmts_albums`
--

CREATE TABLE `bx_photos_cmts_albums` (
  `cmt_id` int(11) NOT NULL AUTO_INCREMENT,
  `cmt_parent_id` int(11) NOT NULL DEFAULT '0',
  `cmt_object_id` int(10) unsigned NOT NULL DEFAULT '0',
  `cmt_author_id` int(10) unsigned NOT NULL DEFAULT '0',
  `cmt_text` text NOT NULL,
  `cmt_mood` tinyint(4) NOT NULL DEFAULT '0',
  `cmt_rate` int(11) NOT NULL DEFAULT '0',
  `cmt_rate_count` int(11) NOT NULL DEFAULT '0',
  `cmt_time` datetime NOT NULL DEFAULT '0000-00-00 00:00:00',
  `cmt_replies` int(11) NOT NULL DEFAULT '0',
  PRIMARY KEY (`cmt_id`),
  KEY `cmt_object_id` (`cmt_object_id`,`cmt_parent_id`)
) ENGINE=MyISAM DEFAULT CHARSET=utf8;

--
-- Dumping data for table `bx_photos_cmts_albums`
--


--
-- Table structure for table `bx_photos_favorites`
--

CREATE TABLE `bx_photos_favorites` (
  `ID` int(10) unsigned NOT NULL DEFAULT '0',
  `Profile` int(10) unsigned NOT NULL DEFAULT '0',
  `Date` int(11) NOT NULL DEFAULT '0',
  PRIMARY KEY (`ID`,`Profile`)
) ENGINE=MyISAM DEFAULT CHARSET=utf8;

--
-- Dumping data for table `bx_photos_favorites`
--


--
-- Table structure for table `bx_photos_rating`
--

CREATE TABLE `bx_photos_rating` (
  `gal_id` int(10) unsigned NOT NULL DEFAULT '0',
  `gal_rating_count` int(11) NOT NULL DEFAULT '0',
  `gal_rating_sum` int(11) NOT NULL DEFAULT '0',
  UNIQUE KEY `med_id` (`gal_id`)
) ENGINE=MyISAM DEFAULT CHARSET=utf8;

--
-- Dumping data for table `bx_photos_rating`
--

INSERT INTO `bx_photos_rating` VALUES (1,1,5),(2,1,5);

--
-- Table structure for table `bx_photos_views_track`
--

CREATE TABLE `bx_photos_views_track` (
  `id` int(10) unsigned NOT NULL,
  `viewer` int(10) unsigned NOT NULL,
  `ip` int(10) unsigned NOT NULL,
  `ts` int(10) unsigned NOT NULL,
  KEY `id` (`id`,`viewer`,`ip`)
) ENGINE=MyISAM DEFAULT CHARSET=utf8;

--
-- Dumping data for table `bx_photos_views_track`
--

INSERT INTO `bx_photos_views_track` VALUES (1,1,2903073612,1428510862),(4,1,2903073612,1429102806),(4,0,2923395480,1429190386),(1,2,2923395480,1429190452),(4,3,2923395480,1439573948),(10,12,2923333906,1443203682);

--
-- Table structure for table `bx_photos_voting_track`
--

CREATE TABLE `bx_photos_voting_track` (
  `gal_id` int(10) unsigned NOT NULL DEFAULT '0',
  `gal_ip` varchar(20) DEFAULT NULL,
  `gal_date` datetime DEFAULT NULL,
  KEY `med_ip` (`gal_ip`,`gal_id`)
) ENGINE=MyISAM DEFAULT CHARSET=utf8;

--
-- Dumping data for table `bx_photos_voting_track`
--

INSERT INTO `bx_photos_voting_track` VALUES (1,'162.72.40.61','2015-04-08 16:33:49'),(2,'162.72.40.61','2015-04-08 16:33:56');

--
-- Table structure for table `bx_poll_cmts`
--

CREATE TABLE `bx_poll_cmts` (
  `cmt_id` int(11) NOT NULL AUTO_INCREMENT,
  `cmt_parent_id` int(11) NOT NULL DEFAULT '0',
  `cmt_object_id` int(12) NOT NULL DEFAULT '0',
  `cmt_author_id` int(10) unsigned NOT NULL DEFAULT '0',
  `cmt_text` text NOT NULL,
  `cmt_mood` tinyint(4) NOT NULL DEFAULT '0',
  `cmt_rate` int(11) NOT NULL DEFAULT '0',
  `cmt_rate_count` int(11) NOT NULL DEFAULT '0',
  `cmt_time` datetime NOT NULL DEFAULT '0000-00-00 00:00:00',
  `cmt_replies` int(11) NOT NULL DEFAULT '0',
  PRIMARY KEY (`cmt_id`),
  KEY `cmt_object_id` (`cmt_object_id`,`cmt_parent_id`)
) ENGINE=MyISAM DEFAULT CHARSET=utf8;

--
-- Dumping data for table `bx_poll_cmts`
--


--
-- Table structure for table `bx_poll_cmts_track`
--

CREATE TABLE `bx_poll_cmts_track` (
  `cmt_system_id` int(11) NOT NULL DEFAULT '0',
  `cmt_id` int(11) NOT NULL DEFAULT '0',
  `cmt_rate` tinyint(4) NOT NULL DEFAULT '0',
  `cmt_rate_author_id` int(10) unsigned NOT NULL DEFAULT '0',
  `cmt_rate_author_nip` int(11) unsigned NOT NULL DEFAULT '0',
  `cmt_rate_ts` int(11) NOT NULL DEFAULT '0',
  PRIMARY KEY (`cmt_system_id`,`cmt_id`,`cmt_rate_author_nip`)
) ENGINE=MyISAM DEFAULT CHARSET=utf8;

--
-- Dumping data for table `bx_poll_cmts_track`
--


--
-- Table structure for table `bx_poll_data`
--

CREATE TABLE `bx_poll_data` (
  `id_poll` int(11) NOT NULL AUTO_INCREMENT,
  `id_profile` int(11) NOT NULL DEFAULT '0',
  `poll_question` varchar(255) NOT NULL DEFAULT '',
  `poll_answers` text NOT NULL,
  `poll_results` varchar(60) NOT NULL DEFAULT '',
  `poll_total_votes` int(11) NOT NULL DEFAULT '0',
  `poll_status` varchar(20) NOT NULL DEFAULT '',
  `poll_approval` tinyint(4) NOT NULL DEFAULT '0',
  `poll_date` int(10) NOT NULL,
  `poll_rate` int(11) NOT NULL,
  `poll_rate_count` int(11) NOT NULL,
  `poll_comments_count` int(11) NOT NULL,
  `poll_tags` varchar(255) NOT NULL,
  `poll_featured` tinyint(4) NOT NULL DEFAULT '0',
  `allow_comment_to` int(11) NOT NULL DEFAULT '3',
  `allow_vote_to` int(11) NOT NULL DEFAULT '3',
  `allow_view_to` int(11) NOT NULL DEFAULT '3',
  `poll_categories` varchar(255) NOT NULL,
  PRIMARY KEY (`id_poll`),
  KEY `id_profile` (`id_profile`),
  KEY `poll_featured` (`poll_featured`),
  FULLTEXT KEY `ftMain` (`poll_question`,`poll_answers`,`poll_tags`,`poll_categories`),
  FULLTEXT KEY `poll_tags` (`poll_tags`),
  FULLTEXT KEY `poll_categories` (`poll_categories`)
) ENGINE=MyISAM DEFAULT CHARSET=utf8;

--
-- Dumping data for table `bx_poll_data`
--


--
-- Table structure for table `bx_poll_rating`
--

CREATE TABLE `bx_poll_rating` (
  `id` bigint(8) NOT NULL DEFAULT '0',
  `rating_count` int(11) NOT NULL DEFAULT '0',
  `rating_sum` int(11) NOT NULL DEFAULT '0',
  UNIQUE KEY `med_id` (`id`)
) ENGINE=MyISAM DEFAULT CHARSET=utf8;

--
-- Dumping data for table `bx_poll_rating`
--


--
-- Table structure for table `bx_poll_voting_track`
--

CREATE TABLE `bx_poll_voting_track` (
  `id` int(12) NOT NULL DEFAULT '0',
  `ip` varchar(20) DEFAULT NULL,
  `date` datetime DEFAULT NULL,
  KEY `med_ip` (`ip`,`id`)
) ENGINE=MyISAM DEFAULT CHARSET=utf8;

--
-- Dumping data for table `bx_poll_voting_track`
--


--
-- Table structure for table `bx_simple_messenger_messages`
--

CREATE TABLE `bx_simple_messenger_messages` (
  `ID` int(10) unsigned NOT NULL AUTO_INCREMENT,
  `Message` text COLLATE utf8_unicode_ci NOT NULL,
  `SenderID` int(11) NOT NULL,
  `RecipientID` int(11) NOT NULL,
  `Date` timestamp NOT NULL DEFAULT CURRENT_TIMESTAMP ON UPDATE CURRENT_TIMESTAMP,
  `SenderStatus` enum('active','close') COLLATE utf8_unicode_ci NOT NULL DEFAULT 'active',
  `RecipientStatus` enum('active','close') COLLATE utf8_unicode_ci NOT NULL,
  PRIMARY KEY (`ID`),
  KEY `SenderID` (`SenderID`),
  KEY `RecipientID` (`RecipientID`)
) ENGINE=MyISAM AUTO_INCREMENT=4 DEFAULT CHARSET=utf8 COLLATE=utf8_unicode_ci;

--
-- Dumping data for table `bx_simple_messenger_messages`
--

INSERT INTO `bx_simple_messenger_messages` VALUES (1,'Oh, tell me about it!',2,1,'2015-04-08 16:34:50','active','active'),(2,'Jusrt reading your message to me.',2,1,'2015-04-08 16:35:03','active','active'),(3,'This system is not very intuiive, but does have lots of options.',2,1,'2015-04-08 16:35:37','active','close');

--
-- Table structure for table `bx_simple_messenger_privacy`
--

CREATE TABLE `bx_simple_messenger_privacy` (
  `author_id` int(11) NOT NULL,
  `allow_contact_to` int(11) NOT NULL,
  PRIMARY KEY (`author_id`)
) ENGINE=MyISAM DEFAULT CHARSET=utf8 COLLATE=utf8_unicode_ci;

--
-- Dumping data for table `bx_simple_messenger_privacy`
--


--
-- Table structure for table `bx_sites_cmts`
--

CREATE TABLE `bx_sites_cmts` (
  `cmt_id` int(11) NOT NULL AUTO_INCREMENT,
  `cmt_parent_id` int(11) NOT NULL DEFAULT '0',
  `cmt_object_id` int(12) NOT NULL DEFAULT '0',
  `cmt_author_id` int(10) unsigned NOT NULL DEFAULT '0',
  `cmt_text` text NOT NULL,
  `cmt_mood` tinyint(4) NOT NULL DEFAULT '0',
  `cmt_rate` int(11) NOT NULL DEFAULT '0',
  `cmt_rate_count` int(11) NOT NULL DEFAULT '0',
  `cmt_time` datetime NOT NULL DEFAULT '0000-00-00 00:00:00',
  `cmt_replies` int(11) NOT NULL DEFAULT '0',
  PRIMARY KEY (`cmt_id`),
  KEY `cmt_object_id` (`cmt_object_id`,`cmt_parent_id`)
) ENGINE=MyISAM AUTO_INCREMENT=3 DEFAULT CHARSET=utf8;

--
-- Dumping data for table `bx_sites_cmts`
--

INSERT INTO `bx_sites_cmts` VALUES (1,0,1,1,'Shouldn\'t the URL be http://www.seeger.ws/bethany/hooptemp.html  ?',0,0,0,'2015-04-08 16:28:43',0),(2,0,1,2,'just fixed it!\n',0,0,0,'2015-04-08 16:28:59',0);

--
-- Table structure for table `bx_sites_cmts_track`
--

CREATE TABLE `bx_sites_cmts_track` (
  `cmt_system_id` int(11) NOT NULL DEFAULT '0',
  `cmt_id` int(11) NOT NULL DEFAULT '0',
  `cmt_rate` tinyint(4) NOT NULL DEFAULT '0',
  `cmt_rate_author_id` int(10) unsigned NOT NULL DEFAULT '0',
  `cmt_rate_author_nip` int(11) unsigned NOT NULL DEFAULT '0',
  `cmt_rate_ts` int(11) NOT NULL DEFAULT '0',
  PRIMARY KEY (`cmt_system_id`,`cmt_id`,`cmt_rate_author_nip`)
) ENGINE=MyISAM DEFAULT CHARSET=utf8;

--
-- Dumping data for table `bx_sites_cmts_track`
--


--
-- Table structure for table `bx_sites_main`
--

CREATE TABLE `bx_sites_main` (
  `id` int(10) unsigned NOT NULL AUTO_INCREMENT,
  `url` varchar(100) NOT NULL,
  `title` varchar(100) NOT NULL,
  `entryUri` varchar(255) NOT NULL,
  `description` text NOT NULL,
  `status` enum('approved','pending') NOT NULL DEFAULT 'approved',
  `photo` int(11) NOT NULL,
  `date` int(11) NOT NULL,
  `ownerid` int(10) unsigned NOT NULL DEFAULT '0',
  `allowView` int(11) NOT NULL,
  `allowComments` int(11) NOT NULL DEFAULT '0',
  `allowRate` int(11) NOT NULL DEFAULT '0',
  `tags` varchar(255) NOT NULL DEFAULT '',
  `categories` text NOT NULL,
  `views` int(11) NOT NULL DEFAULT '0',
  `rate` float NOT NULL DEFAULT '0',
  `rateCount` int(11) NOT NULL DEFAULT '0',
  `commentsCount` int(11) NOT NULL,
  `featured` tinyint(4) NOT NULL DEFAULT '0',
  PRIMARY KEY (`id`),
  UNIQUE KEY `entryUri` (`entryUri`),
  KEY `date` (`date`),
  FULLTEXT KEY `title` (`title`,`description`,`tags`,`categories`),
  FULLTEXT KEY `tags` (`tags`),
  FULLTEXT KEY `categories` (`categories`)
) ENGINE=MyISAM AUTO_INCREMENT=2 DEFAULT CHARSET=utf8;

--
-- Dumping data for table `bx_sites_main`
--

INSERT INTO `bx_sites_main` VALUES (1,'www.seeger.ws/bethany/hooptemp.html','Hoop House Temperatures','Hoop-House-Temperatures','Temps in the hoop house','approved',0,1428510437,2,3,3,3,'farm','Science',2,0,0,2,0);

--
-- Table structure for table `bx_sites_rating`
--

CREATE TABLE `bx_sites_rating` (
  `sites_id` smallint(6) NOT NULL DEFAULT '0',
  `sites_rating_count` int(11) NOT NULL DEFAULT '0',
  `sites_rating_sum` int(11) NOT NULL DEFAULT '0',
  UNIQUE KEY `sites_id` (`sites_id`)
) ENGINE=MyISAM DEFAULT CHARSET=utf8;

--
-- Dumping data for table `bx_sites_rating`
--


--
-- Table structure for table `bx_sites_rating_track`
--

CREATE TABLE `bx_sites_rating_track` (
  `sites_id` smallint(6) NOT NULL DEFAULT '0',
  `sites_ip` varchar(20) DEFAULT NULL,
  `sites_date` datetime DEFAULT NULL,
  KEY `sites_ip` (`sites_ip`,`sites_id`)
) ENGINE=MyISAM DEFAULT CHARSET=utf8;

--
-- Dumping data for table `bx_sites_rating_track`
--


--
-- Table structure for table `bx_sites_stw_requests`
--

CREATE TABLE `bx_sites_stw_requests` (
  `siteid` int(10) NOT NULL AUTO_INCREMENT,
  `domain` varchar(255) COLLATE utf8_unicode_ci NOT NULL DEFAULT '',
  `hash` varchar(32) COLLATE utf8_unicode_ci NOT NULL,
  `timestamp` varchar(12) COLLATE utf8_unicode_ci NOT NULL DEFAULT '',
  `capturedon` varchar(12) COLLATE utf8_unicode_ci NOT NULL,
  `quality` smallint(3) NOT NULL DEFAULT '90',
  `full` tinyint(1) NOT NULL DEFAULT '0',
  `xmax` smallint(4) NOT NULL DEFAULT '200',
  `ymax` smallint(4) NOT NULL DEFAULT '150',
  `nrx` smallint(4) NOT NULL DEFAULT '1024',
  `nry` smallint(4) NOT NULL DEFAULT '768',
  `invalid` tinyint(1) NOT NULL,
  `stwerrcode` varchar(50) COLLATE utf8_unicode_ci NOT NULL,
  `error` tinyint(1) NOT NULL DEFAULT '0',
  `errcode` varchar(50) COLLATE utf8_unicode_ci NOT NULL,
  `referrer` tinyint(1) NOT NULL,
  PRIMARY KEY (`siteid`),
  UNIQUE KEY `hash_idx` (`hash`)
) ENGINE=MyISAM DEFAULT CHARSET=utf8 COLLATE=utf8_unicode_ci;

--
-- Dumping data for table `bx_sites_stw_requests`
--


--
-- Table structure for table `bx_sites_stwacc_info`
--

CREATE TABLE `bx_sites_stwacc_info` (
  `id` int(10) NOT NULL AUTO_INCREMENT,
  `key_id` varchar(255) COLLATE utf8_unicode_ci NOT NULL DEFAULT '',
  `account_level` tinyint(1) NOT NULL DEFAULT '0',
  `inside_pages` tinyint(1) NOT NULL DEFAULT '0',
  `custom_size` tinyint(1) NOT NULL DEFAULT '0',
  `full_length` tinyint(1) NOT NULL DEFAULT '0',
  `refresh_ondemand` tinyint(1) NOT NULL DEFAULT '0',
  `custom_delay` tinyint(1) NOT NULL DEFAULT '0',
  `custom_quality` tinyint(1) NOT NULL DEFAULT '0',
  `custom_resolution` tinyint(1) NOT NULL DEFAULT '0',
  `custom_messages` tinyint(1) NOT NULL DEFAULT '0',
  `timestamp` varchar(12) COLLATE utf8_unicode_ci NOT NULL DEFAULT '',
  PRIMARY KEY (`id`)
) ENGINE=MyISAM DEFAULT CHARSET=utf8 COLLATE=utf8_unicode_ci;

--
-- Dumping data for table `bx_sites_stwacc_info`
--


--
-- Table structure for table `bx_sites_views_track`
--

CREATE TABLE `bx_sites_views_track` (
  `id` int(10) unsigned NOT NULL,
  `viewer` int(10) unsigned NOT NULL,
  `ip` int(10) unsigned NOT NULL,
  `ts` int(10) unsigned NOT NULL,
  KEY `id` (`id`,`viewer`,`ip`)
) ENGINE=MyISAM DEFAULT CHARSET=utf8;

--
-- Dumping data for table `bx_sites_views_track`
--

INSERT INTO `bx_sites_views_track` VALUES (1,2,2722637885,1428510444),(1,1,2903073612,1428510496);

--
-- Table structure for table `bx_spy_data`
--

CREATE TABLE `bx_spy_data` (
  `id` int(10) unsigned NOT NULL AUTO_INCREMENT,
  `alert_unit` varchar(64) COLLATE utf8_unicode_ci NOT NULL DEFAULT '',
  `alert_action` varchar(64) COLLATE utf8_unicode_ci NOT NULL DEFAULT '',
  `object_id` int(11) NOT NULL DEFAULT '0',
  `comment_id` int(11) NOT NULL DEFAULT '0',
  `sender_id` int(11) NOT NULL DEFAULT '0',
  `recipient_id` int(11) NOT NULL DEFAULT '0',
  `lang_key` varchar(100) COLLATE utf8_unicode_ci NOT NULL,
  `params` text COLLATE utf8_unicode_ci NOT NULL,
  `date` timestamp NOT NULL DEFAULT CURRENT_TIMESTAMP,
  `type` enum('content_activity','profiles_activity') COLLATE utf8_unicode_ci NOT NULL,
  `viewed` tinyint(1) NOT NULL,
  PRIMARY KEY (`id`),
  KEY `recipient_id` (`recipient_id`)
) ENGINE=MyISAM AUTO_INCREMENT=42 DEFAULT CHARSET=utf8 COLLATE=utf8_unicode_ci;

--
-- Dumping data for table `bx_spy_data`
--

INSERT INTO `bx_spy_data` VALUES (1,'friend','accept',2,0,1,2,'_bx_spy_profile_friend_accept','a:4:{s:13:\"sender_p_link\";s:34:\"https://www.persisters.com/bethany\";s:13:\"sender_p_nick\";s:7:\"bethany\";s:16:\"recipient_p_link\";s:31:\"https://www.persisters.com/seth\";s:16:\"recipient_p_nick\";s:4:\"seth\";}','2015-04-08 16:09:45','profiles_activity',1),(2,'profile','edit_status_message',2,0,2,0,'_bx_spy_profile_has_edited_status_message','a:2:{s:12:\"profile_link\";s:34:\"https://www.persisters.com/bethany\";s:12:\"profile_nick\";s:7:\"bethany\";}','2015-04-08 16:11:25','profiles_activity',0),(3,'bx_photos','add',1,0,1,0,'_bx_photos_spy_added','a:6:{s:12:\"profile_link\";s:31:\"https://www.persisters.com/seth\";s:12:\"profile_nick\";s:4:\"seth\";s:9:\"entry_url\";s:47:\"https://www.persisters.com/m/photos/view/Avatar\";s:13:\"entry_caption\";s:6:\"Avatar\";s:16:\"recipient_p_link\";s:31:\"https://www.persisters.com/seth\";s:16:\"recipient_p_nick\";s:4:\"seth\";}','2015-04-08 16:11:55','content_activity',0),(4,'profile','edit',2,0,2,0,'_bx_spy_profile_has_edited','a:2:{s:12:\"profile_link\";s:34:\"https://www.persisters.com/bethany\";s:12:\"profile_nick\";s:7:\"bethany\";}','2015-04-08 16:16:38','profiles_activity',0),(5,'bx_photos','add',2,0,2,0,'_bx_photos_spy_added','a:6:{s:12:\"profile_link\";s:34:\"https://www.persisters.com/bethany\";s:12:\"profile_nick\";s:7:\"bethany\";s:9:\"entry_url\";s:58:\"https://www.persisters.com/m/photos/view/Avatar-2015-04-08\";s:13:\"entry_caption\";s:6:\"Avatar\";s:16:\"recipient_p_link\";s:34:\"https://www.persisters.com/bethany\";s:16:\"recipient_p_nick\";s:7:\"bethany\";}','2015-04-08 16:18:14','content_activity',0),(6,'bx_events','add',1,0,2,0,'_bx_events_spy_post','a:4:{s:12:\"profile_link\";s:34:\"https://www.persisters.com/bethany\";s:12:\"profile_nick\";s:7:\"bethany\";s:9:\"entry_url\";s:51:\"https://www.persisters.com/m/events/view/Test-Event\";s:11:\"entry_title\";s:10:\"Test Event\";}','2015-04-08 16:24:18','content_activity',0),(7,'bx_sites','add',1,0,2,0,'_bx_sites_poll_add','a:4:{s:12:\"profile_link\";s:34:\"https://www.persisters.com/bethany\";s:12:\"profile_nick\";s:7:\"bethany\";s:8:\"site_url\";s:36:\"m/sites/view/Hoop-House-Temperatures\";s:12:\"site_caption\";s:23:\"Hoop House Temperatures\";}','2015-04-08 16:27:17','content_activity',0),(8,'bx_sites','change',1,0,2,0,'_bx_sites_poll_change','a:4:{s:12:\"profile_link\";s:34:\"https://www.persisters.com/bethany\";s:12:\"profile_nick\";s:7:\"bethany\";s:8:\"site_url\";s:36:\"m/sites/view/Hoop-House-Temperatures\";s:12:\"site_caption\";s:23:\"Hoop House Temperatures\";}','2015-04-08 16:28:42','content_activity',0),(9,'bx_sites','commentPost',1,1,1,2,'_bx_sites_poll_commentPost','a:4:{s:12:\"profile_link\";s:31:\"https://www.persisters.com/seth\";s:12:\"profile_nick\";s:4:\"seth\";s:8:\"site_url\";s:36:\"m/sites/view/Hoop-House-Temperatures\";s:12:\"site_caption\";s:23:\"Hoop House Temperatures\";}','2015-04-08 16:28:43','content_activity',1),(10,'bx_sites','commentPost',1,2,2,0,'_bx_sites_poll_commentPost','a:4:{s:12:\"profile_link\";s:34:\"https://www.persisters.com/bethany\";s:12:\"profile_nick\";s:7:\"bethany\";s:8:\"site_url\";s:36:\"m/sites/view/Hoop-House-Temperatures\";s:12:\"site_caption\";s:23:\"Hoop House Temperatures\";}','2015-04-08 16:28:59','content_activity',0),(11,'bx_events','commentPost',1,1,1,2,'_bx_events_spy_comment','a:4:{s:12:\"profile_link\";s:31:\"https://www.persisters.com/seth\";s:12:\"profile_nick\";s:4:\"seth\";s:9:\"entry_url\";s:51:\"https://www.persisters.com/m/events/view/Test-Event\";s:11:\"entry_title\";s:10:\"Test Event\";}','2015-04-08 16:29:11','content_activity',1),(12,'bx_events','commentPost',1,2,2,0,'_bx_events_spy_comment','a:4:{s:12:\"profile_link\";s:34:\"https://www.persisters.com/bethany\";s:12:\"profile_nick\";s:7:\"bethany\";s:9:\"entry_url\";s:51:\"https://www.persisters.com/m/events/view/Test-Event\";s:11:\"entry_title\";s:10:\"Test Event\";}','2015-04-08 16:30:48','content_activity',0),(13,'bx_events','join',1,0,2,0,'_bx_events_spy_join','a:4:{s:12:\"profile_link\";s:34:\"https://www.persisters.com/bethany\";s:12:\"profile_nick\";s:7:\"bethany\";s:9:\"entry_url\";s:51:\"https://www.persisters.com/m/events/view/Test-Event\";s:11:\"entry_title\";s:10:\"Test Event\";}','2015-04-08 16:30:58','content_activity',0),(14,'bx_events','commentPost',1,3,1,2,'_bx_events_spy_comment','a:4:{s:12:\"profile_link\";s:31:\"https://www.persisters.com/seth\";s:12:\"profile_nick\";s:4:\"seth\";s:9:\"entry_url\";s:51:\"https://www.persisters.com/m/events/view/Test-Event\";s:11:\"entry_title\";s:10:\"Test Event\";}','2015-04-08 16:32:39','content_activity',1),(15,'bx_events','join',1,0,1,2,'_bx_events_spy_join','a:4:{s:12:\"profile_link\";s:31:\"https://www.persisters.com/seth\";s:12:\"profile_nick\";s:4:\"seth\";s:9:\"entry_url\";s:51:\"https://www.persisters.com/m/events/view/Test-Event\";s:11:\"entry_title\";s:10:\"Test Event\";}','2015-04-08 16:32:50','content_activity',1),(16,'bx_photos','rate',1,0,2,1,'_bx_photos_spy_rated','a:6:{s:12:\"profile_link\";s:34:\"https://www.persisters.com/bethany\";s:12:\"profile_nick\";s:7:\"bethany\";s:9:\"entry_url\";s:47:\"https://www.persisters.com/m/photos/view/Avatar\";s:13:\"entry_caption\";s:6:\"Avatar\";s:16:\"recipient_p_link\";s:31:\"https://www.persisters.com/seth\";s:16:\"recipient_p_nick\";s:4:\"seth\";}','2015-04-08 16:33:49','content_activity',1),(17,'bx_photos','rate',2,0,2,0,'_bx_photos_spy_rated','a:6:{s:12:\"profile_link\";s:34:\"https://www.persisters.com/bethany\";s:12:\"profile_nick\";s:7:\"bethany\";s:9:\"entry_url\";s:58:\"https://www.persisters.com/m/photos/view/Avatar-2015-04-08\";s:13:\"entry_caption\";s:6:\"Avatar\";s:16:\"recipient_p_link\";s:34:\"https://www.persisters.com/bethany\";s:16:\"recipient_p_nick\";s:7:\"bethany\";}','2015-04-08 16:33:56','content_activity',0),(18,'bx_events','commentPost',1,4,1,2,'_bx_events_spy_comment','a:4:{s:12:\"profile_link\";s:31:\"https://www.persisters.com/seth\";s:12:\"profile_nick\";s:4:\"seth\";s:9:\"entry_url\";s:51:\"https://www.persisters.com/m/events/view/Test-Event\";s:11:\"entry_title\";s:10:\"Test Event\";}','2015-04-08 16:34:08','content_activity',1),(19,'profile','edit_status_message',2,0,2,0,'_bx_spy_profile_has_edited_status_message','a:2:{s:12:\"profile_link\";s:34:\"https://www.persisters.com/bethany\";s:12:\"profile_nick\";s:7:\"bethany\";}','2015-04-09 14:37:01','profiles_activity',0),(20,'bx_photos','add',4,0,3,0,'_bx_photos_spy_added','a:6:{s:12:\"profile_link\";s:37:\"https://www.persisters.com/persister1\";s:12:\"profile_nick\";s:10:\"persister1\";s:9:\"entry_url\";s:58:\"https://www.persisters.com/m/photos/view/Avatar-2015-04-10\";s:13:\"entry_caption\";s:6:\"Avatar\";s:16:\"recipient_p_link\";s:37:\"https://www.persisters.com/persister1\";s:16:\"recipient_p_nick\";s:10:\"persister1\";}','2015-04-10 03:58:19','content_activity',0),(21,'profile','join',3,0,3,0,'_bx_spy_profile_has_joined','a:2:{s:12:\"profile_link\";s:37:\"https://www.persisters.com/persister1\";s:12:\"profile_nick\";s:10:\"persister1\";}','2015-04-10 03:58:19','profiles_activity',0),(22,'friend','accept',2,0,3,2,'_bx_spy_profile_friend_accept','a:4:{s:13:\"sender_p_link\";s:34:\"https://www.persisters.com/bethany\";s:13:\"sender_p_nick\";s:7:\"bethany\";s:16:\"recipient_p_link\";s:37:\"https://www.persisters.com/persister1\";s:16:\"recipient_p_nick\";s:10:\"persister1\";}','2015-04-14 03:23:40','profiles_activity',1),(23,'friend','accept',3,0,1,3,'_bx_spy_profile_friend_accept','a:4:{s:13:\"sender_p_link\";s:37:\"https://www.persisters.com/persister1\";s:13:\"sender_p_nick\";s:10:\"persister1\";s:16:\"recipient_p_link\";s:31:\"https://www.persisters.com/seth\";s:16:\"recipient_p_nick\";s:4:\"seth\";}','2015-04-16 15:42:44','profiles_activity',0),(24,'profile','edit',2,0,2,0,'_bx_spy_profile_has_edited','a:2:{s:12:\"profile_link\";s:34:\"https://www.persisters.com/bethany\";s:12:\"profile_nick\";s:7:\"bethany\";}','2015-05-05 01:26:09','profiles_activity',0),(38,'bx_photos','add',10,0,12,0,'_bx_photos_spy_added','a:6:{s:12:\"profile_link\";s:36:\"https://www.persisters.com/ericamlee\";s:12:\"profile_nick\";s:9:\"ericamlee\";s:9:\"entry_url\";s:56:\"https://www.persisters.com/m/photos/view/Picture-of-me-1\";s:13:\"entry_caption\";s:15:\"Picture of me 1\";s:16:\"recipient_p_link\";s:36:\"https://www.persisters.com/ericamlee\";s:16:\"recipient_p_nick\";s:9:\"ericamlee\";}','2015-09-15 21:06:19','content_activity',0),(37,'profile','edit',12,0,12,0,'_bx_spy_profile_has_edited','a:2:{s:12:\"profile_link\";s:36:\"https://www.persisters.com/ericamlee\";s:12:\"profile_nick\";s:9:\"ericamlee\";}','2015-09-15 21:02:54','profiles_activity',0),(28,'ads','create',1,0,2,0,'_bx_ads_added_spy','a:6:{s:16:\"recipient_p_link\";s:34:\"https://www.persisters.com/bethany\";s:16:\"recipient_p_nick\";s:7:\"bethany\";s:12:\"profile_nick\";s:7:\"bethany\";s:12:\"profile_link\";s:34:\"https://www.persisters.com/bethany\";s:7:\"ads_url\";s:44:\"https://www.persisters.com/ads/entry/bethany\";s:11:\"ads_caption\";s:7:\"bethany\";}','2015-05-28 16:40:22','content_activity',0),(29,'profile','join',7,0,7,0,'_bx_spy_profile_has_joined','a:2:{s:12:\"profile_link\";s:35:\"https://www.persisters.com/Kalamoma\";s:12:\"profile_nick\";s:8:\"Kalamoma\";}','2015-06-01 14:25:50','profiles_activity',0),(30,'profile','join',8,0,8,0,'_bx_spy_profile_has_joined','a:2:{s:12:\"profile_link\";s:34:\"https://www.persisters.com/Founder\";s:12:\"profile_nick\";s:7:\"Founder\";}','2015-06-01 23:04:22','profiles_activity',0),(31,'bx_events','add',2,0,2,0,'_bx_events_spy_post','a:4:{s:12:\"profile_link\";s:34:\"https://www.persisters.com/bethany\";s:12:\"profile_nick\";s:7:\"bethany\";s:9:\"entry_url\";s:67:\"https://www.persisters.com/m/events/view/Mothers-Meeting-Test-Event\";s:11:\"entry_title\";s:26:\"Mothers Meeting Test Event\";}','2015-06-02 14:35:49','content_activity',0),(36,'profile','edit',12,0,12,0,'_bx_spy_profile_has_edited','a:2:{s:12:\"profile_link\";s:36:\"https://www.persisters.com/ericamlee\";s:12:\"profile_nick\";s:9:\"ericamlee\";}','2015-09-02 02:05:16','profiles_activity',0),(35,'profile','join',12,0,12,0,'_bx_spy_profile_has_joined','a:2:{s:12:\"profile_link\";s:36:\"https://www.persisters.com/ericamlee\";s:12:\"profile_nick\";s:9:\"ericamlee\";}','2015-08-27 02:07:34','profiles_activity',0),(34,'profile','join',11,0,11,0,'_bx_spy_profile_has_joined','a:2:{s:12:\"profile_link\";s:35:\"https://www.persisters.com/checkers\";s:12:\"profile_nick\";s:8:\"checkers\";}','2015-07-09 19:24:44','profiles_activity',0),(39,'profile','edit_status_message',12,0,12,0,'_bx_spy_profile_has_edited_status_message','a:2:{s:12:\"profile_link\";s:36:\"https://www.persisters.com/ericamlee\";s:12:\"profile_nick\";s:9:\"ericamlee\";}','2015-09-15 21:08:08','profiles_activity',0),(40,'profile','join',13,0,13,0,'_bx_spy_profile_has_joined','a:2:{s:12:\"profile_link\";s:31:\"https://www.persisters.com/test\";s:12:\"profile_nick\";s:4:\"test\";}','2015-09-21 21:26:28','profiles_activity',0),(41,'profile','edit',13,0,12,0,'_bx_spy_profile_has_edited','a:2:{s:12:\"profile_link\";s:31:\"https://www.persisters.com/test\";s:12:\"profile_nick\";s:4:\"test\";}','2015-09-21 21:36:18','profiles_activity',0);

--
-- Table structure for table `bx_spy_friends_data`
--

CREATE TABLE `bx_spy_friends_data` (
  `id` int(10) unsigned NOT NULL AUTO_INCREMENT,
  `sender_id` int(11) NOT NULL,
  `friend_id` int(11) NOT NULL,
  `event_id` int(11) NOT NULL,
  PRIMARY KEY (`id`),
  KEY `event_id` (`event_id`),
  KEY `friend_id` (`friend_id`)
) ENGINE=MyISAM AUTO_INCREMENT=29 DEFAULT CHARSET=utf8 COLLATE=utf8_unicode_ci;

--
-- Dumping data for table `bx_spy_friends_data`
--

INSERT INTO `bx_spy_friends_data` VALUES (1,1,2,1),(2,2,1,2),(3,1,2,3),(4,2,1,4),(5,2,1,5),(6,2,1,6),(7,2,1,7),(8,2,1,8),(9,1,2,9),(10,2,1,10),(11,1,2,11),(12,2,1,12),(13,2,1,13),(14,1,2,14),(15,1,2,15),(16,2,1,16),(17,2,1,17),(18,1,2,18),(19,2,1,19),(20,3,2,22),(21,1,3,23),(22,1,2,23),(23,2,1,24),(24,2,3,24),(25,2,3,28),(26,2,1,28),(27,2,3,31),(28,2,1,31);

--
-- Table structure for table `bx_spy_handlers`
--

CREATE TABLE `bx_spy_handlers` (
  `id` int(11) NOT NULL AUTO_INCREMENT,
  `alert_unit` varchar(64) COLLATE utf8_unicode_ci NOT NULL DEFAULT '',
  `alert_action` varchar(64) COLLATE utf8_unicode_ci NOT NULL DEFAULT '',
  `module_uri` varchar(64) COLLATE utf8_unicode_ci NOT NULL DEFAULT '',
  `module_class` varchar(64) COLLATE utf8_unicode_ci NOT NULL DEFAULT '',
  `module_method` varchar(64) COLLATE utf8_unicode_ci NOT NULL DEFAULT '',
  PRIMARY KEY (`id`),
  UNIQUE KEY `handler` (`alert_unit`,`alert_action`,`module_uri`,`module_class`,`module_method`)
) ENGINE=MyISAM AUTO_INCREMENT=20 DEFAULT CHARSET=utf8 COLLATE=utf8_unicode_ci;

--
-- Dumping data for table `bx_spy_handlers`
--

INSERT INTO `bx_spy_handlers` VALUES (1,'bx_events','add','events','Module','get_spy_post'),(2,'bx_events','change','events','Module','get_spy_post'),(3,'bx_events','join','events','Module','get_spy_post'),(4,'bx_events','rate','events','Module','get_spy_post'),(5,'bx_events','commentPost','events','Module','get_spy_post'),(6,'bx_photos','add','photos','Module','get_spy_post'),(7,'bx_photos','rate','photos','Module','get_spy_post'),(8,'bx_photos','commentPost','photos','Module','get_spy_post'),(9,'bx_poll','add','poll','Module','get_spy_post'),(10,'bx_poll','answered','poll','Module','get_spy_post'),(11,'bx_poll','rate','poll','Module','get_spy_post'),(12,'bx_poll','commentPost','poll','Module','get_spy_post'),(13,'bx_sites','add','sites','Module','get_spy_post'),(14,'bx_sites','change','sites','Module','get_spy_post'),(15,'bx_sites','rate','sites','Module','get_spy_post'),(16,'bx_sites','commentPost','sites','Module','get_spy_post'),(17,'ads','create','ads','Module','get_spy_post'),(18,'ads','rate','ads','Module','get_spy_post'),(19,'ads','commentPost','ads','Module','get_spy_post');

--
-- Table structure for table `bx_wall_comments`
--

CREATE TABLE `bx_wall_comments` (
  `cmt_id` int(11) NOT NULL AUTO_INCREMENT,
  `cmt_parent_id` int(11) NOT NULL DEFAULT '0',
  `cmt_object_id` int(11) NOT NULL DEFAULT '0',
  `cmt_author_id` int(10) unsigned NOT NULL DEFAULT '0',
  `cmt_text` text COLLATE utf8_unicode_ci NOT NULL,
  `cmt_mood` tinyint(4) NOT NULL DEFAULT '0',
  `cmt_rate` int(11) NOT NULL DEFAULT '0',
  `cmt_rate_count` int(11) NOT NULL DEFAULT '0',
  `cmt_time` datetime NOT NULL DEFAULT '0000-00-00 00:00:00',
  `cmt_replies` int(11) NOT NULL DEFAULT '0',
  PRIMARY KEY (`cmt_id`),
  KEY `cmt_object_id` (`cmt_object_id`,`cmt_parent_id`)
) ENGINE=MyISAM DEFAULT CHARSET=utf8 COLLATE=utf8_unicode_ci;

--
-- Dumping data for table `bx_wall_comments`
--


--
-- Table structure for table `bx_wall_comments_track`
--

CREATE TABLE `bx_wall_comments_track` (
  `cmt_system_id` int(11) NOT NULL DEFAULT '0',
  `cmt_id` int(11) NOT NULL DEFAULT '0',
  `cmt_rate` tinyint(4) NOT NULL DEFAULT '0',
  `cmt_rate_author_id` int(10) unsigned NOT NULL DEFAULT '0',
  `cmt_rate_author_nip` int(11) unsigned NOT NULL DEFAULT '0',
  `cmt_rate_ts` int(11) NOT NULL DEFAULT '0',
  PRIMARY KEY (`cmt_system_id`,`cmt_id`,`cmt_rate_author_nip`)
) ENGINE=MyISAM DEFAULT CHARSET=utf8 COLLATE=utf8_unicode_ci;

--
-- Dumping data for table `bx_wall_comments_track`
--


--
-- Table structure for table `bx_wall_events`
--

CREATE TABLE `bx_wall_events` (
  `id` bigint(8) NOT NULL AUTO_INCREMENT,
  `owner_id` int(10) unsigned NOT NULL DEFAULT '0',
  `object_id` text COLLATE utf8_unicode_ci NOT NULL,
  `type` varchar(255) COLLATE utf8_unicode_ci NOT NULL,
  `action` varchar(255) COLLATE utf8_unicode_ci NOT NULL,
  `content` text COLLATE utf8_unicode_ci NOT NULL,
  `title` varchar(255) COLLATE utf8_unicode_ci NOT NULL,
  `description` text COLLATE utf8_unicode_ci NOT NULL,
  `date` int(8) NOT NULL DEFAULT '0',
  PRIMARY KEY (`id`),
  KEY `owner_id` (`owner_id`)
) ENGINE=MyISAM AUTO_INCREMENT=38 DEFAULT CHARSET=utf8 COLLATE=utf8_unicode_ci;

--
-- Dumping data for table `bx_wall_events`
--

INSERT INTO `bx_wall_events` VALUES (1,1,'2','friend','accept','','seth is now friends with bethany','',1428509385),(2,2,'2','profile','edit_status_message','a:1:{i:0;s:15:\"Is tired today.\";}','bethany changed her profile status message','Is tired today.',1428509485),(3,1,'1','bx_photos','add','a:3:{s:5:\"album\";s:13:\"seth-s-photos\";s:12:\"privacy_view\";s:1:\"3\";s:5:\"idims\";a:1:{i:1;a:2:{s:1:\"w\";i:134;s:1:\"h\";i:140;}}}','seth added new photo','Avatar',1428509515),(6,1,'1','wall_common_text','','<div class=\"wall-post-text bx-def-font-h2\">I just uploaded a new profile photo.  What do you think?</div>','seth wrote','I just uploaded a new profile photo.  What do you think?',1428509613),(7,1,'2','wall_common_text','','<div class=\"wall-post-text bx-def-font-h2\">Cute picture!</div>','bethany wrote','Cute picture!',1428509697),(8,2,'2','profile','edit','a:2:{s:14:\"OldProfileInfo\";a:53:{s:8:\"datafile\";b:1;s:2:\"ID\";s:1:\"2\";s:8:\"NickName\";s:7:\"bethany\";s:5:\"Email\";s:17:\"bethany@seeger.ws\";s:8:\"Password\";s:40:\"c8506e0ed61dc81b4e18d8f7ea4aa394f3f4e1a5\";s:4:\"Salt\";s:8:\"Y,fPE&Fw\";s:6:\"Status\";s:6:\"Active\";s:4:\"Role\";s:1:\"3\";s:6:\"Couple\";s:1:\"0\";s:3:\"Sex\";s:6:\"female\";s:10:\"LookingFor\";s:0:\"\";s:8:\"Headline\";s:8:\"It\'s me!\";s:13:\"DescriptionMe\";s:55:\"Seriously awesome admin. Just entering characters here!\";s:7:\"Country\";s:2:\"US\";s:4:\"City\";s:8:\"Leverett\";s:11:\"DateOfBirth\";s:10:\"1977-03-01\";s:8:\"Featured\";s:1:\"0\";s:7:\"DateReg\";s:19:\"2015-04-08 15:18:45\";s:12:\"DateLastEdit\";s:19:\"0000-00-00 00:00:00\";s:13:\"DateLastLogin\";s:19:\"2015-04-08 15:26:06\";s:11:\"DateLastNav\";s:19:\"2015-04-08 16:11:23\";s:7:\"aff_num\";s:1:\"0\";s:4:\"Tags\";s:0:\"\";s:3:\"zip\";s:5:\"01054\";s:11:\"EmailNotify\";s:1:\"1\";s:6:\"LangID\";s:1:\"1\";s:11:\"UpdateMatch\";s:1:\"0\";s:5:\"Views\";s:1:\"1\";s:4:\"Rate\";s:1:\"0\";s:9:\"RateCount\";s:1:\"0\";s:13:\"CommentsCount\";s:1:\"0\";s:19:\"PrivacyDefaultGroup\";s:1:\"3\";s:13:\"allow_view_to\";s:1:\"3\";s:10:\"UserStatus\";s:6:\"online\";s:17:\"UserStatusMessage\";s:15:\"Is tired today.\";s:21:\"UserStatusMessageWhen\";s:10:\"1428509485\";s:6:\"Avatar\";s:1:\"0\";s:6:\"Height\";s:0:\"\";s:6:\"Weight\";s:0:\"\";s:6:\"Income\";s:0:\"\";s:10:\"Occupation\";s:0:\"\";s:8:\"Religion\";s:0:\"\";s:9:\"Education\";s:0:\"\";s:18:\"RelationshipStatus\";s:0:\"\";s:7:\"Hobbies\";s:0:\"\";s:9:\"Interests\";s:0:\"\";s:9:\"Ethnicity\";s:0:\"\";s:13:\"FavoriteSites\";s:0:\"\";s:13:\"FavoriteMusic\";s:0:\"\";s:13:\"FavoriteFilms\";s:0:\"\";s:13:\"FavoriteBooks\";s:0:\"\";s:9:\"FirstName\";s:7:\"Bethany\";s:8:\"LastName\";s:6:\"Seeger\";}s:7:\"privacy\";i:5;}','bethany edited her profile','',1428509798),(9,2,'2','bx_photos','add','a:3:{s:5:\"album\";s:16:\"bethany-s-photos\";s:12:\"privacy_view\";s:1:\"3\";s:5:\"idims\";a:1:{i:2;a:2:{s:1:\"w\";i:105;s:1:\"h\";i:140;}}}','bethany added new photo','Avatar',1428509894),(12,2,'1','bx_events','add','a:2:{s:6:\"Status\";s:8:\"approved\";s:5:\"idims\";a:1:{i:1;a:2:{s:1:\"w\";i:140;s:1:\"h\";i:105;}}}','bethany added new event','Show up if you can. ',1428510258),(13,2,'1','bx_sites','add','a:1:{s:6:\"Status\";s:8:\"approved\";}','bethany added new site','Temps in the hoop house',1428510437),(14,1,'1','bx_sites','commentPost','a:2:{s:10:\"comment_id\";i:1;s:17:\"comment_author_id\";i:1;}','seth commented on a site','Shouldn\'t the URL be http://www.seeger.ws/bethany/hooptemp.html  ?',1428510523),(15,2,'1','bx_sites','commentPost','a:2:{s:10:\"comment_id\";i:2;s:17:\"comment_author_id\";i:2;}','bethany commented on a site','just fixed it!\n',1428510539),(16,1,'1','bx_events','commentPost','a:2:{s:10:\"comment_id\";i:1;s:17:\"comment_author_id\";i:1;}','seth commented on a event','I don\'t think I\'ve been invited yet.',1428510551),(17,2,'1','bx_events','commentPost','a:2:{s:10:\"comment_id\";i:2;s:17:\"comment_author_id\";i:2;}','bethany commented on a event','did you get one now? \n',1428510648),(18,1,'1','bx_events','commentPost','a:2:{s:10:\"comment_id\";i:3;s:17:\"comment_author_id\";i:1;}','seth commented on a event','Odd.  I got an email about it, but when I log in, there\'s nothing to remind me of it.',1428510759),(19,1,'1','bx_events','commentPost','a:2:{s:10:\"comment_id\";i:4;s:17:\"comment_author_id\";i:1;}','seth commented on a event','I hired some entertainment.  See picture.',1428510848),(20,2,'2','profile','edit_status_message','a:1:{i:0;s:0:\"\";}','bethany changed her profile status message','',1428590221),(21,0,'2','wall_common_text','','<div class=\"wall-post-text bx-def-font-h2\">Testing testing</div>','bethany wrote','Testing testing',1428627258),(22,0,'2','wall_common_text','','<div class=\"wall-post-text bx-def-font-h2\">I am posting to a time line. Mine I think. </div>','bethany wrote','I am posting to a time line. Mine I think. ',1428627299),(23,2,'2','wall_common_text','','<div class=\"wall-post-text bx-def-font-h2\">Posting to timeline</div>','bethany wrote','Posting to timeline',1428627354),(24,0,'2','wall_common_text','','<div class=\"wall-post-text bx-def-font-h2\">Okay, got a home page now. </div>','bethany wrote','Okay, got a home page now. ',1428627833),(25,3,'4','bx_photos','add','a:2:{s:12:\"privacy_view\";s:1:\"3\";s:5:\"album\";s:19:\"persister1-s-photos\";}','persister1 added new photo','Avatar',1428638299),(28,3,'2','friend','accept','','persister1 is now friends with bethany','',1428981820),(34,12,'12','profile','edit','a:1:{s:14:\"OldProfileInfo\";a:124:{i:0;s:2:\"12\";s:2:\"ID\";s:2:\"12\";i:1;s:9:\"ericamlee\";s:8:\"NickName\";s:9:\"ericamlee\";i:2;s:19:\"bethany+1@seeger.ws\";s:5:\"Email\";s:19:\"bethany+1@seeger.ws\";i:3;s:40:\"a0851f28a8ee50827389d16ab60714a569d7cf69\";s:8:\"Password\";s:40:\"a0851f28a8ee50827389d16ab60714a569d7cf69\";i:4;s:8:\"YTBqZkcC\";s:4:\"Salt\";s:8:\"YTBqZkcC\";i:5;s:8:\"Approval\";s:6:\"Status\";s:8:\"Approval\";i:6;s:1:\"3\";s:4:\"Role\";s:1:\"3\";i:7;s:1:\"0\";s:6:\"Couple\";s:1:\"0\";i:8;s:4:\"male\";s:3:\"Sex\";s:4:\"male\";i:9;s:0:\"\";s:10:\"LookingFor\";s:0:\"\";i:10;s:0:\"\";s:8:\"Headline\";s:0:\"\";i:11;s:0:\"\";s:13:\"DescriptionMe\";s:0:\"\";i:12;s:2:\"US\";s:7:\"Country\";s:2:\"US\";i:13;s:0:\"\";s:4:\"City\";s:0:\"\";i:14;s:10:\"1993-08-18\";s:11:\"DateOfBirth\";s:10:\"1993-08-18\";i:15;s:1:\"0\";s:8:\"Featured\";s:1:\"0\";i:16;s:19:\"2015-08-27 02:07:34\";s:7:\"DateReg\";s:19:\"2015-08-27 02:07:34\";i:17;s:19:\"0000-00-00 00:00:00\";s:12:\"DateLastEdit\";s:19:\"0000-00-00 00:00:00\";i:18;s:19:\"2015-09-02 00:06:12\";s:13:\"DateLastLogin\";s:19:\"2015-09-02 00:06:12\";i:19;s:19:\"2015-09-02 02:05:09\";s:11:\"DateLastNav\";s:19:\"2015-09-02 02:05:09\";i:20;s:1:\"0\";s:7:\"aff_num\";s:1:\"0\";i:21;s:0:\"\";s:4:\"Tags\";s:0:\"\";i:22;s:5:\"01001\";s:3:\"zip\";s:5:\"01001\";i:23;s:1:\"1\";s:11:\"EmailNotify\";s:1:\"1\";i:24;s:1:\"1\";s:6:\"LangID\";s:1:\"1\";i:25;s:1:\"0\";s:11:\"UpdateMatch\";s:1:\"0\";i:26;s:1:\"0\";s:5:\"Views\";s:1:\"0\";i:27;s:1:\"0\";s:4:\"Rate\";s:1:\"0\";i:28;s:1:\"0\";s:9:\"RateCount\";s:1:\"0\";i:29;s:1:\"0\";s:13:\"CommentsCount\";s:1:\"0\";i:30;s:1:\"3\";s:19:\"PrivacyDefaultGroup\";s:1:\"3\";i:31;s:1:\"3\";s:13:\"allow_view_to\";s:1:\"3\";i:32;s:6:\"online\";s:10:\"UserStatus\";s:6:\"online\";i:33;s:0:\"\";s:17:\"UserStatusMessage\";s:0:\"\";i:34;s:1:\"0\";s:21:\"UserStatusMessageWhen\";s:1:\"0\";i:35;s:1:\"0\";s:6:\"Avatar\";s:1:\"0\";i:36;s:0:\"\";s:6:\"Height\";s:0:\"\";i:37;s:0:\"\";s:6:\"Weight\";s:0:\"\";i:38;s:0:\"\";s:6:\"Income\";s:0:\"\";i:39;s:0:\"\";s:10:\"Occupation\";s:0:\"\";i:40;s:0:\"\";s:17:\"SpiritualPractice\";s:0:\"\";i:41;s:0:\"\";s:9:\"Education\";s:0:\"\";i:42;s:0:\"\";s:18:\"RelationshipStatus\";s:0:\"\";i:43;s:0:\"\";s:7:\"Hobbies\";s:0:\"\";i:44;s:0:\"\";s:9:\"Interests\";s:0:\"\";i:45;s:0:\"\";s:9:\"Ethnicity\";s:0:\"\";i:46;s:0:\"\";s:13:\"FavoriteSites\";s:0:\"\";i:47;s:0:\"\";s:13:\"FavoriteMusic\";s:0:\"\";i:48;s:0:\"\";s:13:\"FavoriteFilms\";s:0:\"\";i:49;s:0:\"\";s:13:\"FavoriteBooks\";s:0:\"\";i:50;s:4:\"Eric\";s:9:\"FirstName\";s:4:\"Eric\";i:51;s:5:\"Amlee\";s:8:\"LastName\";s:5:\"Amlee\";i:52;s:0:\"\";s:13:\"PoliticalView\";s:0:\"\";i:53;s:0:\"\";s:19:\"InterestsAltHealing\";s:0:\"\";i:54;s:0:\"\";s:12:\"InterestsArt\";s:0:\"\";i:55;s:13:\"Sponsor Woman\";s:11:\"WomanStatus\";s:13:\"Sponsor Woman\";i:56;s:0:\"\";s:14:\"InterestsBooks\";s:0:\"\";i:57;s:0:\"\";s:22:\"InterestsEntertainment\";s:0:\"\";i:58;s:0:\"\";s:16:\"InterestsGeneral\";s:0:\"\";i:59;s:0:\"\";s:15:\"InterestsSports\";s:0:\"\";i:60;s:0:\"\";s:15:\"InterestsWomens\";s:0:\"\";i:61;s:0:\"\";s:14:\"InterestsMusic\";s:0:\"\";}}','ericamlee edited his profile','',1441159516),(29,1,'3','friend','accept','','seth is now friends with persister1','',1429198964),(30,3,'1','wall_common_text','','<div class=\"wall-post-text bx-def-font-h2\">Yay!  Welcome to Persisters!</div>','seth wrote','Yay!  Welcome to Persisters!',1429198976),(31,2,'2','profile','edit','a:1:{s:14:\"OldProfileInfo\";a:104:{i:0;s:1:\"2\";s:2:\"ID\";s:1:\"2\";i:1;s:7:\"bethany\";s:8:\"NickName\";s:7:\"bethany\";i:2;s:17:\"bethany@seeger.ws\";s:5:\"Email\";s:17:\"bethany@seeger.ws\";i:3;s:40:\"e296af2117c326e802b8387699c2d16b755435d9\";s:8:\"Password\";s:40:\"e296af2117c326e802b8387699c2d16b755435d9\";i:4;s:8:\"MjWKiqPq\";s:4:\"Salt\";s:8:\"MjWKiqPq\";i:5;s:6:\"Active\";s:6:\"Status\";s:6:\"Active\";i:6;s:1:\"3\";s:4:\"Role\";s:1:\"3\";i:7;s:1:\"0\";s:6:\"Couple\";s:1:\"0\";i:8;s:6:\"female\";s:3:\"Sex\";s:6:\"female\";i:9;s:0:\"\";s:10:\"LookingFor\";s:0:\"\";i:10;s:8:\"It\'s me!\";s:8:\"Headline\";s:8:\"It\'s me!\";i:11;s:55:\"Seriously awesome admin. Just entering characters here!\";s:13:\"DescriptionMe\";s:55:\"Seriously awesome admin. Just entering characters here!\";i:12;s:2:\"US\";s:7:\"Country\";s:2:\"US\";i:13;s:8:\"Leverett\";s:4:\"City\";s:8:\"Leverett\";i:14;s:10:\"1977-03-01\";s:11:\"DateOfBirth\";s:10:\"1977-03-01\";i:15;s:1:\"0\";s:8:\"Featured\";s:1:\"0\";i:16;s:19:\"2015-04-08 15:18:45\";s:7:\"DateReg\";s:19:\"2015-04-08 15:18:45\";i:17;s:19:\"0000-00-00 00:00:00\";s:12:\"DateLastEdit\";s:19:\"0000-00-00 00:00:00\";i:18;s:19:\"2015-05-05 01:24:28\";s:13:\"DateLastLogin\";s:19:\"2015-05-05 01:24:28\";i:19;s:19:\"2015-05-05 01:26:08\";s:11:\"DateLastNav\";s:19:\"2015-05-05 01:26:08\";i:20;s:1:\"0\";s:7:\"aff_num\";s:1:\"0\";i:21;s:0:\"\";s:4:\"Tags\";s:0:\"\";i:22;s:5:\"01054\";s:3:\"zip\";s:5:\"01054\";i:23;s:1:\"1\";s:11:\"EmailNotify\";s:1:\"1\";i:24;s:1:\"1\";s:6:\"LangID\";s:1:\"1\";i:25;s:1:\"0\";s:11:\"UpdateMatch\";s:1:\"0\";i:26;s:1:\"1\";s:5:\"Views\";s:1:\"1\";i:27;s:1:\"0\";s:4:\"Rate\";s:1:\"0\";i:28;s:1:\"0\";s:9:\"RateCount\";s:1:\"0\";i:29;s:1:\"0\";s:13:\"CommentsCount\";s:1:\"0\";i:30;s:1:\"3\";s:19:\"PrivacyDefaultGroup\";s:1:\"3\";i:31;s:1:\"5\";s:13:\"allow_view_to\";s:1:\"5\";i:32;s:6:\"online\";s:10:\"UserStatus\";s:6:\"online\";i:33;s:0:\"\";s:17:\"UserStatusMessage\";s:0:\"\";i:34;s:10:\"1428590221\";s:21:\"UserStatusMessageWhen\";s:10:\"1428590221\";i:35;s:1:\"2\";s:6:\"Avatar\";s:1:\"2\";i:36;s:0:\"\";s:6:\"Height\";s:0:\"\";i:37;s:0:\"\";s:6:\"Weight\";s:0:\"\";i:38;s:0:\"\";s:6:\"Income\";s:0:\"\";i:39;s:0:\"\";s:10:\"Occupation\";s:0:\"\";i:40;s:0:\"\";s:8:\"Religion\";s:0:\"\";i:41;s:0:\"\";s:9:\"Education\";s:0:\"\";i:42;s:0:\"\";s:18:\"RelationshipStatus\";s:0:\"\";i:43;s:0:\"\";s:7:\"Hobbies\";s:0:\"\";i:44;s:0:\"\";s:9:\"Interests\";s:0:\"\";i:45;s:0:\"\";s:9:\"Ethnicity\";s:0:\"\";i:46;s:0:\"\";s:13:\"FavoriteSites\";s:0:\"\";i:47;s:0:\"\";s:13:\"FavoriteMusic\";s:0:\"\";i:48;s:0:\"\";s:13:\"FavoriteFilms\";s:0:\"\";i:49;s:0:\"\";s:13:\"FavoriteBooks\";s:0:\"\";i:50;s:7:\"Bethany\";s:9:\"FirstName\";s:7:\"Bethany\";i:51;s:6:\"Seeger\";s:8:\"LastName\";s:6:\"Seeger\";}}','bethany edited her profile','',1430789169),(32,2,'1','ads','create','','bethany added new ad','bethany added new ad',1432831222),(33,2,'2','bx_events','add','a:1:{s:6:\"Status\";s:8:\"approved\";}','bethany added new event','Test event. Mothers meet.  Etc.',1433255749),(35,12,'12','profile','edit','a:1:{s:14:\"OldProfileInfo\";a:124:{i:0;s:2:\"12\";s:2:\"ID\";s:2:\"12\";i:1;s:9:\"ericamlee\";s:8:\"NickName\";s:9:\"ericamlee\";i:2;s:19:\"erik@yesexactly.com\";s:5:\"Email\";s:19:\"erik@yesexactly.com\";i:3;s:40:\"412dce24cac5edc92b9e882ee55d9f0ec4cb9dd4\";s:8:\"Password\";s:40:\"412dce24cac5edc92b9e882ee55d9f0ec4cb9dd4\";i:4;s:8:\"YTBqZkcC\";s:4:\"Salt\";s:8:\"YTBqZkcC\";i:5;s:8:\"Approval\";s:6:\"Status\";s:8:\"Approval\";i:6;s:1:\"3\";s:4:\"Role\";s:1:\"3\";i:7;s:1:\"0\";s:6:\"Couple\";s:1:\"0\";i:8;s:4:\"male\";s:3:\"Sex\";s:4:\"male\";i:9;s:6:\"female\";s:10:\"LookingFor\";s:6:\"female\";i:10;s:0:\"\";s:8:\"Headline\";s:0:\"\";i:11;s:0:\"\";s:13:\"DescriptionMe\";s:0:\"\";i:12;s:2:\"US\";s:7:\"Country\";s:2:\"US\";i:13;s:7:\"Amherst\";s:4:\"City\";s:7:\"Amherst\";i:14;s:10:\"1966-06-06\";s:11:\"DateOfBirth\";s:10:\"1966-06-06\";i:15;s:1:\"0\";s:8:\"Featured\";s:1:\"0\";i:16;s:19:\"2015-08-27 02:07:34\";s:7:\"DateReg\";s:19:\"2015-08-27 02:07:34\";i:17;s:19:\"2015-09-02 02:05:16\";s:12:\"DateLastEdit\";s:19:\"2015-09-02 02:05:16\";i:18;s:19:\"2015-09-15 20:24:57\";s:13:\"DateLastLogin\";s:19:\"2015-09-15 20:24:57\";i:19;s:19:\"2015-09-15 21:02:25\";s:11:\"DateLastNav\";s:19:\"2015-09-15 21:02:25\";i:20;s:1:\"0\";s:7:\"aff_num\";s:1:\"0\";i:21;s:0:\"\";s:4:\"Tags\";s:0:\"\";i:22;s:5:\"01002\";s:3:\"zip\";s:5:\"01002\";i:23;s:1:\"1\";s:11:\"EmailNotify\";s:1:\"1\";i:24;s:1:\"1\";s:6:\"LangID\";s:1:\"1\";i:25;s:1:\"1\";s:11:\"UpdateMatch\";s:1:\"1\";i:26;s:1:\"0\";s:5:\"Views\";s:1:\"0\";i:27;s:1:\"0\";s:4:\"Rate\";s:1:\"0\";i:28;s:1:\"0\";s:9:\"RateCount\";s:1:\"0\";i:29;s:1:\"0\";s:13:\"CommentsCount\";s:1:\"0\";i:30;s:1:\"3\";s:19:\"PrivacyDefaultGroup\";s:1:\"3\";i:31;s:1:\"3\";s:13:\"allow_view_to\";s:1:\"3\";i:32;s:6:\"online\";s:10:\"UserStatus\";s:6:\"online\";i:33;s:0:\"\";s:17:\"UserStatusMessage\";s:0:\"\";i:34;s:1:\"0\";s:21:\"UserStatusMessageWhen\";s:1:\"0\";i:35;s:1:\"0\";s:6:\"Avatar\";s:1:\"0\";i:36;s:0:\"\";s:6:\"Height\";s:0:\"\";i:37;s:0:\"\";s:6:\"Weight\";s:0:\"\";i:38;s:0:\"\";s:6:\"Income\";s:0:\"\";i:39;s:0:\"\";s:10:\"Occupation\";s:0:\"\";i:40;s:0:\"\";s:17:\"SpiritualPractice\";s:0:\"\";i:41;s:0:\"\";s:9:\"Education\";s:0:\"\";i:42;s:6:\"Single\";s:18:\"RelationshipStatus\";s:6:\"Single\";i:43;s:0:\"\";s:7:\"Hobbies\";s:0:\"\";i:44;s:0:\"\";s:9:\"Interests\";s:0:\"\";i:45;s:0:\"\";s:9:\"Ethnicity\";s:0:\"\";i:46;s:0:\"\";s:13:\"FavoriteSites\";s:0:\"\";i:47;s:0:\"\";s:13:\"FavoriteMusic\";s:0:\"\";i:48;s:0:\"\";s:13:\"FavoriteFilms\";s:0:\"\";i:49;s:0:\"\";s:13:\"FavoriteBooks\";s:0:\"\";i:50;s:4:\"Erik\";s:9:\"FirstName\";s:4:\"Erik\";i:51;s:5:\"Amlee\";s:8:\"LastName\";s:5:\"Amlee\";i:52;s:0:\"\";s:13:\"PoliticalView\";s:0:\"\";i:53;s:0:\"\";s:19:\"InterestsAltHealing\";s:0:\"\";i:54;s:0:\"\";s:12:\"InterestsArt\";s:0:\"\";i:55;s:13:\"Sponsor Woman\";s:11:\"WomanStatus\";s:13:\"Sponsor Woman\";i:56;s:0:\"\";s:14:\"InterestsBooks\";s:0:\"\";i:57;s:0:\"\";s:22:\"InterestsEntertainment\";s:0:\"\";i:58;s:0:\"\";s:16:\"InterestsGeneral\";s:0:\"\";i:59;s:0:\"\";s:15:\"InterestsSports\";s:0:\"\";i:60;s:0:\"\";s:15:\"InterestsWomens\";s:0:\"\";i:61;s:0:\"\";s:14:\"InterestsMusic\";s:0:\"\";}}','ericamlee edited his profile','',1442350974),(36,12,'10','bx_photos','add','a:2:{s:5:\"album\";s:18:\"ericamlee-s-photos\";s:12:\"privacy_view\";s:1:\"3\";}','ericamlee added new photo','',1442351179),(37,12,'12','profile','edit_status_message','a:1:{i:0;s:2:\"Yo\";}','ericamlee changed his profile status message','Yo',1442351288);

--
-- Table structure for table `bx_wall_handlers`
--

CREATE TABLE `bx_wall_handlers` (
  `id` int(11) NOT NULL AUTO_INCREMENT,
  `alert_unit` varchar(64) COLLATE utf8_unicode_ci NOT NULL DEFAULT '',
  `alert_action` varchar(64) COLLATE utf8_unicode_ci NOT NULL DEFAULT '',
  `module_uri` varchar(64) COLLATE utf8_unicode_ci NOT NULL DEFAULT '',
  `module_class` varchar(64) COLLATE utf8_unicode_ci NOT NULL DEFAULT '',
  `module_method` varchar(64) COLLATE utf8_unicode_ci NOT NULL DEFAULT '',
  `groupable` tinyint(1) NOT NULL DEFAULT '0',
  `group_by` varchar(64) COLLATE utf8_unicode_ci NOT NULL DEFAULT '',
  `timeline` tinyint(1) NOT NULL DEFAULT '1',
  `outline` tinyint(1) NOT NULL DEFAULT '0',
  PRIMARY KEY (`id`),
  UNIQUE KEY `handler` (`alert_unit`,`alert_action`,`module_uri`,`module_class`,`module_method`)
) ENGINE=MyISAM AUTO_INCREMENT=23 DEFAULT CHARSET=utf8 COLLATE=utf8_unicode_ci;

--
-- Dumping data for table `bx_wall_handlers`
--

INSERT INTO `bx_wall_handlers` VALUES (1,'wall_common_text','','','','',0,'',1,0),(2,'wall_common_link','','','','',0,'',1,0),(3,'wall_common_photos','','','','',0,'',1,0),(4,'wall_common_sounds','','','','',0,'',1,0),(5,'wall_common_videos','','','','',0,'',1,0),(6,'profile','edit','','','',0,'',1,0),(7,'profile','edit_status_message','','','',0,'',1,0),(8,'profile','commentPost','','','',0,'',1,0),(9,'profile','delete','','','',0,'',1,0),(10,'friend','accept','','','',0,'',1,0),(13,'bx_events','add','events','Module','get_wall_post',0,'',1,1),(14,'bx_events','commentPost','events','Module','get_wall_post_comment',0,'',1,0),(15,'bx_photos','add','photos','Search','get_wall_post',1,'album',1,1),(16,'bx_photos','commentPost','photos','Search','get_wall_post_comment',0,'',1,0),(17,'bx_poll','add','poll','Module','get_wall_post',0,'',1,1),(18,'bx_poll','commentPost','poll','Module','get_wall_post_comment',0,'',1,0),(19,'bx_sites','add','sites','Module','get_wall_post',0,'',1,1),(20,'bx_sites','commentPost','sites','Module','get_wall_post_comment',0,'',1,0),(21,'ads','create','ads','Module','get_wall_post',0,'',1,1),(22,'ads','commentPost','ads','Module','get_wall_post_comment',0,'',1,0);

--
-- Table structure for table `bx_zip_countries_geonames`
--

CREATE TABLE `bx_zip_countries_geonames` (
  `ISO2` varchar(2) NOT NULL DEFAULT '',
  PRIMARY KEY (`ISO2`)
) ENGINE=MyISAM DEFAULT CHARSET=utf8;

--
-- Dumping data for table `bx_zip_countries_geonames`
--


--
-- Table structure for table `bx_zip_countries_google`
--

CREATE TABLE `bx_zip_countries_google` (
  `ISO2` varchar(2) NOT NULL DEFAULT '',
  PRIMARY KEY (`ISO2`)
) ENGINE=MyISAM DEFAULT CHARSET=utf8;

--
-- Dumping data for table `bx_zip_countries_google`
--

INSERT INTO `bx_zip_countries_google` VALUES ('AR'),('AT'),('AU'),('BB'),('BE'),('BR'),('CA'),('CH'),('CL'),('CN'),('CZ'),('DE'),('DK'),('EE'),('EG'),('ES'),('FI'),('FR'),('GB'),('HK'),('HR'),('HU'),('IL'),('IN'),('IT'),('JP'),('KR'),('LI'),('LT'),('LU'),('LV'),('MO'),('MY'),('NL'),('NO'),('NZ'),('PL'),('PT'),('RU'),('SE'),('SG'),('SI'),('SK'),('TW'),('US');

--
-- Table structure for table `sys_account_custom_stat_elements`
--

CREATE TABLE `sys_account_custom_stat_elements` (
  `ID` int(2) NOT NULL AUTO_INCREMENT,
  `Label` varchar(128) NOT NULL,
  `Value` varchar(255) NOT NULL,
  PRIMARY KEY (`ID`)
) ENGINE=MyISAM AUTO_INCREMENT=6 DEFAULT CHARSET=utf8;

--
-- Dumping data for table `sys_account_custom_stat_elements`
--

INSERT INTO `sys_account_custom_stat_elements` VALUES (1,'_bx_events','__bx_events__ (<a href=\"modules/?r=events/browse/my&bx_events_filter=add_event\">__l_add__</a>)'),(2,'_bx_photos','__phs__ (<a href=\"modules/?r=photos/albums/my/main/\">__l_add__</a>)'),(3,'_bx_polls','__spo__ (<a href=\"modules/?r=poll&action=my\">__l_add__</a>)'),(4,'_bx_sites','__bx_sites__ (<a href=\"modules/?r=sites/browse/my/add\">__l_add__</a>)'),(5,'_bx_ads_Ads','__mad__ (<a href=\"__site_url__ads/my_page/add/\">__l_add__</a>)');

--
-- Table structure for table `sys_acl_actions`
--

CREATE TABLE `sys_acl_actions` (
  `ID` smallint(5) unsigned NOT NULL AUTO_INCREMENT,
  `Name` varchar(255) NOT NULL DEFAULT '',
  `AdditionalParamName` varchar(80) DEFAULT NULL,
  PRIMARY KEY (`ID`)
) ENGINE=MyISAM AUTO_INCREMENT=51 DEFAULT CHARSET=utf8;

--
-- Dumping data for table `sys_acl_actions`
--

INSERT INTO `sys_acl_actions` VALUES (1,'send greetings',NULL),(2,'view profiles',NULL),(3,'vote',NULL),(4,'send messages',NULL),(5,'get other members emails',NULL),(6,'comments post',NULL),(7,'comments vote',NULL),(8,'comments edit own',NULL),(9,'comments remove own',NULL),(13,'use messenger',NULL),(14,'use chat',NULL),(15,'events view',NULL),(16,'events browse',NULL),(17,'events search',NULL),(18,'events add',NULL),(19,'events comments delete and edit',NULL),(20,'events edit any event',NULL),(21,'events delete any event',NULL),(22,'events mark as featured',NULL),(23,'events approve',NULL),(24,'events broadcast message',NULL),(25,'timeline post comment',''),(26,'timeline delete comment',''),(27,'photos view',NULL),(28,'photos add',NULL),(29,'photos delete',NULL),(30,'photos approve',NULL),(31,'photos edit',NULL),(32,'Feedback Delete',''),(33,'News Delete',''),(34,'create polls',NULL),(35,'use simple messenger',NULL),(36,'sites view',NULL),(37,'sites browse',NULL),(38,'sites search',NULL),(39,'sites add',NULL),(40,'sites edit any site',NULL),(41,'sites delete any site',NULL),(42,'sites mark as featured',NULL),(43,'sites approve',NULL),(44,'ads view',NULL),(45,'ads browse',NULL),(46,'ads search',NULL),(47,'ads add',NULL),(48,'ads edit any ad',NULL),(49,'ads delete any ad',NULL),(50,'ads approving',NULL);

--
-- Table structure for table `sys_acl_actions_track`
--

CREATE TABLE `sys_acl_actions_track` (
  `IDAction` smallint(5) unsigned NOT NULL DEFAULT '0',
  `IDMember` int(10) unsigned NOT NULL DEFAULT '0',
  `ActionsLeft` smallint(5) unsigned NOT NULL DEFAULT '0',
  `ValidSince` datetime DEFAULT NULL,
  PRIMARY KEY (`IDAction`,`IDMember`)
) ENGINE=MyISAM DEFAULT CHARSET=utf8;

--
-- Dumping data for table `sys_acl_actions_track`
--

INSERT INTO `sys_acl_actions_track` VALUES (1,1,4,'2015-05-05 01:21:51'),(1,2,4,'2015-06-10 00:38:01'),(4,2,9,'2015-04-08 16:08:21'),(4,1,9,'2015-04-08 16:27:43'),(1,3,4,'2015-08-24 14:41:58'),(1,12,4,'2015-09-15 21:05:17');

--
-- Table structure for table `sys_acl_level_prices`
--

CREATE TABLE `sys_acl_level_prices` (
  `id` int(11) NOT NULL AUTO_INCREMENT,
  `IDLevel` smallint(5) unsigned NOT NULL DEFAULT '0',
  `Days` int(10) unsigned NOT NULL DEFAULT '1',
  `Price` float unsigned NOT NULL DEFAULT '1',
  PRIMARY KEY (`id`),
  UNIQUE KEY `type` (`IDLevel`,`Days`)
) ENGINE=MyISAM DEFAULT CHARSET=utf8;

--
-- Dumping data for table `sys_acl_level_prices`
--


--
-- Table structure for table `sys_acl_levels`
--

CREATE TABLE `sys_acl_levels` (
  `ID` int(11) NOT NULL AUTO_INCREMENT,
  `Name` varchar(100) NOT NULL DEFAULT '',
  `Icon` varchar(255) NOT NULL DEFAULT '',
  `Description` text NOT NULL,
  `Active` enum('yes','no') NOT NULL DEFAULT 'no',
  `Purchasable` enum('yes','no') NOT NULL DEFAULT 'yes',
  `Removable` enum('yes','no') NOT NULL DEFAULT 'yes',
  `Order` int(11) NOT NULL DEFAULT '0',
  PRIMARY KEY (`ID`),
  UNIQUE KEY `Name` (`Name`)
) ENGINE=MyISAM AUTO_INCREMENT=4 DEFAULT CHARSET=utf8;

--
-- Dumping data for table `sys_acl_levels`
--

INSERT INTO `sys_acl_levels` VALUES (1,'Non-member','non-member.png','','yes','no','no',0),(2,'Standard','member.png','','yes','no','no',0),(3,'Promotion','promotion.png','','yes','no','no',0);

--
-- Table structure for table `sys_acl_levels_members`
--

CREATE TABLE `sys_acl_levels_members` (
  `IDMember` int(10) unsigned NOT NULL DEFAULT '0',
  `IDLevel` smallint(5) unsigned NOT NULL DEFAULT '0',
  `DateStarts` datetime NOT NULL DEFAULT '0000-00-00 00:00:00',
  `DateExpires` datetime DEFAULT NULL,
  `TransactionID` varchar(16) NOT NULL DEFAULT '',
  PRIMARY KEY (`IDMember`,`IDLevel`,`DateStarts`)
) ENGINE=MyISAM DEFAULT CHARSET=utf8;

--
-- Dumping data for table `sys_acl_levels_members`
--


--
-- Table structure for table `sys_acl_matrix`
--

CREATE TABLE `sys_acl_matrix` (
  `IDLevel` smallint(5) unsigned NOT NULL DEFAULT '0',
  `IDAction` smallint(5) unsigned NOT NULL DEFAULT '0',
  `AllowedCount` smallint(5) unsigned DEFAULT NULL,
  `AllowedPeriodLen` smallint(5) unsigned DEFAULT NULL,
  `AllowedPeriodStart` datetime DEFAULT NULL,
  `AllowedPeriodEnd` datetime DEFAULT NULL,
  `AdditionalParamValue` varchar(255) DEFAULT NULL,
  PRIMARY KEY (`IDLevel`,`IDAction`)
) ENGINE=MyISAM DEFAULT CHARSET=utf8;

--
-- Dumping data for table `sys_acl_matrix`
--

INSERT INTO `sys_acl_matrix` VALUES (1,2,NULL,NULL,NULL,NULL,NULL),(1,3,NULL,NULL,NULL,NULL,NULL),(1,7,NULL,NULL,NULL,NULL,NULL),(2,1,4,24,NULL,NULL,NULL),(2,2,NULL,NULL,NULL,NULL,NULL),(2,3,NULL,NULL,NULL,NULL,NULL),(2,4,10,24,NULL,NULL,NULL),(2,6,NULL,NULL,NULL,NULL,NULL),(2,7,NULL,NULL,NULL,NULL,NULL),(2,8,NULL,NULL,NULL,NULL,NULL),(2,9,NULL,NULL,NULL,NULL,NULL),(3,1,NULL,NULL,NULL,NULL,NULL),(3,2,NULL,NULL,NULL,NULL,NULL),(3,3,NULL,NULL,NULL,NULL,NULL),(3,4,NULL,NULL,NULL,NULL,NULL),(3,6,NULL,NULL,NULL,NULL,NULL),(3,7,NULL,NULL,NULL,NULL,NULL),(3,8,NULL,NULL,NULL,NULL,NULL),(3,9,NULL,NULL,NULL,NULL,NULL),(1,13,NULL,NULL,NULL,NULL,NULL),(2,13,NULL,NULL,NULL,NULL,NULL),(3,13,NULL,NULL,NULL,NULL,NULL),(1,14,NULL,NULL,NULL,NULL,NULL),(2,14,NULL,NULL,NULL,NULL,NULL),(3,14,NULL,NULL,NULL,NULL,NULL),(1,15,NULL,NULL,NULL,NULL,NULL),(2,15,NULL,NULL,NULL,NULL,NULL),(3,15,NULL,NULL,NULL,NULL,NULL),(1,16,NULL,NULL,NULL,NULL,NULL),(2,16,NULL,NULL,NULL,NULL,NULL),(3,16,NULL,NULL,NULL,NULL,NULL),(1,17,NULL,NULL,NULL,NULL,NULL),(2,17,NULL,NULL,NULL,NULL,NULL),(3,17,NULL,NULL,NULL,NULL,NULL),(2,18,NULL,NULL,NULL,NULL,NULL),(3,18,NULL,NULL,NULL,NULL,NULL),(2,25,NULL,NULL,NULL,NULL,NULL),(3,25,NULL,NULL,NULL,NULL,NULL),(1,27,NULL,NULL,NULL,NULL,NULL),(2,27,NULL,NULL,NULL,NULL,NULL),(3,27,NULL,NULL,NULL,NULL,NULL),(2,28,NULL,NULL,NULL,NULL,NULL),(3,28,NULL,NULL,NULL,NULL,NULL),(2,34,NULL,NULL,NULL,NULL,NULL),(3,34,NULL,NULL,NULL,NULL,NULL),(2,35,NULL,NULL,NULL,NULL,NULL),(3,35,NULL,NULL,NULL,NULL,NULL),(1,36,NULL,NULL,NULL,NULL,NULL),(2,36,NULL,NULL,NULL,NULL,NULL),(3,36,NULL,NULL,NULL,NULL,NULL),(1,37,NULL,NULL,NULL,NULL,NULL),(2,37,NULL,NULL,NULL,NULL,NULL),(3,37,NULL,NULL,NULL,NULL,NULL),(1,38,NULL,NULL,NULL,NULL,NULL),(2,38,NULL,NULL,NULL,NULL,NULL),(3,38,NULL,NULL,NULL,NULL,NULL),(2,39,NULL,NULL,NULL,NULL,NULL),(3,39,NULL,NULL,NULL,NULL,NULL),(1,44,NULL,NULL,NULL,NULL,NULL),(2,44,NULL,NULL,NULL,NULL,NULL),(3,44,NULL,NULL,NULL,NULL,NULL),(1,45,NULL,NULL,NULL,NULL,NULL),(2,45,NULL,NULL,NULL,NULL,NULL),(3,45,NULL,NULL,NULL,NULL,NULL),(1,46,NULL,NULL,NULL,NULL,NULL),(2,46,NULL,NULL,NULL,NULL,NULL),(3,46,NULL,NULL,NULL,NULL,NULL),(2,47,NULL,NULL,NULL,NULL,NULL),(3,47,NULL,NULL,NULL,NULL,NULL);

--
-- Table structure for table `sys_admin_ban_list`
--

CREATE TABLE `sys_admin_ban_list` (
  `ProfID` int(10) unsigned NOT NULL DEFAULT '0',
  `Time` int(10) unsigned NOT NULL DEFAULT '0',
  `DateTime` datetime NOT NULL DEFAULT '0000-00-00 00:00:00',
  PRIMARY KEY (`ProfID`)
) ENGINE=MyISAM DEFAULT CHARSET=utf8;

--
-- Dumping data for table `sys_admin_ban_list`
--


--
-- Table structure for table `sys_albums`
--

CREATE TABLE `sys_albums` (
  `ID` int(10) NOT NULL AUTO_INCREMENT,
  `Caption` varchar(128) NOT NULL DEFAULT '',
  `Uri` varchar(255) NOT NULL DEFAULT '',
  `Location` varchar(128) NOT NULL DEFAULT '',
  `Description` varchar(255) NOT NULL DEFAULT '',
  `Type` varchar(20) NOT NULL DEFAULT '',
  `Owner` int(10) NOT NULL DEFAULT '0',
  `Status` enum('active','passive') NOT NULL DEFAULT 'active',
  `Date` int(10) NOT NULL DEFAULT '0',
  `ObjCount` int(10) NOT NULL DEFAULT '0',
  `LastObjId` int(10) NOT NULL DEFAULT '0',
  `AllowAlbumView` int(10) NOT NULL DEFAULT '3',
  PRIMARY KEY (`ID`),
  UNIQUE KEY `Uri` (`Uri`,`Type`,`Owner`),
  KEY `Owner` (`Owner`)
) ENGINE=MyISAM AUTO_INCREMENT=14 DEFAULT CHARSET=utf8;

--
-- Dumping data for table `sys_albums`
--

INSERT INTO `sys_albums` VALUES (1,'bethany\'s photos','bethany-s-photos','Undefined','','bx_photos',2,'active',1428509413,1,2,3),(2,'seth\'s photos','seth-s-photos','Undefined','','bx_photos',1,'active',1428509514,1,1,3),(3,'Hidden','Hidden','Undefined','','bx_photos',1,'active',1428510828,1,3,8),(4,'persister1\'s photos','persister1-s-photos','Undefined','','bx_photos',3,'active',1428638299,1,4,3),(8,'Kalamoma\'s photos','Kalamoma-s-photos','Undefined','','bx_photos',7,'active',1433169172,0,0,3),(9,'Founder\'s photos','Founder-s-photos','Undefined','','bx_photos',8,'active',1433201166,0,0,3),(13,'test\'s photos','test-s-photos','Undefined','','bx_photos',13,'active',1442871438,0,0,3),(12,'ericamlee\'s photos','ericamlee-s-photos','Undefined','','bx_photos',12,'active',1442344441,1,10,3);

--
-- Table structure for table `sys_albums_objects`
--

CREATE TABLE `sys_albums_objects` (
  `id_album` int(10) NOT NULL,
  `id_object` int(10) NOT NULL,
  `obj_order` int(10) NOT NULL DEFAULT '0',
  UNIQUE KEY `id_album` (`id_album`,`id_object`),
  KEY `id_object` (`id_object`)
) ENGINE=MyISAM DEFAULT CHARSET=utf8;

--
-- Dumping data for table `sys_albums_objects`
--

INSERT INTO `sys_albums_objects` VALUES (2,1,0),(1,2,0),(3,3,0),(4,4,0),(12,10,0);

--
-- Table structure for table `sys_alerts`
--

CREATE TABLE `sys_alerts` (
  `id` int(11) unsigned NOT NULL AUTO_INCREMENT,
  `unit` varchar(64) NOT NULL DEFAULT '',
  `action` varchar(64) NOT NULL DEFAULT 'none',
  `handler_id` int(11) NOT NULL DEFAULT '0',
  PRIMARY KEY (`id`),
  UNIQUE KEY `alert_handler` (`unit`,`action`,`handler_id`)
) ENGINE=MyISAM AUTO_INCREMENT=84 DEFAULT CHARSET=utf8;

--
-- Dumping data for table `sys_alerts`
--

INSERT INTO `sys_alerts` VALUES (1,'system','begin',1),(2,'profile','before_join',2),(3,'profile','join',2),(4,'profile','before_login',2),(5,'profile','login',2),(6,'profile','logout',2),(7,'profile','edit',2),(8,'profile','join',3),(9,'profile','edit',3),(10,'profile','delete',3),(11,'profile','join',4),(12,'profile','edit',4),(13,'profile','delete',4),(14,'profile','change_status',4),(15,'profile','commentRemoved',5),(17,'profile','delete',7),(18,'bx_photos','delete',8),(19,'bx_videos','delete',8),(20,'bx_sounds','delete',8),(21,'bx_files','delete',8),(22,'module','install',9),(23,'profile','commentPost',11),(24,'profile','commentRemove',11),(25,'profile','rate',11),(26,'profile','join',11),(27,'profile','edit',11),(28,'profile','edit_status_message',11),(29,'profile','delete',11),(30,'friend','accept',11),(31,'bx_events','add',10),(32,'bx_events','change',10),(33,'bx_events','join',10),(34,'bx_events','rate',10),(35,'bx_events','delete',10),(36,'bx_events','commentPost',10),(37,'bx_events','commentRemoved',10),(38,'profile','edit',12),(39,'profile','edit_status_message',12),(40,'profile','commentPost',12),(41,'profile','delete',12),(42,'friend','accept',12),(45,'bx_events','add',12),(46,'bx_events','commentPost',12),(47,'profile','delete',13),(48,'bx_photos','add',12),(49,'bx_photos','commentPost',12),(50,'bx_photos','add',10),(51,'bx_photos','rate',10),(52,'bx_photos','delete',10),(53,'bx_photos','commentPost',10),(54,'bx_photos','commentRemoved',10),(55,'system','design_included',14),(56,'profile','delete',15),(57,'bx_poll','add',12),(58,'bx_poll','commentPost',12),(59,'bx_poll','add',10),(60,'bx_poll','answered',10),(61,'bx_poll','rate',10),(62,'bx_poll','delete_poll',10),(63,'bx_poll','commentPost',10),(64,'bx_poll','commentRemoved',10),(65,'profile','delete',16),(66,'profile','delete',17),(67,'bx_sites','add',12),(68,'bx_sites','commentPost',12),(69,'bx_sites','add',10),(70,'bx_sites','change',10),(71,'bx_sites','rate',10),(72,'bx_sites','delete',10),(73,'bx_sites','commentPost',10),(74,'bx_sites','commentRemoved',10),(75,'profile','delete',18),(76,'module','install',19),(77,'ads','create',12),(78,'ads','commentPost',12),(79,'ads','create',10),(80,'ads','rate',10),(81,'ads','delete',10),(82,'ads','commentPost',10),(83,'ads','commentRemoved',10);

--
-- Table structure for table `sys_alerts_handlers`
--

CREATE TABLE `sys_alerts_handlers` (
  `id` int(11) unsigned NOT NULL AUTO_INCREMENT,
  `name` varchar(128) NOT NULL DEFAULT '',
  `class` varchar(128) NOT NULL DEFAULT '',
  `file` varchar(255) NOT NULL DEFAULT '',
  `eval` text NOT NULL,
  PRIMARY KEY (`id`),
  UNIQUE KEY `name` (`name`)
) ENGINE=MyISAM AUTO_INCREMENT=20 DEFAULT CHARSET=utf8;

--
-- Dumping data for table `sys_alerts_handlers`
--

INSERT INTO `sys_alerts_handlers` VALUES (1,'system','BxDolAlertsResponseSystem','inc/classes/BxDolAlertsResponseSystem.php',''),(2,'profile','BxDolAlertsResponseProfile','inc/classes/BxDolAlertsResponseProfile.php',''),(3,'membersData','BxDolUpdateMembersCache','inc/classes/BxDolUpdateMembersCache.php',''),(4,'profileMatch','BxDolAlertsResponceMatch','inc/classes/BxDolAlertsResponceMatch.php',''),(5,'bx_videos_comments_delete','BxDolVideoDeleteResponse','flash/modules/video_comments/inc/classes/BxDolVideoDeleteResponse.php',''),(7,'bx_events_profile_delete','','','BxDolService::call(\'events\', \'response_profile_delete\', array($this));'),(8,'bx_events_media_delete','','','BxDolService::call(\'events\', \'response_media_delete\', array($this));'),(9,'bx_events_map_install','','','if (\'wmap\' == $this->aExtras[\'uri\'] && $this->aExtras[\'res\'][\'result\']) BxDolService::call(\'events\', \'map_install\');'),(10,'bx_spy_content_activity','','','BxDolService::call(\'spy\', \'response_content\', array($this));'),(11,'bx_spy_profiles_activity','','','BxDolService::call(\'spy\', \'response_profiles\', array($this));'),(12,'bx_wall','','','BxDolService::call(\'wall\', \'response\', array($this));'),(13,'bx_photos_profile_delete','','','BxDolService::call(\'photos\', \'response_profile_delete\', array($this));'),(14,'bx_pageac','','','BxDolService::call(\'pageac\', \'responce_protect_URL\', array($_SERVER[\'REQUEST_URI\']));'),(15,'bx_poll','BxPollResponse','modules/boonex/poll/classes/BxPollResponse.php',''),(16,'bx_simple_messenger','BxSimpleMessengerResponse','modules/boonex/simple_messenger/classes/BxSimpleMessengerResponse.php',''),(17,'bx_sites','BxSitesProfileDeleteResponse','modules/boonex/sites/classes/BxSitesProfileDeleteResponse.php',''),(18,'bx_ads_profile_delete','','','BxDolService::call(\'ads\', \'response_profile_delete\', array($this));'),(19,'bx_ads_map_install','','','if (\'wmap\' == $this->aExtras[\'uri\'] && $this->aExtras[\'res\'][\'result\']) BxDolService::call(\'ads\', \'map_install\');');

--
-- Table structure for table `sys_antispam_block_log`
--

CREATE TABLE `sys_antispam_block_log` (
  `ip` int(10) unsigned NOT NULL,
  `member_id` int(10) unsigned NOT NULL,
  `type` varchar(32) NOT NULL,
  `extra` text NOT NULL,
  `added` int(11) NOT NULL,
  KEY `ip` (`ip`),
  KEY `member_id` (`member_id`)
) ENGINE=MyISAM DEFAULT CHARSET=utf8;

--
-- Dumping data for table `sys_antispam_block_log`
--

INSERT INTO `sys_antispam_block_log` VALUES (2706229731,0,'stopforumspam','join',1440640891),(2706229731,0,'stopforumspam','join',1440640903),(2706229731,0,'stopforumspam','join',1440640905),(2706229731,0,'stopforumspam','join',1440641029),(2706229731,0,'stopforumspam','join',1440641051);

--
-- Table structure for table `sys_banners`
--

CREATE TABLE `sys_banners` (
  `ID` int(11) unsigned NOT NULL AUTO_INCREMENT,
  `Title` varchar(32) NOT NULL DEFAULT '',
  `Url` varchar(255) NOT NULL DEFAULT '',
  `Text` mediumtext NOT NULL,
  `Active` tinyint(4) NOT NULL DEFAULT '0',
  `Created` date NOT NULL DEFAULT '0000-00-00',
  `campaign_start` date NOT NULL DEFAULT '2005-01-01',
  `campaign_end` date NOT NULL DEFAULT '2007-01-01',
  `Position` varchar(10) NOT NULL DEFAULT '4',
  `lhshift` int(5) NOT NULL DEFAULT '-200',
  `lvshift` int(5) NOT NULL DEFAULT '-750',
  `rhshift` int(5) NOT NULL DEFAULT '100',
  `rvshift` int(5) NOT NULL DEFAULT '-750',
  PRIMARY KEY (`ID`)
) ENGINE=MyISAM DEFAULT CHARSET=utf8 PACK_KEYS=0;

--
-- Dumping data for table `sys_banners`
--


--
-- Table structure for table `sys_banners_clicks`
--

CREATE TABLE `sys_banners_clicks` (
  `ID` int(10) unsigned NOT NULL DEFAULT '0',
  `Date` int(10) NOT NULL DEFAULT '0',
  `IP` varchar(16) NOT NULL DEFAULT '',
  UNIQUE KEY `ID_2` (`ID`,`Date`,`IP`),
  KEY `ID` (`ID`)
) ENGINE=MyISAM DEFAULT CHARSET=utf8;

--
-- Dumping data for table `sys_banners_clicks`
--


--
-- Table structure for table `sys_banners_shows`
--

CREATE TABLE `sys_banners_shows` (
  `ID` int(10) unsigned NOT NULL DEFAULT '0',
  `Date` int(10) NOT NULL DEFAULT '0',
  `IP` varchar(16) NOT NULL DEFAULT '',
  KEY `ID` (`ID`)
) ENGINE=MyISAM DEFAULT CHARSET=utf8;

--
-- Dumping data for table `sys_banners_shows`
--


--
-- Table structure for table `sys_block_list`
--

CREATE TABLE `sys_block_list` (
  `ID` int(10) unsigned NOT NULL DEFAULT '0',
  `Profile` int(10) unsigned NOT NULL DEFAULT '0',
  `When` timestamp NOT NULL DEFAULT CURRENT_TIMESTAMP,
  UNIQUE KEY `BlockPair` (`ID`,`Profile`),
  KEY `ID` (`ID`),
  KEY `Profile` (`Profile`)
) ENGINE=MyISAM DEFAULT CHARSET=utf8;

--
-- Dumping data for table `sys_block_list`
--


--
-- Table structure for table `sys_box_download`
--

CREATE TABLE `sys_box_download` (
  `id` int(11) NOT NULL AUTO_INCREMENT,
  `title` varchar(64) NOT NULL,
  `url` varchar(255) NOT NULL,
  `onclick` varchar(255) NOT NULL,
  `desc` text NOT NULL,
  `icon` varchar(255) NOT NULL,
  `order` int(11) NOT NULL,
  `disabled` tinyint(4) NOT NULL,
  PRIMARY KEY (`id`)
) ENGINE=MyISAM AUTO_INCREMENT=3 DEFAULT CHARSET=utf8;

--
-- Dumping data for table `sys_box_download`
--

INSERT INTO `sys_box_download` VALUES (1,'_sbd_iPhone_title','http://itunes.apple.com/us/app/oo/id345450186','','_sbd_iPhone_desc','iphone.png',2,0),(2,'_sbd_Android_title','https://play.google.com/store/apps/details?id=com.boonex.oo','','_sbd_Android_desc','android.png',3,0);

--
-- Table structure for table `sys_categories`
--

CREATE TABLE `sys_categories` (
  `Category` varchar(32) NOT NULL DEFAULT '',
  `ID` int(10) unsigned NOT NULL DEFAULT '0',
  `Type` varchar(20) NOT NULL DEFAULT 'photo',
  `Owner` int(10) unsigned NOT NULL,
  `Status` enum('active','passive') NOT NULL DEFAULT 'active',
  `Date` timestamp NOT NULL DEFAULT CURRENT_TIMESTAMP,
  PRIMARY KEY (`Category`,`ID`,`Type`)
) ENGINE=MyISAM DEFAULT CHARSET=utf8;

--
-- Dumping data for table `sys_categories`
--

INSERT INTO `sys_categories` VALUES ('Party',0,'bx_events',0,'active','2015-04-08 16:05:08'),('Expedition',0,'bx_events',0,'active','2015-04-08 16:05:08'),('Presentation',0,'bx_events',0,'active','2015-04-08 16:05:08'),('Last Friday',0,'bx_events',0,'active','2015-04-08 16:05:08'),('Birthday',0,'bx_events',0,'active','2015-04-08 16:05:08'),('Exhibition',0,'bx_events',0,'active','2015-04-08 16:05:08'),('Bushwalking',0,'bx_events',0,'active','2015-04-08 16:05:08'),('Profile photos',0,'bx_photos',0,'active','2015-04-08 16:06:08'),('wall',0,'bx_sounds',0,'active','2015-04-08 16:05:09'),('wall',0,'bx_videos',0,'active','2015-04-08 16:05:09'),('Family',0,'bx_photos',0,'active','2015-04-08 16:06:08'),('Fun',0,'bx_photos',0,'active','2015-04-08 16:06:08'),('My portfolio',0,'bx_photos',0,'active','2015-04-08 16:06:08'),('Our cars',0,'bx_photos',0,'active','2015-04-08 16:06:08'),('Other',0,'bx_photos',0,'active','2015-04-08 16:06:08'),('Profile Photos',1,'bx_photos',1,'active','2015-04-08 16:11:54'),('Profile Photos',2,'bx_photos',2,'active','2015-04-08 16:18:13'),('Default',0,'bx_news',0,'active','2015-04-08 16:21:07'),('BoonEx Products',0,'bx_news',0,'active','2015-04-08 16:21:07'),('Some Useful Info',0,'bx_news',0,'active','2015-04-08 16:21:07'),('Best',0,'bx_poll',0,'active','2015-04-08 16:21:07'),('Fun',0,'bx_poll',0,'active','2015-04-08 16:21:07'),('Other',0,'bx_poll',0,'active','2015-04-08 16:21:07'),('Sites',0,'bx_photos',0,'active','2015-04-08 16:21:07'),('Technology',0,'bx_sites',0,'active','2015-04-08 16:21:07'),('World & Business',0,'bx_sites',0,'active','2015-04-08 16:21:07'),('Science',0,'bx_sites',0,'active','2015-04-08 16:21:07'),('Gaming',0,'bx_sites',0,'active','2015-04-08 16:21:07'),('Lifestyle',0,'bx_sites',0,'active','2015-04-08 16:21:07'),('Entertainment',0,'bx_sites',0,'active','2015-04-08 16:21:07'),('Sports',0,'bx_sites',0,'active','2015-04-08 16:21:07'),('Presentation',1,'bx_events',2,'active','2015-04-08 16:24:18'),('Science',1,'bx_sites',2,'active','2015-04-08 16:28:42'),('Events',3,'bx_photos',1,'active','2015-04-08 16:33:48'),('Profile Photos',4,'bx_photos',3,'active','2015-04-10 03:58:19'),('Birthday',2,'bx_events',2,'active','2015-06-02 14:35:49'),('Profile photos',10,'bx_photos',12,'active','2015-09-15 21:06:19');

--
-- Table structure for table `sys_cmts_profile`
--

CREATE TABLE `sys_cmts_profile` (
  `cmt_id` int(11) NOT NULL AUTO_INCREMENT,
  `cmt_parent_id` int(11) NOT NULL DEFAULT '0',
  `cmt_object_id` int(11) NOT NULL DEFAULT '0',
  `cmt_author_id` int(10) unsigned NOT NULL DEFAULT '0',
  `cmt_text` text NOT NULL,
  `cmt_mood` tinyint(4) NOT NULL DEFAULT '0',
  `cmt_rate` int(11) NOT NULL DEFAULT '0',
  `cmt_rate_count` int(11) NOT NULL DEFAULT '0',
  `cmt_time` datetime NOT NULL DEFAULT '0000-00-00 00:00:00',
  `cmt_replies` int(11) NOT NULL DEFAULT '0',
  PRIMARY KEY (`cmt_id`),
  KEY `cmt_object_id` (`cmt_object_id`,`cmt_parent_id`)
) ENGINE=MyISAM DEFAULT CHARSET=utf8;

--
-- Dumping data for table `sys_cmts_profile`
--


--
-- Table structure for table `sys_cmts_track`
--

CREATE TABLE `sys_cmts_track` (
  `cmt_system_id` int(11) NOT NULL DEFAULT '0',
  `cmt_id` int(11) NOT NULL DEFAULT '0',
  `cmt_rate` tinyint(4) NOT NULL DEFAULT '0',
  `cmt_rate_author_id` int(10) unsigned NOT NULL DEFAULT '0',
  `cmt_rate_author_nip` int(11) unsigned NOT NULL DEFAULT '0',
  `cmt_rate_ts` int(11) NOT NULL DEFAULT '0',
  PRIMARY KEY (`cmt_system_id`,`cmt_id`,`cmt_rate_author_nip`)
) ENGINE=MyISAM DEFAULT CHARSET=utf8;

--
-- Dumping data for table `sys_cmts_track`
--


--
-- Table structure for table `sys_color_base`
--

CREATE TABLE `sys_color_base` (
  `ColorName` varchar(20) NOT NULL DEFAULT '',
  `ColorCode` varchar(10) NOT NULL DEFAULT '',
  UNIQUE KEY `ColorName` (`ColorName`)
) ENGINE=MyISAM DEFAULT CHARSET=utf8;

--
-- Dumping data for table `sys_color_base`
--

INSERT INTO `sys_color_base` VALUES ('AliceBlue','#F0F8FF'),('AntiqueWhite','#FAEBD7'),('Aqua','#00FFFF'),('Aquamarine','#7FFFD4'),('Azure','#F0FFFF'),('Beige','#F5F5DC'),('Bisque','#FFE4C4'),('Black','#000000'),('BlanchedAlmond','#FFEBCD'),('Blue','#0000FF'),('BlueViolet','#8A2BE2'),('Brown','#A52A2A'),('BurlyWood','#DEB887'),('CadetBlue','#5F9EA0'),('Chartreuse','#7FFF00'),('Chocolate','#D2691E'),('Coral','#FF7F50'),('CornflowerBlue','#6495ED'),('Cornsilk','#FFF8DC'),('Crimson','#DC143C'),('Cyan','#00FFFF'),('DarkBlue','#00008B'),('DarkCyan','#008B8B'),('DarkGoldenRod','#B8860B'),('DarkGray','#A9A9A9'),('DarkGreen','#006400'),('DarkKhaki','#BDB76B'),('DarkMagenta','#8B008B'),('DarkOliveGreen','#556B2F'),('Darkorange','#FF8C00'),('DarkOrchid','#9932CC'),('DarkRed','#8B0000'),('DarkSalmon','#E9967A'),('DarkSeaGreen','#8FBC8F'),('DarkSlateBlue','#483D8B'),('DarkSlateGray','#2F4F4F'),('DarkTurquoise','#00CED1'),('DarkViolet','#9400D3'),('DeepPink','#FF1493'),('DeepSkyBlue','#00BFFF'),('DimGray','#696969'),('DodgerBlue','#1E90FF'),('Feldspar','#D19275'),('FireBrick','#B22222'),('FloralWhite','#FFFAF0'),('ForestGreen','#228B22'),('Fuchsia','#FF00FF'),('Gainsboro','#DCDCDC'),('GhostWhite','#F8F8FF'),('Gold','#FFD700'),('GoldenRod','#DAA520'),('Gray','#808080'),('Green','#008000'),('GreenYellow','#ADFF2F'),('HoneyDew','#F0FFF0'),('HotPink','#FF69B4'),('IndianRed','#CD5C5C'),('Indigo','#4B0082'),('Ivory','#FFFFF0'),('Khaki','#F0E68C'),('Lavender','#E6E6FA'),('LavenderBlush','#FFF0F5'),('LawnGreen','#7CFC00'),('LemonChiffon','#FFFACD'),('LightBlue','#ADD8E6'),('LightCoral','#F08080'),('LightCyan','#E0FFFF'),('LightGoldenRodYellow','#FAFAD2'),('LightGrey','#D3D3D3'),('LightGreen','#90EE90'),('LightPink','#FFB6C1'),('LightSalmon','#FFA07A'),('LightSeaGreen','#20B2AA'),('LightSkyBlue','#87CEFA'),('LightSlateBlue','#8470FF'),('LightSlateGray','#778899'),('LightSteelBlue','#B0C4DE'),('LightYellow','#FFFFE0'),('Lime','#00FF00'),('LimeGreen','#32CD32'),('Linen','#FAF0E6'),('Magenta','#FF00FF'),('Maroon','#800000'),('MediumAquaMarine','#66CDAA'),('MediumBlue','#0000CD'),('MediumOrchid','#BA55D3'),('MediumPurple','#9370D8'),('MediumSeaGreen','#3CB371'),('MediumSlateBlue','#7B68EE'),('MediumSpringGreen','#00FA9A'),('MediumTurquoise','#48D1CC'),('MediumVioletRed','#C71585'),('MidnightBlue','#191970'),('MintCream','#F5FFFA'),('MistyRose','#FFE4E1'),('Moccasin','#FFE4B5'),('NavajoWhite','#FFDEAD'),('Navy','#000080'),('OldLace','#FDF5E6'),('Olive','#808000'),('OliveDrab','#6B8E23'),('Orange','#FFA500'),('OrangeRed','#FF4500'),('Orchid','#DA70D6'),('PaleGoldenRod','#EEE8AA'),('PaleGreen','#98FB98'),('PaleTurquoise','#AFEEEE'),('PaleVioletRed','#D87093'),('PapayaWhip','#FFEFD5'),('PeachPuff','#FFDAB9'),('Peru','#CD853F'),('Pink','#FFC0CB'),('Plum','#DDA0DD'),('PowderBlue','#B0E0E6'),('Purple','#800080'),('Red','#FF0000'),('RosyBrown','#BC8F8F'),('RoyalBlue','#4169E1'),('SaddleBrown','#8B4513'),('Salmon','#FA8072'),('SandyBrown','#F4A460'),('SeaGreen','#2E8B57'),('SeaShell','#FFF5EE'),('Sienna','#A0522D'),('Silver','#C0C0C0'),('SkyBlue','#87CEEB'),('SlateBlue','#6A5ACD'),('SlateGray','#708090'),('Snow','#FFFAFA'),('SpringGreen','#00FF7F'),('SteelBlue','#4682B4'),('Tan','#D2B48C'),('Teal','#008080'),('Thistle','#D8BFD8'),('Tomato','#FF6347'),('Turquoise','#40E0D0'),('Violet','#EE82EE'),('VioletRed','#D02090'),('Wheat','#F5DEB3'),('White','#FFFFFF'),('WhiteSmoke','#F5F5F5'),('Yellow','#FFFF00'),('YellowGreen','#9ACD32');

--
-- Table structure for table `sys_countries`
--

CREATE TABLE `sys_countries` (
  `ISO2` varchar(2) NOT NULL DEFAULT '',
  `ISO3` varchar(3) NOT NULL DEFAULT '',
  `ISONo` smallint(3) NOT NULL DEFAULT '0',
  `Country` varchar(100) NOT NULL DEFAULT '',
  `Region` varchar(100) DEFAULT NULL,
  `Currency` varchar(100) DEFAULT NULL,
  `CurrencyCode` varchar(3) DEFAULT NULL,
  PRIMARY KEY (`ISO2`),
  KEY `CurrencyCode` (`CurrencyCode`)
) ENGINE=MyISAM DEFAULT CHARSET=utf8;

--
-- Dumping data for table `sys_countries`
--

INSERT INTO `sys_countries` VALUES ('AD','AND',20,'Andorra','Europe','Euro','EUR'),('AE','ARE',784,'United Arab Emirates','Middle East','UAE Dirham','AED'),('AF','AFG',4,'Afghanistan','Asia','Afghani','AFA'),('AG','ATG',28,'Antigua and Barbuda','Central America and the Caribbean','East Caribbean Dollar','XCD'),('AI','AIA',660,'Anguilla','Central America and the Caribbean','East Caribbean Dollar','XCD'),('AL','ALB',8,'Albania','Europe','Lek','ALL'),('AM','ARM',51,'Armenia','Commonwealth of Independent States','Armenian Dram','AMD'),('AN','ANT',530,'Netherlands Antilles','Central America and the Caribbean','Netherlands Antillean guilder','ANG'),('AO','AGO',24,'Angola','Africa','Kwanza','AOA'),('AQ','ATA',10,'Antarctica','Antarctic Region',NULL,NULL),('AR','ARG',32,'Argentina','South America','Argentine Peso','ARS'),('AS','ASM',16,'American Samoa','Oceania','US Dollar','USD'),('AT','AUT',40,'Austria','Europe','Euro','EUR'),('AU','AUS',36,'Australia','Oceania','Australian dollar','AUD'),('AW','ABW',533,'Aruba','Central America and the Caribbean','Aruban Guilder','AWG'),('AX','ALA',248,'Aland Islands','Europe','Euro','EUR'),('AZ','AZE',31,'Azerbaijan','Commonwealth of Independent States','Azerbaijani Manat','AZM'),('BA','BIH',70,'Bosnia and Herzegovina','Bosnia and Herzegovina, Europe','Convertible Marka','BAM'),('BB','BRB',52,'Barbados','Central America and the Caribbean','Barbados Dollar','BBD'),('BD','BGD',50,'Bangladesh','Asia','Taka','BDT'),('BE','BEL',56,'Belgium','Europe','Euro','EUR'),('BF','BFA',854,'Burkina Faso','Africa','CFA Franc BCEAO','XOF'),('BG','BGR',100,'Bulgaria','Europe','Lev','BGL'),('BH','BHR',48,'Bahrain','Middle East','Bahraini Dinar','BHD'),('BI','BDI',108,'Burundi','Africa','Burundi Franc','BIF'),('BJ','BEN',204,'Benin','Africa','CFA Franc BCEAO','XOF'),('BL','BLM',652,'Saint Barthelemy','Central America and the Caribbean','Euro','EUR'),('BM','BMU',60,'Bermuda','North America','Bermudian Dollar','BMD'),('BN','BRN',96,'Brunei Darussalam','Southeast Asia','Brunei Dollar','BND'),('BO','BOL',68,'Bolivia','South America','Boliviano','BOB'),('BR','BRA',76,'Brazil','South America','Brazilian Real','BRL'),('BS','BHS',44,'The Bahamas','Central America and the Caribbean','Bahamian Dollar','BSD'),('BT','BTN',64,'Bhutan','Asia','Ngultrum','BTN'),('BV','BVT',74,'Bouvet Island','Antarctic Region','Norwegian Krone','NOK'),('BW','BWA',72,'Botswana','Africa','Pula','BWP'),('BY','BLR',112,'Belarus','Commonwealth of Independent States','Belarussian Ruble','BYR'),('BZ','BLZ',84,'Belize','Central America and the Caribbean','Belize Dollar','BZD'),('CA','CAN',124,'Canada','North America','Canadian Dollar','CAD'),('CC','CCK',166,'Cocos (Keeling) Islands','Southeast Asia','Australian Dollar','AUD'),('CD','COD',180,'Congo, Democratic Republic of the','Africa','Franc Congolais','CDF'),('CF','CAF',140,'Central African Republic','Africa','CFA Franc BEAC','XAF'),('CG','COG',178,'Congo, Republic of the','Africa','CFA Franc BEAC','XAF'),('CH','CHE',756,'Switzerland','Europe','Swiss Franc','CHF'),('CI','CIV',384,'Cote d\'Ivoire','Africa','CFA Franc BCEAO','XOF'),('CK','COK',184,'Cook Islands','Oceania','New Zealand Dollar','NZD'),('CL','CHL',152,'Chile','South America','Chilean Peso','CLP'),('CM','CMR',120,'Cameroon','Africa','CFA Franc BEAC','XAF'),('CN','CHN',156,'China','Asia','Yuan Renminbi','CNY'),('CO','COL',170,'Colombia','South America, Central America and the Caribbean','Colombian Peso','COP'),('CR','CRI',188,'Costa Rica','Central America and the Caribbean','Costa Rican Colon','CRC'),('CU','CUB',192,'Cuba','Central America and the Caribbean','Cuban Peso','CUP'),('CV','CPV',132,'Cape Verde','World','Cape Verdean Escudo','CVE'),('CX','CXR',162,'Christmas Island','Southeast Asia','Australian Dollar','AUD'),('CY','CYP',196,'Cyprus','Middle East','Cyprus Pound','CYP'),('CZ','CZE',203,'Czech Republic','Europe','Czech Koruna','CZK'),('DE','DEU',276,'Germany','Europe','Euro','EUR'),('DJ','DJI',262,'Djibouti','Africa','Djibouti Franc','DJF'),('DK','DNK',208,'Denmark','Europe','Danish Krone','DKK'),('DM','DMA',212,'Dominica','Central America and the Caribbean','East Caribbean Dollar','XCD'),('DO','DOM',214,'Dominican Republic','Central America and the Caribbean','Dominican Peso','DOP'),('DZ','DZA',12,'Algeria','Africa','Algerian Dinar','DZD'),('EC','ECU',218,'Ecuador','South America','US dollar','USD'),('EE','EST',233,'Estonia','Europe','Kroon','EEK'),('EG','EGY',818,'Egypt','Africa','Egyptian Pound','EGP'),('EH','ESH',732,'Western Sahara','Africa','Moroccan Dirham','MAD'),('ER','ERI',232,'Eritrea','Africa','Nakfa','ERN'),('ES','ESP',724,'Spain','Europe','Euro','EUR'),('ET','ETH',231,'Ethiopia','Africa','Ethiopian Birr','ETB'),('FI','FIN',246,'Finland','Europe','Euro','EUR'),('FJ','FJI',242,'Fiji','Oceania','Fijian Dollar','FJD'),('FK','FLK',238,'Falkland Islands (Islas Malvinas)','South America','Falkland Islands Pound','FKP'),('FM','FSM',583,'Micronesia, Federated States of','Oceania','US dollar','USD'),('FO','FRO',234,'Faroe Islands','Europe','Danish Krone','DKK'),('FR','FRA',250,'France','Europe','Euro','EUR'),('GA','GAB',266,'Gabon','Africa','CFA Franc BEAC','XAF'),('GB','GBR',826,'United Kingdom','Europe','Pound Sterling','GBP'),('GD','GRD',308,'Grenada','Central America and the Caribbean','East Caribbean Dollar','XCD'),('GE','GEO',268,'Georgia','Commonwealth of Independent States','Lari','GEL'),('GF','GUF',254,'French Guiana','South America','Euro','EUR'),('GG','GGY',831,'Guernsey','Europe','Pound sterling','GBP'),('GH','GHA',288,'Ghana','Africa','Cedi','GHC'),('GI','GIB',292,'Gibraltar','Europe','Gibraltar Pound','GIP'),('GL','GRL',304,'Greenland','Arctic Region','Danish Krone','DKK'),('GM','GMB',270,'The Gambia','Africa','Dalasi','GMD'),('GN','GIN',324,'Guinea','Africa','Guinean Franc','GNF'),('GP','GLP',312,'Guadeloupe','Central America and the Caribbean','Euro','EUR'),('GQ','GNQ',226,'Equatorial Guinea','Africa','CFA Franc BEAC','XAF'),('GR','GRC',300,'Greece','Europe','Euro','EUR'),('GS','SGS',239,'South Georgia and the South Sandwich Islands','Antarctic Region','Pound Sterling','GBP'),('GT','GTM',320,'Guatemala','Central America and the Caribbean','Quetzal','GTQ'),('GU','GUM',316,'Guam','Oceania','US Dollar','USD'),('GW','GNB',624,'Guinea-Bissau','Africa','CFA Franc BCEAO','XOF'),('GY','GUY',328,'Guyana','South America','Guyana Dollar','GYD'),('HK','HKG',344,'Hong Kong (SAR)','Southeast Asia','Hong Kong Dollar','HKD'),('HM','HMD',334,'Heard Island and McDonald Islands','Antarctic Region','Australian Dollar','AUD'),('HN','HND',340,'Honduras','Central America and the Caribbean','Lempira','HNL'),('HR','HRV',191,'Croatia','Europe','Kuna','HRK'),('HT','HTI',332,'Haiti','Central America and the Caribbean','Gourde','HTG'),('HU','HUN',348,'Hungary','Europe','Forint','HUF'),('ID','IDN',360,'Indonesia','Southeast Asia','Rupiah','IDR'),('IE','IRL',372,'Ireland','Europe','Euro','EUR'),('IL','ISR',376,'Israel','Middle East','New Israeli Sheqel','ILS'),('IM','IMN',833,'Isle of Man','Europe','Pound sterling','GBP'),('IN','IND',356,'India','Asia','Indian Rupee','INR'),('IO','IOT',86,'British Indian Ocean Territory','World','US Dollar','USD'),('IQ','IRQ',368,'Iraq','Middle East','Iraqi Dinar','IQD'),('IR','IRN',364,'Iran','Middle East','Iranian Rial','IRR'),('IS','ISL',352,'Iceland','Arctic Region','Iceland Krona','ISK'),('IT','ITA',380,'Italy','Europe','Euro','EUR'),('JE','JEY',832,'Jersey','Europe','Pound sterling','GBP'),('JM','JAM',388,'Jamaica','Central America and the Caribbean','Jamaican dollar','JMD'),('JO','JOR',400,'Jordan','Middle East','Jordanian Dinar','JOD'),('JP','JPN',392,'Japan','Asia','Yen','JPY'),('KE','KEN',404,'Kenya','Africa','Kenyan shilling','KES'),('KG','KGZ',417,'Kyrgyzstan','Commonwealth of Independent States','Som','KGS'),('KH','KHM',116,'Cambodia','Southeast Asia','Riel','KHR'),('KI','KIR',296,'Kiribati','Oceania','Australian dollar','AUD'),('KM','COM',174,'Comoros','Africa','Comoro Franc','KMF'),('KN','KNA',659,'Saint Kitts and Nevis','Central America and the Caribbean','East Caribbean Dollar','XCD'),('KP','PRK',408,'Korea, North','Asia','North Korean Won','KPW'),('KR','KOR',410,'Korea, South','Asia','Won','KRW'),('KW','KWT',414,'Kuwait','Middle East','Kuwaiti Dinar','KWD'),('KY','CYM',136,'Cayman Islands','Central America and the Caribbean','Cayman Islands Dollar','KYD'),('KZ','KAZ',398,'Kazakhstan','Commonwealth of Independent States','Tenge','KZT'),('LA','LAO',418,'Laos','Southeast Asia','Kip','LAK'),('LB','LBN',422,'Lebanon','Middle East','Lebanese Pound','LBP'),('LC','LCA',662,'Saint Lucia','Central America and the Caribbean','East Caribbean Dollar','XCD'),('LI','LIE',438,'Liechtenstein','Europe','Swiss Franc','CHF'),('LK','LKA',144,'Sri Lanka','Asia','Sri Lanka Rupee','LKR'),('LR','LBR',430,'Liberia','Africa','Liberian Dollar','LRD'),('LS','LSO',426,'Lesotho','Africa','Loti','LSL'),('LT','LTU',440,'Lithuania','Europe','Lithuanian Litas','LTL'),('LU','LUX',442,'Luxembourg','Europe','Euro','EUR'),('LV','LVA',428,'Latvia','Europe','Latvian Lats','LVL'),('LY','LBY',434,'Libya','Africa','Libyan Dinar','LYD'),('MA','MAR',504,'Morocco','Africa','Moroccan Dirham','MAD'),('MC','MCO',492,'Monaco','Europe','Euro','EUR'),('MD','MDA',498,'Moldova','Commonwealth of Independent States','Moldovan Leu','MDL'),('ME','MNE',499,'Montenegro','Europe','Euro','EUR'),('MF','MAF',663,'Saint Martin (French part)','Central America and the Caribbean','Euro','EUR'),('MG','MDG',450,'Madagascar','Africa','Malagasy Franc','MGF'),('MH','MHL',584,'Marshall Islands','Oceania','US dollar','USD'),('MK','MKD',807,'Macedonia, The Former Yugoslav Republic of','Europe','Denar','MKD'),('ML','MLI',466,'Mali','Africa','CFA Franc BCEAO','XOF'),('MM','MMR',104,'Myanmar','Southeast Asia','kyat','MMK'),('MN','MNG',496,'Mongolia','Asia','Tugrik','MNT'),('MO','MAC',446,'Macao','Southeast Asia','Pataca','MOP'),('MP','MNP',580,'Northern Mariana Islands','Oceania','US Dollar','USD'),('MQ','MTQ',474,'Martinique','Central America and the Caribbean','Euro','EUR'),('MR','MRT',478,'Mauritania','Africa','Ouguiya','MRO'),('MS','MSR',500,'Montserrat','Central America and the Caribbean','East Caribbean Dollar','XCD'),('MT','MLT',470,'Malta','Europe','Maltese Lira','MTL'),('MU','MUS',480,'Mauritius','World','Mauritius Rupee','MUR'),('MV','MDV',462,'Maldives','Asia','Rufiyaa','MVR'),('MW','MWI',454,'Malawi','Africa','Kwacha','MWK'),('MX','MEX',484,'Mexico','North America','Mexican Peso','MXN'),('MY','MYS',458,'Malaysia','Southeast Asia','Malaysian Ringgit','MYR'),('MZ','MOZ',508,'Mozambique','Africa','Metical','MZM'),('NA','NAM',516,'Namibia','Africa','Namibian Dollar','NAD'),('NC','NCL',540,'New Caledonia','Oceania','CFP Franc','XPF'),('NE','NER',562,'Niger','Africa','CFA Franc BCEAO','XOF'),('NF','NFK',574,'Norfolk Island','Oceania','Australian Dollar','AUD'),('NG','NGA',566,'Nigeria','Africa','Naira','NGN'),('NI','NIC',558,'Nicaragua','Central America and the Caribbean','Cordoba Oro','NIO'),('NL','NLD',528,'Netherlands','Europe','Euro','EUR'),('NO','NOR',578,'Norway','Europe','Norwegian Krone','NOK'),('NP','NPL',524,'Nepal','Asia','Nepalese Rupee','NPR'),('NR','NRU',520,'Nauru','Oceania','Australian Dollar','AUD'),('NU','NIU',570,'Niue','Oceania','New Zealand Dollar','NZD'),('NZ','NZL',554,'New Zealand','Oceania','New Zealand Dollar','NZD'),('OM','OMN',512,'Oman','Middle East','Rial Omani','OMR'),('PA','PAN',591,'Panama','Central America and the Caribbean','balboa','PAB'),('PE','PER',604,'Peru','South America','Nuevo Sol','PEN'),('PF','PYF',258,'French Polynesia','Oceania','CFP Franc','XPF'),('PG','PNG',598,'Papua New Guinea','Oceania','Kina','PGK'),('PH','PHL',608,'Philippines','Southeast Asia','Philippine Peso','PHP'),('PK','PAK',586,'Pakistan','Asia','Pakistan Rupee','PKR'),('PL','POL',616,'Poland','Europe','Zloty','PLN'),('PM','SPM',666,'Saint Pierre and Miquelon','North America','Euro','EUR'),('PN','PCN',612,'Pitcairn Islands','Oceania','New Zealand Dollar','NZD'),('PR','PRI',630,'Puerto Rico','Central America and the Caribbean','US dollar','USD'),('PS','PSE',275,'Palestinian Territory, Occupied',NULL,NULL,NULL),('PT','PRT',620,'Portugal','Europe','Euro','EUR'),('PW','PLW',585,'Palau','Oceania','US dollar','USD'),('PY','PRY',600,'Paraguay','South America','Guarani','PYG'),('QA','QAT',634,'Qatar','Middle East','Qatari Rial','QAR'),('RE','REU',638,'Reunion','World','Euro','EUR'),('RO','ROU',642,'Romania','Europe','Leu','ROL'),('RS','SRB',688,'Serbia','Europe','Serbian Dinar','RSD'),('RU','RUS',643,'Russia','Asia','Russian Ruble','RUB'),('RW','RWA',646,'Rwanda','Africa','Rwanda Franc','RWF'),('SA','SAU',682,'Saudi Arabia','Middle East','Saudi Riyal','SAR'),('SB','SLB',90,'Solomon Islands','Oceania','Solomon Islands Dollar','SBD'),('SC','SYC',690,'Seychelles','Africa','Seychelles Rupee','SCR'),('SD','SDN',736,'Sudan','Africa','Sudanese Dinar','SDD'),('SE','SWE',752,'Sweden','Europe','Swedish Krona','SEK'),('SG','SGP',702,'Singapore','Southeast Asia','Singapore Dollar','SGD'),('SH','SHN',654,'Saint Helena','Africa','Saint Helenian Pound','SHP'),('SI','SVN',705,'Slovenia','Europe','Tolar','SIT'),('SJ','SJM',744,'Svalbard','Arctic Region','Norwegian Krone','NOK'),('SK','SVK',703,'Slovakia','Europe','Slovak Koruna','SKK'),('SL','SLE',694,'Sierra Leone','Africa','Leone','SLL'),('SM','SMR',674,'San Marino','Europe','Euro','EUR'),('SN','SEN',686,'Senegal','Africa','CFA Franc BCEAO','XOF'),('SO','SOM',706,'Somalia','Africa','Somali Shilling','SOS'),('SR','SUR',740,'Suriname','South America','Suriname Guilder','SRG'),('ST','STP',678,'Sao Tome and Principe','Africa','Dobra','STD'),('SV','SLV',222,'El Salvador','Central America and the Caribbean','El Salvador Colon','SVC'),('SY','SYR',760,'Syria','Middle East','Syrian Pound','SYP'),('SZ','SWZ',748,'Swaziland','Africa','Lilangeni','SZL'),('TC','TCA',796,'Turks and Caicos Islands','Central America and the Caribbean','US Dollar','USD'),('TD','TCD',148,'Chad','Africa','CFA Franc BEAC','XAF'),('TF','ATF',260,'French Southern and Antarctic Lands','Antarctic Region','Euro','EUR'),('TG','TGO',768,'Togo','Africa','CFA Franc BCEAO','XOF'),('TH','THA',764,'Thailand','Southeast Asia','Baht','THB'),('TJ','TJK',762,'Tajikistan','Commonwealth of Independent States','Somoni','TJS'),('TK','TKL',772,'Tokelau','Oceania','New Zealand Dollar','NZD'),('TL','TLS',626,'East Timor',NULL,'Timor Escudo','TPE'),('TM','TKM',795,'Turkmenistan','Commonwealth of Independent States','Manat','TMM'),('TN','TUN',788,'Tunisia','Africa','Tunisian Dinar','TND'),('TO','TON',776,'Tonga','Oceania','Pa\'anga','TOP'),('TR','TUR',792,'Turkey','Middle East','Turkish Lira','TRL'),('TT','TTO',780,'Trinidad and Tobago','Central America and the Caribbean','Trinidad and Tobago Dollar','TTD'),('TV','TUV',798,'Tuvalu','Oceania','Australian Dollar','AUD'),('TW','TWN',158,'Taiwan','Southeast Asia','New Taiwan Dollar','TWD'),('TZ','TZA',834,'Tanzania','Africa','Tanzanian Shilling','TZS'),('UA','UKR',804,'Ukraine','Commonwealth of Independent States','Hryvnia','UAH'),('UG','UGA',800,'Uganda','Africa','Uganda Shilling','UGX'),('UM','UMI',581,'United States Minor Outlying Islands',NULL,'US Dollar','USD'),('US','USA',840,'United States','North America','US Dollar','USD'),('UY','URY',858,'Uruguay','South America','Peso Uruguayo','UYU'),('UZ','UZB',860,'Uzbekistan','Commonwealth of Independent States','Uzbekistan Sum','UZS'),('VA','VAT',336,'Holy See (Vatican City)','Europe','Euro','EUR'),('VC','VCT',670,'Saint Vincent and the Grenadines','Central America and the Caribbean','East Caribbean Dollar','XCD'),('VE','VEN',862,'Venezuela','South America, Central America and the Caribbean','Bolivar','VEB'),('VG','VGB',92,'British Virgin Islands','Central America and the Caribbean','US dollar','USD'),('VI','VIR',850,'Virgin Islands','Central America and the Caribbean','US Dollar','USD'),('VN','VNM',704,'Vietnam','Southeast Asia','Dong','VND'),('VU','VUT',548,'Vanuatu','Oceania','Vatu','VUV'),('WF','WLF',876,'Wallis and Futuna','Oceania','CFP Franc','XPF'),('WS','WSM',882,'Samoa','Oceania','Tala','WST'),('YE','YEM',887,'Yemen','Middle East','Yemeni Rial','YER'),('YT','MYT',175,'Mayotte','Africa','Euro','EUR'),('ZA','ZAF',710,'South Africa','Africa','Rand','ZAR'),('ZM','ZWB',894,'Zambia','Africa','Kwacha','ZMK'),('ZW','ZWE',716,'Zimbabwe','Africa','Zimbabwe Dollar','ZWD');

--
-- Table structure for table `sys_cron_jobs`
--

CREATE TABLE `sys_cron_jobs` (
  `id` int(11) unsigned NOT NULL AUTO_INCREMENT,
  `name` varchar(128) NOT NULL DEFAULT '',
  `time` varchar(128) NOT NULL DEFAULT '*',
  `class` varchar(128) NOT NULL DEFAULT '',
  `file` varchar(255) NOT NULL DEFAULT '',
  `eval` text NOT NULL,
  PRIMARY KEY (`id`)
) ENGINE=MyISAM AUTO_INCREMENT=8 DEFAULT CHARSET=utf8;

--
-- Dumping data for table `sys_cron_jobs`
--

INSERT INTO `sys_cron_jobs` VALUES (1,'cmd','0 0 * * *','BxDolCronCmd','inc/classes/BxDolCronCmd.php',''),(2,'notifies','*/10 * * * *','BxDolCronNotifies','inc/classes/BxDolCronNotifies.php',''),(3,'video_comments','* * * * *','BxDolCronVideoComments','flash/modules/video_comments/inc/classes/BxDolCronVideoComments.php',''),(4,'sitemap','0 2 * * *','','','bx_import(\'BxDolSiteMaps\');\r\nBxDolSiteMaps::generateAllSiteMaps();'),(5,'modules','0 0 * * 0','BxDolCronModules','inc/classes/BxDolCronModules.php',''),(6,'bx_spy','1 */12 * * *','BxSpyCron','modules/boonex/spy/classes/BxSpyCron.php',''),(7,'bx_news','*/5 * * * *','BxNewsCron','modules/boonex/news/classes/BxNewsCron.php','');

--
-- Table structure for table `sys_dnsbl_rules`
--

CREATE TABLE `sys_dnsbl_rules` (
  `id` int(11) NOT NULL AUTO_INCREMENT,
  `chain` enum('spammers','whitelist','uridns') NOT NULL,
  `zonedomain` varchar(255) NOT NULL,
  `postvresp` varchar(32) NOT NULL,
  `url` varchar(255) NOT NULL,
  `recheck` varchar(255) NOT NULL,
  `comment` varchar(255) NOT NULL,
  `added` int(11) NOT NULL,
  `active` tinyint(4) NOT NULL,
  PRIMARY KEY (`id`)
) ENGINE=MyISAM AUTO_INCREMENT=15 DEFAULT CHARSET=utf8;

--
-- Dumping data for table `sys_dnsbl_rules`
--

INSERT INTO `sys_dnsbl_rules` VALUES (1,'whitelist','au.countries.nerd.dk.','127.0.0.2','http://countries.nerd.dk/','','Country based zone, any ip from Australia is whitelisted',1287642420,0),(2,'spammers','sbl.spamhaus.org.','any','http://www.spamhaus.org/sbl/','http://www.spamhaus.org/query/bl?ip=%s','Any non-failure result from sbl.spamhaus.org is a positive match',1287642420,1),(4,'spammers','cn.countries.nerd.dk.','127.0.0.2','http://countries.nerd.dk/','','Country based zone, any ip from China is blocked',1287642420,0),(5,'uridns','multi.surbl.org.','any','http://www.surbl.org/','http://george.surbl.org/lookup.html','SURBLs are lists of web sites that have appeared in unsolicited messages. Unlike most lists, SURBLs are not lists of message senders.',1287642420,1),(6,'spammers','dnsbl.dronebl.org.','127.0.0.5','http://www.dronebl.org/','http://www.dronebl.org/lookup?ip=%s','Bottler',1368854835,1),(7,'spammers','dnsbl.dronebl.org.','127.0.0.6','http://www.dronebl.org/','http://www.dronebl.org/lookup?ip=%s','Unknown spambot or drone',1368854835,1),(8,'spammers','dnsbl.dronebl.org.','127.0.0.7','http://www.dronebl.org/','http://www.dronebl.org/lookup?ip=%s','DDOS Drone',1368854835,1),(9,'spammers','dnsbl.dronebl.org.','127.0.0.8','http://www.dronebl.org/','http://www.dronebl.org/lookup?ip=%s','SOCKS Proxy',1368854835,1),(10,'spammers','dnsbl.dronebl.org.','127.0.0.9','http://www.dronebl.org/','http://www.dronebl.org/lookup?ip=%s','HTTP Proxy',1368854835,1),(11,'spammers','dnsbl.dronebl.org.','127.0.0.10','http://www.dronebl.org/','http://www.dronebl.org/lookup?ip=%s','ProxyChain',1368854835,1),(12,'spammers','dnsbl.dronebl.org.','127.0.0.14','http://www.dronebl.org/','http://www.dronebl.org/lookup?ip=%s','Open Wingate Proxy',1368854835,1),(13,'spammers','dnsbl.dronebl.org.','127.0.0.15','http://www.dronebl.org/','http://www.dronebl.org/lookup?ip=%s','Compromised router / gateway',1368854835,1),(14,'spammers','opm.tornevall.org.','230','http://dnsbl.tornevall.org/','','Block anonymous/elite proxies and abuse IPs',1369274751,1);

--
-- Table structure for table `sys_dnsbluri_zones`
--

CREATE TABLE `sys_dnsbluri_zones` (
  `level` tinyint(4) NOT NULL,
  `zone` varchar(64) NOT NULL
) ENGINE=MyISAM DEFAULT CHARSET=utf8;

--
-- Dumping data for table `sys_dnsbluri_zones`
--


--
-- Table structure for table `sys_email_templates`
--

CREATE TABLE `sys_email_templates` (
  `ID` int(11) unsigned NOT NULL AUTO_INCREMENT,
  `Name` varchar(255) NOT NULL,
  `Subject` varchar(255) NOT NULL,
  `Body` text NOT NULL,
  `Desc` varchar(255) NOT NULL,
  `LangID` tinyint(4) unsigned NOT NULL DEFAULT '1',
  PRIMARY KEY (`ID`),
  KEY `Name` (`Name`,`LangID`)
) ENGINE=MyISAM AUTO_INCREMENT=47 DEFAULT CHARSET=utf8;

--
-- Dumping data for table `sys_email_templates`
--



--
-- Table structure for table `sys_fave_list`
--

CREATE TABLE `sys_fave_list` (
  `ID` int(10) unsigned NOT NULL DEFAULT '0',
  `Profile` int(10) unsigned NOT NULL DEFAULT '0',
  `When` timestamp NOT NULL DEFAULT CURRENT_TIMESTAMP ON UPDATE CURRENT_TIMESTAMP,
  UNIQUE KEY `HotPair` (`ID`,`Profile`),
  KEY `ID` (`ID`),
  KEY `Profile` (`Profile`)
) ENGINE=MyISAM DEFAULT CHARSET=utf8;

--
-- Dumping data for table `sys_fave_list`
--


--
-- Table structure for table `sys_friend_list`
--

CREATE TABLE `sys_friend_list` (
  `ID` int(10) unsigned NOT NULL DEFAULT '0',
  `Profile` int(10) unsigned NOT NULL DEFAULT '0',
  `Check` tinyint(2) NOT NULL DEFAULT '0',
  `When` timestamp NOT NULL DEFAULT CURRENT_TIMESTAMP ON UPDATE CURRENT_TIMESTAMP,
  UNIQUE KEY `FriendPair` (`ID`,`Profile`),
  KEY `Profile` (`Profile`)
) ENGINE=MyISAM DEFAULT CHARSET=utf8;

--
-- Dumping data for table `sys_friend_list`
--

INSERT INTO `sys_friend_list` VALUES (2,1,1,'2015-04-08 16:09:45'),(2,3,1,'2015-04-14 03:23:40'),(3,1,1,'2015-04-16 15:42:44');

--
-- Table structure for table `sys_greetings`
--

CREATE TABLE `sys_greetings` (
  `ID` int(10) unsigned NOT NULL DEFAULT '0',
  `Profile` int(10) unsigned NOT NULL DEFAULT '0',
  `Number` smallint(5) unsigned NOT NULL DEFAULT '0',
  `When` date NOT NULL DEFAULT '0000-00-00',
  `New` enum('0','1') NOT NULL DEFAULT '1',
  PRIMARY KEY (`ID`,`Profile`)
) ENGINE=MyISAM DEFAULT CHARSET=utf8;

--
-- Dumping data for table `sys_greetings`
--

INSERT INTO `sys_greetings` VALUES (1,2,1,'2015-04-08','1');

--
-- Table structure for table `sys_ip_list`
--

CREATE TABLE `sys_ip_list` (
  `ID` int(11) NOT NULL AUTO_INCREMENT,
  `From` int(10) unsigned NOT NULL,
  `To` int(10) unsigned NOT NULL,
  `Type` enum('allow','deny') NOT NULL DEFAULT 'deny',
  `LastDT` int(11) unsigned NOT NULL,
  `Desc` varchar(128) NOT NULL,
  PRIMARY KEY (`ID`),
  KEY `From` (`From`),
  KEY `To` (`To`)
) ENGINE=MyISAM DEFAULT CHARSET=utf8;

--
-- Dumping data for table `sys_ip_list`
--


--
-- Table structure for table `sys_ip_members_visits`
--

CREATE TABLE `sys_ip_members_visits` (
  `ID` int(11) NOT NULL AUTO_INCREMENT,
  `MemberID` int(10) unsigned NOT NULL,
  `From` int(10) unsigned NOT NULL,
  `DateTime` datetime NOT NULL,
  PRIMARY KEY (`ID`),
  KEY `From` (`From`)
) ENGINE=MyISAM AUTO_INCREMENT=62 DEFAULT CHARSET=utf8;

--
-- Dumping data for table `sys_ip_members_visits`
--

INSERT INTO `sys_ip_members_visits` VALUES (1,1,2903073612,'2015-04-07 14:29:02'),(2,2,2722637885,'2015-04-08 15:18:45'),(3,2,2722637885,'2015-04-08 15:23:40'),(4,2,2722637885,'2015-04-08 15:26:05'),(5,2,2722637885,'2015-04-09 14:38:42'),(6,3,2923395480,'2015-04-10 03:58:19'),(7,2,2722637885,'2015-04-13 16:11:24'),(8,2,404930803,'2015-04-15 14:53:05'),(9,3,2923395480,'2015-04-16 14:24:37'),(10,2,2923395480,'2015-04-16 14:30:46'),(11,3,2923395480,'2015-04-18 04:25:14'),(12,1,2722637885,'2015-05-05 01:20:55'),(13,2,2722637885,'2015-05-05 01:24:26'),(14,2,2722637885,'2015-05-05 01:26:39'),(15,2,3478595606,'2015-05-05 19:49:17'),(16,2,2796403229,'2015-05-11 21:17:09'),(17,2,2722637885,'2015-05-13 13:48:36'),(18,2,2706229665,'2015-05-19 14:27:23'),(19,4,2706229665,'2015-05-21 14:22:49'),(20,5,2706229665,'2015-05-21 15:03:08'),(21,6,2706229665,'2015-05-21 15:47:04'),(22,2,2706229665,'2015-05-26 15:39:12'),(23,2,2706229665,'2015-05-26 16:15:16'),(24,3,2923395480,'2015-06-01 13:59:04'),(25,2,2923395480,'2015-06-01 14:06:02'),(26,7,2923395480,'2015-06-01 14:25:50'),(27,8,1222881933,'2015-06-01 23:04:22'),(28,9,404930803,'2015-06-04 17:44:40'),(29,10,404930803,'2015-06-04 17:47:22'),(30,3,2923395480,'2015-07-03 19:33:50'),(31,2,2923395480,'2015-07-03 19:34:06'),(32,11,2923395480,'2015-07-09 19:24:44'),(33,11,2923395480,'2015-07-09 19:26:16'),(34,3,2923395480,'2015-07-10 13:58:59'),(35,11,1222881933,'2015-07-10 17:17:09'),(36,2,2706229731,'2015-07-27 23:27:49'),(37,3,2923395480,'2015-08-11 15:32:02'),(38,3,2923395480,'2015-08-25 17:30:35'),(39,2,2706229731,'2015-08-27 01:38:45'),(40,2,2706229731,'2015-08-27 02:05:00'),(41,12,2706229731,'2015-08-27 02:07:34'),(42,12,2706229731,'2015-08-27 02:11:07'),(43,12,2923333906,'2015-09-02 02:05:40'),(44,3,2923395480,'2015-09-03 14:45:26'),(45,3,2923395480,'2015-09-03 22:59:27'),(46,3,2923395480,'2015-09-04 15:45:54'),(47,12,2923333906,'2015-09-09 19:52:19'),(48,12,2923333906,'2015-09-09 19:59:37'),(49,3,2923395480,'2015-09-10 00:00:12'),(50,3,2923395480,'2015-09-10 15:52:56'),(51,3,2923395480,'2015-09-10 22:09:35'),(52,3,2923395480,'2015-09-11 16:22:30'),(53,12,2923333906,'2015-09-15 21:05:10'),(54,12,2923333906,'2015-09-15 21:06:44'),(55,3,2923395480,'2015-09-16 19:28:33'),(56,13,2923333906,'2015-09-21 21:26:28'),(57,13,2923333906,'2015-09-21 21:26:56'),(58,13,2923333906,'2015-09-21 21:36:55'),(59,13,2923333906,'2015-09-22 01:20:26'),(60,3,2923395480,'2015-09-22 03:06:58'),(61,13,2923333906,'2015-09-22 16:50:30');

--
-- Table structure for table `sys_localization_categories`
--

CREATE TABLE `sys_localization_categories` (
  `ID` int(6) unsigned NOT NULL AUTO_INCREMENT,
  `Name` varchar(255) NOT NULL DEFAULT '',
  PRIMARY KEY (`ID`),
  UNIQUE KEY `Name` (`Name`)
) ENGINE=MyISAM AUTO_INCREMENT=18 DEFAULT CHARSET=utf8;

--
-- Dumping data for table `sys_localization_categories`
--

INSERT INTO `sys_localization_categories` VALUES (1,'System'),(2,'ZIP Code Search'),(4,'Boonex Messenger'),(5,'Boonex Chat'),(6,'Boonex Events'),(7,'Spy'),(8,'Boonex Timeline'),(9,'Boonex Photos'),(10,'Boonex Feedback'),(11,'Boonex News'),(12,'Boonex Page Access Control'),(13,'Boonex Poll'),(14,'Simple messenger'),(15,'Boonex Sites'),(16,'Boonex Ads');

--
-- Table structure for table `sys_localization_keys`
--

CREATE TABLE `sys_localization_keys` (
  `ID` int(10) unsigned NOT NULL AUTO_INCREMENT,
  `IDCategory` int(6) unsigned NOT NULL DEFAULT '0',
  `Key` varchar(255) CHARACTER SET utf8 COLLATE utf8_bin NOT NULL DEFAULT '',
  PRIMARY KEY (`ID`),
  UNIQUE KEY `Key` (`Key`)
) ENGINE=MyISAM AUTO_INCREMENT=3413 DEFAULT CHARSET=utf8;

--
-- Dumping data for table `sys_localization_keys`
--



--
-- Table structure for table `sys_localization_languages`
--

CREATE TABLE `sys_localization_languages` (
  `ID` tinyint(3) unsigned NOT NULL AUTO_INCREMENT,
  `Name` varchar(5) NOT NULL DEFAULT '',
  `Flag` varchar(2) NOT NULL DEFAULT '',
  `Title` varchar(255) NOT NULL DEFAULT '',
  PRIMARY KEY (`ID`),
  UNIQUE KEY `Name` (`Name`)
) ENGINE=MyISAM AUTO_INCREMENT=2 DEFAULT CHARSET=utf8;

--
-- Dumping data for table `sys_localization_languages`
--

INSERT INTO `sys_localization_languages` VALUES (1,'en','gb','English');

--
-- Table structure for table `sys_localization_string_params`
--

CREATE TABLE `sys_localization_string_params` (
  `IDKey` int(10) unsigned NOT NULL DEFAULT '0',
  `IDParam` tinyint(3) unsigned NOT NULL DEFAULT '0',
  `Description` varchar(255) NOT NULL DEFAULT '',
  PRIMARY KEY (`IDKey`,`IDParam`)
) ENGINE=MyISAM DEFAULT CHARSET=utf8;

--
-- Dumping data for table `sys_localization_string_params`
--


--
-- Table structure for table `sys_localization_strings`
--

CREATE TABLE `sys_localization_strings` (
  `IDKey` int(10) unsigned NOT NULL DEFAULT '0',
  `IDLanguage` tinyint(3) unsigned NOT NULL DEFAULT '0',
  `String` mediumtext NOT NULL,
  PRIMARY KEY (`IDKey`,`IDLanguage`)
) ENGINE=MyISAM DEFAULT CHARSET=utf8;

--
-- Dumping data for table `sys_localization_strings`
--



--
-- Table structure for table `sys_menu_admin`
--

CREATE TABLE `sys_menu_admin` (
  `id` int(11) unsigned NOT NULL AUTO_INCREMENT,
  `parent_id` int(11) NOT NULL DEFAULT '0',
  `name` varchar(32) NOT NULL DEFAULT '',
  `title` varchar(64) NOT NULL DEFAULT '',
  `url` varchar(255) NOT NULL DEFAULT '',
  `description` text NOT NULL,
  `icon` varchar(128) NOT NULL DEFAULT '',
  `icon_large` varchar(128) NOT NULL DEFAULT '',
  `check` varchar(255) NOT NULL DEFAULT '',
  `order` tinyint(4) unsigned NOT NULL DEFAULT '0',
  PRIMARY KEY (`id`)
) ENGINE=MyISAM AUTO_INCREMENT=50 DEFAULT CHARSET=utf8;

--
-- Dumping data for table `sys_menu_admin`
--

INSERT INTO `sys_menu_admin` VALUES (1,0,'users','_adm_mmi_users','{siteAdminUrl}profiles.php','','group col-green1','group','',1),(2,0,'modules','_adm_mmi_modules','','','th-large col-red1','th-large','',2),(3,2,'manage_modules','_adm_mmi_manage_modules','{siteAdminUrl}modules.php','Manage and configure integration modules for 3d party scripts','plus col-red1','','',0),(4,2,'flash_apps','_adm_mmi_flash_apps','{siteAdminUrl}flash.php','Flash Apps administration panel is available here','bolt col-red1','','',1),(5,0,'tools','_adm_mmi_tools','','','wrench col-green3','wrench','',3),(6,5,'mass_mailer','_adm_mmi_mass_mailer','{siteAdminUrl}notifies.php','Using this function you are able to send a newsletter to your site members','envelope col-green3','','',0),(7,5,'banners','_adm_mmi_banners','{siteAdminUrl}banners.php','Provides you with the ability to manage banners on your web site','flag col-green3','','',1),(8,5,'ip_blacklist','_adm_mmi_ip_blacklist','{siteAdminUrl}ip_blacklist.php','IP Blacklist system','ban-circle col-green3','','',2),(9,5,'database_backup','_adm_mmi_database_backup','{siteAdminUrl}db.php','Make a backup of your site database with this utility','download-alt col-green3','','',3),(10,5,'host_tools','_adm_mmi_host_tools','{siteAdminUrl}host_tools.php','Admin Host Tools','hdd col-green3','','',4),(11,5,'antispam','_adm_mmi_antispam','{siteAdminUrl}antispam.php','Antispam Tools','legal col-green3','','',5),(12,5,'sitemap','_adm_mmi_sitemap','{siteAdminUrl}sitemap.php','Sitemap','sitemap col-green3','','',6),(13,5,'cache','_adm_mmi_cache','{siteAdminUrl}cache.php','Cache','bolt col-green3','','',7),(14,0,'builders','_adm_mmi_builders','','','reorder col-red2','reorder','',4),(15,14,'navigation_menu','_adm_mmi_navigation_menu','{siteAdminUrl}nav_menu_compose.php','For top menu items management','list col-red2','','',0),(16,14,'service_menu','_adm_mmi_service_menu','{siteAdminUrl}service_menu_compose.php','For top service\'s menu items management','list col-red2','','',1),(17,14,'bottom_menu','_adm_mmi_bottom_menu','{siteAdminUrl}bottom_menu_compose.php','For top bottom\'s menu items management','list col-red2','','',2),(18,14,'member_menu','_adm_mmi_member_menu','{siteAdminUrl}member_menu_compose.php','For top member\'s menu items management','list col-red2','','',3),(19,14,'admin_menu','_adm_mmi_admin_menu','{siteAdminUrl}menu_compose_admin.php','For top admin\'s menu items management','list col-red2','','',4),(20,14,'profile_fields','_adm_mmi_profile_fields','{siteAdminUrl}fields.php','For member profile fields management','list-alt col-red2','','',5),(21,14,'pages_blocks','_adm_mmi_pages_blocks','{siteAdminUrl}pageBuilder.php','Compose blocks for the site pages here','th-large col-red2','','',6),(22,14,'mobile_pages','_adm_mmi_mobile_pages','{siteAdminUrl}mobileBuilder.php','Mobile pages builder','th col-red2','','',7),(23,14,'predefined_values','_adm_mmi_predefined_values','{siteAdminUrl}preValues.php','','list-ol col-red2','','',8),(24,0,'settings','_adm_mmi_settings','','','cogs col-blue2','cogs','',5),(25,24,'admin_password','_adm_mmi_admin_password','{siteAdminUrl}settings.php?cat=ap','Change a password for access to administration panel here','asterisk col-blue2','','',0),(26,24,'basic_settings','_adm_mmi_basic_settings','{siteAdminUrl}basic_settings.php','For managing site system settings','cog col-blue2','','',1),(27,24,'advanced_settings','_adm_mmi_advanced_settings','{siteAdminUrl}advanced_settings.php','More enhanced settings for your site features','cogs col-blue2','','',2),(28,24,'languages_settings','_adm_mmi_languages_settings','{siteAdminUrl}lang_file.php','For languages management your website is using and making changes in your website content','globe col-blue2','','',3),(29,24,'membership_levels','_adm_mmi_membership_levels','{siteAdminUrl}memb_levels.php','For setting up different membership levels, different actions for each membership level and action limits','star col-blue2','','',4),(30,24,'email_templates','_adm_mmi_email_templates','{siteAdminUrl}email_templates.php','For setting up email texts which are sent from your website to members automatically','paste col-blue2','','',5),(31,24,'templates','_adm_mmi_templates','{siteAdminUrl}templates.php','Templates management','eye-open col-blue2','','',6),(32,24,'categories_settings','_adm_mmi_categories_settings','{siteAdminUrl}categories.php','Categories settings','folder-close col-blue2','','',7),(33,24,'watermark','_adm_mmi_watermark','{siteAdminUrl}settings.php?cat=16','Setting up watermark for media content','certificate col-blue2','','',8),(34,0,'dashboard','_adm_mmi_dashboard','{siteAdminUrl}index.php','','dashboard col-blue3','dashboard','',0),(35,0,'license','_adm_mmi_license','{siteAdminUrl}license.php','','key col-red3','key','',6),(36,2,'bx_zip','_bx_zip_admin_menu','{siteUrl}modules/?r=zipcodesearch/administration/','ZIP Code Search','search','','',2),(38,2,'bx_events','_bx_events','{siteUrl}modules/?r=events/administration/','Events module by BoonEx','calendar','','',3),(39,2,'Spy','_bx_spy','{siteUrl}modules/?r=spy/administration/','Spy settings','screenshot','','',4),(40,2,'bx_wall','_wall_admin_menu_sitem','{siteUrl}modules/?r=wall/admin/','For managing Timeline','time','','',5),(41,2,'bx_photos','_bx_photos','{siteUrl}modules/?r=photos/administration','Photo module by BoonEx','picture','','',6),(42,2,'bx_feedback','_feedback_admin_menu_sitem','{siteUrl}modules/?r=feedback/admin/','For managing member\'s feedback','thumbs-up','','',7),(43,2,'bx_news','_news_admin_menu_sitem','{siteUrl}modules/?r=news/admin/','For managing news','bullhorn','','',8),(44,2,'bx_pageac','_bx_pageac','{siteUrl}modules/?r=pageac/admin/','Page Access Control','unlock','','',9),(45,2,'Polls','_bx_polls','{siteUrl}modules/?r=poll/administration/','Members can create their own polls, and you can moderate them right here','tasks','','',10),(46,2,'Simple messenger','_simple_messenger_title','{siteAdminUrl}settings.php?cat=109','Managing the simple messenger settings','comments-alt','','',11),(47,2,'bx_sites','_bx_sites','{siteUrl}modules/?r=sites/administration','Sites module by BoonEx','link','','',12),(48,2,'Ads','_sys_module_ads','{siteUrl}modules/boonex/ads/post_mod_ads.php','Administrator can manage ads categories, subcategories, etc.','money','','',13);

--
-- Table structure for table `sys_menu_admin_top`
--

CREATE TABLE `sys_menu_admin_top` (
  `id` int(11) unsigned NOT NULL AUTO_INCREMENT,
  `name` varchar(32) NOT NULL DEFAULT '',
  `caption` varchar(64) NOT NULL DEFAULT '',
  `url` varchar(255) NOT NULL DEFAULT '',
  `icon` varchar(128) NOT NULL DEFAULT '',
  `order` float NOT NULL DEFAULT '0',
  PRIMARY KEY (`id`)
) ENGINE=MyISAM AUTO_INCREMENT=5 DEFAULT CHARSET=utf8;

--
-- Dumping data for table `sys_menu_admin_top`
--

INSERT INTO `sys_menu_admin_top` VALUES (1,'home','_adm_tmi_home','{site_url}index.php','globe',1),(2,'info','_adm_tmi_info','http://www.boonex.com/trac/dolphin/wiki/Dolphin7Docs','question-sign',2),(3,'extensions','_adm_tmi_extensions','http://www.boonex.com/market','shopping-cart',3),(4,'logout','_adm_tmi_logout','{site_url}logout.php','off',4);

--
-- Table structure for table `sys_menu_bottom`
--

CREATE TABLE `sys_menu_bottom` (
  `ID` int(10) unsigned NOT NULL AUTO_INCREMENT,
  `Caption` varchar(100) NOT NULL,
  `Name` varchar(200) NOT NULL,
  `Icon` varchar(100) NOT NULL,
  `Link` varchar(250) NOT NULL,
  `Script` varchar(250) NOT NULL,
  `Order` int(5) NOT NULL,
  `Target` varchar(200) NOT NULL,
  `Visible` set('non','memb') NOT NULL DEFAULT '',
  `Active` tinyint(1) NOT NULL DEFAULT '1',
  `Movable` tinyint(1) NOT NULL DEFAULT '1',
  `Clonable` tinyint(1) NOT NULL DEFAULT '1',
  `Editable` tinyint(1) NOT NULL DEFAULT '1',
  `Deletable` tinyint(1) NOT NULL DEFAULT '1',
  PRIMARY KEY (`ID`)
) ENGINE=MyISAM AUTO_INCREMENT=11 DEFAULT CHARSET=utf8;

--
-- Dumping data for table `sys_menu_bottom`
--

INSERT INTO `sys_menu_bottom` VALUES (1,'_About Us','About Us','','about_us.php','',0,'','non,memb',1,3,1,1,1),(2,'_Privacy','Privacy','','privacy.php','',2,'','non,memb',1,3,1,1,1),(3,'_Terms_of_use','Terms of use','','terms_of_use.php','',1,'','non,memb',1,3,1,1,1),(4,'_FAQ','FAQ','','faq.php','',3,'','non,memb',1,3,1,1,1),(5,'_Invite a friend','Invite a friend','','tellfriend.php','return launchTellFriend();',0,'','non,memb',0,3,1,1,1),(6,'_contact_us','Contact us','','contact.php','',0,'','non,memb',0,3,1,1,1),(7,'_Bookmark','Bookmark','','','addBookmark(); return false;',0,'','non,memb',0,3,1,1,1),(8,'_Terms_of_use','Terms of use','','terms_of_use.php','',0,'','',0,1,1,1,1),(9,'_Privacy','Privacy','','privacy.php','',0,'','',0,1,1,1,1),(10,'_contact_us','Contact us','','contact.php','',4,'','',1,1,1,1,1);

--
-- Table structure for table `sys_menu_member`
--

CREATE TABLE `sys_menu_member` (
  `ID` int(10) unsigned NOT NULL AUTO_INCREMENT,
  `Caption` varchar(100) NOT NULL,
  `Name` varchar(200) NOT NULL,
  `Icon` varchar(100) NOT NULL,
  `Link` varchar(250) NOT NULL,
  `Script` varchar(250) NOT NULL,
  `Eval` text NOT NULL,
  `PopupMenu` text NOT NULL,
  `Order` int(5) NOT NULL,
  `Active` enum('1','0') NOT NULL,
  `Movable` tinyint(4) NOT NULL DEFAULT '3',
  `Clonable` tinyint(1) NOT NULL DEFAULT '1',
  `Editable` tinyint(1) NOT NULL DEFAULT '1',
  `Deletable` tinyint(1) NOT NULL DEFAULT '1',
  `Target` varchar(200) NOT NULL,
  `Position` enum('top','bottom','top_extra') NOT NULL DEFAULT 'top',
  `Type` enum('link','system','linked_item') NOT NULL,
  `Parent` int(11) NOT NULL,
  `Bubble` text NOT NULL,
  `Description` varchar(50) NOT NULL,
  PRIMARY KEY (`ID`),
  KEY `Parent` (`Parent`)
) ENGINE=MyISAM AUTO_INCREMENT=17 DEFAULT CHARSET=utf8;

--
-- Dumping data for table `sys_menu_member`
--

INSERT INTO `sys_menu_member` VALUES (6,'{evalResult}','MemberBlock','','{ProfileLink}','','return \'<b>\' . getNickName({ID}) . \'</b>\';','bx_import(\'BxDolUserStatusView\');\r\n$oStatusView = new BxDolUserStatusView();\r\nreturn $oStatusView->getMemberMenuStatuses();',1,'1',3,1,0,0,'','top','link',0,'','_Presence'),(4,'_Settings','Settings','cog','pedit.php?ID={ID}','','','',2,'1',3,1,0,0,'','top','link',0,'','_Edit_profile_and_settings'),(7,'_Status Message','Status Message','edit','javascript:void(0);','','','bx_import( \'BxDolUserStatusView\' );\r\n$oStatusView = new BxDolUserStatusView();\r\nreturn $oStatusView -> getStatusField({ID});',3,'1',3,1,1,1,'','top','link',0,'','_Status Message'),(8,'_sys_add_content','AddContent','plus','javascript:void(0);','','','return \'\';',4,'1',3,0,0,0,'','top','link',0,'$isSkipItem = $aReplaced[$sPosition][$iKey][\'linked_items\'] ? false : true;\r\n$aRetEval = false;','_sys_add_content'),(2,'_Mail','Mail','envelope','mail.php?mode=inbox','','','bx_import( \'BxTemplMailBox\' );\r\n// return list of messages ;\r\nreturn BxTemplMailBox::get_member_menu_messages_list({ID});',1,'1',3,1,0,0,'','top_extra','link',0,'bx_import( \'BxTemplMailBox\' );\r\n// return list of new messages ;\r\n$aRetEval= BxTemplMailBox::get_member_menu_bubble_new_messages({ID}, {iOldCount});','_Mail'),(3,'_Friends','Friends','user','viewFriends.php?iUser={ID}','','','bx_import( \'BxDolFriendsPageView\' );\r\nreturn BxDolFriendsPageView::get_member_menu_friends_list({ID});',2,'1',3,1,0,0,'','top_extra','link',0,'bx_import( \'BxDolFriendsPageView\' );\r\n$aRetEval = BxDolFriendsPageView::get_member_menu_bubble_friend_requests( {ID}, {iOldCount});','_Friends'),(10,'_Admin Panel','Admin Panel','wrench','{evalResult}','','return isAdmin() ? $GLOBALS[\'site\'][\'url_admin\'] : \'\';','',6,'1',3,1,1,1,'','top_extra','link',0,'','_Go admin panel'),(11,'','bx_events','','','','return BxDolService::call(\'events\', \'get_member_menu_item_add_content\');','',1,'1',3,1,1,1,'','top','linked_item',8,'',''),(12,'_bx_spy_notifications','Spy','info-sign','modules/?r=spy/','','','BxDolService::call(\'spy\', \'get_member_menu_spy_data\'); ',4,'1',3,1,1,1,'','top_extra','link',0,'$aRetEval = BxDolService::call(\'spy\', \'get_member_menu_bubbles_data\', array({iOldCount}));','_bx_spy_notifications'),(13,'','bx_photos','','','','return BxDolService::call(\'photos\', \'get_member_menu_item_add_content\');','',2,'1',3,1,1,1,'','top','linked_item',8,'',''),(14,'','bx_poll','','','','return BxDolService::call(\'poll\', \'get_member_menu_link_add_content\');','',3,'1',3,1,1,1,'','top','linked_item',8,'',''),(15,'','bx_sites','','','','return BxDolService::call(\'sites\', \'get_member_menu_item_add_content\');','',4,'1',3,1,1,1,'','top','linked_item',8,'',''),(16,'','bx_ads','','','','return BxDolService::call(\'ads\', \'get_member_menu_item_add_content\');','',5,'1',3,1,1,1,'','top','linked_item',8,'','');

--
-- Table structure for table `sys_menu_mobile`
--

CREATE TABLE `sys_menu_mobile` (
  `id` int(11) NOT NULL AUTO_INCREMENT,
  `type` varchar(32) NOT NULL,
  `page` varchar(32) NOT NULL,
  `title` varchar(255) NOT NULL,
  `icon` varchar(255) NOT NULL,
  `action` int(11) NOT NULL,
  `action_data` varchar(255) NOT NULL,
  `eval_bubble` text NOT NULL,
  `eval_hidden` text NOT NULL,
  `order` int(11) NOT NULL,
  `active` int(11) NOT NULL,
  PRIMARY KEY (`id`)
) ENGINE=MyISAM AUTO_INCREMENT=14 DEFAULT CHARSET=utf8;

--
-- Dumping data for table `sys_menu_mobile`
--

INSERT INTO `sys_menu_mobile` VALUES (1,'system','homepage','_sys_mobile_status','home_status.png',1,'','','',1,1),(2,'system','homepage','_sys_mobile_mail','home_messages.png',3,'','return getNewLettersNum({member_id});','',2,1),(3,'system','homepage','_sys_mobile_friends','home_friends.png',4,'','return getFriendRequests({member_id});','',3,1),(4,'system','homepage','_sys_mobile_info','home_info.png',5,'','','',4,1),(5,'system','homepage','_sys_mobile_search','home_search.png',6,'','','',5,1),(6,'system','profile','_sys_mobile_profile_info','',5,'','','',1,1),(7,'system','profile','_sys_mobile_profile_contact','',3,'','','',2,1),(8,'system','profile','_sys_mobile_profile_friends','',4,'','return getFriendNumber(\'{profile_id}\');','',3,1),(9,'system','search','_sys_mobile_search_by_keyword','',30,'','','',1,1),(10,'system','search','_sys_mobile_search_by_location','',31,'','','',2,1),(11,'bx_photos','homepage','_bx_photos','home_images.png',7,'','','',6,1),(12,'bx_photos','profile','_bx_photos','',7,'','return BxDolXMLRPCMedia::_getMediaCount(\'photo\', \'{profile_id}\', \'{member_id}\');','',4,1),(13,'bx_news','homepage','_news_bcaption_view_main','{site_url}modules/boonex/news/templates/base/images/icons/mobile_icon.png',100,'{xmlrpc_url}r.php?url=modules%2F%3Fr%3Dnews%2Fmobile_latest_entries%2F&user={member_username}&pwd={member_password}','','',7,1);

--
-- Table structure for table `sys_menu_mobile_pages`
--

CREATE TABLE `sys_menu_mobile_pages` (
  `id` int(11) NOT NULL AUTO_INCREMENT,
  `page` varchar(32) NOT NULL,
  `title` varchar(255) NOT NULL,
  `order` int(11) NOT NULL,
  PRIMARY KEY (`id`),
  UNIQUE KEY `page` (`page`)
) ENGINE=MyISAM AUTO_INCREMENT=4 DEFAULT CHARSET=utf8;

--
-- Dumping data for table `sys_menu_mobile_pages`
--

INSERT INTO `sys_menu_mobile_pages` VALUES (1,'homepage','_adm_mobile_page_homepage',1),(2,'profile','_adm_mobile_page_profile',2),(3,'search','_adm_mobile_page_search',3);

--
-- Table structure for table `sys_menu_service`
--

CREATE TABLE `sys_menu_service` (
  `ID` int(10) unsigned NOT NULL AUTO_INCREMENT,
  `Name` varchar(200) NOT NULL,
  `Caption` varchar(100) NOT NULL,
  `Icon` varchar(100) NOT NULL,
  `Link` varchar(250) NOT NULL,
  `Script` varchar(250) NOT NULL,
  `Target` varchar(200) NOT NULL,
  `Order` int(5) NOT NULL,
  `Visible` set('non','memb') NOT NULL DEFAULT '',
  `Active` tinyint(1) NOT NULL DEFAULT '1',
  `Movable` tinyint(1) NOT NULL DEFAULT '1',
  `Clonable` tinyint(1) NOT NULL DEFAULT '1',
  `Editable` tinyint(1) NOT NULL DEFAULT '1',
  `Deletable` tinyint(1) NOT NULL DEFAULT '1',
  PRIMARY KEY (`ID`)
) ENGINE=MyISAM AUTO_INCREMENT=6 DEFAULT CHARSET=utf8;

--
-- Dumping data for table `sys_menu_service`
--

INSERT INTO `sys_menu_service` VALUES (1,'Join','_sys_sm_join','','join.php','','',1,'non',1,3,1,1,1),(2,'Login','_sys_sm_login','','','showPopupLoginForm(); return false;','',2,'non',1,3,1,1,1),(3,'Profile','_sys_sm_profile','','{memberLink}|{memberNick}|change_status.php','','',1,'memb',1,3,1,1,1),(4,'Account','_sys_sm_account','','member.php','','',2,'memb',1,3,1,1,1),(5,'Logout','_sys_sm_logout','','logout.php?action=member_logout','','',3,'memb',1,3,1,1,1);

--
-- Table structure for table `sys_menu_top`
--

CREATE TABLE `sys_menu_top` (
  `ID` smallint(6) unsigned NOT NULL AUTO_INCREMENT,
  `Parent` smallint(6) unsigned NOT NULL DEFAULT '0',
  `Name` varchar(50) NOT NULL DEFAULT '',
  `Caption` varchar(50) NOT NULL DEFAULT '',
  `Link` varchar(255) NOT NULL DEFAULT '',
  `Order` smallint(6) unsigned NOT NULL DEFAULT '0',
  `Visible` set('non','memb') NOT NULL DEFAULT '',
  `Target` varchar(20) NOT NULL DEFAULT '',
  `Onclick` mediumtext NOT NULL,
  `Check` varchar(255) NOT NULL DEFAULT '',
  `Movable` tinyint(4) NOT NULL DEFAULT '3',
  `Clonable` tinyint(1) NOT NULL DEFAULT '1',
  `Editable` tinyint(1) NOT NULL DEFAULT '1',
  `Deletable` tinyint(1) NOT NULL DEFAULT '1',
  `Active` tinyint(1) NOT NULL DEFAULT '1',
  `Type` enum('system','top','custom') NOT NULL DEFAULT 'top',
  `Picture` varchar(128) NOT NULL,
  `Icon` varchar(128) NOT NULL,
  `BQuickLink` tinyint(1) NOT NULL DEFAULT '0',
  `Statistics` varchar(10) NOT NULL,
  PRIMARY KEY (`ID`)
) ENGINE=MyISAM AUTO_INCREMENT=293 DEFAULT CHARSET=utf8;

--
-- Dumping data for table `sys_menu_top`
--

INSERT INTO `sys_menu_top` VALUES (4,0,'My Profile','{memberNick}','{memberLink}|{memberUsername}|change_status.php',0,'memb','','','',1,0,0,0,1,'system','user','',0,''),(5,0,'Home','_Sisters','index.php',0,'memb','','','',3,1,1,1,0,'top','home','',0,''),(6,0,'People','_People','browse.php|search.php|calendar.php|tags.php?tags_mode=profile|search.php?show=match',0,'non,memb','','','',3,1,1,1,0,'top','user','',0,''),(7,0,'All members','_All Members','browse.php',0,'non,memb','','','',3,1,1,1,0,'custom','','',0,''),(8,138,'Search Members','_Search','search.php',2,'non,memb','','','',3,1,1,1,1,'custom','','',0,''),(9,0,'Profile View','{profileNick}','{profileUsername}|pedit.php?ID={profileID}',0,'non,memb','','','',3,1,1,0,1,'system','','',0,''),(11,4,'View My Profile','_Profile','{memberLink}|{memberUsername}|profile.php?ID={memberID}',0,'memb','','','',3,1,1,1,1,'custom','','',0,''),(12,179,'Mail Compose','_Compose','mail.php?mode=compose',0,'memb','','','',3,1,1,1,1,'custom','','',0,''),(17,179,'Mail Inbox','_Inbox','mail.php?mode=inbox',1,'memb','','','',3,1,1,1,1,'custom','','',1,'mma'),(14,179,'Mail Outbox','_Outbox','mail.php?mode=outbox',2,'memb','','','',3,1,1,1,1,'custom','','',0,''),(18,179,'Mail Trash','_Trash','mail.php?mode=trash',3,'memb','','','',3,1,1,1,1,'custom','','',0,''),(20,0,'Edit My Profile','_Customize','pedit.php?ID={memberID}',0,'memb','','','',3,1,1,1,0,'custom','user','',1,''),(25,0,'Online Members','_Online','search.php?online_only=1',0,'non,memb','','','',3,1,1,1,1,'custom','','',0,''),(60,9,'View Profile','_Profile','{profileLink}|{profileUsername}|profile.php?ID={profileID}',0,'non,memb','','','',3,1,1,1,1,'custom','','',0,''),(80,4,'My Friends','_Friends','viewFriends.php?iUser={memberID}',2,'memb','','','',3,1,1,1,1,'custom','','',0,'mfa'),(82,9,'Info','_profile_info','profile_info.php?ID={profileID}',1,'non,memb','','','',3,1,1,1,1,'custom','','',0,''),(83,9,'Member Friends','_Friends','viewFriends.php?iUser={profileID}',2,'non,memb','','','',3,1,1,1,1,'custom','','',0,''),(98,0,'Join','_Account','join.php',0,'non','','','',3,1,1,1,1,'system','user','',0,''),(99,0,'Login','_Login','member.php',0,'non','','','',3,1,0,1,0,'custom','user','',0,''),(100,0,'Main','_Main','index.php|',0,'non,memb','','','',3,1,1,1,0,'custom','','',0,''),(101,118,'Account home','_Account Home','member.php',0,'memb','','','',3,1,1,1,1,'custom','','',0,''),(129,0,'Top Rated','_Top Rated','search.php?show=top_rated',0,'non,memb','','','',3,1,1,1,1,'custom','','',0,''),(127,0,'Match','_Match','search.php?show=match',0,'non,memb','','','return isLogged() && getParam(\'enable_match\') == \'on\';',3,1,1,1,1,'custom','','',0,''),(128,0,'Featured','_Featured','search.php?show=featured',0,'non,memb','','','',3,1,1,1,0,'custom','','',0,''),(107,118,'Privacy Groups','_ps_tmenu_privacy_settings','member_privacy.php',2,'memb','','','bx_import(\'BxDolPrivacy\'); return BxDolPrivacy::isPrivacyPage();',3,1,1,1,1,'custom','','',0,''),(109,118,'Unregister','_Unregister','unregister.php',4,'memb','','','',3,1,1,1,1,'custom','','',0,''),(111,4,'Profile Info','_Info','profile_info.php',1,'memb','','','',3,1,1,1,1,'custom','','',0,''),(118,0,'Dashboard','_Dashboard','member.php',0,'memb','','','',1,0,1,0,1,'system','dashboard','',0,''),(120,0,'About','_About','about_us.php',4,'non,memb','','','',3,1,1,1,1,'top','info-sign','',0,''),(122,120,'Terms of Use','_TERMS_OF_USE_H','terms_of_use.php',2,'non,memb','','','',3,1,1,1,1,'custom','','',0,''),(123,120,'Privacy Policy','_PRIVACY_H','privacy.php',3,'non,memb','','','',3,1,1,1,1,'custom','','',0,''),(126,118,'Activity','_Activity','communicator.php',1,'non,memb','','','',3,1,1,1,1,'custom','','',0,''),(130,0,'Popular','_Popular','search.php?show=popular',0,'non,memb','','','',3,1,1,1,1,'custom','','',0,''),(131,0,'Birthdays','_Birthdays','search.php?show=birthdays',0,'non,memb','','','',3,1,1,1,1,'custom','','',0,''),(132,0,'People Calendar','_People_Calendar','calendar.php',0,'non,memb','','','',3,1,1,1,1,'custom','','',0,''),(138,0,'Search','_Search','search_home.php',2,'non,memb','','','',3,1,1,1,1,'top','search','',0,''),(139,138,'Keyword Search','_Keyword_Search','searchKeyword.php',1,'non,memb','','','',3,1,1,1,1,'custom','','',0,''),(141,0,'People Search','_People_Search','search.php',0,'non,memb','','','',3,1,1,1,0,'top','','',0,''),(159,0,'Help','_help','help.php',0,'non,memb','','','',3,1,1,1,0,'top','question-sign','',0,''),(160,120,'FAQ','_FAQ','faq.php',4,'non,memb','','','',3,1,1,1,1,'custom','','',0,''),(161,120,'Contact','_Contact','contact.php',5,'non,memb','','','',3,1,1,1,1,'custom','','',0,''),(162,0,'Advice','_Advice','advice.php',0,'non,memb','','','',3,1,1,1,0,'custom','','',0,''),(163,120,'Help','_help','help.php',6,'non,memb','','','',3,1,1,1,1,'custom','','',0,''),(175,120,'About','_About','about_us.php',0,'non,memb','','','',3,1,1,1,1,'custom','','',0,''),(176,138,'Search Home','_Search_Home','search_home.php',0,'non,memb','','','',3,1,1,1,1,'custom','','',0,''),(179,0,'Mail','_Mail','mail.php?mode=inbox',0,'memb','','','',3,1,1,1,1,'system','envelope','',0,''),(191,118,'Subscriptions','_sbs_tmenu_my_subscriptions','member_subscriptions.php',3,'memb','','','',3,1,1,1,1,'custom','','',0,''),(193,0,'Chat','_chat_top_menu_item','modules/?r=chat/home/|modules/?r=chat/|search.php?show=moderators',0,'non,memb','','','',3,1,1,1,0,'top','comments-alt','',0,''),(194,0,'ChatHome','_chat_home_top_menu_sitem','modules/?r=chat/home/',0,'non,memb','','','',3,1,1,1,1,'custom','','',0,''),(195,0,'ChatRules','_chat_rules_top_menu_sitem','modules/?r=chat/rules/',0,'non,memb','','','',3,1,1,1,1,'custom','','',0,''),(196,0,'ChatModerators','_chat_moderators_top_menu_sitem','search.php?show=moderators',0,'non,memb','','','',3,1,1,1,1,'custom','','',0,''),(197,0,'Events','_bx_events_menu_root','modules/?r=events/view/|modules/?r=events/broadcast/|modules/?r=events/invite/|modules/?r=events/edit/|modules/?r=events/upload_photos/|modules/?r=events/upload_videos/|modules/?r=events/upload_sounds/|modules/?r=events/upload_files/',0,'non,memb','','','',3,1,1,1,1,'system','calendar','',0,''),(198,197,'Event View','_bx_events_menu_view','modules/?r=events/view/{bx_events_view_uri}',0,'non,memb','','','',3,1,1,1,1,'custom','','',0,''),(199,197,'Event View Forum','_bx_events_menu_view_forum','forum/events/forum/{bx_events_view_uri}-0.htm|forum/events/',1,'non,memb','','','$oModuleDb = new BxDolModuleDb(); return $oModuleDb->getModuleByUri(\'forum\') ? true : false;',3,1,1,1,1,'custom','','',0,''),(200,197,'Event View Comments','_bx_events_menu_view_comments','modules/?r=events/comments/{bx_events_view_uri}',2,'non,memb','','','',3,1,1,1,1,'custom','','',0,''),(201,197,'Event View Participants','_bx_events_menu_view_participants','modules/?r=events/browse_participants/{bx_events_view_uri}',3,'non,memb','','','',3,1,1,1,1,'custom','','',0,''),(202,212,'Events','_bx_events_menu_root','modules/?r=events/home/|modules/?r=events/',0,'non,memb','','','',3,1,1,1,1,'custom','calendar','calendar',1,''),(203,0,'Events Main Page','_bx_events_menu_main','modules/?r=events/home/',0,'non,memb','','','',3,1,1,1,1,'custom','','',0,''),(204,0,'Upcoming Events','_bx_events_menu_upcoming_events','modules/?r=events/browse/upcoming',0,'non,memb','','','',3,1,1,1,1,'custom','','',0,''),(205,0,'Past Events','_bx_events_menu_past_events','modules/?r=events/browse/past',0,'non,memb','','','',3,1,1,1,1,'custom','','',0,''),(206,0,'Recently Added Events','_bx_events_menu_recently_added','modules/?r=events/browse/recent',0,'non,memb','','','',3,1,1,1,1,'custom','','',0,''),(207,0,'Top Rated Events','_bx_events_menu_top_rated','modules/?r=events/browse/top',0,'non,memb','','','',3,1,1,1,1,'custom','','',0,''),(208,0,'Popular Events','_bx_events_menu_popular','modules/?r=events/browse/popular',0,'non,memb','','','',3,1,1,1,1,'custom','','',0,''),(209,0,'Featured Events','_bx_events_menu_featured','modules/?r=events/browse/featured',0,'non,memb','','','',3,1,1,1,0,'custom','','',0,''),(210,0,'Events Tags','_bx_events_menu_tags','modules/?r=events/tags',0,'non,memb','','','',3,1,1,1,1,'custom','','',0,'bx_events'),(211,0,'Events Categories','_bx_events_menu_categories','modules/?r=events/categories',0,'non,memb','','','',3,1,1,1,1,'custom','','',0,'bx_events'),(212,0,'Calendar','_bx_events_menu_calendar','modules/?r=events/calendar',3,'memb','','','',3,1,1,1,1,'top','','',0,''),(213,0,'Search','_bx_events_menu_search','modules/?r=events/search',0,'non,memb','','','',3,1,1,1,1,'custom','','',0,''),(214,9,'Events','_bx_events_menu_my_events_profile','modules/?r=events/browse/user/{profileUsername}|modules/?r=events/browse/joined/{profileUsername}',3,'non,memb','','','',3,1,1,1,1,'custom','','',0,''),(215,4,'Events','_bx_events_menu_my_events_profile','modules/?r=events/browse/my',3,'memb','','','',3,1,1,1,1,'custom','','',0,''),(216,118,'Spy Personal','_bx_spy_notifications','modules/?r=spy/',5,'memb','','','',3,1,1,1,1,'custom','','',0,''),(217,4,'TimelineOwner','_wall_top_smenu_item_my_wall','modules/?r=wall/',4,'memb','','','',3,1,1,1,1,'custom','','',0,''),(218,9,'TimelineViewer','_wall_top_smenu_item_wall','modules/?r=wall/index/{profileUsername}',4,'non,memb','','','',3,1,1,1,1,'custom','','',0,''),(219,0,'Photos','_bx_photos_top_menu_item','modules/?r=photos/home/|modules/?r=photos/',0,'non,memb','','','',3,1,1,1,0,'top','picture','picture',1,''),(220,0,'PhotosHome','_bx_photos_top_menu_home','modules/?r=photos/home/',0,'non,memb','','','',3,1,1,1,1,'custom','','',0,''),(221,0,'PhotosAlbums','_bx_photos_top_menu_albums','modules/?r=photos/albums/browse/all',0,'non,memb','','','',3,1,1,1,1,'custom','','',0,''),(222,0,'PhotosAll','_bx_photos_top_menu_all','modules/?r=photos/browse/all',0,'non,memb','','','',3,1,1,1,1,'custom','','',0,''),(223,0,'PhotosTop','_bx_photos_top_menu_top','modules/?r=photos/browse/top',0,'non,memb','','','',3,1,1,1,1,'custom','','',0,''),(224,0,'PhotosPopular','_bx_photos_top_menu_popular','modules/?r=photos/browse/popular',0,'non,memb','','','',3,1,1,1,1,'custom','','',0,''),(225,0,'PhotosFeatured','_bx_photos_top_menu_featured','modules/?r=photos/browse/featured',0,'non,memb','','','',3,1,1,1,1,'custom','','',0,''),(226,0,'PhotosTags','_bx_photos_top_menu_tags','modules/?r=photos/tags',0,'non,memb','','','',3,1,1,1,1,'custom','','',0,''),(227,0,'PhotosCategories','_bx_photos_top_menu_categories','modules/?r=photos/categories',0,'non,memb','','','',3,1,1,1,1,'custom','','',0,''),(228,0,'PhotosRate','_bx_photos_top_menu_rate','modules/?r=photos/rate',0,'non,memb','','','',3,1,1,1,1,'custom','','',0,''),(229,0,'PhotosCalendar','_bx_photos_top_menu_calendar','modules/?r=photos/calendar|modules/?r=photos/browse/calendar/',0,'non,memb','','','',3,1,1,1,1,'custom','','',0,''),(230,0,'PhotosSearch','_bx_photos_top_menu_search','searchKeyword.php?type=bx_photos',0,'non,memb','','','',3,1,1,1,1,'custom','','',0,''),(231,9,'Photos','_bx_photos_menu_profile','modules/?r=photos/albums/browse/owner/{profileUsername}',7,'non,memb','','','',3,1,1,1,1,'custom','','',0,''),(232,4,'Photos','_bx_photos_menu_profile','modules/?r=photos/albums/my/main/|modules/?r=photos/albums/my/add/|modules/?r=photos/albums/my/manage/|modules/?r=photos/albums/my/disapproved/',7,'memb','','','',3,1,1,1,1,'custom','','',0,''),(233,0,'PhotosUnit','_bx_photos_top_menu_item','modules/?r=photos/view/|photo/gallery/',0,'non,memb','','','',3,1,1,1,1,'system','picture','',0,''),(234,0,'PhotosAlbum','_bx_photos_top_menu_item','modules/?r=photos/browse/album/|modules/?r=photos/albums/my/edit/|modules/?r=photos/albums/my/organize/|modules/?r=photos/albums/my/add_objects/|modules/?r=photos/albums/my/manage_objects',0,'non,memb','','','',3,1,1,1,1,'system','picture','',0,''),(235,120,'Feedback','_feedback_top_menu_sitem','modules/?r=feedback/index/|modules/?r=feedback/',1,'non,memb','','','',3,1,1,1,1,'custom','','',0,''),(236,0,'FeedbackView','_feedback_top_menu_sitem','modules/?r=feedback/view/',0,'non,memb','','','',3,1,1,1,1,'system','thumbs-up','',0,''),(237,0,'News','_news_top_menu_item','modules/?r=news/index/|modules/?r=news/',0,'non,memb','','','',3,1,1,1,1,'custom','bullhorn','',0,''),(238,0,'NewsHome','_news_home_top_menu_sitem','modules/?r=news/index/',0,'non,memb','','','',3,1,1,1,1,'custom','','',0,''),(239,0,'NewsArchive','_news_archive_top_menu_sitem','modules/?r=news/archive/',0,'non,memb','','','',3,1,1,1,1,'custom','','',0,''),(240,0,'NewsTop','_news_top_top_menu_sitem','modules/?r=news/top/',0,'non,memb','','','',3,1,1,1,1,'custom','','',0,''),(241,0,'NewsPopular','_news_popular_top_menu_sitem','modules/?r=news/popular/',0,'non,memb','','','',3,1,1,1,1,'custom','','',0,''),(242,0,'NewsFeatured','_news_featured_top_menu_sitem','modules/?r=news/featured/',0,'non,memb','','','',3,1,1,1,1,'custom','','',0,''),(243,0,'NewsTags','_news_tags_top_menu_sitem','modules/?r=news/tags/',0,'non,memb','','','',3,1,1,1,1,'custom','','',0,''),(244,0,'NewsCategories','_news_categories_top_menu_sitem','modules/?r=news/categories/',0,'non,memb','','','',3,1,1,1,1,'custom','','',0,''),(245,0,'NewsCalendar','_news_calendar_top_menu_sitem','modules/?r=news/calendar/',0,'non,memb','','','',3,1,1,1,1,'custom','','',0,''),(246,0,'NewsSearch','_news_search_top_menu_sitem','searchKeyword.php?type=bx_news',0,'non,memb','','','',3,1,1,1,1,'custom','','',0,''),(247,0,'NewsView','_news_view_top_menu_sitem','modules/?r=news/view/',0,'non,memb','','','',3,1,1,1,1,'system','bullhorn','',0,''),(248,0,'Poll unit','','m/poll/?action=my&action=show_poll_info&id=|modules/?r=poll/&action=show_poll_info&id=',0,'non,memb','','','',3,1,1,1,1,'system','tasks','',0,''),(249,0,'Polls','_bx_polls','modules/?r=poll/&action=poll_home',0,'non,memb','','','',3,1,1,1,1,'custom','tasks','tasks',1,''),(250,0,'Home polls','_bx_poll_home','modules/?r=poll/&action=poll_home',0,'non,memb','','','',3,1,1,1,1,'custom','','',0,''),(251,0,'All Polls','_bx_poll_all','modules/?r=poll/',0,'non,memb','','','',3,1,1,1,1,'custom','','',0,''),(252,0,'Popular','_bx_poll_popular','modules/?r=poll/&action=popular',0,'non,memb','','','',3,1,1,1,1,'custom','','',0,''),(253,0,'Featured','_bx_poll_featured_polls','modules/?r=poll/&action=featured',0,'non,memb','','','',3,1,1,1,1,'custom','','',0,''),(254,0,'Calendar','_bx_poll_calendar','modules/?r=poll/calendar',0,'non,memb','','','',3,1,1,1,1,'custom','','',0,''),(255,0,'Search','_bx_poll_search','searchKeyword.php?type=poll',0,'non,memb','','','',3,1,1,1,1,'custom','','',0,''),(256,0,'Tags','_bx_poll_tags','modules/?r=poll/tags',0,'non,memb','','','',3,1,1,1,1,'custom','','',0,''),(257,0,'Categories','_bx_poll_categories','modules/?r=poll/categories',0,'non,memb','','','',3,1,1,1,1,'custom','','',0,''),(258,4,'My Polls','_bx_polls','modules/?r=poll/&action=my',6,'memb','','','',3,1,1,1,1,'custom','','',0,''),(259,9,'Polls','_bx_poll','modules/?r=poll/&action=user&nickname={profileUsername}',6,'non,memb','','','',3,1,1,1,1,'custom','','',0,''),(260,0,'Sites','_bx_sites','modules/?r=sites/view/',0,'non,memb','','','',3,1,0,0,1,'system','link','',0,''),(261,0,'Sites','_bx_sites','modules/?r=sites/home/|modules/?r=sites/',0,'non,memb','','','',3,1,1,1,1,'custom','link','link',1,''),(262,0,'SitesHome','_bx_sites_home_top_menu_sitem','modules/?r=sites/home/',0,'non,memb','','','',3,1,1,1,1,'custom','','',0,''),(263,0,'SitesAll','_bx_sites_all_top_menu_sitem','modules/?r=sites/browse/all',0,'non,memb','','','',3,1,1,1,1,'custom','','',0,''),(264,0,'SitesAdmin','_bx_sites_admin_top_menu_sitem','modules/?r=sites/browse/admin',0,'non,memb','','','',3,1,1,1,1,'custom','','',0,''),(265,0,'SitesUsers','_bx_sites_profile_top_menu_sitem','modules/?r=sites/browse/users',0,'non,memb','','','',3,1,1,1,1,'custom','','',0,''),(266,0,'SitesTop','_bx_sites_top_top_menu_sitem','modules/?r=sites/browse/top',0,'non,memb','','','',3,1,1,1,1,'custom','','',0,''),(267,0,'SitesPopular','_bx_sites_popular_top_menu_sitem','modules/?r=sites/browse/popular',0,'non,memb','','','',3,1,1,1,1,'custom','','',0,''),(268,0,'SitesFeatured','_bx_sites_featured_top_menu_sitem','modules/?r=sites/browse/featured',0,'non,memb','','','',3,1,1,1,1,'custom','','',0,'bx_sites'),(269,0,'SitesTags','_bx_sites_tags_top_menu_sitem','modules/?r=sites/tags',0,'non,memb','','','',3,1,1,1,1,'custom','','',0,'bx_sites'),(270,0,'SitesCategories','_bx_sites_categories_top_menu_sitem','modules/?r=sites/categories',0,'non,memb','','','',3,1,1,1,1,'custom','','',0,''),(271,0,'SitesHoN','_bx_sites_hon_top_menu_sitem','modules/?r=sites/hon',0,'memb','','','',3,1,1,1,1,'custom','','',0,''),(272,0,'SitesCalendar','_bx_sites_calendar_top_menu_sitem','modules/?r=sites/calendar',0,'non,memb','','','',3,1,1,1,1,'custom','','',0,''),(273,0,'SitesSearch','_bx_sites_search_top_menu_sitem','modules/?r=sites/search',0,'non,memb','','','',3,1,1,1,1,'custom','','',0,''),(274,9,'Sites','_bx_sites_menu_my_sites_profile','modules/?r=sites/browse/user/{profileUsername}',8,'non,memb','','','',3,1,1,1,1,'custom','','',0,''),(275,4,'Sites','_bx_sites_menu_my_sites_profile','modules/?r=sites/browse/my',8,'memb','','','',3,1,1,1,1,'custom','','',0,''),(276,0,'Popular','_Popular','search.php?show=popular',0,'non,memb','','','',3,1,1,1,0,'top','','',0,''),(277,0,'Photos','_bx_photos_menu_profile','modules/?r=photos/albums/my/main/|modules/?r=photos/albums/my/add/|modules/?r=photos/albums/my/manage/|modules/?r=photos/albums/my/disapproved/',1,'memb','','','',3,1,1,1,1,'top','','',0,''),(278,0,'Ads','_bx_ads_Ads','modules/boonex/ads/classifieds.php?Browse=1|modules/boonex/ads/classifieds.php?action=show_calendar_ads&date=|modules/boonex/ads/classifieds_tags.php?tag=|ads/tag/|modules/boonex/ads/classifieds.php?bClassifiedID=|ads/cat/|modules/boonex/ads/classifieds.p',5,'memb','','','',3,1,1,1,1,'top','money','money',1,''),(279,9,'Profile Ads','_bx_ads_Ads','modules/boonex/ads/classifieds.php?UsersOtherListing=1&IDProfile={profileID}',5,'non,memb','','','',3,1,1,1,1,'custom','','',0,''),(280,4,'Profile Ads','_bx_ads_Ads','modules/boonex/ads/classifieds.php?action=my_page|ads/my_page/',5,'non,memb','','','',3,1,1,1,1,'custom','','',0,''),(281,278,'Ads Calendar','_bx_ads_Calendar','modules/boonex/ads/classifieds.php?action=show_calendar',6,'non,memb','','','',3,1,1,1,1,'custom','','',0,''),(282,278,'Ads Categories','_bx_ads_Categories','modules/boonex/ads/classifieds.php?action=show_categories',5,'non,memb','','','',3,1,1,1,1,'custom','','',0,''),(283,278,'Popular Ads','_bx_ads_Popular','modules/boonex/ads/classifieds.php?action=show_popular',3,'non,memb','','','',3,1,1,1,1,'custom','','',0,''),(284,278,'Ads Tags','_Tags','modules/boonex/ads/classifieds.php?action=tags',4,'non,memb','','','',3,1,1,1,1,'custom','','',0,''),(285,278,'Top Rated Ads','_bx_ads_Top_Rated','modules/boonex/ads/classifieds.php?action=show_top_rated',2,'non,memb','','','',3,1,1,1,1,'custom','','',0,''),(286,278,'Ads Search','_Search','searchKeyword.php?type=bx_ads|modules/boonex/ads/classifieds.php?FilterCountry=',8,'non,memb','','','',3,1,1,1,1,'custom','','',0,''),(287,278,'Ads Featured','_bx_ads_Featured','modules/boonex/ads/classifieds.php?action=show_featured',7,'non,memb','','','',3,1,1,1,1,'custom','','',0,''),(288,278,'All Ads','_bx_ads_All_ads','modules/boonex/ads/classifieds.php?action=show_all_ads',1,'non,memb','','','',3,1,1,1,1,'custom','','',0,''),(289,278,'Ads Home','_bx_ads_Ads_Home','modules/boonex/ads/classifieds.php?Browse=1',0,'non,memb','','','',3,1,1,1,1,'custom','','',0,''),(290,0,'Ad View','_bx_ads_Ads','modules/boonex/ads/classifieds.php?ShowAdvertisementID=|ads/entry/',0,'non,memb','','','',3,1,1,1,1,'system','money','',0,''),(291,0,'View Profile','{memberNick}','{profileLink}',0,'memb','','','',3,1,1,1,1,'top','','',0,''),(292,212,'Event View','_bx_events_menu_view','modules/?r=events/view/{bx_events_view_uri}',1,'non,memb','','','',3,1,1,1,1,'custom','','',0,'');

--
-- Table structure for table `sys_messages`
--

CREATE TABLE `sys_messages` (
  `ID` int(11) NOT NULL AUTO_INCREMENT,
  `Date` datetime NOT NULL DEFAULT '0000-00-00 00:00:00',
  `Sender` int(10) unsigned NOT NULL DEFAULT '0',
  `Recipient` int(10) unsigned NOT NULL DEFAULT '0',
  `Text` mediumtext NOT NULL,
  `Subject` varchar(255) NOT NULL DEFAULT '',
  `New` enum('0','1') NOT NULL DEFAULT '1',
  `Type` enum('letter','greeting') NOT NULL DEFAULT 'letter',
  `Trash` set('sender','recipient') NOT NULL,
  `TrashNotView` set('sender','recipient') NOT NULL,
  PRIMARY KEY (`ID`),
  KEY `Pair` (`Sender`,`Recipient`),
  KEY `TrashNotView` (`TrashNotView`),
  KEY `Trash` (`Trash`)
) ENGINE=MyISAM AUTO_INCREMENT=4 DEFAULT CHARSET=utf8;

--
-- Dumping data for table `sys_messages`
--

INSERT INTO `sys_messages` VALUES (1,'2015-04-08 16:12:47',1,2,'<bx_include_auto:_email_header.html />\r\n\r\n<p><b>Dear bethany</b>,</p>\r\n\r\n<p><a href=\"https://www.persisters.com/seth\">seth</a> sent you a greeting!</p>\r\n\r\n<p><a href=\"https://www.persisters.com/seth\">seth</a> may be interested in you or maybe just wants to say Hello!\r\n</p>\r\n\r\n<bx_include_auto:_email_footer.html />','Greeting notification','0','greeting','',''),(2,'2015-04-08 16:13:55',2,1,'<p>Hah, I love it. It says you might be interested in me. Is that true?? Maybe we should meet in person sometime.</p>','Re: Greeting notification','0','letter','',''),(3,'2015-04-08 16:27:59',1,2,'<p>I am interested in you!  But I\'m really shy.  And I don\'t always say the right thing.  :-)</p>','Re[2]: Greeting notification','0','letter','','');

--
-- Table structure for table `sys_modules`
--

CREATE TABLE `sys_modules` (
  `id` int(11) unsigned NOT NULL AUTO_INCREMENT,
  `title` varchar(255) NOT NULL DEFAULT '',
  `vendor` varchar(64) NOT NULL DEFAULT '',
  `version` varchar(32) NOT NULL DEFAULT '',
  `update_url` varchar(128) NOT NULL DEFAULT '',
  `path` varchar(255) NOT NULL DEFAULT '',
  `uri` varchar(32) NOT NULL DEFAULT '',
  `class_prefix` varchar(32) NOT NULL DEFAULT '',
  `db_prefix` varchar(32) NOT NULL DEFAULT '',
  `dependencies` varchar(255) NOT NULL DEFAULT '',
  `date` int(11) unsigned NOT NULL DEFAULT '0',
  PRIMARY KEY (`id`),
  UNIQUE KEY `path` (`path`),
  UNIQUE KEY `uri` (`uri`),
  UNIQUE KEY `class_prefix` (`class_prefix`),
  UNIQUE KEY `db_prefix` (`db_prefix`)
) ENGINE=MyISAM AUTO_INCREMENT=17 DEFAULT CHARSET=utf8;

--
-- Dumping data for table `sys_modules`
--

INSERT INTO `sys_modules` VALUES (1,'ZIP Code Search','BoonEx','1.1.6','','boonex/zipcodesearch/','zipcodesearch','BxZIP','bx_zip_','',1428506931),(3,'Messenger','Boonex','1.1.6','','boonex/messenger/','messenger','BxMsg','bx_msg_','',1428508792),(4,'Chat','Boonex','1.1.6','','boonex/chat/','chat','BxChat','bx_chat_','',1428509108),(5,'Events','Boonex','1.1.6','','boonex/events/','events','BxEvents','bx_events_','',1428509109),(6,'Spy','Boonex','1.1.6','','boonex/spy/','spy','BxSpy','bx_spy_','',1428509109),(7,'Timeline','Boonex','1.1.6','','boonex/wall/','wall','BxWall','bx_wall_','',1428509109),(8,'Photos','Boonex','1.1.6','','boonex/photos/','photos','BxPhotos','bx_photos','',1428509168),(9,'Feedback','Boonex','1.1.6','','boonex/feedback/','feedback','BxFdb','bx_fdb_','',1428510067),(10,'News','Boonex','1.1.6','','boonex/news/','news','BxNews','bx_news_','',1428510067),(11,'Page Access Control','Boonex','1.1.6','','boonex/pageac/','pageac','BxPageAC','bx_pageac_','',1428510067),(12,'Poll','Boonex','1.1.6','','boonex/poll/','poll','BxPoll','bx_poll_','',1428510067),(13,'Simple Messenger','Boonex','1.1.6','','boonex/simple_messenger/','simple_messenger','BxSimpleMessenger','bx_simple_messenger_','',1428510067),(14,'Sites','Boonex','1.1.6','','boonex/sites/','sites','BxSites','bx_sites_','photos',1428510067),(15,'Ads','Boonex','1.1.6','','boonex/ads/','ads','BxAds','bx_ads','',1432830394);

--
-- Table structure for table `sys_objects_actions`
--

CREATE TABLE `sys_objects_actions` (
  `ID` int(10) unsigned NOT NULL AUTO_INCREMENT,
  `Caption` varchar(100) NOT NULL,
  `Icon` varchar(100) NOT NULL,
  `Url` varchar(250) NOT NULL,
  `Script` varchar(250) NOT NULL,
  `Eval` text NOT NULL,
  `Order` int(5) NOT NULL,
  `Type` varchar(20) NOT NULL,
  `bDisplayInSubMenuHeader` tinyint(1) NOT NULL DEFAULT '0',
  PRIMARY KEY (`ID`)
) ENGINE=MyISAM AUTO_INCREMENT=78 DEFAULT CHARSET=utf8;

--
-- Dumping data for table `sys_objects_actions`
--

INSERT INTO `sys_objects_actions` VALUES (1,'{evalResult}','edit','pedit.php?ID={ID}','','if ({ID} != {member_id}) return;\r\nreturn _t(\'{cpt_edit}\');',1,'Profile',0),(2,'{evalResult}','envelope','mail.php?mode=compose&recipient_id={ID}','','if ({ID} == {member_id}) return;\r\nreturn _t(\'{cpt_send_letter}\');',2,'Profile',0),(3,'{cpt_fave}','asterisk','','{evalResult}','return $GLOBALS[\'oTopMenu\']->getScriptFaveAdd({ID}, {member_id});',3,'Profile',0),(4,'{cpt_remove_fave}','asterisk','','{evalResult}','return $GLOBALS[\'oTopMenu\']->getScriptFaveCancel({ID}, {member_id});',3,'Profile',0),(5,'{cpt_befriend}','plus','','{evalResult}','return $GLOBALS[\'oTopMenu\']->getScriptFriendAdd({ID}, {member_id});',4,'Profile',0),(6,'{cpt_remove_friend}','minus','','{evalResult}','return $GLOBALS[\'oTopMenu\']->getScriptFriendCancel({ID}, {member_id}, false);',4,'Profile',0),(7,'{cpt_greet}','hand-right','','{evalResult}','if ({ID} == {member_id}) return;\r\n\r\nreturn \"$.post(\'greet.php\', { sendto: \'{ID}\' }, function(sData){ $(\'#ajaxy_popup_result_div_{ID}\').html(sData) } );return false;\";\r\n',5,'Profile',0),(8,'{cpt_get_mail}','envelope-alt','','{evalResult}','if ({ID} == {member_id}) return;\r\n\r\n$bAnonymousMode  = \'{anonym_mode}\';\r\n\r\nif ( !$bAnonymousMode ) {\r\n    return \"$.post(\'freemail.php\', { ID: \'{ID}\' }, function(sData){ $(\'#ajaxy_popup_result_div_{ID}\').html(sData) } );return false;\";\r\n}\r\n',6,'Profile',0),(9,'{cpt_share}','share','','return launchTellFriendProfile({ID});','',7,'Profile',0),(10,'{cpt_report}','exclamation-sign','','{evalResult}','if ({ID} == {member_id}) return;\r\n\r\nreturn  \"$.post(\'list_pop.php?action=spam\', { ID: \'{ID}\' }, function(sData){ $(\'#ajaxy_popup_result_div_{ID}\').html(sData) } );return false;\";\r\n',8,'Profile',0),(11,'{cpt_block}','ban-circle','','{evalResult}','if ( {ID} == {member_id} || isBlocked({member_id}, {ID}) ) return;\r\n\r\nreturn  \"$.post(\'list_pop.php?action=block\', { ID: \'{ID}\' }, function(sData){ $(\'#ajaxy_popup_result_div_{ID}\').html(sData) } );return false;\";\r\n',9,'Profile',0),(12,'{sbs_profile_title}','paper-clip','','{sbs_profile_script}','',10,'Profile',0),(13,'{cpt_unblock}','ban-circle','','{evalResult}','if ({ID} == {member_id} || !isBlocked({member_id}, {ID}) ) return;\r\n\r\nreturn \"$.post(\'list_pop.php?action=unblock\', { ID: \'{ID}\' }, function(sData){ $(\'#ajaxy_popup_result_div_{ID}\').html(sData) } );return false;\";\r\n',9,'Profile',0),(14,'{evalResult}','plus','{BaseUri}mail.php?mode=compose','','return $GLOBALS[\'logged\'][\'member\'] || $GLOBALS[\'logged\'][\'admin\'] ? _t(\'_sys_am_mailbox_compose\') : \'\';',1,'Mailbox',1),(15,'{cpt_am_friend_add}','plus','','{evalResult}','return $GLOBALS[\'oTopMenu\']->getScriptFriendAdd({ID}, {member_id}, false);',1,'ProfileTitle',1),(16,'{cpt_am_friend_accept}','plus','','{evalResult}','return $GLOBALS[\'oTopMenu\']->getScriptFriendAccept({ID}, {member_id}, false);',2,'ProfileTitle',1),(17,'{cpt_am_friend_cancel}','minus','','{evalResult}','return $GLOBALS[\'oTopMenu\']->getScriptFriendCancel({ID}, {member_id}, false);',3,'ProfileTitle',1),(18,'{cpt_am_profile_message}','envelope','{evalResult}','','return $GLOBALS[\'oTopMenu\']->getUrlProfileMessage({ID});',4,'ProfileTitle',1),(19,'{cpt_am_profile_account_page}','dashboard','{evalResult}','','return $GLOBALS[\'oTopMenu\']->getUrlAccountPage({ID});',5,'ProfileTitle',1),(20,'{cpt_am_account_profile_page}','user','{evalResult}','','return $GLOBALS[\'oTopMenu\']->getUrlProfilePage({ID});',1,'AccountTitle',1),(38,'_bx_photos_action_view_original','download-alt','','window.open(\'{moduleUrl}get_image/original/{fileKey}.{fileExt}\')','',0,'bx_photos',0),(39,'{shareCpt}','share','','showPopupAnyHtml(\'{moduleUrl}share/{fileUri}\')','',1,'bx_photos',0),(22,'{evalResult}','comments-alt','','window.open( \'modules/boonex/messenger/popup.php?rspId={ID}\' , \'Messenger\', \'width=550,height=500,toolbar=0,directories=0,menubar=0,status=0,location=0,scrollbars=0,resizable=1\', 0);','return BxDolService::call(\'messenger\', \'get_action_link\', array({member_id}, {ID}));',12,'Profile',0),(23,'{TitleEdit}','edit','{evalResult}','','$oConfig = $GLOBALS[\'oBxEventsModule\']->_oConfig; return  BX_DOL_URL_ROOT . $oConfig->getBaseUri() . \'edit/{ID}\';',0,'bx_events',0),(24,'{TitleDelete}','remove','','getHtmlData( \'ajaxy_popup_result_div_{ID}\', \'{evalResult}\', false, \'post\', true); return false;','$oConfig = $GLOBALS[\'oBxEventsModule\']->_oConfig; return  BX_DOL_URL_ROOT . $oConfig->getBaseUri() . \'delete/{ID}\';',1,'bx_events',0),(25,'{TitleJoin}','{IconJoin}','','getHtmlData( \'ajaxy_popup_result_div_{ID}\', \'{evalResult}\', false, \'post\');return false;','$oConfig = $GLOBALS[\'oBxEventsModule\']->_oConfig; return BX_DOL_URL_ROOT . $oConfig->getBaseUri() . \'join/{ID}/{iViewer}\';',2,'bx_events',0),(26,'{TitleInvite}','plus-sign','{evalResult}','','$oConfig = $GLOBALS[\'oBxEventsModule\']->_oConfig; return BX_DOL_URL_ROOT . $oConfig->getBaseUri() . \'invite/{ID}\';',3,'bx_events',0),(27,'{TitleShare}','share','','showPopupAnyHtml (\'{BaseUri}share_popup/{ID}\');','',4,'bx_events',0),(28,'{TitleBroadcast}','envelope','{BaseUri}broadcast/{ID}','','',5,'bx_events',0),(29,'{AddToFeatured}','star-empty','','getHtmlData( \'ajaxy_popup_result_div_{ID}\', \'{evalResult}\', false, \'post\');return false;','$oConfig = $GLOBALS[\'oBxEventsModule\']->_oConfig; return BX_DOL_URL_ROOT . $oConfig->getBaseUri() . \'mark_featured/{ID}\';',6,'bx_events',0),(30,'{TitleManageFans}','group','','showPopupAnyHtml (\'{BaseUri}manage_fans_popup/{ID}\');','',7,'bx_events',0),(31,'{TitleUploadPhotos}','picture','{BaseUri}upload_photos/{URI}','','',8,'bx_events',0),(32,'{TitleUploadVideos}','film','{BaseUri}upload_videos/{URI}','','',9,'bx_events',0),(33,'{TitleUploadSounds}','music','{BaseUri}upload_sounds/{URI}','','',10,'bx_events',0),(34,'{TitleUploadFiles}','save','{BaseUri}upload_files/{URI}','','',11,'bx_events',0),(35,'{TitleSubscribe}','paper-clip','','{ScriptSubscribe}','',7,'bx_events',0),(36,'{evalResult}','plus','{BaseUri}browse/my&bx_events_filter=add_event','','return ($GLOBALS[\'logged\'][\'member\'] && BxDolModule::getInstance(\'BxEventsModule\')->isAllowedAdd()) || $GLOBALS[\'logged\'][\'admin\'] ? _t(\'_bx_events_action_create_event\') : \'\';',1,'bx_events_title',0),(37,'{evalResult}','calendar','{BaseUri}browse/my','','return $GLOBALS[\'logged\'][\'member\'] || $GLOBALS[\'logged\'][\'admin\'] ? _t(\'_bx_events_action_my_events\') : \'\';',2,'bx_events_title',0),(40,'{evalResult}','exclamation-sign','','showPopupAnyHtml(\'{moduleUrl}report/{fileUri}\')','if ({iViewer}!=0)\r\nreturn _t(\'_bx_photos_action_report\');\r\nelse\r\nreturn null;',2,'bx_photos',0),(41,'{evalResult}','asterisk','','getHtmlData(\'ajaxy_popup_result_div_{ID}\', \'{moduleUrl}favorite/{ID}\', false, \'post\'); return false;','if ({iViewer}==0)\r\nreturn false;\r\n$sMessage = \'{favorited}\'==\'\' ? \'fave\':\'unfave\';\r\nreturn _t(\'_bx_photos_action_\' . $sMessage); ',3,'bx_photos',0),(42,'{evalResult}','edit','','oBxDolFiles.edit({ID})','$sTitle = _t(\'_Edit\');\r\nif ({Owner} == {iViewer})\r\nreturn $sTitle;\r\n$mixedCheck = BxDolService::call(\'photos\', \'check_action\', array(\'edit\',\'{ID}\'));\r\nif ($mixedCheck !== false)\r\nreturn $sTitle;\r\nelse\r\n return null;',5,'bx_photos',0),(43,'{evalResult}','remove','','getHtmlData(\'ajaxy_popup_result_div_{ID}\', \'{moduleUrl}delete/{ID}/{AlbumUri}/{OwnerName}\', false, \'post\', true); return false;','$sTitle = _t(\'_Delete\');\r\nif ({Owner} == {iViewer})\r\nreturn $sTitle;\r\n$mixedCheck = BxDolService::call(\'photos\', \'check_delete\', array({ID}));\r\nif ($mixedCheck !== false)\r\nreturn $sTitle;\r\nelse\r\nreturn null;',6,'bx_photos',0),(44,'{featuredCpt}','star-empty','','getHtmlData(\'ajaxy_popup_result_div_{ID}\', \'{moduleUrl}feature/{ID}/{featured}\', false, \'post\'); return false;','',7,'bx_photos',0),(45,'{evalResult}','plus','','showPopupAnyHtml(\'{BaseUri}upload\');','return (getLoggedId() && BxDolModule::getInstance(\'BxPhotosModule\')->isAllowedAdd()) ? _t(\'_sys_upload\') : \'\';',8,'bx_photos_title',0),(46,'{evalResult}','picture','{BaseUri}albums/my/main/','','return $GLOBALS[\'logged\'][\'member\'] || $GLOBALS[\'logged\'][\'admin\'] ? _t(\'_bx_photos_albums_my\') : \'\';',9,'bx_photos_title',0),(47,'{sbs_bx_photos_title}','paper-clip','','{sbs_bx_photos_script}','',7,'bx_photos',0),(48,'{sbs_feedback_title}','paper-clip','','{sbs_feedback_script}','',1,'bx_feedback',0),(49,'{del_feedback_title}','remove','','{del_feedback_script}','',2,'bx_feedback',0),(50,'{sbs_news_title}','paper-clip','','{sbs_news_script}','',1,'bx_news',0),(51,'{del_news_title}','remove','','{del_news_script}','',2,'bx_news',0),(52,'{share_news_title}','share','','{share_news_script}','',3,'bx_news',0),(53,'{evalResult}','plus','{BaseUri}&action=my&mode=add','','return (getLoggedId() && BxDolModule::getInstance(\'BxPollModule\')->isPollCreateAlowed()) ? _t(\'_bx_poll_add\') : \'\';',1,'bx_poll_title',1),(54,'_bx_poll_my','tasks','{evalResult}','','return isMember() ? \'{BaseUri}&action=my\' : null;',2,'bx_poll_title',1),(55,'_bx_poll_edit','edit','{evalResult}','','return isMember() ? BxDolService::call(\'poll\', \'edit_action_button\', array({ID}, {PollId})) : null;',1,'bx_poll',0),(56,'{del_poll_title}','remove','{del_poll_url}','{del_poll_script}','',2,'bx_poll',0),(57,'{TitleShare}','share','','showPopupAnyHtml (\'{BaseUri}share_popup/{PollId}\');','',3,'bx_poll',0),(58,'{sbs_poll_title}','paper-clip','','{sbs_poll_script}','',4,'bx_poll',0),(59,'_Simle Messenger','','','','return BxDolService::call(\'simple_messenger\', \'get_messenger_field\', array({ID}));',0,'Profile',0),(60,'{TitleEdit}','edit','{evalResult}','','$oConfig = $GLOBALS[\'oBxSitesModule\']->_oConfig; return  $oConfig->getBaseUri() . \'edit/{ID}\';',0,'bx_sites',0),(61,'{TitleDelete}','remove','','getHtmlData( \'ajaxy_popup_result_div_{ID}\', \'{evalResult}\', false, \'post\', true); return false;','$oConfig = $GLOBALS[\'oBxSitesModule\']->_oConfig; return  BX_DOL_URL_ROOT . $oConfig->getBaseUri() . \'delete/{ID}\';',1,'bx_sites',0),(62,'{TitleShare}','share','','bx_site_show_share_popup()','',2,'bx_sites',0),(63,'{AddToFeatured}','star-empty','','getHtmlData( \'ajaxy_popup_result_div_{ID}\', \'{evalResult}\');return false;','$oConfig = $GLOBALS[\'oBxSitesModule\']->_oConfig; return  BX_DOL_URL_ROOT . $oConfig->getBaseUri() . \'featured/{ID}\';',3,'bx_sites',0),(64,'{evalResult}','plus','{BaseUri}browse/my/add','','if (($GLOBALS[\'logged\'][\'member\'] || $GLOBALS[\'logged\'][\'admin\']) && {isAllowedAdd} == 1) return _t(\'_bx_sites_action_add_site\'); return;',1,'bx_sites_title',0),(65,'{evalResult}','link','{BaseUri}browse/my','','if ($GLOBALS[\'logged\'][\'member\'] || $GLOBALS[\'logged\'][\'admin\']) return _t(\'_bx_sites_action_my_sites\'); return;',2,'bx_sites_title',0),(66,'{sbs_sites_title}','paper-clip','','{sbs_sites_script}','',6,'bx_sites',0),(67,'_bx_ads_Add','plus','{evalResult}','','if ({only_menu} == 1)\r\n    if (getParam(\'permalinks_module_ads\') == \'on\') return \'ads/my_page/add/\';\r\n    else return \'modules/boonex/ads/classifieds.php?action=my_page&mode=add\';\r\nelse\r\n    return null;\r\n',1,'bx_ads',1),(68,'_bx_ads_My_Ads','money','{evalResult}','','if ({only_menu} == 1)\r\n    if (getParam(\'permalinks_module_ads\') == \'on\') return \'ads/my_page/\';\r\n    else return \'modules/boonex/ads/classifieds.php?action=my_page\';\r\nelse\r\n    return null;\r\n',2,'bx_ads',1),(69,'{evalResult}','shopping-cart','','document.forms[\'BuyNowForm\'].submit();','$bBnp = getParam(\'bx_ads_enable_paid\');\r\nif ({visitor_id} > 0 && {visitor_id} != {owner_id} && $bBnp==\'on\') {\r\nreturn _t(\'_bx_ads_Buy_Now\');\r\n}\r\nelse\r\nreturn null;',4,'bx_ads',0),(70,'{evalResult}','envelope','','document.forms[\'post_pm\'].submit();','if ({visitor_id} > 0 && {visitor_id} != {owner_id}) {\r\nreturn _t(\'_Send Message\');\r\n}\r\nelse\r\nreturn null;',5,'bx_ads',0),(71,'_Edit','edit','{evalResult}','','if (({visitor_id} > 0 && {visitor_id} == {owner_id}) || ({admin_mode}==true)) {\r\n    return (getParam(\'permalinks_module_ads\') == \'on\') ? \'ads/my_page/edit/{ads_id}\' : \'modules/boonex/ads/classifieds.php?action=my_page&mode=add&EditPostID={ads_id}\';\r\n} else return null;',6,'bx_ads',0),(72,'{evalResult}','remove','','iDelAdID = {ads_id}; if (confirm(\'{sure_label}\')) { $(\'#DeleteAdvertisementID\').val(iDelAdID);document.forms.command_delete_advertisement.submit(); }','$oModule = BxDolModule::getInstance(\'BxAdsModule\');\r\n if (({visitor_id} > 0 && {visitor_id} == {owner_id}) || ({admin_mode}==true) || $oModule->isAllowedDelete({owner_id})) {\r\nreturn _t(\'_Delete\');\r\n}\r\nelse\r\nreturn null;',7,'bx_ads',0),(73,'_bx_ads_RSS','rss','rss_factory.php?action=ads&pid={owner_id}','','',8,'bx_ads',0),(74,'{evalResult}','ok-circle','','$(\'#ActivateAdvertisementID\').val(\'{ads_id}\');document.forms.command_activate_advertisement.submit(); return false;','if ({admin_mode}==true && \'{ads_status}\'!=\'active\') {\r\nreturn _t(\'_bx_ads_Activate\');\r\n}\r\nelse\r\nreturn null;',9,'bx_ads',0),(75,'{evalResult}','star-empty','{ads_entry_url}&do=cfs','','$iAdsFeature = (int)\'{ads_featured}\';\r\nif ({admin_mode}==true) {\r\nreturn ($iAdsFeature==1) ? _t(\'_bx_ads_De-Feature_it\') : _t(\'_bx_ads_Feature_it\');\r\n}\r\nelse\r\nreturn null;',10,'bx_ads',0),(76,'{sbs_ads_title}','paper-clip','','{sbs_ads_script}','',11,'bx_ads',0),(77,'{TitleShare}','share','','showPopupAnyHtml (\'{BaseUri}share_popup/{ads_id}\');','',12,'bx_ads',0);

--
-- Table structure for table `sys_objects_auths`
--

CREATE TABLE `sys_objects_auths` (
  `ID` int(10) unsigned NOT NULL AUTO_INCREMENT,
  `Title` varchar(128) NOT NULL,
  `Link` varchar(255) NOT NULL,
  PRIMARY KEY (`ID`)
) ENGINE=MyISAM DEFAULT CHARSET=utf8;

--
-- Dumping data for table `sys_objects_auths`
--


--
-- Table structure for table `sys_objects_captcha`
--

CREATE TABLE `sys_objects_captcha` (
  `id` int(11) NOT NULL AUTO_INCREMENT,
  `object` varchar(32) NOT NULL,
  `title` varchar(255) NOT NULL,
  `override_class_name` varchar(255) NOT NULL,
  `override_class_file` varchar(255) NOT NULL,
  PRIMARY KEY (`id`)
) ENGINE=MyISAM AUTO_INCREMENT=2 DEFAULT CHARSET=utf8;

--
-- Dumping data for table `sys_objects_captcha`
--

INSERT INTO `sys_objects_captcha` VALUES (1,'sys_recaptcha','reCAPTCHA','BxTemplCaptchaReCAPTCHA','');

--
-- Table structure for table `sys_objects_categories`
--

CREATE TABLE `sys_objects_categories` (
  `ID` int(10) unsigned NOT NULL AUTO_INCREMENT,
  `ObjectName` varchar(50) NOT NULL,
  `Query` text NOT NULL,
  `PermalinkParam` varchar(50) NOT NULL DEFAULT '',
  `EnabledPermalink` varchar(100) NOT NULL DEFAULT '',
  `DisabledPermalink` varchar(100) NOT NULL DEFAULT '',
  `LangKey` varchar(100) NOT NULL DEFAULT '',
  PRIMARY KEY (`ID`)
) ENGINE=MyISAM AUTO_INCREMENT=6 DEFAULT CHARSET=utf8;

--
-- Dumping data for table `sys_objects_categories`
--

INSERT INTO `sys_objects_categories` VALUES (1,'bx_events','SELECT `Categories` FROM `bx_events_main` WHERE `ID` = {iID} AND `Status` = \'approved\'','bx_events_permalinks','m/events/browse/category/{tag}','modules/?r=events/browse/category/{tag}','_bx_events'),(2,'bx_photos','SELECT `Categories` FROM `bx_photos_main` WHERE `ID`  = {iID} AND `Status` = \'approved\'','bx_photos_permalinks','m/photos/browse/category/{tag}','modules/?r=photos/browse/category/{tag}','_bx_photos'),(3,'bx_news','SELECT `categories` FROM `bx_news_entries` WHERE `id`=\'{iID}\' AND `status`=\'0\'','permalinks_module_news','m/news/category/{tag}','modules/?r=news/category/{tag}','_news_lcaption_categories'),(4,'bx_poll','SELECT `poll_categories` FROM `bx_poll_data` WHERE `id_poll`  = {iID} AND `poll_approval` = 1 AND `poll_status` = \'active\'','bx_poll_permalinks','m/poll/?action=category&category={tag}','modules/?r=poll/&action=category&category={tag}','_bx_polls'),(5,'bx_sites','SELECT `categories` FROM `bx_sites_main` WHERE `id` = {iID} AND `status` = \'approved\'','bx_sites_permalinks','m/sites/browse/category/{tag}','modules/?r=sites/browse/category/{tag}','_bx_sites');

--
-- Table structure for table `sys_objects_charts`
--

CREATE TABLE `sys_objects_charts` (
  `id` int(11) NOT NULL AUTO_INCREMENT,
  `object` varchar(32) NOT NULL,
  `title` varchar(255) NOT NULL,
  `table` varchar(255) NOT NULL,
  `field_date_ts` varchar(255) NOT NULL,
  `field_date_dt` varchar(255) NOT NULL,
  `column_date` int(11) NOT NULL DEFAULT '0',
  `column_count` int(11) NOT NULL DEFAULT '1',
  `type` varchar(255) NOT NULL,
  `options` text NOT NULL,
  `query` text NOT NULL,
  `active` tinyint(4) NOT NULL DEFAULT '1',
  `order` int(11) NOT NULL,
  PRIMARY KEY (`id`),
  UNIQUE KEY `object` (`object`)
) ENGINE=MyISAM AUTO_INCREMENT=18 DEFAULT CHARSET=utf8;

--
-- Dumping data for table `sys_objects_charts`
--

INSERT INTO `sys_objects_charts` VALUES (1,'sys_profiles','_Members','Profiles','','DateReg',0,1,'','','',1,1),(2,'sys_subscribers','_Subscribers','sys_sbs_users','date','',0,1,'','','',1,2),(3,'sys_messages','_Messages','sys_messages','','Date',0,1,'','','',1,3),(4,'sys_greetings','_Greetings','sys_greetings','','When',0,1,'','','',1,4),(5,'sys_tags','_Tags','sys_tags','','Date',0,1,'','','',1,5),(6,'sys_categories','_Categories','sys_categories','','Date',0,1,'','','',1,6),(7,'sys_banners','_adm_bann_clicks_chart','sys_banners_clicks','Date','',0,1,'','','',1,7),(8,'bx_events','_bx_events','bx_events_main','Date','',0,1,'','','',1,8),(9,'bx_spy','_bx_spy_chart','bx_spy_data','','date',0,1,'','','',1,9),(10,'bx_wall','_bx_wall_chart','bx_wall_events','date','',0,1,'','','',1,10),(11,'bx_photos','_bx_photos','bx_photos_main','Date','',0,1,'','','',1,11),(12,'bx_feedback','_feedback_chart','bx_fdb_entries','date','',0,1,'','','',1,12),(13,'bx_news','_news_chart','bx_news_entries','when','',0,1,'','','',1,13),(14,'bx_poll','_bx_polls','bx_poll_data','poll_date','',0,1,'','','',1,14),(15,'bx_simple_messenger','_simple_messenger_chart','bx_simple_messenger_messages','','Date',0,1,'','','',1,15),(16,'bx_sites','_bx_sites','bx_sites_main','date','',0,1,'','','',1,16),(17,'bx_ads','_bx_ads_Ads','bx_ads_main','DateTime','',0,1,'','','',1,17);

--
-- Table structure for table `sys_objects_cmts`
--

CREATE TABLE `sys_objects_cmts` (
  `ID` int(10) unsigned NOT NULL AUTO_INCREMENT,
  `ObjectName` varchar(50) NOT NULL,
  `TableCmts` varchar(50) NOT NULL,
  `TableTrack` varchar(50) NOT NULL,
  `AllowTags` smallint(1) NOT NULL,
  `Nl2br` smallint(1) NOT NULL,
  `SecToEdit` smallint(6) NOT NULL,
  `PerView` smallint(6) NOT NULL,
  `IsRatable` smallint(1) NOT NULL,
  `ViewingThreshold` smallint(6) NOT NULL,
  `AnimationEffect` varchar(50) NOT NULL,
  `AnimationSpeed` smallint(6) NOT NULL,
  `IsOn` smallint(1) NOT NULL,
  `IsMood` smallint(1) NOT NULL,
  `RootStylePrefix` varchar(16) NOT NULL DEFAULT 'cmt',
  `TriggerTable` varchar(32) NOT NULL,
  `TriggerFieldId` varchar(32) NOT NULL,
  `TriggerFieldComments` varchar(32) NOT NULL,
  `ClassName` varchar(32) NOT NULL,
  `ClassFile` varchar(256) NOT NULL,
  PRIMARY KEY (`ID`)
) ENGINE=MyISAM AUTO_INCREMENT=11 DEFAULT CHARSET=utf8;

--
-- Dumping data for table `sys_objects_cmts`
--

INSERT INTO `sys_objects_cmts` VALUES (1,'profile','sys_cmts_profile','sys_cmts_track',0,1,90,5,1,-3,'none',0,1,0,'cmt','Profiles','ID','CommentsCount','BxDolCmtsProfile','inc/classes/BxDolCmtsProfile.php'),(2,'bx_events','bx_events_cmts','bx_events_cmts_track',0,1,90,5,1,-3,'none',0,1,0,'cmt','bx_events_main','ID','CommentsCount','BxEventsCmts','modules/boonex/events/classes/BxEventsCmts.php'),(3,'bx_wall','bx_wall_comments','bx_wall_comments_track',0,1,90,9999,1,-3,'none',0,1,0,'wcmt','','','','BxWallCmts','modules/boonex/wall/classes/BxWallCmts.php'),(4,'bx_photos','bx_photos_cmts','sys_cmts_track',0,1,90,20,1,-3,'none',0,1,0,'cmt','bx_photos_main','ID','CommentsCount','',''),(5,'bx_photos_albums','bx_photos_cmts_albums','sys_cmts_track',0,1,90,20,1,-3,'none',0,1,0,'cmt','','','','',''),(6,'bx_feedback','bx_fdb_comments','bx_fdb_comments_track',0,1,90,20,1,-3,'none',0,1,0,'cmt','bx_fdb_entries','id','cmts_count','BxFdbCmts','modules/boonex/feedback/classes/BxFdbCmts.php'),(7,'bx_news','bx_news_comments','bx_news_comments_track',0,1,90,10,1,-3,'none',0,1,0,'cmt','bx_news_entries','id','cmts_count','BxNewsCmts','modules/boonex/news/classes/BxNewsCmts.php'),(8,'bx_poll','bx_poll_cmts','bx_poll_cmts_track',0,1,90,5,1,-3,'none',0,1,0,'cmt','bx_poll_data','id_poll','poll_comments_count','',''),(9,'bx_sites','bx_sites_cmts','bx_sites_cmts_track',0,1,90,5,1,-3,'none',0,1,0,'cmt','bx_sites_main','id','commentsCount','BxSitesCmts','modules/boonex/sites/classes/BxSitesCmts.php'),(10,'ads','bx_ads_cmts','sys_cmts_track',0,1,90,5,1,-3,'none',0,1,0,'cmt','bx_ads_main','ID','CommentsCount','','');

--
-- Table structure for table `sys_objects_editor`
--

CREATE TABLE `sys_objects_editor` (
  `id` int(11) NOT NULL AUTO_INCREMENT,
  `object` varchar(32) NOT NULL,
  `title` varchar(255) NOT NULL,
  `skin` varchar(255) NOT NULL,
  `override_class_name` varchar(255) NOT NULL,
  `override_class_file` varchar(255) NOT NULL,
  PRIMARY KEY (`id`),
  UNIQUE KEY `object` (`object`)
) ENGINE=MyISAM AUTO_INCREMENT=2 DEFAULT CHARSET=utf8;

--
-- Dumping data for table `sys_objects_editor`
--

INSERT INTO `sys_objects_editor` VALUES (1,'sys_tinymce','TinyMCE','default','BxTemplEditorTinyMCE','');

--
-- Table structure for table `sys_objects_member_info`
--

CREATE TABLE `sys_objects_member_info` (
  `id` int(11) NOT NULL AUTO_INCREMENT,
  `object` varchar(32) NOT NULL,
  `title` varchar(255) NOT NULL,
  `type` varchar(32) NOT NULL,
  `override_class_name` varchar(255) NOT NULL,
  `override_class_file` varchar(255) NOT NULL,
  PRIMARY KEY (`id`)
) ENGINE=MyISAM AUTO_INCREMENT=23 DEFAULT CHARSET=utf8;

--
-- Dumping data for table `sys_objects_member_info`
--

INSERT INTO `sys_objects_member_info` VALUES (1,'sys_username','_sys_member_info_username','name','',''),(2,'sys_first_name','_sys_member_info_first_name','name','',''),(3,'sys_first_name_last_name','_sys_member_info_first_name_last_name','name','',''),(4,'sys_last_name_firs_name','_sys_member_info_last_name_firs_name','name','',''),(5,'sys_headline','_sys_member_info_headline','info','',''),(6,'sys_status_message','_sys_member_info_status_message','info','',''),(7,'sys_age_sex','_sys_member_info_age_sex','info','',''),(8,'sys_location','_sys_member_info_location','info','',''),(9,'sys_avatar','_sys_member_thumb_avatar','thumb','',''),(10,'sys_avatar_icon','_sys_member_thumb_icon_avatar','thumb_icon','',''),(11,'sys_username','_sys_member_info_username','name','',''),(12,'sys_first_name','_sys_member_info_first_name','name','',''),(13,'sys_first_name_last_name','_sys_member_info_first_name_last_name','name','',''),(14,'sys_last_name_firs_name','_sys_member_info_last_name_firs_name','name','',''),(15,'sys_headline','_sys_member_info_headline','info','',''),(16,'sys_status_message','_sys_member_info_status_message','info','',''),(17,'sys_age_sex','_sys_member_info_age_sex','info','',''),(18,'sys_location','_sys_member_info_location','info','',''),(19,'sys_avatar','_sys_member_thumb_avatar','thumb','',''),(20,'sys_avatar_icon','_sys_member_thumb_icon_avatar','thumb_icon','',''),(21,'bx_photos_thumb','_bx_photos_member_info_profile_photo','thumb','BxPhotosMemberInfo','modules/boonex/photos/classes/BxPhotosMemberInfo.php'),(22,'bx_photos_icon','_bx_photos_member_info_profile_photo_icon','thumb_icon','BxPhotosMemberInfo','modules/boonex/photos/classes/BxPhotosMemberInfo.php');

--
-- Table structure for table `sys_objects_search`
--

CREATE TABLE `sys_objects_search` (
  `ID` int(10) unsigned NOT NULL AUTO_INCREMENT,
  `ObjectName` varchar(50) NOT NULL DEFAULT '',
  `Title` varchar(50) NOT NULL DEFAULT '',
  `ClassName` varchar(50) NOT NULL DEFAULT '',
  `ClassPath` varchar(100) NOT NULL DEFAULT '',
  PRIMARY KEY (`ID`)
) ENGINE=MyISAM AUTO_INCREMENT=11 DEFAULT CHARSET=utf8;

--
-- Dumping data for table `sys_objects_search`
--

INSERT INTO `sys_objects_search` VALUES (3,'profile','_Profiles','BxTemplSearchProfile','templates/tmpl_{tmpl}/scripts/BxTemplSearchProfile.php'),(4,'bx_events','_bx_events','BxEventsSearchResult','modules/boonex/events/classes/BxEventsSearchResult.php'),(5,'bx_photos','_bx_photos','BxPhotosSearch','modules/boonex/photos/classes/BxPhotosSearch.php'),(6,'bx_feedback','_feedback_lcaption_search_object','BxFdbSearchResult','modules/boonex/feedback/classes/BxFdbSearchResult.php'),(7,'bx_news','_news_lcaption_search_object','BxNewsSearchResult','modules/boonex/news/classes/BxNewsSearchResult.php'),(8,'poll','_bx_polls','BxPollSearch','modules/boonex/poll/classes/BxPollSearch.php'),(9,'bx_sites','_bx_sites','BxSitesSearchResult','modules/boonex/sites/classes/BxSitesSearchResult.php'),(10,'bx_ads','_bx_ads_Ads','BxAdsSearchUnit','modules/boonex/ads/classes/BxAdsSearchUnit.php');

--
-- Table structure for table `sys_objects_site_maps`
--

CREATE TABLE `sys_objects_site_maps` (
  `id` int(11) NOT NULL AUTO_INCREMENT,
  `object` varchar(32) NOT NULL,
  `title` varchar(255) NOT NULL,
  `priority` varchar(5) NOT NULL DEFAULT '0.6',
  `changefreq` enum('always','hourly','daily','weekly','monthly','yearly','never','auto') NOT NULL DEFAULT 'auto',
  `class_name` varchar(255) NOT NULL,
  `class_file` varchar(255) NOT NULL,
  `order` tinyint(4) NOT NULL,
  `active` tinyint(4) NOT NULL,
  PRIMARY KEY (`id`),
  UNIQUE KEY `object` (`object`)
) ENGINE=MyISAM AUTO_INCREMENT=13 DEFAULT CHARSET=utf8;

--
-- Dumping data for table `sys_objects_site_maps`
--

INSERT INTO `sys_objects_site_maps` VALUES (1,'system','_sys_sitemap_system','0.6','weekly','BxDolSiteMapsSystem','',1,1),(2,'profiles','_sys_sitemap_profiles','0.8','daily','BxDolSiteMapsProfiles','',2,1),(3,'profiles_info','_sys_sitemap_profiles_info','0.8','daily','BxDolSiteMapsProfilesInfo','',3,1),(4,'pages','_sys_sitemap_pages','0.8','weekly','BxDolSiteMapsPages','',4,1),(5,'bx_events','_bx_events','0.8','auto','BxEventsSiteMaps','modules/boonex/events/classes/BxEventsSiteMaps.php',5,1),(6,'bx_photos','_bx_photos','0.8','auto','BxPhotosSiteMapsPhotos','modules/boonex/photos/classes/BxPhotosSiteMapsPhotos.php',6,1),(7,'bx_photos_albums','_bx_photos_albums','0.8','auto','BxPhotosSiteMapsAlbums','modules/boonex/photos/classes/BxPhotosSiteMapsAlbums.php',7,1),(8,'bx_feedback','_feedback_sitemap','0.8','auto','BxFdbSiteMaps','modules/boonex/feedback/classes/BxFdbSiteMaps.php',8,1),(9,'bx_news','_news_sitemap','0.8','auto','BxNewsSiteMaps','modules/boonex/news/classes/BxNewsSiteMaps.php',9,1),(10,'bx_poll','_bx_polls','0.8','auto','BxPollSiteMaps','modules/boonex/poll/classes/BxPollSiteMaps.php',10,1),(11,'bx_sites','_bx_sites','0.8','auto','BxSitesSiteMaps','modules/boonex/sites/classes/BxSitesSiteMaps.php',11,1),(12,'bx_ads','_bx_ads_Ads','0.8','auto','BxAdsSiteMaps','modules/boonex/ads/classes/BxAdsSiteMaps.php',12,1);

--
-- Table structure for table `sys_objects_social_sharing`
--

CREATE TABLE `sys_objects_social_sharing` (
  `id` int(11) NOT NULL AUTO_INCREMENT,
  `object` varchar(32) NOT NULL,
  `content` text NOT NULL,
  `order` int(11) NOT NULL,
  `active` tinyint(4) NOT NULL,
  PRIMARY KEY (`id`)
) ENGINE=MyISAM AUTO_INCREMENT=5 DEFAULT CHARSET=utf8;

--
-- Dumping data for table `sys_objects_social_sharing`
--

INSERT INTO `sys_objects_social_sharing` VALUES (1,'facebook','<iframe src=\"//www.facebook.com/plugins/like.php?href={url_encoded}&amp;send=false&amp;layout=button_count&amp;width=450&amp;show_faces=false&amp;action=like&amp;colorscheme=light&amp;font&amp;height=21&amp;locale={locale}\" scrolling=\"no\" frameborder=\"0\" style=\"border:none; overflow:hidden; width:100%; height:21px;\" allowTransparency=\"true\"></iframe>',1,1),(2,'googleplus','<div style=\"height:21px;\">\r\n<div class=\"g-plusone\" data-size=\"medium\" data-href=\"{url}\"></div>\r\n<script type=\"text/javascript\">\r\n  window.___gcfg = {lang: \'{lang}\'};\r\n  (function() {\r\n    var po = document.createElement(\'script\'); po.type = \'text/javascript\'; po.async = true;\r\n    po.src = \'https://apis.google.com/js/plusone.js\';\r\n    var s = document.getElementsByTagName(\'script\')[0]; s.parentNode.insertBefore(po, s);\r\n  })();\r\n</script>\r\n</div>',2,1),(3,'twitter','<iframe allowtransparency=\"true\" frameborder=\"0\" scrolling=\"no\" src=\"//platform.twitter.com/widgets/tweet_button.html?url={url_encoded}&amp;text={title_encoded}&amp;size=medium&amp;count=horizontal&amp;lang={lang}\" style=\"width:100%;height:21px;\"></iframe>',3,1),(4,'pinterest','<a href=\"http://pinterest.com/pin/create/button/?url={url_encoded}&media={img_url_encoded}&description={title_encoded}\" class=\"pin-it-button\" count-layout=\"horizontal\"><img border=\"0\" src=\"//assets.pinterest.com/images/PinExt.png\" title=\"Pin It\" /></a>\r\n\r\n<script type=\"text/javascript\" src=\"//assets.pinterest.com/js/pinit.js\"></script>',4,1);

--
-- Table structure for table `sys_objects_tag`
--

CREATE TABLE `sys_objects_tag` (
  `ID` int(10) unsigned NOT NULL AUTO_INCREMENT,
  `ObjectName` varchar(50) NOT NULL,
  `Query` text NOT NULL,
  `PermalinkParam` varchar(50) NOT NULL DEFAULT '',
  `EnabledPermalink` varchar(100) NOT NULL DEFAULT '',
  `DisabledPermalink` varchar(100) NOT NULL DEFAULT '',
  `LangKey` varchar(100) NOT NULL DEFAULT '',
  PRIMARY KEY (`ID`)
) ENGINE=MyISAM AUTO_INCREMENT=9 DEFAULT CHARSET=utf8;

--
-- Dumping data for table `sys_objects_tag`
--

INSERT INTO `sys_objects_tag` VALUES (1,'profile','SELECT `Tags` FROM `Profiles` WHERE `ID` = {iID} AND `Status` = \'Active\'','enable_modrewrite','search/tag/{tag}','search.php?Tags={tag}','_Profiles'),(2,'bx_events','SELECT `Tags` FROM `bx_events_main` WHERE `ID` = {iID} AND `Status` = \'approved\'','bx_events_permalinks','m/events/browse/tag/{tag}','modules/?r=events/browse/tag/{tag}','_bx_events'),(3,'bx_photos','SELECT `Tags` FROM `bx_photos_main` WHERE `ID` = {iID} AND `Status` = \'approved\'','bx_photos_permalinks','m/photos/browse/tag/{tag}','modules/?r=photos/browse/tag/{tag}','_bx_photos'),(4,'bx_feedback','SELECT `tags` FROM `bx_fdb_entries` WHERE `id`={iID} AND `status`=0','permalinks_module_feedback','m/feedback/tags/{tag}','modules/?r=feedback/tags/{tag}','_feedback_lcaption_tags_object'),(5,'bx_news','SELECT `tags` FROM `bx_news_entries` WHERE `id`={iID} AND `status`=0','permalinks_module_news','m/news/tag/{tag}','modules/?r=news/tag/{tag}','_news_lcaption_tags'),(6,'bx_poll','SELECT `poll_tags` FROM `bx_poll_data` WHERE `id_poll` = {iID} AND `poll_approval` = 1 AND `poll_status` = \'active\' ','bx_poll_permalinks','m/poll/tag/{tag}','modules/?r=poll/tag/{tag}','_bx_polls'),(7,'bx_sites','SELECT `tags` FROM `bx_sites_main` WHERE `id` = {iID} AND `status` = \'approved\'','bx_sites_permalinks','m/sites/browse/tag/{tag}','modules/?r=sites/browse/tag/{tag}','_bx_sites'),(8,'ad','SELECT `Tags` FROM `bx_ads_main` WHERE `ID` = {iID} AND `status` = \'active\'','permalinks_module_ads','ads/tag/{tag}','modules/boonex/ads/classifieds_tags.php?tag={tag}','_bx_ads_Ads');

--
-- Table structure for table `sys_objects_views`
--

CREATE TABLE `sys_objects_views` (
  `id` int(11) NOT NULL AUTO_INCREMENT,
  `name` varchar(32) NOT NULL,
  `table_track` varchar(32) NOT NULL,
  `period` int(11) NOT NULL DEFAULT '86400',
  `trigger_table` varchar(32) NOT NULL,
  `trigger_field_id` varchar(32) NOT NULL,
  `trigger_field_views` varchar(32) NOT NULL,
  `is_on` tinyint(4) NOT NULL DEFAULT '1',
  PRIMARY KEY (`id`)
) ENGINE=MyISAM AUTO_INCREMENT=7 DEFAULT CHARSET=utf8;

--
-- Dumping data for table `sys_objects_views`
--

INSERT INTO `sys_objects_views` VALUES (1,'profiles','sys_profile_views_track',86400,'Profiles','ID','Views',1),(2,'bx_events','bx_events_views_track',86400,'bx_events_main','ID','Views',1),(3,'bx_photos','bx_photos_views_track',86400,'bx_photos_main','ID','Views',1),(4,'bx_news','bx_news_views_track',86400,'bx_news_entries','id','view_count',1),(5,'bx_sites','bx_sites_views_track',86400,'bx_sites_main','id','views',1),(6,'ads','bx_ads_views_track',86400,'bx_ads_main','ID','Views',1);

--
-- Table structure for table `sys_objects_vote`
--

CREATE TABLE `sys_objects_vote` (
  `ID` int(10) unsigned NOT NULL AUTO_INCREMENT,
  `ObjectName` varchar(50) NOT NULL,
  `TableRating` varchar(50) NOT NULL,
  `TableTrack` varchar(50) NOT NULL,
  `RowPrefix` varchar(20) NOT NULL,
  `MaxVotes` smallint(2) NOT NULL,
  `PostName` varchar(50) NOT NULL,
  `IsDuplicate` varchar(80) NOT NULL,
  `IsOn` smallint(1) NOT NULL,
  `className` varchar(50) NOT NULL DEFAULT '',
  `classFile` varchar(100) NOT NULL DEFAULT '',
  `TriggerTable` varchar(32) NOT NULL,
  `TriggerFieldRate` varchar(32) NOT NULL,
  `TriggerFieldRateCount` varchar(32) NOT NULL,
  `TriggerFieldId` varchar(32) NOT NULL,
  `OverrideClassName` varchar(32) NOT NULL,
  `OverrideClassFile` varchar(256) NOT NULL,
  PRIMARY KEY (`ID`)
) ENGINE=MyISAM AUTO_INCREMENT=9 DEFAULT CHARSET=utf8;

--
-- Dumping data for table `sys_objects_vote`
--

INSERT INTO `sys_objects_vote` VALUES (1,'profile','sys_profile_rating','sys_profile_voting_track','pr_',5,'vote_send_result','BX_PERIOD_PER_VOTE',1,'','','Profiles','Rate','RateCount','ID','',''),(2,'bx_events','bx_events_rating','bx_events_rating_track','gal_',5,'vote_send_result','BX_PERIOD_PER_VOTE',1,'','','bx_events_main','Rate','RateCount','ID','BxEventsVoting','modules/boonex/events/classes/BxEventsVoting.php'),(3,'bx_photos','bx_photos_rating','bx_photos_voting_track','gal_',5,'vote_send_result','BX_PERIOD_PER_VOTE',1,'BxPhotosRate','modules/boonex/photos/classes/BxPhotosRate.php','bx_photos_main','Rate','RateCount','ID','',''),(4,'bx_feedback','bx_fdb_voting','bx_fdb_voting_track','fdb_',5,'vote_send_result','BX_PERIOD_PER_VOTE',1,'','','bx_fdb_entries','rate','rate_count','id','BxFdbVoting','modules/boonex/feedback/classes/BxFdbVoting.php'),(5,'bx_news','bx_news_voting','bx_news_voting_track','news_',5,'vote_send_result','BX_PERIOD_PER_VOTE',1,'','','bx_news_entries','rate','rate_count','id','BxNewsVoting','modules/boonex/news/classes/BxNewsVoting.php'),(6,'bx_poll','bx_poll_rating','bx_poll_voting_track','',5,'vote_send_result','BX_PERIOD_PER_VOTE',1,'','','bx_poll_data','poll_rate','poll_rate_count','id_poll','',''),(7,'bx_sites','bx_sites_rating','bx_sites_rating_track','sites_',5,'vote_send_result','BX_PERIOD_PER_VOTE',1,'','','bx_sites_main','rate','rateCount','id','BxSitesVoting','modules/boonex/sites/classes/BxSitesVoting.php'),(8,'ads','bx_ads_rating','bx_ads_voting_track','ads_',5,'vote_send_result','BX_PERIOD_PER_VOTE',1,'','','bx_ads_main','Rate','RateCount','ID','','');

--
-- Table structure for table `sys_options`
--

CREATE TABLE `sys_options` (
  `Name` varchar(64) NOT NULL DEFAULT '',
  `VALUE` mediumtext NOT NULL,
  `kateg` int(6) unsigned NOT NULL DEFAULT '0',
  `desc` varchar(255) NOT NULL DEFAULT '',
  `Type` enum('digit','text','checkbox','select','select_multiple','file','list') NOT NULL DEFAULT 'digit',
  `check` text NOT NULL,
  `err_text` varchar(255) NOT NULL DEFAULT '',
  `order_in_kateg` float DEFAULT NULL,
  `AvailableValues` text NOT NULL,
  PRIMARY KEY (`Name`),
  KEY `kateg` (`kateg`)
) ENGINE=MyISAM DEFAULT CHARSET=utf8;

--
-- Dumping data for table `sys_options`
--



--
-- Table structure for table `sys_options_cats`
--

CREATE TABLE `sys_options_cats` (
  `ID` int(6) unsigned NOT NULL AUTO_INCREMENT,
  `name` varchar(50) NOT NULL DEFAULT '',
  `menu_order` float DEFAULT NULL,
  PRIMARY KEY (`ID`)
) ENGINE=MyISAM AUTO_INCREMENT=113 DEFAULT CHARSET=utf8;

--
-- Dumping data for table `sys_options_cats`
--

INSERT INTO `sys_options_cats` VALUES (1,'Profiles',1),(3,'General',3),(4,'Massmailer',4),(5,'Memberships',5),(6,'Moderation',6),(7,'Site',7),(9,'Privacy Groups',9),(11,'Pruning',11),(12,'Matches',12),(13,'Template',13),(14,'Security',14),(16,'Watermark',16),(21,'Languages',21),(22,'IP Block List',22),(23,'Antispam',23),(24,'Caching',24),(25,'Tags Settings',25),(26,'Permalinks',26),(27,'Categories Settings',27),(100,'ZIP Code Search',28),(102,'Events',30),(103,'Spy',31),(104,'Timeline',32),(105,'Photos',NULL),(106,'Feedback',33),(107,'News',34),(108,'Polls',35),(109,'Simple Messenger',36),(110,'Sites',37),(111,'Ads',38);

--
-- Table structure for table `sys_page_compose`
--

CREATE TABLE `sys_page_compose` (
  `ID` int(11) unsigned NOT NULL AUTO_INCREMENT,
  `Page` varchar(255) NOT NULL DEFAULT '',
  `PageWidth` varchar(10) NOT NULL DEFAULT '1140px',
  `Desc` text NOT NULL,
  `Caption` varchar(255) NOT NULL DEFAULT '',
  `Column` tinyint(3) unsigned NOT NULL DEFAULT '0',
  `Order` smallint(6) unsigned NOT NULL DEFAULT '0',
  `Func` varchar(255) NOT NULL DEFAULT '',
  `Content` text NOT NULL,
  `DesignBox` tinyint(3) unsigned NOT NULL DEFAULT '1',
  `ColWidth` float unsigned NOT NULL DEFAULT '0',
  `Visible` set('non','memb') NOT NULL DEFAULT 'non,memb',
  `MinWidth` int(10) unsigned NOT NULL DEFAULT '0',
  `Cache` int(11) NOT NULL DEFAULT '0',
  PRIMARY KEY (`ID`)
) ENGINE=MyISAM AUTO_INCREMENT=237 DEFAULT CHARSET=utf8;

--
-- Dumping data for table `sys_page_compose`
--

INSERT INTO `sys_page_compose` VALUES (1,'','1240','RSS Feed','_RSS Feed',0,0,'Sample','RSS',1,0,'non,memb',0,0),(2,'','1240','Simple HTML Block','_HTML Block',0,0,'Sample','Echo',11,0,'non,memb',0,0),(3,'index','1120px','Shows statistic information about your site content','_Site Stats',0,0,'SiteStats','',1,21.7,'non,memb',0,3600),(4,'index','1120px','Display form to subscribe to newsletters','_Subscribe_block_caption',0,0,'Subscribe','',1,24.4,'non,memb',0,0),(5,'index','1120px','Quick search form','_Quick Search',0,0,'QuickSearch','',1,50,'memb',0,0),(6,'index','1120px','List of featured profiles','_featured members',0,0,'Featured','',1,71.9,'non,memb',0,0),(7,'index','1120px','Site Tags','_Tags',0,0,'Tags','',1,71.9,'non,memb',0,0),(8,'index','1120px','Site Categories','_Categories',0,0,'Categories','',1,71.9,'non,memb',0,0),(9,'index','1120px','List of profiles','_Members',0,0,'Members','',1,24.4,'non,memb',0,0),(10,'index','1120px','Shows Login Form','_Member Login',2,0,'LoginSection','',1,50,'non',0,86400),(11,'index','1120px','','_BoonEx News',0,0,'RSS','http://www.boonex.com/notes/featured_posts/?rss=1#4',1,71.9,'non,memb',0,86400),(12,'index','1120px','Download','_sys_box_title_download',0,0,'Download','',1,28.1,'non,memb',0,86400),(13,'member','1240px','Quick Links','_Quick Links',1,0,'QuickLinks','',1,22.4,'memb',0,0),(14,'member','1240px','Friend Requests','_sys_bcpt_member_friend_requests',1,1,'FriendRequests','',1,22.4,'memb',0,0),(15,'member','1240px','New Messages','_sys_bcpt_member_new_messages',1,2,'NewMessages','',1,22.4,'memb',0,0),(16,'member','1240px','Account Control','_sys_bcpt_member_account_control',1,3,'AccountControl','',1,22.4,'memb',0,0),(17,'member','1240px','Member Friends','_My Friends',3,1,'Friends','',1,23.3,'memb',0,0),(18,'profile','1240px','Profile actions','_Actions',1,2,'ActionsMenu','',1,25.1,'non,memb',0,0),(19,'profile','1240px','Friend request notification','_FriendRequest',1,3,'FriendRequest','',1,25.1,'memb',0,0),(20,'profile','1240px','Profile description block','_Description',1,1,'Description','',1,25.1,'non,memb',0,0),(21,'profile','1240px','Profile Fields Block','_FieldCaption_Admin Controls_View',1,4,'PFBlock','21',1,25.1,'non,memb',0,0),(22,'profile','1240px','Profile Fields Block','_FieldCaption_GeneralInfo_View',1,5,'PFBlock','17',1,25.1,'non,memb',0,0),(23,'profile','1240px','Profile rating form','_rate profile',1,6,'RateProfile','',1,25.1,'non,memb',0,0),(24,'profile','1240px','Member friends list','_Friends',0,0,'Friends','',1,71.9,'non,memb',0,0),(25,'profile','1240px','Mutual friends of viewing and viewed members','_Mutual Friends',0,0,'MutualFriends','',1,71.9,'non,memb',0,0),(26,'profile','1240px','Comments on member profile','_profile_comments',0,0,'Cmts','',1,71.9,'non,memb',0,0),(27,'profile','1240px','Profile Fields Block','_FieldCaption_AboutYou_View',0,0,'PFBlock','20',1,71.9,'non,memb',0,0),(28,'profile_info','1240px','','_FieldCaption_General Info_View',1,0,'GeneralInfo','',1,100,'non,memb',0,0),(29,'profile_info','1240px','','_Additional information',1,2,'AdditionalInfo','',1,100,'non,memb',0,0),(30,'profile_info','1240px','Profile\'s description','_Description',1,1,'Description','',1,100,'non,memb',0,0),(31,'friends','1240px','','_Member Friends',1,1,'Friends','',1,71.9,'non,memb',0,0),(32,'friends','1240px','','_Member Friends Requests',2,1,'FriendsRequests','',1,28.1,'memb',0,0),(33,'friends','1240px','','_Member Friends Mutual',2,2,'FriendsMutual','',1,28.1,'memb',0,0),(34,'browse_page','1240px','','_Browse',2,0,'SettingsBlock','',0,28.1,'non,memb',0,0),(35,'browse_page','1240px','','_People',1,0,'SearchedMembersBlock','',1,71.9,'non,memb',0,0),(36,'mail_page','1240px','','_Mail box',1,0,'MailBox','',1,71.9,'non,memb',0,0),(37,'mail_page','1240px','','_My contacts',2,0,'Contacts','',1,28.1,'non,memb',0,0),(38,'mail_page_view','1240px','','_Mail box',1,0,'ViewMessage','',1,71.9,'non,memb',0,0),(39,'mail_page_view','1240px','','_Archive',2,0,'Archives','',1,28.1,'non,memb',0,0),(40,'mail_page_compose','1240px','','_COMPOSE_H',1,0,'ComposeMessage','',1,71.9,'non,memb',0,0),(41,'mail_page_compose','1240px','','_My contacts',2,0,'Contacts','',1,28.1,'non,memb',0,0),(42,'search','1240px','Search Results','_Search result',1,0,'Results','',1,71.9,'non,memb',0,0),(43,'search','1240px','Search Form','_Search profiles',2,0,'SearchForm','',1,28.1,'non,memb',0,0),(44,'search_home','1240px','Keyword Search','_sys_box_title_search_keyword',1,0,'Keyword','',1,56.1,'non,memb',0,86400),(45,'search_home','1240px','People Search','_sys_box_title_search_people',2,0,'People','',1,43.9,'non,memb',0,0),(46,'join','1240px','Join Form Block','_Join now',2,0,'JoinForm','',1,68.9,'non',413,0),(47,'join','1240px','Login Form Block','_Login',1,1,'LoginSection','no_join_text',1,31.1,'non',250,86400),(48,'communicator_page','1240px','','_sys_cnts_bcpt_connections',1,1,'Connections','',1,71.9,'memb',0,0),(49,'communicator_page','1240px','','_sys_cnts_bcpt_friend_requests',2,1,'FriendRequests','',1,28.1,'memb',0,0),(50,'tags_home','1240px','Recent Tags','_tags_recent',1,0,'Recent','',1,28.1,'non,memb',0,0),(51,'tags_home','1240px','Popular Tags','_popular_tags',2,0,'Popular','',1,71.9,'non,memb',0,0),(52,'tags_calendar','1240px','Calendar','_tags_calendar',1,0,'Calendar','',1,100,'non,memb',0,0),(53,'tags_calendar','1240px','Date Tags','_Tags',1,1,'TagsDate','',1,100,'non,memb',0,0),(54,'tags_search','1240px','Search Form','_tags_search_form',1,0,'Form','',1,100,'non,memb',0,86400),(55,'tags_search','1240px','Founded Tags','_tags_founded_tags',1,1,'Founded','',1,100,'non,memb',0,0),(56,'tags_module','1240px','Recent Tags','_tags_recent',1,0,'Recent','',1,28.1,'non,memb',0,0),(57,'tags_module','1240px','All Tags','_all_tags',2,0,'All','',1,71.9,'non,memb',0,0),(58,'categ_calendar','1240px','Calendar','_categ_caption_calendar',1,0,'Calendar','',1,100,'non,memb',0,0),(59,'categ_calendar','1240px','Categories By Day','_categ_caption_day',1,1,'CategoriesDate','',1,100,'non,memb',0,0),(60,'categ_search','1240','Search Form','_categ_caption_search_form',1,0,'Form','',1,100,'non,memb',0,86400),(61,'categ_search','1240','Founded Categories','_categ_caption_founded',1,1,'Founded','',1,100,'non,memb',0,0),(62,'categ_module','1240','Common Categories','_categ_caption_common',1,0,'Common','',1,28.1,'non,memb',0,0),(63,'categ_module','1240','All Categories','_categ_caption_all',2,0,'All','',1,71.9,'non,memb',0,0),(64,'pedit','1240px','Profile fields','_edit_profile_info',1,1,'Info','',1,71.9,'memb',0,0),(65,'pedit','1240px','Profile privacy','_edit_profile_privacy',2,1,'Privacy','',1,28.1,'memb',0,0),(66,'pedit','1240px','Profile membership','_edit_profile_membership',2,2,'Membership','',1,28.1,'memb',0,0),(67,'profile_private','1240px','Actions that other members can do','_Actions',1,0,'ActionsMenu','',1,28.1,'non,memb',0,0),(68,'profile_private','1240px','Some text to explain why this profile can not be viewed. Translation for this block is stored in \'_sys_profile_private_text\' language key.','_sys_profile_private_text_title',2,0,'PrivacyExplain','',1,71.9,'non,memb',0,0),(235,'index','1140px','Simple HTML Block','_HTML Block',1,1,'Echo','<p>Before you sign up we would like you to share your local, national, and international resources to share with other members? </p>\n<p></p>\n<div class=\"home_share_btn\"><a href=\"https://www.persisters.com/resources\">Share Resources</a></div>',11,50,'non',0,0),(234,'index','1140px','Join Form Block','_Join now',2,1,'JoinForm','',1,50,'non',0,0),(72,'bx_events_view','1241px','Event\'s info block','_bx_events_block_info',2,0,'Info','',1,28.1,'non,memb',0,0),(73,'bx_events_view','1241px','Event\'s actions block','_bx_events_block_actions',2,1,'Actions','',1,28.1,'non,memb',0,0),(74,'bx_events_view','1241px','Event\'s rate block','_bx_events_block_rate',2,2,'Rate','',1,28.1,'non,memb',0,0),(75,'bx_events_view','1241px','Event\'s social sharing block','_sys_block_title_social_sharing',2,3,'SocialSharing','',1,28.1,'non,memb',0,0),(76,'bx_events_view','1241px','Event\'s files block','_bx_events_block_files',2,4,'Files','',1,28.1,'non,memb',0,0),(77,'bx_events_view','1241px','Event\'s participants block','_bx_events_block_participants',2,5,'Participants','',1,28.1,'non,memb',0,0),(78,'bx_events_view','1241px','Event\'s unconfirmed participants block','_bx_events_block_participants_unconfirmed',2,6,'ParticipantsUnconfirmed','',1,28.1,'non,memb',0,0),(79,'bx_events_view','1241px','Event\'s Location','_Location',2,7,'PHP','return BxDolService::call(\'wmap\', \'location_block\', array(\'events\', $this->aDataEntry[$this->_oDb->_sFieldId]));',1,28.1,'non,memb',0,0),(80,'bx_events_view','1241px','Event\'s description block','_bx_events_block_desc',1,0,'Desc','',1,71.9,'non,memb',0,0),(81,'bx_events_view','1241px','Event\'s photos block','_bx_events_block_photos',1,1,'Photos','',1,71.9,'non,memb',0,0),(82,'bx_events_view','1241px','Event\'s videos block','_bx_events_block_videos',1,2,'Videos','',1,71.9,'non,memb',0,0),(83,'bx_events_view','1241px','Event\'s sounds block','_bx_events_block_sounds',1,3,'Sounds','',1,71.9,'non,memb',0,0),(84,'bx_events_view','1241px','Event\'s comments block','_bx_events_block_comments',1,4,'Comments','',1,71.9,'non,memb',0,0),(85,'bx_events_view','1241px','Event\'s forum feed','_sys_block_title_forum_feed',1,5,'ForumFeed','',1,71.9,'non,memb',0,0),(86,'bx_events_main','1242px','Upcoming Events Photo','_bx_events_block_upcoming_photo',1,0,'UpcomingPhoto','',1,33.9,'non,memb',0,0),(87,'bx_events_main','1242px','Upcoming Events List','_bx_events_block_upcoming_list',1,1,'UpcomingList','',1,33.9,'non,memb',0,0),(88,'bx_events_main','1242px','Map','_Map',1,2,'PHP','return BxDolService::call(\'wmap\', \'homepage_part_block\', array (\'events\'));',1,33.9,'non,memb',0,0),(89,'bx_events_main','1242px','Calendar','_bx_events_block_calendar',2,0,'Calendar','',1,66.1,'non,memb',0,0),(90,'bx_events_main','1242px','Past Events','_bx_events_block_past_list',0,0,'PastList','',1,71.9,'non,memb',0,0),(91,'bx_events_main','1242px','Recently Added Events','_bx_events_block_recently_added_list',0,0,'RecentlyAddedList','',1,71.9,'non,memb',0,0),(92,'bx_events_my','1244px','Administration','_bx_events_block_administration',1,0,'Owner','',1,100,'non,memb',0,0),(93,'bx_events_my','1244px','User\'s events','_bx_events_block_user_events',1,1,'Browse','',0,100,'non,memb',0,0),(94,'index','1120px','Events','_bx_events_block_home',0,0,'PHP','bx_import(\'BxDolService\'); return BxDolService::call(\'events\', \'homepage_block\');',1,71.9,'non,memb',0,0),(95,'profile','1240px','User Events','_bx_events_block_my_events',0,0,'PHP','bx_import(\'BxDolService\'); return BxDolService::call(\'events\', \'profile_block\', array($this->oProfileGen->_iProfileID));',1,71.9,'non,memb',0,0),(96,'profile','1240px','Joined Events','_bx_events_block_joined_events',0,0,'PHP','bx_import(\'BxDolService\'); return BxDolService::call(\'events\', \'profile_block_joined\', array($this->oProfileGen->_iProfileID));',1,71.9,'non,memb',0,0),(97,'member','1240px','Joined Events','_bx_events_block_joined_events',0,0,'PHP','bx_import(\'BxDolService\'); return BxDolService::call(\'events\', \'profile_block_joined\', array($this->oProfileGen->_iProfileID));',1,71.9,'non,memb',0,0),(98,'index','1120px','Spy General','_bx_spy',0,0,'PHP','return BxDolService::call(\'spy\', \'get_spy_block\');',1,28.1,'non,memb',0,0),(99,'member','1240px','Spy Personal','_bx_spy_notifications',3,0,'PHP','return BxDolService::call(\'spy\', \'get_spy_block\', array(\'member.php\', $this->iMember));',1,23.3,'memb',0,0),(100,'friends','1240px','Spy Friends','_bx_spy_friends',2,2,'PHP','return BxDolService::call(\'spy\', \'get_spy_block_friends\', array($this->iProfileID));',1,28.1,'non,memb',0,0),(101,'index','1120px','Events Outline','_wall_pc_view_index',0,0,'PHP','return BxDolService::call(\'wall\', \'view_block_index\');',1,23.6,'non,memb',0,0),(102,'profile','1240px','Post event to a Timeline','_wall_pc_post',2,0,'PHP','return BxDolService::call(\'wall\', \'post_block\', array($this->oProfileGen->_iProfileID));',1,55,'non,memb',0,0),(103,'profile','1240px','View events on a Timeline','_wall_pc_view',2,1,'PHP','return BxDolService::call(\'wall\', \'view_block\', array($this->oProfileGen->_iProfileID));',1,55,'non,memb',0,0),(104,'member','1240px','View events on a Timeline','_wall_pc_view_account',2,0,'PHP','return BxDolService::call(\'wall\', \'view_block_account\', array($this->iMember));',1,54.3,'memb',0,0),(105,'wall','1240px','Post event to a Timeline','_wall_pc_post',1,0,'Post','',1,100,'non,memb',0,0),(106,'wall','1240px','View events on a Timeline','_wall_pc_view',1,1,'View','',1,100,'non,memb',0,0),(107,'bx_photos_view','1241px','','_bx_photos_view',1,1,'ViewFile','',1,71.9,'non,memb',380,0),(108,'bx_photos_view','1241px','','_bx_photos_comments',1,2,'ViewComments','',1,71.9,'non,memb',0,0),(109,'bx_photos_view','1241px','','_bx_photos_author',2,1,'FileAuthor','',1,28.1,'non,memb',0,0),(110,'bx_photos_view','1241px','','_bx_photos_info_main',2,2,'MainFileInfo','',1,28.1,'non,memb',0,0),(111,'bx_photos_view','1241px','','_bx_photos_actions',2,3,'ActionList','',1,28.1,'non,memb',0,0),(112,'bx_photos_view','1241px','','_sys_block_title_social_sharing',2,4,'SocialSharing','',1,28.1,'non,memb',0,0),(113,'bx_photos_view','1241px','','_bx_photos_album_photos_rest',2,5,'ViewAlbum','',1,28.1,'non,memb',0,0),(114,'bx_photos_view','1241px','','_bx_photos_related',0,0,'RelatedFiles','',1,28.1,'non,memb',0,0),(115,'bx_photos_home','1240px','','_bx_photos_albums',2,1,'Albums','',1,28.1,'non,memb',0,0),(116,'bx_photos_home','1240px','','_bx_photos_special',0,0,'Special','',1,71.9,'non,memb',0,0),(117,'bx_photos_home','1240px','','_bx_photos_latest_file',1,0,'LatestFile','',1,71.9,'non,memb',0,0),(118,'bx_photos_home','1240px','','_bx_photos_public',1,2,'All','',1,71.9,'non,memb',380,0),(119,'bx_photos_home','1240px','','_bx_photos_top_menu_calendar',2,0,'Calendar','',1,28.1,'non,memb',0,0),(120,'bx_photos_home','1240px','','_bx_photos_top_menu_tags',2,2,'Tags','',1,28.1,'non,memb',0,0),(121,'bx_photos_album_view','1240px','','',1,0,'Objects','',0,71.9,'non,memb',0,0),(122,'bx_photos_album_view','1240px','','_bx_photos_comments',1,1,'Comments','',1,71.9,'non,memb',0,0),(123,'bx_photos_album_view','1240px','','_bx_photos_author',2,0,'Author','',1,28.1,'non,memb',0,0),(124,'bx_photos_albums_my','1240','','_bx_photos_albums_admin',1,1,'adminShort','',1,100,'memb',380,0),(125,'bx_photos_albums_my','1240','','_bx_photos_albums_add',1,0,'add','',1,100,'memb',0,0),(126,'bx_photos_albums_my','1240','','_bx_photos_albums_admin',1,3,'adminFull','',1,100,'memb',0,0),(127,'bx_photos_albums_my','1240','','_bx_photos_albums_disapproved',1,5,'adminFullDisapproved','',1,100,'memb',0,0),(128,'bx_photos_albums_my','1240','','_bx_photos_album_edit',1,6,'edit','',1,100,'memb',0,0),(129,'bx_photos_albums_my','1240','','_bx_photos_album_delete',1,7,'delete','',1,100,'memb',0,0),(130,'bx_photos_albums_my','1240','','_bx_photos_album_organize',1,8,'organize','',1,100,'memb',0,0),(131,'bx_photos_albums_my','1240','','_bx_photos_album_add_objects',1,9,'addObjects','',1,100,'memb',0,0),(132,'bx_photos_albums_my','1240','','_bx_photos_album_manage_objects',1,10,'manageObjects','',1,100,'memb',0,0),(133,'bx_photos_albums_my','1240','','_bx_photos_album_manage_objects_disapproved',1,11,'manageObjectsDisapproved','',1,100,'memb',0,0),(134,'bx_photos_albums_my','1240','','_bx_photos_album_manage_objects_pending',1,12,'manageObjectsPending','',1,100,'memb',0,0),(135,'bx_photos_albums_my','1240','','_bx_photos_album_main_objects',1,15,'adminAlbumShort','',1,100,'memb',0,0),(136,'bx_photos_albums_my','1240','','_bx_photos_album_objects',1,20,'albumObjects','',1,100,'memb',0,0),(137,'bx_photos_albums_my','1240','','_bx_photos_albums_my',1,34,'my','',1,100,'memb',0,0),(138,'bx_photos_albums_owner','1240px','','_bx_photos_photo_album_block',1,1,'ProfilePhotos','',1,71.9,'non,memb',0,0),(139,'bx_photos_albums_owner','1240px','','_bx_photos_albums_owner',1,2,'Browse','',1,71.9,'non,memb',0,0),(140,'bx_photos_albums_owner','1240px','','_bx_photos_favorited',2,1,'Favorited','',1,28.1,'non,memb',0,0),(141,'bx_photos_rate','1240px','','_bx_photos_previous_rated',1,0,'RatedSet','',1,28.1,'non,memb',0,0),(142,'bx_photos_rate','1240px','','_bx_photos_rate_header',2,0,'RateObject','',1,71.9,'non,memb',0,0),(143,'index','1120px','Public Photos','_bx_photos_public',0,0,'PHP','require_once(BX_DIRECTORY_PATH_MODULES . \'boonex/photos/classes/BxPhotosSearch.php\');\r\n $oMedia = new BxPhotosSearch();\r\n $aVisible[] = BX_DOL_PG_ALL;\r\n if ($this->iMemberID > 0)\r\n $aVisible[] = BX_DOL_PG_MEMBERS;\r\n $aCode = $oMedia->getBrowseBlock(array(\'allow_view\'=>$aVisible), array(\'menu_top\'=>true, \'sorting\' => getParam(\'bx_photos_mode_index\'), \'per_page\'=>(int)getParam(\'bx_photos_number_index\')));\r\n return array($aCode[\'code\'], $aCode[\'menu_top\'], $aCode[\'menu_bottom\'], $aCode[\'wrapper\']);',1,24.7,'memb',0,0),(144,'profile','1240px','Profile Photo Block','_bx_photos_photo_block',1,0,'PHP','return BxDolService::call(\'photos\', \'profile_photo_block\', array(array(\'PID\' => $this->oProfileGen->_iProfileID)), \'Search\');',1,25.1,'non,memb',263,0),(145,'profile','1240px','Profile Photo Album Block','_bx_photos_photo_album_block',0,0,'PHP','return BxDolService::call(\'photos\', \'get_profile_album_block\', array($this->oProfileGen->_iProfileID), \'Search\');',1,78.5,'non,memb',0,0),(146,'profile','1240px','Photo Albums','_bx_photos_albums',0,0,'PHP','return BxDolService::call(\'photos\', \'get_profile_albums_block\', array($this->oProfileGen->_iProfileID), \'Search\');',1,28.1,'non,memb',0,0),(147,'profile','1240px','Profile Photo Switcher Block','_bx_photos_photo_switcher_block',0,0,'PHP','return BxDolService::call(\'photos\', \'profile_photo_switcher_block\', array(array(\'PID\' => $this->oProfileGen->_iProfileID)), \'Search\');',1,28.1,'non,memb',263,0),(148,'member','1240px','Profile Photos Block','_bx_photos_photo_block',0,0,'PHP','$iPID = $this->iMember;\r\n if ($iPID > 0) {\r\n $aParams = array();\r\n $aParams[\'PID\'] = $iPID;\r\n $aParams[\'Limit\'] = 10;\r\n $aParams[\'DisplayPagination\'] = 1;\r\n	 $sRet = BxDolService::call(\'photos\', \'profile_photo_block\', array($aParams), \'Search\');\r\n return $sRet;\r\n }',1,28.1,'non,memb',270,0),(149,'index','1120px','Feedback from your customers','_feedback_bcaption_index',0,0,'PHP','return BxDolService::call(\'feedback\', \'archive_block_index\', array(0, 0, false));',1,71.9,'non,memb',0,0),(150,'feedback','1240','Feedback main content','_feedback_bcaption_view_main',1,0,'Content','',1,71.9,'non,memb',0,0),(151,'feedback','1240','Feedback comments','_feedback_bcaption_view_comment',1,1,'Comment','',1,71.9,'non,memb',0,0),(152,'feedback','1240','Feedback actions','_feedback_bcaption_view_action',2,0,'Action','',1,28.1,'non,memb',0,0),(153,'feedback','1240','Feedback rating','_feedback_bcaption_view_vote',2,1,'Vote','',1,28.1,'non,memb',0,0),(154,'feedback','1240','Social sharing','_sys_block_title_social_sharing',2,2,'SocialSharing','',1,28.1,'non,memb',0,0),(155,'index','1120px','Show list of featured news','_news_bcaption_featured',0,0,'PHP','return BxDolService::call(\'news\', \'featured_block_index\', array(0, 0, false));',1,71.9,'non,memb',0,0),(156,'index','1120px','Show list of latest news','_news_bcaption_latest',0,0,'PHP','return BxDolService::call(\'news\', \'archive_block_index\', array(0, 0, false));',1,71.9,'non,memb',0,0),(157,'member','1240px','Show list of featured news','_news_bcaption_featured',0,0,'PHP','return BxDolService::call(\'news\', \'featured_block_member\', array(0, 0, false));',1,71.9,'memb',0,0),(158,'member','1240px','Show list of latest news','_news_bcaption_latest',0,0,'PHP','return BxDolService::call(\'news\', \'archive_block_member\', array(0, 0, false));',1,71.9,'memb',0,0),(159,'news_single','1240','News main content','_news_bcaption_view_main',1,0,'Content','',1,71.9,'non,memb',0,0),(160,'news_single','1240','News comments','_news_bcaption_view_comment',1,1,'Comment','',1,71.9,'non,memb',0,0),(161,'news_single','1240','News actions','_news_bcaption_view_action',2,0,'Action','',1,28.1,'non,memb',0,0),(162,'news_single','1240','News rating','_news_bcaption_view_vote',2,1,'Vote','',1,28.1,'non,memb',0,0),(163,'news_single','1240','Social sharing','_sys_block_title_social_sharing',2,2,'SocialSharing','',1,28.1,'non,memb',0,0),(164,'news_home','1240','News latest','_news_bcaption_latest',1,1,'Latest','',1,71.9,'non,memb',0,0),(165,'news_home','1240','News categories','_news_bcaption_categories',0,0,'Categories','',1,28.1,'non,memb',0,0),(166,'news_home','1240','News tags','_news_bcaption_tags',0,0,'Tags','',1,28.1,'non,memb',0,0),(167,'news_home','1240','News calendar','_news_bcaption_calendar',2,1,'Calendar','',1,28.1,'non,memb',0,0),(168,'news_home','1240','News featured','_news_bcaption_featured',2,2,'Featured','',1,28.1,'non,memb',0,0),(169,'index','1120px','Member polls','_bx_polls',0,0,'PHP','BxDolService::call(\'poll\', \'get_polls\', array(\'get_polls\'));',0,28.1,'non,memb',0,0),(170,'profile','1240px','Member polls','_bx_polls',0,0,'PHP','BxDolService::call(\'poll\', \'get_polls\', array(\'get_profile_polls\', $this->oProfileGen->_iProfileID));',0,28.1,'non,memb',0,0),(171,'poll_home','1240','Latest polls','_bx_poll_latest_public',1,1,'LatestHome','',1,71.9,'non,memb',0,0),(172,'poll_home','1240','Featured polls','_bx_poll_featured',2,1,'FeaturedHome','',1,28.1,'non,memb',0,0),(173,'show_poll_info','1240','View','_bx_poll',1,1,'PoolBlock','',1,71.9,'non,memb',0,0),(174,'show_poll_info','1240','Comments','_bx_poll_comments',1,2,'CommentsBlock','',1,71.9,'non,memb',0,0),(175,'show_poll_info','1240','Action','_bx_poll_actions',2,1,'ActionsBlock','',1,28.1,'non,memb',0,0),(176,'show_poll_info','1240','Owner information','_bx_poll_owner',2,2,'OwnerBlock','',1,28.1,'non,memb',0,0),(177,'show_poll_info','1240','Votes','_bx_poll_votings',2,3,'VotingsBlock','',1,28.1,'non,memb',0,0),(178,'show_poll_info','1240','Social sharing','_sys_block_title_social_sharing',2,4,'SocialSharing','',1,28.1,'non,memb',0,0),(179,'pedit','1240px','Messenger Settings','_simple_messenger_bcaption_settings',2,4,'PHP','return BxDolService::call(\'simple_messenger\', \'get_settings\');',1,28.1,'memb',0,0),(180,'index','1120px','Show list of latest sites','_bx_sites_bcaption_latest',0,0,'PHP','return BxDolService::call(\'sites\', \'index_block\');',1,71.9,'non,memb',0,0),(181,'profile','1240px','Show list profile sites','_bx_sites',0,0,'PHP','return BxDolService::call(\'sites\', \'profile_block\', array($this->oProfileGen->_aProfile[\'NickName\']));',1,71.9,'non,memb',0,0),(182,'bx_sites_main','1240px','View public feature','_bx_sites_caption_public_feature',2,0,'ViewFeature','',1,28.1,'non,memb',0,0),(183,'bx_sites_main','1240px','View site categories','_bx_sites_caption_categories',2,1,'Categories','',1,28.1,'non,memb',0,0),(184,'bx_sites_main','1240px','View site tags','_bx_sites_caption_tags',2,2,'Tags','',1,28.1,'non,memb',0,0),(185,'bx_sites_main','1240px','View recently public site','_bx_sites_caption_public_last_featured',1,0,'ViewRecent','',1,71.9,'non,memb',0,0),(186,'bx_sites_main','1240px','View latest public sites','_bx_sites_caption_public_latest',1,1,'ViewAll','',1,71.9,'non,memb',0,0),(187,'bx_sites_profile','1240','Administration','_bx_sites_bcaption_administration',1,0,'Administration','',1,100,'non,memb',0,0),(188,'bx_sites_profile','1240','Owner Sites','_bx_sites_bcaption_owner_sites',1,1,'Owner','',1,100,'non,memb',0,0),(189,'bx_sites_view','1240','Information on Site','_bx_sites_bcaption_information',2,0,'ViewInformation','',1,28.1,'non,memb',0,0),(190,'bx_sites_view','1240','Actions for Site','_bx_sites_bcaption_actions',2,1,'ViewActions','',1,28.1,'non,memb',0,0),(191,'bx_sites_view','1240','Site Social Sharing','_sys_block_title_social_sharing',2,2,'SocialSharing','',1,28.1,'non,memb',0,0),(192,'bx_sites_view','1240','Image Site','_bx_sites_bcaption_image',1,0,'ViewImage','',1,71.9,'non,memb',0,0),(193,'bx_sites_view','1240','Description Site','_bx_sites_bcaption_description',1,1,'ViewDescription','',1,71.9,'non,memb',0,0),(194,'bx_sites_view','1240','Comments for Site','_bx_sites_bcaption_comments',1,2,'ViewComments','',1,71.9,'non,memb',0,0),(195,'bx_sites_hon','1240','Previously Rated','_bx_sites_bcaption_previously',2,0,'ViewPreviously','',1,28.1,'non,memb',0,0),(196,'bx_sites_hon','1240','Rate Site','_bx_sites_bcaption_rate',1,0,'ViewRate','',1,71.9,'non,memb',0,0),(206,'index','1120px','Quick Links','_Quick Links',0,0,'QuickLinks','',1,50,'memb',0,0),(197,'home','1240','Simple HTML Block','_HTML Block',1,0,'Echo','',11,23.1,'non,memb',0,0),(199,'','1240','Simple PHP Block','_PHP Block',0,0,'Sample','PHP',1,0,'non,memb',0,0),(205,'index','1120px','New Messages','_sys_bcpt_member_new_messages',0,0,'NewMessages','',1,50,'memb',0,0),(204,'index','1120px','Friend Requests','_sys_bcpt_member_friend_requests',0,0,'FriendRequests','',1,50,'memb',0,0),(201,'member','1240px','Simple PHP Block','_PHP Block',0,0,'PHP','',1,54.3,'non,memb',0,0),(202,'index','1120px','Post event to a Timeline','_wall_pc_post',0,0,'PHP','return BxDolService::call(\'wall\', \'post_block\', array($this->oProfileGen->_iProfileID));',1,50,'memb',0,0),(203,'index','1120px','View events on a Timeline','_wall_pc_view',0,0,'PHP','return BxDolService::call(\'wall\', \'view_block\', array($this->oProfileGen->_iProfileID));',1,50,'memb',0,0),(207,'index','1120px','Member Friends','_My Friends',0,0,'Friends','',1,21.7,'memb',0,0),(208,'index','1120px','Spy Personal','_bx_spy_notifications',0,0,'PHP','return BxDolService::call(\'spy\', \'get_spy_block\', array(\'index.php\', $this->iMember));',1,24.7,'memb',0,0),(209,'join','1240px','Simple HTML Block','PerSistersBlurb',1,0,'Echo','<p>PerSisters is all about taking care of you. Helping each other out.</p>',11,31.1,'non,memb',0,0),(210,'profile','1240px','Profile Fields Block','_FieldCaption_PersonalInterests_View',0,0,'PFBlock','70',1,0,'non,memb',0,0),(211,'profile_info','1240px','Profile Fields Block','_FieldCaption_PersonalInterests_View',0,0,'PFBlock','70',1,0,'non,memb',0,0),(212,'profile','1240px','Profile Fields Block','_FieldCaption_ProfileInfo_View',0,0,'PFBlock','73',1,0,'non,memb',0,0),(213,'profile_info','1240px','Profile Fields Block','_FieldCaption_ProfileInfo_View',0,0,'PFBlock','73',1,0,'non,memb',0,0),(214,'index','1120px','Classifieds','_bx_ads_Ads',0,0,'PHP','return BxDolService::call(\'ads\', \'ads_index_page\');',1,24.7,'non,memb',0,0),(215,'member','1140px','Classifieds','_bx_ads_Ads',0,0,'PHP','return BxDolService::call(\'ads\', \'ads_profile_page\', array($this->iMember));',1,28.1,'non,memb',0,0),(216,'profile','1240px','Classifieds','_bx_ads_Ads',3,0,'PHP','return BxDolService::call(\'ads\', \'ads_profile_page\', array($this->oProfileGen->_iProfileID));',1,19.9,'non,memb',0,0),(217,'ads','1140px','','_Description',1,0,'AdDescription','',1,71.9,'non,memb',0,0),(218,'ads','1140px','','_bx_ads_Ad_photos',1,1,'AdPhotos','',1,71.9,'non,memb',0,0),(219,'ads','1140px','','_Comments',1,2,'ViewComments','',1,71.9,'non,memb',0,0),(220,'ads','1140px','','_Info',2,0,'AdInfo','',1,28.1,'non,memb',0,0),(221,'ads','1140px','','_bx_ads_Custom_Values',2,1,'AdCustomInfo','',1,28.1,'non,memb',0,0),(222,'ads','1140px','','_Actions',2,2,'ActionList','',1,28.1,'non,memb',0,0),(223,'ads','1140px','','_sys_block_title_social_sharing',2,3,'SocialSharing','',1,28.1,'non,memb',0,0),(224,'ads','1140px','','_Rate',2,4,'Rate','',1,28.1,'non,memb',0,0),(225,'ads','1140px','','_bx_ads_Users_other_listing',2,5,'UserOtherAds','',1,28.1,'non,memb',0,0),(226,'ads_home','1140px','','_bx_ads_last_ads',2,0,'last','',0,28.1,'non,memb',0,0),(227,'ads_home','1140px','','_bx_ads_last_featured',1,0,'featured','',1,71.9,'non,memb',0,0),(228,'ads_home','1140px','','_bx_ads_Categories',1,1,'categories','',0,71.9,'non,memb',0,0),(229,'ads','1140px','Ad\'s Location','_Location',2,6,'PHP','return BxDolService::call(\'wmap\', \'location_block\', array(\'ads\', $this->oAds->oCmtsView->getId()));',1,28.1,'non,memb',0,0),(230,'ads_home','1140px','Map','_Map',1,2,'PHP','return BxDolService::call(\'wmap\', \'homepage_part_block\', array (\'ads\'));',1,71.9,'non,memb',0,0),(233,'index','1140px','Simple HTML Block','_HTML Block',1,0,'Echo','<p><strong>PerSisters.com</strong> connects you in your own area of choice with other single mothers and women to create and find together unlimited resources. PerSister.com supplies the opportunity to make new friends who are going through similar life circumstances as a supporting network.</p>\n<p></p>\n<p><a href=\"https://www.persisters.com/about_us.php\">About PerSisters</a></p>\n<p></p>\n<p><strong><a href=\"https://www.persisters.com/join.php\">JOIN</a></strong> THE SINGLE MOTHERS / WOMEN NETWORK FOR FREE<br />and it will stay for free</p>',11,50,'non',0,0),(236,'testpage','1140px','Simple HTML Block','_HTML Block',1,0,'Echo','<p>test</p>',11,100,'memb',0,0);

--
-- Table structure for table `sys_page_compose_pages`
--

CREATE TABLE `sys_page_compose_pages` (
  `Name` varchar(255) NOT NULL DEFAULT '',
  `Title` varchar(255) NOT NULL DEFAULT '',
  `Order` int(10) unsigned NOT NULL DEFAULT '0',
  `System` tinyint(1) NOT NULL DEFAULT '1',
  PRIMARY KEY (`Name`)
) ENGINE=MyISAM DEFAULT CHARSET=utf8;

--
-- Dumping data for table `sys_page_compose_pages`
--

INSERT INTO `sys_page_compose_pages` VALUES ('index','Homepage',1,1),('member','Account',6,1),('profile','Profile',7,1),('pedit','Profile Edit',8,1),('profile_info','Profile Info',14,1),('profile_private','Profile Private',15,1),('browse_page','All Members',17,1),('mail_page','Mail messages',18,1),('mail_page_view','Mail view message',19,1),('mail_page_compose','Mail compose message',20,1),('search','Search Profiles',21,1),('join','Join Page',22,1),('friends','Friends',23,1),('communicator_page','Communicator',24,1),('search_home','Search Home',25,1),('tags_home','Tags Home',26,1),('tags_calendar','Tags Search',27,1),('tags_search','Tags Calendar',28,1),('tags_module','Tags Module',29,1),('categ_calendar','Categories Calendar',30,1),('categ_search','Categories Search',31,1),('categ_module','Categories Module',32,1),('testpage','Test Page',56,0),('bx_events_view','Event View',36,1),('bx_events_celendar','Events Calendar',37,1),('bx_events_main','Main Events Page',38,1),('bx_events_my','My Events Page',39,1),('wall','Wall',40,1),('bx_photos_view','Photos View Photo',41,1),('bx_photos_home','Photos Home',42,1),('bx_photos_rate','Photos Rate',43,1),('bx_photos_album_view','Photos View Album',44,1),('bx_photos_albums_owner','Photos Profile Albums',45,1),('feedback','Feedback',46,1),('news_single','Single News',47,1),('news_home','News Home',48,1),('show_poll_info','View poll',32,1),('poll_home','Polls home',33,1),('bx_sites_main','Main Sites Page',49,1),('bx_sites_profile','Profile Sites Page',50,1),('bx_sites_view','Site View Page',51,1),('bx_sites_hon','Site HoN Page',52,1),('home','Home',53,0),('ads','Ads View',54,1),('ads_home','Ads Home',55,1);

--
-- Table structure for table `sys_page_compose_privacy`
--

CREATE TABLE `sys_page_compose_privacy` (
  `id` int(11) unsigned NOT NULL AUTO_INCREMENT,
  `user_id` int(11) unsigned NOT NULL DEFAULT '0',
  `block_id` int(11) unsigned NOT NULL DEFAULT '0',
  `allow_view_block_to` int(11) unsigned NOT NULL DEFAULT '0',
  PRIMARY KEY (`id`),
  UNIQUE KEY `block` (`user_id`,`block_id`)
) ENGINE=MyISAM DEFAULT CHARSET=utf8;

--
-- Dumping data for table `sys_page_compose_privacy`
--


--
-- Table structure for table `sys_permalinks`
--

CREATE TABLE `sys_permalinks` (
  `id` int(11) unsigned NOT NULL AUTO_INCREMENT,
  `standard` varchar(128) NOT NULL DEFAULT '',
  `permalink` varchar(128) NOT NULL DEFAULT '',
  `check` varchar(64) NOT NULL DEFAULT '',
  PRIMARY KEY (`id`),
  UNIQUE KEY `check` (`standard`,`permalink`,`check`)
) ENGINE=MyISAM AUTO_INCREMENT=26 DEFAULT CHARSET=utf8;

--
-- Dumping data for table `sys_permalinks`
--

INSERT INTO `sys_permalinks` VALUES (1,'modules/?r=zipcodesearch/','m/zipcodesearch/','bx_zip_permalinks'),(3,'modules/?r=chat/','m/chat/','permalinks_module_chat'),(4,'modules/?r=events/','m/events/','bx_events_permalinks'),(5,'modules/?r=spy/','m/spy/','bx_spy_permalinks'),(6,'modules/?r=wall/','m/wall/','permalinks_module_wall'),(7,'modules/?r=photos/','m/photos/','bx_photos_permalinks'),(8,'modules/?r=feedback/','m/feedback/','permalinks_module_feedback'),(9,'modules/?r=news/','m/news/','permalinks_module_news'),(10,'modules/?r=pageac/','m/pageac/','permalinks_module_pageac'),(11,'modules/?r=poll/','m/poll/','bx_poll_permalinks'),(12,'modules/?r=simple_messenger/','m/simple_messenger/','bx_simple_messenger_permalinks'),(13,'modules/?r=sites/','m/sites/','bx_sites_permalinks'),(14,'modules/boonex/ads/classifieds.php?Browse=1','ads/','permalinks_module_ads'),(15,'modules/boonex/ads/classifieds.php?action=show_calendar','ads/calendar/','permalinks_module_ads'),(16,'modules/boonex/ads/classifieds.php?action=show_categories','ads/categories/','permalinks_module_ads'),(17,'modules/boonex/ads/classifieds.php?action=tags','ads/tags/','permalinks_module_ads'),(18,'modules/boonex/ads/classifieds.php?action=show_all_ads','ads/all_ads/','permalinks_module_ads'),(19,'modules/boonex/ads/classifieds.php?action=show_top_rated','ads/top_ads/','permalinks_module_ads'),(20,'modules/boonex/ads/classifieds.php?action=show_popular','ads/popular_ads/','permalinks_module_ads'),(21,'modules/boonex/ads/classifieds.php?action=show_featured','ads/featured_ads/','permalinks_module_ads'),(22,'modules/boonex/ads/classifieds.php?action=my_page','ads/my_page/','permalinks_module_ads'),(23,'modules/boonex/ads/classifieds.php?UsersOtherListing=1&IDProfile=','ads/member_ads/','permalinks_module_ads'),(24,'modules/?r=ads/search/','m/ads/search/','permalinks_module_ads');

--
-- Table structure for table `sys_privacy_actions`
--

CREATE TABLE `sys_privacy_actions` (
  `id` int(11) NOT NULL AUTO_INCREMENT,
  `module_uri` varchar(64) NOT NULL DEFAULT '',
  `name` varchar(255) NOT NULL DEFAULT '',
  `title` varchar(255) NOT NULL DEFAULT '',
  `default_group` varchar(255) NOT NULL DEFAULT '1',
  PRIMARY KEY (`id`),
  UNIQUE KEY `action` (`module_uri`,`name`)
) ENGINE=MyISAM AUTO_INCREMENT=25 DEFAULT CHARSET=utf8;

--
-- Dumping data for table `sys_privacy_actions`
--

INSERT INTO `sys_privacy_actions` VALUES (1,'profile','view_block','_ps_view_block','3'),(2,'events','view_event','_bx_events_privacy_view_event','3'),(3,'events','join','_bx_events_privacy_join','3'),(4,'events','comment','_bx_events_privacy_comment','3'),(5,'events','rate','_bx_events_privacy_rate','3'),(6,'events','view_participants','_bx_events_privacy_view_participants','3'),(7,'events','post_in_forum','_bx_events_privacy_post_in_forum','p'),(8,'events','upload_photos','_bx_events_privacy_upload_photos','a'),(9,'events','upload_videos','_bx_events_privacy_upload_videos','a'),(10,'events','upload_sounds','_bx_events_privacy_upload_sounds','a'),(11,'events','upload_files','_bx_events_privacy_upload_files','a'),(12,'photos','album_view','_bx_photos_album_view','3'),(13,'feedback','comment','_feedback_psaction_comment','3'),(14,'feedback','vote','_feedback_psaction_vote','3'),(15,'poll','comment','_bx_poll_allow_comment','3'),(16,'poll','view','_bx_poll_allow_view','3'),(17,'poll','vote','_bx_poll_allow_vote','3'),(18,'simple_messenger','contact','_simple_messenger_privacy_settings','3'),(19,'bx_sites','view','_bx_sites_privacy_view','3'),(20,'bx_sites','comments','_bx_sites_privacy_comment','3'),(21,'bx_sites','rate','_bx_sites_privacy_vote','3'),(22,'ads','comment','_bx_ads_privacy_comment','3'),(23,'ads','rate','_bx_ads_privacy_rate','3'),(24,'ads','view','_bx_ads_privacy_view','3');

--
-- Table structure for table `sys_privacy_defaults`
--

CREATE TABLE `sys_privacy_defaults` (
  `owner_id` int(11) NOT NULL DEFAULT '0',
  `action_id` int(11) NOT NULL DEFAULT '0',
  `group_id` int(11) NOT NULL DEFAULT '0',
  PRIMARY KEY (`owner_id`,`action_id`)
) ENGINE=MyISAM DEFAULT CHARSET=utf8;

--
-- Dumping data for table `sys_privacy_defaults`
--


--
-- Table structure for table `sys_privacy_groups`
--

CREATE TABLE `sys_privacy_groups` (
  `id` int(11) unsigned NOT NULL AUTO_INCREMENT,
  `owner_id` int(11) NOT NULL DEFAULT '0',
  `parent_id` int(11) NOT NULL DEFAULT '0',
  `title` varchar(255) NOT NULL DEFAULT '',
  `home_url` varchar(255) NOT NULL DEFAULT '',
  `get_parent` text NOT NULL,
  `get_content` text NOT NULL,
  `members_count` int(11) NOT NULL DEFAULT '0',
  PRIMARY KEY (`id`)
) ENGINE=MyISAM AUTO_INCREMENT=9 DEFAULT CHARSET=utf8;

--
-- Dumping data for table `sys_privacy_groups`
--

INSERT INTO `sys_privacy_groups` VALUES (1,0,0,'','','$aProfile = getProfileInfo($arg1); return (int)$aProfile[\'PrivacyDefaultGroup\'];','',0),(2,0,0,'','','','return false;',0),(3,0,0,'','','','return true;',0),(4,0,0,'','','','return isMember() && isProfileActive($arg2);',0),(5,0,0,'','communicator.php?communicator_mode=friends_list','','$aIds = $arg0->fromMemory($arg0->_sGroupFriendsCache . $arg1, \"getColumn\", \"SELECT `p`.`ID` AS `id` FROM `Profiles` AS `p` LEFT JOIN `sys_friend_list` AS `f1` ON (`f1`.`ID`=`p`.`ID` AND `f1`.`Profile`=\'\" . $arg1 . \"\' AND `f1`.`Check`=1) LEFT JOIN `sys_friend_list` AS `f2` ON (`f2`.`Profile`=p.`ID` AND `f2`.`ID`=\'\" . $arg1 . \"\' AND `f2`.`Check`=1) WHERE 1 AND (`f1`.`ID` IS NOT NULL OR `f2`.`ID` IS NOT NULL)\"); return isProfileActive($arg2) && in_array($arg2, $aIds);',0),(6,0,0,'','communicator.php?&communicator_mode=hotlist_requests','','$aIds = $arg0->fromMemory($arg0->_sGroupFavesCache . $arg1, \"getColumn\", \"SELECT `Profile` AS `id` FROM `sys_fave_list` WHERE `ID`=\'\" . $arg1 . \"\'\"); return isProfileActive($arg2) && in_array($arg2, $aIds);',0),(7,0,0,'','mail.php?&mode=inbox&contacts_mode=Contacted','','$aIds = $arg0->fromMemory($arg0->_sGroupContactsCache . $arg1, \"getColumn\", \"SELECT `tp`.`ID` AS `id` FROM `sys_messages` AS `tm` INNER JOIN `Profiles` AS `tp` ON (`tm`.`Sender`=`tp`.`ID` AND `tm`.`Recipient`=\'\" . $arg1 . \"\') OR (`tm`.`Recipient`=`tp`.`ID` AND `tm`.`Sender`=\'\" . $arg1 . \"\')\"); return isProfileActive($arg2) && in_array($arg2, $aIds);',0),(8,0,0,'','','','',0);

--
-- Table structure for table `sys_privacy_members`
--

CREATE TABLE `sys_privacy_members` (
  `id` int(11) NOT NULL AUTO_INCREMENT,
  `group_id` int(11) NOT NULL DEFAULT '0',
  `member_id` int(11) NOT NULL DEFAULT '0',
  PRIMARY KEY (`id`),
  UNIQUE KEY `group_member` (`group_id`,`member_id`)
) ENGINE=MyISAM DEFAULT CHARSET=utf8;

--
-- Dumping data for table `sys_privacy_members`
--


--
-- Table structure for table `sys_profile_fields`
--

CREATE TABLE `sys_profile_fields` (
  `ID` smallint(10) unsigned NOT NULL AUTO_INCREMENT,
  `Name` varchar(255) CHARACTER SET utf8 COLLATE utf8_bin NOT NULL DEFAULT '',
  `Type` enum('text','html_area','area','pass','date','select_one','select_set','num','range','bool','system','block') NOT NULL DEFAULT 'text',
  `Control` enum('select','checkbox','radio') DEFAULT NULL COMMENT 'input element for selectors',
  `Extra` text NOT NULL,
  `Min` float DEFAULT NULL,
  `Max` float DEFAULT NULL,
  `Values` text NOT NULL,
  `UseLKey` enum('LKey','LKey2','LKey3') NOT NULL DEFAULT 'LKey',
  `Check` text NOT NULL,
  `Unique` tinyint(1) NOT NULL DEFAULT '0',
  `Default` text NOT NULL,
  `Mandatory` tinyint(1) NOT NULL DEFAULT '0',
  `Deletable` tinyint(1) NOT NULL DEFAULT '1',
  `JoinPage` int(10) unsigned NOT NULL DEFAULT '0',
  `JoinBlock` int(10) unsigned NOT NULL DEFAULT '0',
  `JoinOrder` float DEFAULT NULL,
  `EditOwnBlock` int(10) unsigned NOT NULL DEFAULT '0',
  `EditOwnOrder` float DEFAULT NULL,
  `EditAdmBlock` int(10) unsigned NOT NULL DEFAULT '0',
  `EditAdmOrder` float DEFAULT NULL,
  `EditModBlock` int(10) unsigned NOT NULL DEFAULT '0',
  `EditModOrder` float DEFAULT NULL,
  `ViewMembBlock` int(10) unsigned NOT NULL DEFAULT '0',
  `ViewMembOrder` float DEFAULT NULL,
  `ViewAdmBlock` int(10) unsigned NOT NULL DEFAULT '0',
  `ViewAdmOrder` float DEFAULT NULL,
  `ViewModBlock` int(10) unsigned NOT NULL DEFAULT '0',
  `ViewModOrder` float DEFAULT NULL,
  `ViewVisBlock` int(10) unsigned NOT NULL DEFAULT '0',
  `ViewVisOrder` float DEFAULT NULL,
  `SearchParams` text NOT NULL,
  `SearchSimpleBlock` int(10) unsigned NOT NULL DEFAULT '0',
  `SearchSimpleOrder` float DEFAULT NULL,
  `SearchQuickBlock` int(10) unsigned NOT NULL DEFAULT '0',
  `SearchQuickOrder` float DEFAULT NULL,
  `SearchAdvBlock` int(10) unsigned NOT NULL DEFAULT '0',
  `SearchAdvOrder` float DEFAULT NULL,
  `MatchField` int(10) unsigned NOT NULL DEFAULT '0',
  `MatchPercent` tinyint(7) unsigned NOT NULL DEFAULT '0',
  PRIMARY KEY (`ID`),
  UNIQUE KEY `Name` (`Name`)
) ENGINE=MyISAM AUTO_INCREMENT=83 DEFAULT CHARSET=utf8;

--
-- Dumping data for table `sys_profile_fields`
--



--
-- Table structure for table `sys_profile_rating`
--

CREATE TABLE `sys_profile_rating` (
  `pr_id` int(10) unsigned NOT NULL DEFAULT '0',
  `pr_rating_count` int(11) NOT NULL DEFAULT '0',
  `pr_rating_sum` int(11) NOT NULL DEFAULT '0',
  UNIQUE KEY `med_id` (`pr_id`)
) ENGINE=MyISAM DEFAULT CHARSET=utf8;

--
-- Dumping data for table `sys_profile_rating`
--


--
-- Table structure for table `sys_profile_views_track`
--

CREATE TABLE `sys_profile_views_track` (
  `id` int(10) unsigned NOT NULL,
  `viewer` int(10) unsigned NOT NULL,
  `ip` int(10) unsigned NOT NULL,
  `ts` int(10) unsigned NOT NULL,
  KEY `id` (`id`,`viewer`,`ip`)
) ENGINE=MyISAM DEFAULT CHARSET=utf8;

--
-- Dumping data for table `sys_profile_views_track`
--

INSERT INTO `sys_profile_views_track` VALUES (1,0,2903073612,1428417318),(2,1,2903073612,1428506653),(1,2,2722637885,1428509278),(3,2,2722637885,1428941533),(1,0,2923395480,1428981930),(1,3,2923395480,1429194354),(3,1,2903073612,1429198967),(3,0,1222881933,1431190674),(8,3,2923395480,1435952799);

--
-- Table structure for table `sys_profile_voting_track`
--

CREATE TABLE `sys_profile_voting_track` (
  `pr_id` int(10) unsigned NOT NULL DEFAULT '0',
  `pr_ip` varchar(20) DEFAULT NULL,
  `pr_date` datetime DEFAULT NULL,
  KEY `pr_ip` (`pr_ip`,`pr_id`)
) ENGINE=MyISAM DEFAULT CHARSET=utf8;

--
-- Dumping data for table `sys_profile_voting_track`
--


--
-- Table structure for table `sys_profiles_match`
--

CREATE TABLE `sys_profiles_match` (
  `profile_id` int(10) NOT NULL,
  `sort` enum('none','activity','date_reg') NOT NULL DEFAULT 'none',
  `profiles_match` text,
  UNIQUE KEY `profile_id` (`profile_id`,`sort`)
) ENGINE=MyISAM DEFAULT CHARSET=utf8;

--
-- Dumping data for table `sys_profiles_match`
--


--
-- Table structure for table `sys_profiles_match_mails`
--

CREATE TABLE `sys_profiles_match_mails` (
  `profile_id` int(10) NOT NULL,
  `profiles_match` text NOT NULL,
  PRIMARY KEY (`profile_id`)
) ENGINE=MyISAM DEFAULT CHARSET=utf8;

--
-- Dumping data for table `sys_profiles_match_mails`
--


--
-- Table structure for table `sys_sbs_entries`
--

CREATE TABLE `sys_sbs_entries` (
  `id` int(11) NOT NULL AUTO_INCREMENT,
  `subscriber_id` int(11) NOT NULL DEFAULT '0',
  `subscriber_type` tinyint(4) NOT NULL DEFAULT '0',
  `subscription_id` int(11) NOT NULL DEFAULT '0',
  `object_id` int(11) NOT NULL DEFAULT '0',
  PRIMARY KEY (`id`),
  UNIQUE KEY `entry` (`subscriber_id`,`subscriber_type`,`subscription_id`,`object_id`)
) ENGINE=MyISAM AUTO_INCREMENT=7 DEFAULT CHARSET=utf8;

--
-- Dumping data for table `sys_sbs_entries`
--

INSERT INTO `sys_sbs_entries` VALUES (1,1,1,3,2),(2,1,1,4,2),(3,1,1,5,2),(4,2,1,3,1),(5,2,1,4,1),(6,2,1,5,1);

--
-- Table structure for table `sys_sbs_messages`
--

CREATE TABLE `sys_sbs_messages` (
  `id` int(10) unsigned NOT NULL AUTO_INCREMENT,
  `subject` varchar(128) NOT NULL DEFAULT '',
  `body` mediumtext NOT NULL,
  PRIMARY KEY (`id`)
) ENGINE=MyISAM DEFAULT CHARSET=utf8;

--
-- Dumping data for table `sys_sbs_messages`
--


--
-- Table structure for table `sys_sbs_queue`
--

CREATE TABLE `sys_sbs_queue` (
  `id` int(11) NOT NULL AUTO_INCREMENT,
  `email` varchar(64) NOT NULL DEFAULT '',
  `subject` varchar(255) NOT NULL DEFAULT '',
  `body` text NOT NULL,
  PRIMARY KEY (`id`)
) ENGINE=MyISAM AUTO_INCREMENT=4 DEFAULT CHARSET=utf8;

--
-- Dumping data for table `sys_sbs_queue`
--

INSERT INTO `sys_sbs_queue` VALUES (1,'seth@tofutavern.com','Subscription: Profile Edited','<html><head></head>\n<body bgcolor=\"#eee\" style=\"margin:0; padding:0;\">\n\n<div style=\"padding:20px; background-color:#eee;\">\n\n    <table width=\"600\" border=\"0\" cellspacing=\"0\" cellpadding=\"0\" align=\"center\">\n\n        <tr><td valign=\"top\">\n            \n            <div style=\"color:#333; padding:20px; border:1px solid #999; background-color:#fff; font:14px Helvetica Neue, Helvetica, Arial, Verdana, sans-serif;\">\n                <div style=\"border-bottom:2px solid #eee; padding-bottom:10px; margin-bottom:20px; font-weight:bold; font-size:22px; color:#999;\">PerSisters</div>\n\n\r\n\r\n<p><b>Dear seth</b>,</p>\r\n\r\n<p><a href=\"https://www.persisters.com/bethany\">Profile you subscribed to</a> has been updated.</p>\r\n\r\n\n            \n            </div>\n\n        </td></tr>\n\n        <tr><td valign=\"top\">\n                <div style=\"margin-top:5px; text-align:center; color:#999; font:11px Helvetica Neue, Helvetica, Arial, Verdana, sans-serif;\">\n                    To unsubscribe - login to your account, edit your profile and uncheck \'Receive site notifications\'.\n                </div>                    \n                <div style=\"margin-top:5px; text-align:center; color:#999; font:11px Helvetica Neue, Helvetica, Arial, Verdana, sans-serif;\">\n                    Our website is powered by <a href=\"http://www.boonex.com/dolphin\">BoonEx Dolphin</a>. Anyone can create their own niche social network using BoonEx software.                </div>\n        </td></tr>\n\n    </table>\n\n</div>\n\n</body></html>\n'),(2,'seth@tofutavern.com','Subscription: Profile Edited','<html><head></head>\n<body bgcolor=\"#eee\" style=\"margin:0; padding:0;\">\n\n<div style=\"padding:20px; background-color:#eee;\">\n\n    <table width=\"600\" border=\"0\" cellspacing=\"0\" cellpadding=\"0\" align=\"center\">\n\n        <tr><td valign=\"top\">\n            \n            <div style=\"color:#333; padding:20px; border:1px solid #999; background-color:#fff; font:14px Helvetica Neue, Helvetica, Arial, Verdana, sans-serif;\">\n                <div style=\"border-bottom:2px solid #eee; padding-bottom:10px; margin-bottom:20px; font-weight:bold; font-size:22px; color:#999;\">PerSisters</div>\n\n\r\n\r\n<p><b>Dear seth</b>,</p>\r\n\r\n<p><a href=\"https://www.persisters.com/bethany\">Profile you subscribed to</a> has been updated.</p>\r\n\r\n\n            \n            </div>\n\n        </td></tr>\n\n        <tr><td valign=\"top\">\n                <div style=\"margin-top:5px; text-align:center; color:#999; font:11px Helvetica Neue, Helvetica, Arial, Verdana, sans-serif;\">\n                    To unsubscribe - login to your account, edit your profile and uncheck \'Receive site notifications\'.\n                </div>                    \n                <div style=\"margin-top:5px; text-align:center; color:#999; font:11px Helvetica Neue, Helvetica, Arial, Verdana, sans-serif;\">\n                    Our website is powered by <a href=\"http://www.boonex.com/dolphin\">BoonEx Dolphin</a>. Anyone can create their own niche social network using BoonEx software.                </div>\n        </td></tr>\n\n    </table>\n\n</div>\n\n</body></html>\n'),(3,'seth@tofutavern.com','Subscription: Profile Edited','<html><head></head>\n<body bgcolor=\"#eee\" style=\"margin:0; padding:0;\">\n\n<div style=\"padding:20px; background-color:#eee;\">\n\n    <table width=\"600\" border=\"0\" cellspacing=\"0\" cellpadding=\"0\" align=\"center\">\n\n        <tr><td valign=\"top\">\n            \n            <div style=\"color:#333; padding:20px; border:1px solid #999; background-color:#fff; font:14px Helvetica Neue, Helvetica, Arial, Verdana, sans-serif;\">\n                <div style=\"border-bottom:2px solid #eee; padding-bottom:10px; margin-bottom:20px; font-weight:bold; font-size:22px; color:#999;\">PerSisters</div>\n\n\r\n\r\n<p><b>Dear seth</b>,</p>\r\n\r\n<p><a href=\"https://www.persisters.com/bethany\">Profile you subscribed to</a> has been updated.</p>\r\n\r\n\n            \n            </div>\n\n        </td></tr>\n\n        <tr><td valign=\"top\">\n                <div style=\"margin-top:5px; text-align:center; color:#999; font:11px Helvetica Neue, Helvetica, Arial, Verdana, sans-serif;\">\n                    To unsubscribe - login to your account, edit your profile and uncheck \'Receive site notifications\'.\n                </div>                    \n                <div style=\"margin-top:5px; text-align:center; color:#999; font:11px Helvetica Neue, Helvetica, Arial, Verdana, sans-serif;\">\n                    Our website is powered by <a href=\"http://www.boonex.com/dolphin\">BoonEx Dolphin</a>. Anyone can create their own niche social network using BoonEx software.                </div>\n        </td></tr>\n\n    </table>\n\n</div>\n\n</body></html>\n');

--
-- Table structure for table `sys_sbs_types`
--

CREATE TABLE `sys_sbs_types` (
  `id` int(11) NOT NULL AUTO_INCREMENT,
  `unit` varchar(32) NOT NULL DEFAULT '',
  `action` varchar(32) NOT NULL DEFAULT '',
  `template` varchar(64) NOT NULL DEFAULT '',
  `params` text NOT NULL,
  PRIMARY KEY (`id`),
  UNIQUE KEY `subscription` (`unit`,`action`,`template`)
) ENGINE=MyISAM AUTO_INCREMENT=24 DEFAULT CHARSET=utf8;

--
-- Dumping data for table `sys_sbs_types`
--

INSERT INTO `sys_sbs_types` VALUES (1,'system','','','return array(\'template\' => array(\'Subscription\' => _t(\'_sbs_txt_sbs_mass_mailer\'), \'ViewLink\' => BX_DOL_URL_ROOT));'),(2,'system','mass_mailer','t_AdminEmail','return array(\'template\' => array(\'Subscription\' => _t(\'_sbs_txt_sbs_mass_mailer\'), \'ViewLink\' => BX_DOL_URL_ROOT));'),(3,'profile','','','$aUser = getProfileInfo($arg3); return array(\'template\' => array(\'Subscription\' => _t(\'_sbs_txt_sbs_profile\', $aUser[\'NickName\']), \'ViewLink\' => getProfileLink($arg3)));'),(4,'profile','commentPost','t_sbsProfileComments','$aUser = getProfileInfo($arg3); return array(\'template\' => array(\'Subscription\' => _t(\'_sbs_txt_sbs_profile_comments\', $aUser[\'NickName\']), \'ViewLink\' => getProfileLink($arg3)));'),(5,'profile','edit','t_sbsProfileEdit','$aUser = getProfileInfo($arg3); return array(\'template\' => array(\'Subscription\' => _t(\'_sbs_txt_sbs_profile_edit\', $aUser[\'NickName\']), \'ViewLink\' => getProfileLink($arg3)));'),(6,'bx_events','','','return BxDolService::call(\'events\', \'get_subscription_params\', array($arg2, $arg3));'),(7,'bx_events','change','bx_events_sbs','return BxDolService::call(\'events\', \'get_subscription_params\', array($arg2, $arg3));'),(8,'bx_events','commentPost','bx_events_sbs','return BxDolService::call(\'events\', \'get_subscription_params\', array($arg2, $arg3));'),(9,'bx_events','join','bx_events_sbs','return BxDolService::call(\'events\', \'get_subscription_params\', array($arg2, $arg3));'),(10,'bx_wall','','','return BxDolService::call(\'wall\', \'get_subscription_params\', array($arg1, $arg2, $arg3));'),(11,'bx_wall','update','t_sbsWallUpdates','return BxDolService::call(\'wall\', \'get_subscription_params\', array($arg1, $arg2, $arg3));'),(12,'bx_photos','','','return BxDolService::call(\'photos\', \'get_subscription_params\', array($arg2, $arg3));'),(13,'bx_photos','commentPost','t_sbs_bx_photos_comments','return BxDolService::call(\'photos\', \'get_subscription_params\', array($arg2, $arg3));'),(14,'bx_feedback','','','return BxDolService::call(\'feedback\', \'get_subscription_params\', array($arg1, $arg2, $arg3));'),(15,'bx_feedback','commentPost','t_sbsFeedbackComments','return BxDolService::call(\'feedback\', \'get_subscription_params\', array($arg1, $arg2, $arg3));'),(16,'bx_news','','','return BxDolService::call(\'news\', \'get_subscription_params\', array($arg1, $arg2, $arg3));'),(17,'bx_news','commentPost','t_sbsNewsComments','return BxDolService::call(\'news\', \'get_subscription_params\', array($arg1, $arg2, $arg3));'),(18,'bx_poll','','','return BxDolService::call(\'poll\', \'get_subscription_params\', array($arg2, $arg3));'),(19,'bx_poll','commentPost','t_sbsPollComments','return BxDolService::call(\'poll\', \'get_subscription_params\', array($arg2, $arg3));'),(20,'bx_sites','','','return BxDolService::call(\'sites\', \'get_subscription_params\', array($arg2, $arg3));'),(21,'bx_sites','commentPost','t_sbsSitesComments','return BxDolService::call(\'sites\', \'get_subscription_params\', array($arg2, $arg3));'),(22,'ads','','','return BxDolService::call(\'ads\', \'get_subscription_params\', array($arg2, $arg3));'),(23,'ads','commentPost','t_sbsAdsComments','return BxDolService::call(\'ads\', \'get_subscription_params\', array($arg2, $arg3));');

--
-- Table structure for table `sys_sbs_users`
--

CREATE TABLE `sys_sbs_users` (
  `id` int(11) NOT NULL AUTO_INCREMENT,
  `name` varchar(64) NOT NULL DEFAULT '',
  `email` varchar(64) NOT NULL DEFAULT '',
  `date` int(11) unsigned NOT NULL DEFAULT '0',
  PRIMARY KEY (`id`),
  UNIQUE KEY `subscriber` (`name`,`email`)
) ENGINE=MyISAM DEFAULT CHARSET=utf8;

--
-- Dumping data for table `sys_sbs_users`
--


--
-- Table structure for table `sys_sessions`
--

CREATE TABLE `sys_sessions` (
  `id` varchar(32) NOT NULL DEFAULT '',
  `user_id` int(10) unsigned NOT NULL DEFAULT '0',
  `data` text CHARACTER SET utf8 COLLATE utf8_unicode_ci,
  `date` int(10) unsigned NOT NULL DEFAULT '0',
  PRIMARY KEY (`id`),
  KEY `user_id` (`user_id`),
  KEY `date` (`date`)
) ENGINE=MyISAM DEFAULT CHARSET=utf8;

--
-- Dumping data for table `sys_sessions`
--

INSERT INTO `sys_sessions` VALUES ('4WbAETLbbNSKtvAtTkMVVR5xgfXT7r6Y',1,'a:2:{s:10:\"csrf_token\";s:20:\"Zva+QJM57u+/rbbC/22E\";s:15:\"csrf_token_time\";i:1429198951;}',1429198951),('QFpPt,QrFVKBH5NNztmKevRXTxxnhr6B',0,'a:2:{s:10:\"csrf_token\";s:20:\"2HH5eC4ftBuKNsN5QuNg\";s:15:\"csrf_token_time\";i:1428416883;}',1428416883),('!hSYApTHRF6E9G=eMM6n,Jq3T3z=6G==',2,'a:3:{s:10:\"csrf_token\";s:20:\"EYGYv.sB/+Y=P5nndAAB\";s:15:\"csrf_token_time\";i:1428593738;s:300:\"captcha-03AHJ_VusgBgHQzIQmG0xktFQZbUzH_hTY_OIgvYfjiWVaZVLYjfJjVEjrg4FqHq2I7gGealg-sMxOnbny7fcKrBg2fvzdRdVg9TboGoquAhv09xO38TbtQa2TaVRAk0yKGO8R1YZEIzErSsPIezN70Ysm047sRqpY-luVhnGHFjdZxMRi0k7FO6-4sr_oQppxm9CxbKeINICE6QWbxgUkyIoPR5EbxLtYGtcQOcdJ4F_mwkRolNdGq5y6XAq_z-pf0LJ0LPxShKrmuDY9HdTzxcrXDWZHNx_c6A\";i:1;}',1428593738),('zZsdazhFcy5NDm5Pjzw79erTN/bEmhgw',0,'a:2:{s:10:\"csrf_token\";s:20:\"Qvjn&R=WC+mL.9mU?Tss\";s:15:\"csrf_token_time\";i:1428632342;}',1428632342),('HykMEcEyMKYMh8Zi6&nCwntD??VtC&/Z',3,'a:3:{s:10:\"csrf_token\";s:20:\"52k/mfn!XTvpEJJ3eDFW\";s:15:\"csrf_token_time\";i:1431470190;s:300:\"captcha-03AHJ_VuugJqDC5U8Veumr3od0jL7jZ_c6fZcLTmxOfEyOkyAvxXKFPkZerLKTjkRzr8rtRvlXOVwVvRnw7MTosDk2Wp4tOSpa90i8aCmSRHS0bMTXqUhtREa879FNitkVemqxuWG3ZnTkuKYhY9xz7-x8NEYdqMgSprnvDa4KJjztFT6Tee6pzkAwJlh4o4dQYwsau-ywf7-wXmfAXF1Icj_VtGneqP3rxhnM-VHbXFqrbbx2kJRDSCUPyPtV1V_M9hema4Y74o7xzMzySG3eKLKevke-0oiOQQ\";i:1;}',1431470190),('!Tb2F2mwaY,H4jx,VBDNwkfW9MmyH+C7',2,'a:2:{s:10:\"csrf_token\";s:20:\"VyW9qWL7Y,tG,H/bA3a2\";s:15:\"csrf_token_time\";i:1429283940;}',1429283940),('SeAXc=Ye3pT7sE&f3ukvER,vedpFURdf',0,'a:2:{s:10:\"csrf_token\";s:20:\"cG,,qgeptr.W6TahiM=2\";s:15:\"csrf_token_time\";i:1428947846;}',1428947846),('=+Q,BcwbEga&yDa?PF.9SLsh3!vzuv,G',0,'a:2:{s:10:\"csrf_token\";s:20:\"k6L2qMaqYGskR55n2yC.\";s:15:\"csrf_token_time\";i:1430158195;}',1430158195),('&sRUbRXwy?GcSpVjBTM6+Hmj5GEwaD&p',0,'a:2:{s:10:\"csrf_token\";s:20:\"W8Ac=Ld=v=/!ZXLfrBa6\";s:15:\"csrf_token_time\";i:1430761063;}',1430761063),('r3MWT=hpNr4DxFDUGRTbmyxpLrcLH!,e',0,'a:3:{s:10:\"csrf_token\";s:20:\"2qQR4KhWrq?Vn6ekp=jc\";s:15:\"csrf_token_time\";i:1430761081;s:300:\"captcha-03AHJ_Vutu0Emof-fp2YNLUwS70PykzTlv8zFdv35rrenXCclsrgCTHFVB_TVj8Ka4wp-e95MNcFVPHjQTVd81QFZ0loE7efQQgTjqyGA4mRLq_ZwJ0oPsVXM08hGxO5kplkIF8utLpmUgwQ-npTGnEVXlUmi85k6I8wfABE4YROfpCT59R0SPEvq72ypaXj8HMA8XRrqxfL7EYzpuKohHPjldi5d22VecHhCYEsHBlmKUcnz4uuYCMemTlMcYXux6txEndC2nFaD9ghMhN42ctz8TfTTJvB6tEw\";i:3;}',1430789038),('NQAbWh+NHTVpAKGTaN?McBPuE5ZwCpf+',0,'a:2:{s:10:\"csrf_token\";s:20:\"!E8BYjZN7dYSJ+WD/fdJ\";s:15:\"csrf_token_time\";i:1430788815;}',1430788815),('rZKtS8tAG?fu5A&A&LhkzLY5UZf6hCYs',0,'a:3:{s:10:\"csrf_token\";s:20:\"qjwjN2ew/CPee4=cQHPM\";s:15:\"csrf_token_time\";i:1430789437;s:214:\"captcha-03AHJ_VuvGuRZNg6Skv5GZut7vsTHb7IiaHfBEgfurPvehgBNe5c-KrnFcqmaLeRSOxTowDmqANQZrZx6k8FSOe-uKcy_VA11hVJPUQm09PV-pe8zZcq576zWv83ua79A1uhk4YwnqbZWcv9qPMuPpQEqRbCEEUm1LQuiBq1p7EKcJBuobScSBy5lvUiwpMnMkk7NgOCVZ7uyX\";i:1;}',1430789489),('&LAvygiRBB+cbvwKtq3ALrytq+aFXSHa',0,'a:2:{s:10:\"csrf_token\";s:20:\"fGnypH.MhPwZAtXbaJCb\";s:15:\"csrf_token_time\";i:1430855195;}',1430855195),('Cf!827h49HgeDHGRU!TRAyAPA63=2MSY',0,'a:3:{s:10:\"csrf_token\";s:20:\"ZLckTjzS4gyWX5kjhGEU\";s:15:\"csrf_token_time\";i:1431190588;s:300:\"captcha-03AHJ_VusOP_-G5J3d5AEDzx7-_3xnEawF3KJ6YLQkYZgZOgRz7XOQZxzP7hcIS6RLoOXzhFKeThOTatKr0VKr8qTH6o2VvvHfMkRDKcTT6F9LeldpxeNTs8BBCQO3aZpqRhLM9Q4h6RYO7Sh-il3p3uZ821EjBDFUOJsEakGADsQHHd5QkV8_R9z04UjfIg7Y7ghfoPjXdoUu7v51mMKeMkqezcureKbP6Y23d1BEX9zUX4iLHH3bcELEGka2xigj7GTQt7LonExvIW0BlSLDc9UpObIn2n0U3A\";i:2;}',1431196025),('AD9Jkq,6Vx9m,9qFh=.wmr,9=QMqcYML',2,'a:3:{s:10:\"csrf_token\";s:20:\"6f/GJ6,hWq/jBv&eBPj?\";s:15:\"csrf_token_time\";i:1431955056;s:300:\"captcha-03AHJ_VutkbuiV78dYKujeVbs3EDEVxZ4JXD8yt-k-3CMPZXBoa1Zd9TPaG6GbZJj5MNV2RiTomqFjrRN-PL-nw7-4uSrMv1WnPjDv7kep_Igjlha3GvJxWjpYWwja_V5aZ-ssAIN8kOrnEUZ8roX5MlcFiKwS18mMswriH4jbwTXmCkWI3ev69EhZ1mFSusbiFlAdiseftkuc5jwx97Ct-S3ajNLG8xeyNiSU2GjEHUaAY9ZPn3bOJRrxsRScH3BDQ7m2xsbLdMWJuXmHpDHy0Zw7aA0EYK1UAA\";i:1;}',1431955056),('QmsTx!M/Eyk4e95UjEP6k3qL93JDe/EH',0,'a:12:{s:10:\"csrf_token\";s:20:\"FfALVnNysA+NYWpxg=7Z\";s:15:\"csrf_token_time\";i:1431954720;s:214:\"captcha-03AHJ_VuuWgbu5b3MODAiohs2u2YPP_jXl8dPSr-Q2PEvDfLYN3OlH3dBBkjinE-mi362rXoSjTguLOuMhXhJvFnDJ5iEdRF6auRPns4j7LqYfUf3lyIgfZrsO8Sd--fiUAmvNKjlSsrrZYweagJgzvqq7jWOTIT8gbttBKJbsGRIdAFw9kg1kqv958Y_jr0i8-s2TtLnNBiPD\";i:0;s:214:\"captcha-03AHJ_Vuv4uHXcFc1unbFGPpFSDRllVCQ5QDpKHuSz41jIn5tzHGIhubo5uyFdif2iTjvKb8aH6Vt6R5gVe6PfIMkw4UFZ_u0dl1TGcHIlfedaeuY2OnOSQq4hzLVJXMrHEjUMGdZcNOYNa0S4bzEV97ShtMdHs-0MQaEz5jXy_6Dbeaw_qikniChFcp6l5ZWAaF58CmSh9I6c\";i:0;s:214:\"captcha-03AHJ_VuvzKdxmj1v3l9Efw1VKy1a6PTuXCTIYAK367pS8L28dSeYqso1fC9o6tHVKmafCstfh17FuBbdm_jC0NpDPjktuPiPEpf_BzwHsJKvKFAy3OjB-tdz-nRJXuktdB8qS7V53NP92e30nd-TueAzc0Y2KOvlxYCyrasUTOPKfOlmjegsltMgbkdRbaoT14QNJu-d7iQ-T\";i:0;s:214:\"captcha-03AHJ_VutmnO0BZ_aveAZl_7-fbJuTDVRSOkkDUW9lyfPBAxRbQeh_u2ygmNmGrjaReDnJn1UYT7_HQqNuR12MwAij2C4XaJIGoZ5GuB9HAmbcXqJNY2cipNQh5ejBT227KkZi59Q8RU4WgdFSlj4A--tzqSftLRsiJKK1x0TqZcr-77wHzNBodaviJ_rsgghW-JM-5Yg7aOlh\";i:0;s:214:\"captcha-03AHJ_VuuxGMFTOM4P-5qhZk4tkNb2OayPggKtRDFwq8YXi5ppeMpuBqWvJOXwJ-r0buEjUAZw81I2G2Sh3PRak_oMleTJI69ff4btln-SCIMF6OIE8kZzVS_aLANUpaUsh3m-jn07qBswBi963TV2-gxvcHvJzTscmh-VfO6ssHCLnRjHEItVADK6vPtu11V4rWFCbAojwpva\";i:1;s:214:\"captcha-03AHJ_Vut5slERyPFXc0Iu4EHkJ9kszzFNO5uQZLO8BthUAvEj8Y4r_XFrtoQdRJGZz1foATcJ05vkJ6xux6yZ4eLIcoh8DDeFP9qd0EZV3gr6_2J8BPSujfQC9fmVmq1kkgOxWBmagOxCbIjhsDEtad6mH37r_pQhSRq6MqjTemElrlWsLg3U_2UAqzeALsY1VNYO-NLfoihU\";i:0;s:214:\"captcha-03AHJ_VuswslV4b6nTSo4f6Xm2otEhAOfQWcpgUj8cRtsXQVFt4TlsLbWGYwp3MDViqtMnuWVyzEwR_wQ0LZCfXe0ymP_j8IropN3hoa93z4thiEGG2uZmcmpl8hZXNtWSYdRo09lJKZOYvlu9a4ouyvc6hLMWGdblBLC-JEBEH_3aJHi6ddMGLpK7P5b7b34UYGw-F5H7foKf\";i:1;s:214:\"captcha-03AHJ_Vuv-r_x2Op0HBDwbJFValBxr_DfHtxxSdrnPCPE6rIykMHah6XJl7c5-_yyfn95SV1sC3Bg3AfR6ti2WJmcJ9uzE3L04zTWspnhG6cJDxgwJe4aBSDyiur9gIKzN6UCsuBuTAUkqZIMclFWtp_NR2l6rxuvhq3mcgCNSfQjH0uYG9xxYlTzNc-Nyr0Zuy9HhU-9c4phL\";i:1;s:236:\"captcha-03AHJ_Vut_9NuwZIlptlPXy5OdQdlBnlwMCRP5ykZcIYhqBpuqRR8TzZVArZeIC_rinJpFxJBmit3sp5bH_of8VbVQOXS2PodgBd6Jg73QnNwgseNCp6xezaxfMXIAYrQ7SDXxDFuH52CCkyicS6_0q03rlw-_zOcpYfLBwU3pnGRe6C7mVVaMVfz2VB1AW4OSgZK1UFPl_nduHnBhU5JVES6cuaTGgL_DKA\";i:2;s:214:\"captcha-03AHJ_VutuhpTkiEQNUWtoeYdzszvXqh07By7y8WH0eWR46bbtsl_pBAsjFF81mB8MOrecOKQECVYraH_YvDO5qRGOYHW3ppQXDEEv1BbwdVO2hqxeZKHOSIKYi5RTowrRZBWvBjAif3PSgoe_dLYmUL4ZpLIZbSyQWCqu2wzy26WyOwhR2lYmW-xC7tTJdYboCHvT1VOYdpG6\";i:2;}',1431954786),('2rz6?/,VXuvGUpr4Xzda3+qBFLmKAJbi',0,'a:2:{s:10:\"csrf_token\";s:20:\"WD?34JH4CxPzrQ?QDu=?\";s:15:\"csrf_token_time\";i:1431972148;}',1431972148),('JfmA!6iZ=x+iS47+fy=,2as?napvU8yK',2,'a:2:{s:10:\"csrf_token\";s:20:\"2tqiAHvGz?2f6Et6ACxA\";s:15:\"csrf_token_time\";i:1432232904;}',1432232904),('jZF6!pp=&6MYXdz4AWHujVRpxPVDbJax',0,'a:9:{s:10:\"csrf_token\";s:20:\"meFw6z!C93r?HBppCyL6\";s:15:\"csrf_token_time\";i:1432217706;s:214:\"captcha-03AHJ_Vuvy5CBge92oexMQkh1yY57ifb87yeZNRvr8AmsHAd8takPhSyb1Uq6DRNCOjg-Cu6SiiZlRgrYnigWwtotTEG4cIjtIclZmBzO3lheyv88ewoywnC0Q6f-nmdRhwHGY4SYaPBFAqmzY8UGXjrAfgAyp55QrPsWE-6nXVMN0gR6NUN9Ve6AiuO9TICXEt6NqUjcpEvIx\";i:0;s:214:\"captcha-03AHJ_VutRVj-rYCshEjsGO3QYVadu8uJSzjVQUNxw48qAguEi7VzfIPmDMWUzf5EOy-GZTeQCW-ARBqFVbWKRY1FtJJ4uQ9e57ZZmR26WPbzubiTKHacjwdyF7MFt4TQkdVaW8ADqLGblUeUGmloYDHZkG-rF120wAVWfAB5zznSvBVyMkjb4JVQPPeMYw5OSepKJBa_Lcfjo\";i:0;s:214:\"captcha-03AHJ_Vuvc_e7jMIXmLaSx96-mX-yargWK8JMS8UYzgvpFOradhOM_aMBMrtvBayyyTMr0vGpKJWv4zLqgrxOJW8BWaShG_soSRhuIW0X-A_fKUKs8CtStnYT0nnssbpPQ5Sck4Xy4wM67p2MCFCAZjFyvM0iWjGFpCx1o07_-7rqre_LS-kawg-ZKpsI9IWUQZ2wWagwbHUxe\";i:1;s:214:\"captcha-03AHJ_VuvbnHoduTK2VhsFFIP-pAHQhKVBN8Em5BJTrCeEjyxotf9vg1NXLDcJ1Bk8Q_IAX1zrmx44q6yAj9Jtmc19iYJeA7UwqXIYwg2N9InX7JxsFTYYMixnyr3Zjy5GAN0ya1fK7N0acWvsz5FDcL-l5DkrLAXfwkavOPwMUl7bpxyvQrBhdZ-YAJDwibXGynqwBSD80T7I\";i:2;s:214:\"captcha-03AHJ_VutvxiG9_TCpM4F4n44mhT1Oqp-l3gETM1LdGRQcZu3s6Zn1EjFQJJpd1pyQbJLWlK4-ZP0BZUI4UJfJ7dw2pTjvzXkkS7pOILJpmGT8jyWZ3NOq1AVPYOkrMDSe6tZ4IPxtcV0a0j0FW96wiOL_puPgSeBtAe3eUP-fbLL7vc2rj0TNNkeZfsjLT4EnAepdvUBaJTvS\";i:2;s:214:\"captcha-03AHJ_Vut-Fiyktv2Ct_ly3IO4JIvW7ZQof2KuzjDFHzwcEghp30krvCxjLiyT6pd9XLtII6W0EaeyqLI0wmc7omNBgxY96GT3p3Q5YU0vNOE7Y5tu4O4bnytOUS_DTFfKb48YlUcwZrn87uxKPCeOXOqpe-SnUQG4Zpp6LY1tgmgy-dzR-BC1Wx9s6AWe8kFYC6aio46hWQ8e\";i:2;s:214:\"captcha-03AHJ_Vuv5tIpNXmWtBsVRJckrSt-3uOkSzL-eoEBTjjEuXfBsZVXRDBsxdgVm0ya7nAWMmfUgMqk_eNPUqBvORWao2a9amsgeuDNS5NuF3usMMOS5waKdYlf1MHZMfSp92Uff-V4cktcEXeLXAw4NujTQ4dqlIivRihNN3MbuAAE9ZZZ412p4UEw3rJ7lr3Df1emkI12v-Yjj\";i:2;}',1432223223),('gy55tM.3J=56&TNG6m?VRauGAs&ykYdn',2,'a:2:{s:10:\"csrf_token\";s:20:\"q3J3bwUkLmHJqXfir.zE\";s:15:\"csrf_token_time\";i:1434041614;}',1434041614),('Qppj7navi3ViGGdpnaB+QdfJcBbJD476',0,'a:3:{s:10:\"csrf_token\";s:20:\"NW9tHa=r=VKgAgzedHnU\";s:15:\"csrf_token_time\";i:1433166506;s:300:\"captcha-03AHJ_VuvUuYcV0L5l3pQYDGMQ5abPsBxlXwgZtCE_Baon0t93_gDvMAGmirKAjgLq1I6AhdVR4WkrUs_raFymbwBPEgoJ3ZPHaVWX4-V0i5knKd1SOsPM7JT1nltcECM_GYuUWbgMAQSxY67Q72A6q3V3zSG78OfcRyUqycQkrAm-fxGe6my7fgUKNd18HapfYK-ATnn7STpc1ahgEZDfUsWtNC3xNZM1n3eNZbFpfP8mqZHfoYOCgsDVzWuPlOeMgiJfsXAYLCB1R_2JzXl9Nn8szwE7hYXvnA\";i:2;}',1433168750),('PxpK!!LsHV+t8Gv!C4tPjuAz7,9LQq86',0,'a:2:{s:10:\"csrf_token\";s:20:\"X4hcVEYxLs/!BkD.TTe&\";s:15:\"csrf_token_time\";i:1433168212;}',1433168212),('rzwKtLu8f5&22SJDXWyZJvWiVshXCCHD',0,'a:2:{s:10:\"csrf_token\";s:20:\"2aX+QBiTgw=hNf3gc/rN\";s:15:\"csrf_token_time\";i:1433174324;}',1433174324),('wu8&B3AUTaTyaWghRK8Pd3NWs9ZpeFFR',0,'a:2:{s:10:\"csrf_token\";s:20:\"BNwNYmLgw,dZ.RqiG5Ei\";s:15:\"csrf_token_time\";i:1433182237;}',1433182237),('a6iWu!,a5QAeRX.&d?8VYRLCW2z+6k?n',0,'a:3:{s:10:\"csrf_token\";s:20:\"2us!3RKut6xi,N9QAbRK\";s:15:\"csrf_token_time\";i:1433197006;s:300:\"captcha-03AHJ_Vuu7VQFyqjnARgjWmtjt-Ttpmhat7GIKgfPHr9l9_T7Ktwq2OU7k9H1P_zXoUG5C2ANx8CxLQwXqQWQmLC0X46d-rUy35QT2gkRoO9Bz5ba-FGDTnSaRqaaQlwYuoqFIMxzyIiwjbzV6mXTX_DHuED8_Y_xXv7QiJomhbfkhufHeBxDdlJZ51E2FQkaFJGZnHkOEEqF5pq_Ic3G-64cJiYiOUzDkS3pOWo3kEGX946g3QST8gWJAAJNUzdIu5FCm0Ptfy8FVYY8KewaVUUmLxB7LGGNJmw\";i:2;}',1433199861),('sGx,WHsfB?V2Ff22wYi,=JJDzgcs2ii+',0,'a:4:{s:10:\"csrf_token\";s:20:\"q5XFUh3qFeAMLVJ4CejS\";s:15:\"csrf_token_time\";i:1433439075;s:214:\"captcha-03AHJ_VutWqscw8i1lZqKXYXbzSvwTrd5vBjOwVjnL0NxByOUhVVWX6K7vrNHc9_n5Eoamc__HWC_N_7f1BsdRPeBmwrmL3nvD8SeaGutfJ4dHA4QN7SM7WBNRBS4R963i90Gee6leVwIpG1EEpDhV90quD7i2SC5AC6BzSSqpQpLApmWgKHZ9_ht5qZJ1v7ZiWby_aF8_fBxO\";i:2;s:214:\"captcha-03AHJ_VusVrGoYrX4-R5Zfj8yELZXuM6Vmvx3mKianG36c52NNm2-ccu3ZmvlOVILCnztlQMiAx9IA5DeoEoqT5v2ZtkBPyfHBCfXpdQQOdwJ6q_swx8FvWU9kROgm7Xp6FUPevETHAoub1uX-1x_snSaWcbjm8FoDoiwVRjAPNIPvTKuLDEHcdUyL9RGdTnOrPdeVYJf9enKG\";i:2;}',1433440041),('D9?eV.93+q.5Fdn/qZ=EW+,e7UU79kfj',0,'a:2:{s:10:\"csrf_token\";s:20:\"mF=tqeaXNn.mgwBtnsL6\";s:15:\"csrf_token_time\";i:1435952018;}',1435952018),('.DdgP&aFFqdL&,rz4p5.Ss76cM95/.w.',0,'a:2:{s:10:\"csrf_token\";s:20:\"/MT!G77LHvEkMTsC.?7r\";s:15:\"csrf_token_time\";i:1435952036;}',1435952036),('hwn&kps?Y!Sx7hc!4Kt5t+xpM3A6fS7K',0,'a:5:{s:10:\"csrf_token\";s:20:\"X+2CNTKXm4mQbtMDqCvR\";s:15:\"csrf_token_time\";i:1436469108;s:300:\"captcha-03AHJ_VuuwXerRMTRFu4Fte7jM4ltluOsHj204LrixLgk5X6FWZBsGAWW8D-rU7yDZ59rV-DhrKlvHB4O4NhNntBrvxHm4G0m9RWisyROzEp9yZjaQhKYP6GQDnsPj5I0XOT3WP7auzGNSW4bXRehtgEVyRIzQISkb-3fQkSygpuEiCTds2GXJIKzcABIzibWBuIB2GCtBJFREZfWscsxX-U6HRRX9LybK9Y20WEEVTn21uURSubYh_bjdzP8BQpCPGccpeikMBjVzUsnxzSTQbQ1QpASw94pwwQ\";i:3;s:300:\"captcha-03AHJ_VutEFcfecciOZlBqtgSw60-mZeANLapXfdi3ODkDCsXqaPoOMgg4FxA2m5_qd8NpIhKqED2KmUrldGQKot8ptnlznSxrJiGgwku0Cg7_tBn1c369fwERtmEMidMVMvSX7T1mMdGQMkhbNmhhQNKqG8QAkpCWzgHGFizhpjkw0j0eSqpqo7QpwGRCzQOT6YY7knFv0TA2BJTRy0AQO3rK6AHFRne5zLDt7c7rHuCLJzUbMm0Ge3hvHYmdv7vIp36Oc69MjiqVMdgJlwH9hDBtsTeY8Bh5fg\";i:3;s:300:\"captcha-03AHJ_VuuiXquA-NEYQO1BPmoO1seNPLNF3T_tw__6WdicnlT163tClQ5cvaqxYNwLdk8x4J4NmXuIXs_se8UYEgjB5-XuCQJl4nXMH6cdqQdFvSKMDoJdsx9i1Vxau62wB8jQpGHrKm_oltqBA8CJLWEzyrjupi_pHh2P4CLMWZDJPhDH0HExm-3Q70KspVdQGS_spfIFV1rgFohfUaApoomF22G9j4UCru5JgIqBRY_Cmv7vKiRbwbHhTq2PFdLje5aksgqIfqyHtoi_kNp17UeZHrXG5zNWDA\";i:3;}',1436469292),('zTibaACKffSBDQvCSy/F=2RTtsQ7Ezdx',3,'a:3:{s:10:\"csrf_token\";s:20:\"sX9qcd.EL6E+LBE7td?5\";s:15:\"csrf_token_time\";i:1438197932;s:300:\"captcha-03AHJ_Vuv1EYRTlMn1HIKOJYxgnYwpuOIaWFGAduFkSZqBUvGQmA_By-gyVdNs4MMVy08-jNGZklmCk7yE15npFuF6lDv1SN1xsHVLtPg_tuttRECIxLoEZK0Uz1kRlT2PScGwQUeZpRDQ6lo7t-Zh6-fAl9rdXShDkOfsE1JIlFewK_uYxbBne61euR1oQ9rzekJYlyRT1pAI2-osJncGcsSKQ-p9z7wmY6E82sEmaAbFYfq7Bn0c1BhE_ruso2pYwMkNs5uGDtkB65zRgusQgGVQKmY87xmaUQ\";i:2;}',1438197932),('!T9YkinB+ZUW8xjXf?bkU2GguVtrTZdM',0,'a:2:{s:10:\"csrf_token\";s:20:\"kx/,r4,nVZZ8eu2Ra,!B\";s:15:\"csrf_token_time\";i:1438039642;}',1438039642),('aGz2GPvALVePTFxBdLJRUnXdJGJZ?rMp',3,'a:2:{s:10:\"csrf_token\";s:20:\"?iGVciUKJQ5Js3avHAA9\";s:15:\"csrf_token_time\";i:1440427318;}',1440427318),('fsFYTrvQMfWE4xAaYcibF9Sx6!XnKwac',0,'a:2:{s:10:\"csrf_token\";s:20:\"2KbyHmvf7vzGhLqijszp\";s:15:\"csrf_token_time\";i:1440523668;}',1440523668),(',kXu,8DAfE2y?a5AsSSsTxcB6Q93?4PF',0,'a:2:{s:10:\"csrf_token\";s:20:\"Jv/.=366SqPut!=hnjbW\";s:15:\"csrf_token_time\";i:1440610418;}',1440610418),('?rNS!7=Gy?dsB2Hep5vq8kRge,AUHrun',0,'a:2:{s:10:\"csrf_token\";s:20:\"ACfdy&2Z7QrzW,R6bceu\";s:15:\"csrf_token_time\";i:1440612226;}',1440612226),('fJehWiUz35M&&rnJM?8WsBf5yhjbAc,Y',0,'a:2:{s:10:\"csrf_token\";s:20:\"Lkx/UjULmgjD9,8n2x?G\";s:15:\"csrf_token_time\";i:1440612352;}',1440612352),('8M&9qCQDDnG=WJvp6Wt3&yRKc,j.UELn',0,'a:2:{s:10:\"csrf_token\";s:20:\"EdCHKFqZhGztE7uR?/r=\";s:15:\"csrf_token_time\";i:1440613027;}',1440613027),('EGyqsA5A5y8m?u9bW??UwXiwE?QZbMP9',0,'a:6:{s:10:\"csrf_token\";s:20:\"h+uLyBwuhCp29t+Vc4X5\";s:15:\"csrf_token_time\";i:1440639509;s:300:\"captcha-03AHJ_VuvH4kUstKXtg6UXEgRm1B8wZmSJlOrkMTMT4ZN6V_bb-1ysdLPDrxR1pBXB7zj26_Q5ChSDE9G5MOJjgERrhirTDqwvUBUMkZeZq0HLx3AInrYHPtwD3UEeFbRVRHQKu2eoVKMOEcE3RPJ9yWsSr4kyzw5pFNQechCIjHa8FJWj4BQl3AybP56Sh1AsS8gdzD0ftnT60yXN8PlUHSnfeJR01iOIOJ27jh2ViKGd3DqqYXtEJN5XfOnVcKzvjyQ6zt5-9W4P91WQEog-FcMUM8ShTmb22w\";i:1;s:300:\"captcha-03AHJ_Vus9py3QaXEgfQ4SgIh_Zbfl-3_wKnGHHu6wtNaLVu9W5ATCW2hTm9obgBFc7S2THsMYW01CphjJuHcuD4eX3W3uFpXfsDuNlHdOa-n5goY3pfpkDKS48W_VHT_Hn5iHbzQtuF84Q4NIzCOrmXj_a6InGTFGCPDi-S9nqwAaVV0P7d9-2Dw_41Q5bICV5y5TGJEj0-HamiY4Bn5_fKO7s95BdWuv9BOEqL47kIhBIMyrFusz1BWzA9b7vsqORmo7WQwujb11MOBD2kwf3dnYHxhMaX7tag\";i:3;s:300:\"captcha-03AHJ_VuuD2bsNmkJFcIJCHVgYonIcIs2Hd98RAGUfrXCdRTukxf8jJR7httNcGwD6hmccMpftjQENtXSkFbqLGRzd35QwGLjBlbi1zPNntWTXq_A9rW3Q4XGrwzIH2bkO1GVXK2cYN67Yz54YFEhA_UwvoZSYgyGd4IcsGX_ECME2344PDN85Wi0QMdOOL60izEhOta_0mbtaorlFf05Bdo-KajAH7TofLpEU__uMwa9SkFhxS4Ro3lhs_4UxA6l33yHxiTQkCD_-ZDFUAQD-HnQYol0kddFYpw\";i:3;s:300:\"captcha-03AHJ_Vutj4FQjHKvlK8LowFdjpK9RJbN5ES09bx11Wj3MlqJYVeaqB0r1ATb7lya7kb4B-QkqC9UmbBjI1_qAfXzQI58lySw8Q3SGMlZLPMvTba1oCAXIqoM4uMgQr9uhFMyguVgieNrgFHjLGffdGXw5bP1V2nozV1NR_Gd0ouhLz9G3hH8TKW7pJ-YiXCzQuI89hwWy4Z2-QAbwjDQKxPaIoPQ5hTj7A0LvxEGcecLrid0WM2VTXioE0izVHZV4_Gsy2q703ov12T8phqwzXrFwnSRfDrvvvA\";i:2;}',1440641254),('knGHhBU!LSQj=7kz=HAAVhuqXLjV6yKU',0,'a:2:{s:10:\"csrf_token\";s:20:\".&Xz93SGtAvnuAULQq29\";s:15:\"csrf_token_time\";i:1440641181;}',1440641181),('sfu,jY=dK,fuMLwtnFApQHd8VyR8d/h.',12,'a:2:{s:10:\"csrf_token\";s:20:\"TAVtqJTWV!fcSMxNxnQB\";s:15:\"csrf_token_time\";i:1440680012;}',1440680012),('tV/vgQA7PZUJFjjhpW8ez7Wdn+u/ZB2!',12,'a:2:{s:10:\"csrf_token\";s:20:\"r.DN!kErF4g.v6CDmZhr\";s:15:\"csrf_token_time\";i:1441152364;}',1441152364),('Qft&YCekm!fx5YKbLELR8/.gSj8BTC85',0,'a:2:{s:10:\"csrf_token\";s:20:\"L?gKrzv?!bnjSDZZpHm!\";s:15:\"csrf_token_time\";i:1441195402;}',1441195402),('LPJwzxaVR!ufhZdGqKYu?ERzi5D/+h3x',3,'a:2:{s:10:\"csrf_token\";s:20:\"ZwxeT7.3TpU?6QhfTmwB\";s:15:\"csrf_token_time\";i:1442891222;}',1442891222),('wVwrvHF.uT32Rr!.+AyN&j/uJ!TFpSDE',0,'a:2:{s:10:\"csrf_token\";s:20:\"unJJXPWP4RW/Yx5QwRWW\";s:15:\"csrf_token_time\";i:1441300261;}',1441300261),('BEjsLz=v7eNRhNeZEWgVP5gM7cM/4Nf8',12,'a:2:{s:10:\"csrf_token\";s:20:\"Q3K+nQKddND/+xuSKqdJ\";s:15:\"csrf_token_time\";i:1441382596;}',1441382596),('R2NGtKrnukj/fmj&8j6bKGaxSyC!4Fe6',0,'a:2:{s:10:\"csrf_token\";s:20:\"E,D=W&=5/CtPTjjU&+Z5\";s:15:\"csrf_token_time\";i:1441568248;}',1441568248),('ifCWwLYJ+PuVfG9!b4W&jFxGQSyPkhix',12,'a:2:{s:10:\"csrf_token\";s:20:\"A2x!3qGFD3qVSR,etF9U\";s:15:\"csrf_token_time\";i:1441817144;}',1441817144),('=.KkpGz/HhGBydaE4S32+U,s5!F?6.kX',0,'a:2:{s:10:\"csrf_token\";s:20:\"ibMFbwa&uvjgc+kKG4YU\";s:15:\"csrf_token_time\";i:1441825365;}',1441825365),('J9r!r8+PNp&jUui.K=DYYh6V,fzr,W7/',12,'a:2:{s:10:\"csrf_token\";s:20:\"V?tqxmqGUdtnsNVcVbkK\";s:15:\"csrf_token_time\";i:1441834413;}',1441834413),('WQ32srKwd&dvTQ7ihS4x2q?vxtxNgnQa',0,'a:2:{s:10:\"csrf_token\";s:20:\"6vgcLpuq/FejUrJ&fx&6\";s:15:\"csrf_token_time\";i:1441913694;}',1441913694),('CcuumwV=!us,vy+5B.cse8zCeS27ykqb',12,'a:2:{s:10:\"csrf_token\";s:20:\"ZaKKgddpssYE=KU+b6LC\";s:15:\"csrf_token_time\";i:1441913727;}',1441913727),('qHz4nH9t6Ti4S4ViS7/TH9pdD+vk6DMY',12,'a:2:{s:10:\"csrf_token\";s:20:\"BsTD?n!Mj7=ADcenNNua\";s:15:\"csrf_token_time\";i:1441981438;}',1441981438),('xgJysH=T?4.7YpwPFYGnL4E7q9f7+mz2',0,'a:2:{s:10:\"csrf_token\";s:20:\"p3!iKJgs=BfqUUHSzgJ,\";s:15:\"csrf_token_time\";i:1442327544;}',1442327544),('6PSfCKX.GaPg9vGV5N?pC2?WmA5a5Exs',12,'a:2:{s:10:\"csrf_token\";s:20:\"TPeCgp?WZf4=?bb,e5+J\";s:15:\"csrf_token_time\";i:1442333061;}',1442333061),('mbGn4MBxfRBDd?i9R9HgZ4T=x6qeHi6y',12,'a:2:{s:10:\"csrf_token\";s:20:\"AzM!ENnjsXPE5XW5daTV\";s:15:\"csrf_token_time\";i:1442348699;}',1442348699),('zmLhvS,6GWyPp/=x,T&V3EiJ8FsF.=VV',0,'a:2:{s:10:\"csrf_token\";s:20:\"fAvm&bhG!Y,X8NUBujEJ\";s:15:\"csrf_token_time\";i:1442351094;}',1442351094),('FaUjxUGRthfRL,Uh4mzC/8N,2,i9Bm=U',12,'a:2:{s:10:\"csrf_token\";s:20:\"jRV.n+/!qzP2T.cjy4.p\";s:15:\"csrf_token_time\";i:1442587088;}',1442587088),('fms?.6=Hum76ZWghh7kaHNDea5!2iMbq',12,'a:2:{s:10:\"csrf_token\";s:20:\"UKS8,5emeAjYfrnA,!VK\";s:15:\"csrf_token_time\";i:1442598003;}',1442598003),('EBT99s74yV2kTTUjqrjxQpmVGcHvn&//',0,'a:2:{s:10:\"csrf_token\";s:20:\"+VFk9gCTB=tfi!fsmAbh\";s:15:\"csrf_token_time\";i:1442598776;}',1442598776),('VdC9MRhpUp!jUsUEE&UVbt&Eie68racx',12,'a:2:{s:10:\"csrf_token\";s:20:\"zaHs!X6xCDHPBcEA/wfU\";s:15:\"csrf_token_time\";i:1442773051;}',1442773051),('yYAypU6xdSdiAS&Vy6xw/muw3hn,F+Aj',0,'a:2:{s:10:\"csrf_token\";s:20:\"&2B8K52fPhjBgE26JNku\";s:15:\"csrf_token_time\";i:1442774216;}',1442774216),('/HXayBc5tqLiv!D&FLkS4TEcZjX?iNb=',0,'a:2:{s:10:\"csrf_token\";s:20:\"fBka24a3.bV3YUNMQeS!\";s:15:\"csrf_token_time\";i:1442862135;}',1442862135),('NkUj+&LTzWw6Ts.eKKe/9SPuanReaLiK',0,'a:3:{s:10:\"csrf_token\";s:20:\"fTEDdX?4WWTZhwrBX5AC\";s:15:\"csrf_token_time\";i:1442863576;s:278:\"captcha-03AHJ_VuvVbFjXiFmYgq4jinrg53qVUS5XMwbWP1X4UXhlNEuklmdkuElO0_Q2oZBP_jVZ6mytkTYj0RCJoZhW1u56KjTNtDhYO9UI9yu4io_eoxnF0iaomcd0QpDFzRJ94uH9qymu0_A90WP-VG4ibbFLz2Mny5TREV-cPuDxSBHpaxFLcT2wZmy02afJgDIrtsik0dyA3lRvcUAjvi_hoI5PAtdlhJVtBra6tw6kd4bO3IgRgLc6Zm7PDeKYza1ArNyE2EcOYvb7\";i:2;}',1442870788),('yAqf&vQM?xcX8gGYw!x8/ZDgyYJitF7D',0,'a:2:{s:10:\"csrf_token\";s:20:\".3ENvAS=eJqn.DvwPb/U\";s:15:\"csrf_token_time\";i:1442939507;}',1442939507),('uBtTiuTv+yA/SDKUiipjaAUemF+iegDi',0,'a:2:{s:10:\"csrf_token\";s:20:\"9XmMXP3nV9JJntzdqs56\";s:15:\"csrf_token_time\";i:1442940036;}',1442940036),('!q7rgfM/eyJs+rHUU7QDv!dGtGBsBb6Y',0,'a:2:{s:10:\"csrf_token\";s:20:\"3xq79BKfsUFF./HfgdSn\";s:15:\"csrf_token_time\";i:1443192432;}',1443192432),('RbW,U8XDe+fQhpW+YuzLsQ3GfKr&v?L7',0,'a:2:{s:10:\"csrf_token\";s:20:\"s&Z98WvSdCL8ETuYjShJ\";s:15:\"csrf_token_time\";i:1443196218;}',1443196218),('4eNEM?uzdF9M=dJ2UbvDnU3D&gr/,Ym6',0,'a:2:{s:10:\"csrf_token\";s:20:\"4,uGU+HN7zGKNM3czZ.E\";s:15:\"csrf_token_time\";i:1443211020;}',1443211020),('+vBjGAm&F3DbnqqXx3Z6ga+7+Y6LewyL',0,'a:2:{s:10:\"csrf_token\";s:20:\"tSd5YV/GJ6w46?,87RFb\";s:15:\"csrf_token_time\";i:1443392589;}',1443392589);

--
-- Table structure for table `sys_shared_sites`
--

CREATE TABLE `sys_shared_sites` (
  `ID` tinyint(4) unsigned NOT NULL AUTO_INCREMENT,
  `Name` varchar(255) DEFAULT NULL,
  `URL` varchar(255) NOT NULL DEFAULT '',
  `Icon` varchar(255) NOT NULL DEFAULT '',
  PRIMARY KEY (`ID`)
) ENGINE=MyISAM AUTO_INCREMENT=11 DEFAULT CHARSET=utf8;

--
-- Dumping data for table `sys_shared_sites`
--

INSERT INTO `sys_shared_sites` VALUES (1,'digg','http://digg.com/submit?phase=2&url=','digg.png'),(2,'delicious','http://del.icio.us/post?url=','delicious.png'),(3,'blinklist','http://www.blinklist.com/index.php?Action=Blink/addblink.php&amp;Url=','blinklist.png'),(4,'newsvine','http://www.newsvine.com/_tools/seed&save?u=','newsvine.png'),(5,'reddit','http://reddit.com/submit?url=','reddit.png'),(6,'slashdot','http://slashdot.org/bookmark.pl?url=','slashdot.png'),(7,'stumbleupon','http://www.stumbleupon.com/url/http','stumbleupon.png'),(8,'technorati','http://technorati.com/faves?add=','technorati.png'),(9,'facebook','http://www.facebook.com/sharer/sharer.php?u=','facebook.png'),(10,'twitter','https://twitter.com/share?url=','twitter.png');

--
-- Table structure for table `sys_stat_member`
--

CREATE TABLE `sys_stat_member` (
  `Type` varchar(10) NOT NULL,
  `SQL` varchar(255) NOT NULL
) ENGINE=MyISAM DEFAULT CHARSET=utf8;

--
-- Dumping data for table `sys_stat_member`
--

INSERT INTO `sys_stat_member` VALUES ('mma','SELECT COUNT(*) FROM `sys_messages` WHERE `Recipient`=\'__member_id__\' AND NOT FIND_IN_SET(\'Recipient\', `sys_messages`.`Trash`)'),('mmn','SELECT COUNT(*) FROM `sys_messages` WHERE `Recipient`=\'__member_id__\' AND `New`=\'1\' AND NOT FIND_IN_SET(\'Recipient\', `sys_messages`.`Trash`)'),('mfl','SELECT COUNT(*) FROM `sys_fave_list` WHERE `ID` = \'__member_id__\' '),('mfr','SELECT COUNT(*) FROM `sys_friend_list` as f LEFT JOIN `Profiles` as p ON p.`ID` = f.`ID` WHERE f.`Profile` = __member_id__ AND f.`Check` = \'0\' AND p.`Status`=\'Active\''),('mfa','SELECT COUNT(*) FROM `sys_friend_list` WHERE ( `ID`=\'__member_id__\' OR `Profile`=\'__member_id__\' ) AND `Check`=\'1\''),('mgc','SELECT COUNT(*) FROM `sys_greetings` WHERE `ID` = \'__member_id__\' AND New = \'1\''),('mbc','SELECT COUNT(*) FROM `sys_block_list` WHERE `ID` = \'__member_id__\''),('mgmc','SELECT COUNT(*) FROM `sys_greetings` WHERE `Profile` = \'__member_id__\' AND New = \'1\''),('bx_events','SELECT COUNT(*) FROM `bx_events_main` WHERE `ResponsibleID` = \'__member_id__\' AND `Status`=\'approved\''),('bx_eventsp','SELECT COUNT(*) FROM `bx_events_main` WHERE `ResponsibleID` = \'__member_id__\' AND `Status`!=\'approved\''),('phs','SELECT COUNT(*) FROM `bx_photos_main` WHERE `Owner` = \'__member_id__\' AND `Status` = \'approved\''),('spo','SELECT COUNT(*) FROM `bx_poll_data` WHERE `id_profile` = \'__member_id__\' AND `poll_status`=\'active\' AND `poll_approval` = 1'),('bx_sites','SELECT COUNT(*) FROM `bx_sites_main` WHERE `ownerid` = \'__member_id__\' AND `status`=\'approved\''),('bx_sitesp','SELECT COUNT(*) FROM `bx_sites_main` WHERE `ownerid` = \'__member_id__\' AND `status`!=\'approved\''),('mad','SELECT COUNT(*) FROM `bx_ads_main` WHERE `IDProfile` = \'__member_id__\' AND `Status`=\'active\'');

--
-- Table structure for table `sys_stat_site`
--

CREATE TABLE `sys_stat_site` (
  `ID` tinyint(4) unsigned NOT NULL AUTO_INCREMENT,
  `Name` varchar(20) NOT NULL DEFAULT '',
  `Title` varchar(50) NOT NULL DEFAULT '',
  `UserLink` varchar(255) NOT NULL DEFAULT '',
  `UserQuery` varchar(255) NOT NULL DEFAULT '',
  `AdminLink` varchar(255) NOT NULL DEFAULT '',
  `AdminQuery` varchar(255) NOT NULL DEFAULT '',
  `IconName` varchar(50) NOT NULL DEFAULT '',
  `StatOrder` int(4) unsigned NOT NULL DEFAULT '0',
  PRIMARY KEY (`ID`)
) ENGINE=MyISAM AUTO_INCREMENT=9 DEFAULT CHARSET=utf8;

--
-- Dumping data for table `sys_stat_site`
--

INSERT INTO `sys_stat_site` VALUES (1,'all','Members','browse.php','SELECT COUNT(`ID`) FROM `Profiles` WHERE `Status`=\'Active\' AND (`Couple`=\'0\' OR `Couple`>`ID`)','{admin_url}profiles.php?action=browse&by=status&value=approval','SELECT COUNT(`ID`) FROM `Profiles` WHERE `Status`=\'Approval\' AND (`Couple`=\'0\' OR `Couple`>`ID`)','user',1),(2,'evs','bx_events','modules/?r=events/browse/recent','SELECT COUNT(`ID`) FROM `bx_events_main` WHERE `Status`=\'approved\'','modules/?r=events/administration','SELECT COUNT(`ID`) FROM `bx_events_main` WHERE `Status`=\'pending\'','calendar',2),(3,'phs','bx_photos','modules/?r=photos/browse/all','SELECT COUNT(`ID`) FROM `bx_photos_main` WHERE `Status`=\'approved\'','modules/?r=photos/administration/home/pending','SELECT COUNT(*) FROM `bx_photos_main` as a left JOIN `sys_albums_objects` as b ON b.`id_object`=a.`ID` left JOIN `sys_albums` as c ON c.`ID`=b.`id_album` WHERE a.`Status` =\'pending\' AND c.`AllowAlbumView` NOT IN(8) AND c.`Type`=\'bx_photos\'','picture',3),(4,'fdb','feedback_ss','modules/?r=feedback/index/','SELECT COUNT(`ID`) FROM `bx_fdb_entries` WHERE `status`=\'0\'','modules/?r=feedback/admin/','SELECT COUNT(`ID`) FROM `bx_fdb_entries` WHERE `status`=\'1\'','thumbs-up',4),(5,'news','news_ss','modules/?r=news/archive/','SELECT COUNT(`ID`) FROM `bx_news_entries` WHERE `status`=\'0\'','modules/?r=news/admin/','SELECT COUNT(`ID`) FROM `bx_news_entries` WHERE `status`=\'1\'','bullhorn',5),(6,'pls','bx_polls','modules/?r=poll/','SELECT COUNT(`id_poll`) FROM `bx_poll_data` WHERE `poll_approval`=1 and `poll_status` = \'active\' ','modules/?r=poll/administration','SELECT COUNT(`id_poll`) FROM `bx_poll_data` WHERE `poll_approval`=0','tasks',6),(7,'sts','bx_sites','modules/?r=sites/browse/all','SELECT COUNT(`ID`) FROM `bx_sites_main` WHERE `status`=\'approved\'','modules/?r=sites/administration','SELECT COUNT(`ID`) FROM `bx_sites_main` WHERE `status`=\'pending\'','link',7),(8,'cls','bx_ads_Ads','modules/boonex/ads/classifieds.php?action=show_all_ads','SELECT COUNT(`ID`) FROM `bx_ads_main` WHERE `Status`=\'active\' AND UNIX_TIMESTAMP() - `bx_ads_main`.`LifeTime`*24*60*60 < `bx_ads_main`.`DateTime`','modules/boonex/ads/post_mod_ads.php','SELECT COUNT(`ID`) FROM `bx_ads_main` WHERE `Status`=\'new\' AND UNIX_TIMESTAMP() - `bx_ads_main`.`LifeTime`*24*60*60 < `bx_ads_main`.`DateTime`','money',8);

--
-- Table structure for table `sys_tags`
--

CREATE TABLE `sys_tags` (
  `Tag` varchar(32) NOT NULL DEFAULT '',
  `ObjID` int(10) unsigned NOT NULL DEFAULT '0',
  `Type` varchar(20) NOT NULL DEFAULT 'profile',
  `Date` timestamp NOT NULL DEFAULT CURRENT_TIMESTAMP,
  PRIMARY KEY (`Tag`,`ObjID`,`Type`)
) ENGINE=MyISAM DEFAULT CHARSET=utf8;

--
-- Dumping data for table `sys_tags`
--

INSERT INTO `sys_tags` VALUES ('profile photos',1,'bx_photos','2015-04-08 16:11:54'),('profile photos',2,'bx_photos','2015-04-08 16:18:13'),('something',1,'bx_events','2015-04-08 16:24:18'),('farm',1,'bx_sites','2015-04-08 16:28:42'),('events',3,'bx_photos','2015-04-08 16:33:48'),('profile photos',4,'bx_photos','2015-04-10 03:58:19'),('light',1,'ad','2015-05-28 16:40:22'),('sunny',1,'ad','2015-05-28 16:40:22'),('fun',2,'bx_events','2015-06-02 14:35:49');


