--
-- Host: localhost    Database: persisters
-- ------------------------------------------------------


--
-- Table structure for table `Profiles`
--

CREATE TABLE `Profiles` (
  `ID` int(10) unsigned NOT NULL AUTO_INCREMENT,
  `NickName` varchar(255) NOT NULL DEFAULT '',
  `Email` varchar(255) NOT NULL DEFAULT '',
  `Password` varchar(40) NOT NULL DEFAULT '',
  `Salt` varchar(10) NOT NULL DEFAULT '',
  `Status` enum('Unconfirmed','Approval','Active','Rejected','Suspended') NOT NULL DEFAULT 'Unconfirmed',
  `Role` tinyint(4) unsigned NOT NULL DEFAULT '1',
  `Couple` int(10) unsigned NOT NULL DEFAULT '0',
  `Sex` varchar(255) NOT NULL DEFAULT '',
  `LookingFor` set('male','female') NOT NULL DEFAULT '',
  `Headline` varchar(255) NOT NULL,
  `DescriptionMe` text NOT NULL,
  `Country` varchar(255) NOT NULL DEFAULT '',
  `City` varchar(255) NOT NULL,
  `DateOfBirth` date NOT NULL,
  `Featured` tinyint(1) NOT NULL DEFAULT '0',
  `DateReg` datetime NOT NULL DEFAULT '0000-00-00 00:00:00',
  `DateLastEdit` datetime NOT NULL DEFAULT '0000-00-00 00:00:00',
  `DateLastLogin` datetime NOT NULL DEFAULT '0000-00-00 00:00:00',
  `DateLastNav` datetime NOT NULL DEFAULT '0000-00-00 00:00:00',
  `aff_num` int(10) unsigned NOT NULL DEFAULT '0',
  `Tags` varchar(255) NOT NULL DEFAULT '',
  `zip` varchar(255) NOT NULL,
  `EmailNotify` tinyint(1) NOT NULL DEFAULT '1',
  `LangID` int(11) NOT NULL,
  `UpdateMatch` tinyint(1) NOT NULL DEFAULT '1',
  `Views` int(11) NOT NULL,
  `Rate` float NOT NULL,
  `RateCount` int(11) NOT NULL,
  `CommentsCount` int(11) NOT NULL,
  `PrivacyDefaultGroup` int(11) NOT NULL DEFAULT '3',
  `allow_view_to` int(11) NOT NULL DEFAULT '3',
  `UserStatus` varchar(64) NOT NULL DEFAULT 'online',
  `UserStatusMessage` varchar(255) NOT NULL DEFAULT '',
  `UserStatusMessageWhen` int(10) NOT NULL,
  `Avatar` int(10) unsigned NOT NULL,
  `Height` varchar(255) NOT NULL,
  `Weight` varchar(255) NOT NULL,
  `Income` varchar(255) NOT NULL,
  `Occupation` varchar(255) NOT NULL,
  `SpiritualPractice` varchar(255) NOT NULL,
  `Education` set('Elementary School','Some High School','High School Graduate','Some College','Associates Degree','Bachelors Degree','Masters Degree','PhD.','Post Doc.') NOT NULL DEFAULT '',
  `RelationshipStatus` enum('Single','In a Relationship','Engaged','Married','It''s Complicated','In an Open Relationship') DEFAULT NULL,
  `Hobbies` set('Alternative Health','Beauty','Cycling','Dance','Decor','Fashion','Gardening','Golf','Health','Knitting','Movies','Play Sports','Running','Skiing','Sewing','Working Out','Watching Sport','Other') NOT NULL DEFAULT '',
  `Interests` text NOT NULL,
  `Ethnicity` set('Asian','Black/African Descent','East Indian','Latino/Hispanic','Middle Eastern','Native American','Pacific Islander','White/Caucasian','Other') NOT NULL DEFAULT '',
  `FavoriteSites` text NOT NULL,
  `FavoriteMusic` text NOT NULL,
  `FavoriteFilms` text NOT NULL,
  `FavoriteBooks` text NOT NULL,
  `FirstName` varchar(255) NOT NULL,
  `LastName` varchar(255) NOT NULL,
  `PoliticalView` set('Ultra Conservative','Conservative','Middle of The Road','Liberal','Very Liberal','Non-Conformist','Other Point of View','Non-Political') NOT NULL DEFAULT '',
  `InterestsAltHealing` set('Acupuncture','Bio Feedback','Chiropractic','Energy Therapies','FeldenKrais','Herbalism','Homeopathy','Meditation') NOT NULL DEFAULT '',
  `InterestsArt` set('Crafts','Drawing','Edging','Jewelry Making','Painting','Photography','Videography','Galleries','Museums') NOT NULL DEFAULT '',
  `WomanStatus` set('Single Woman','Single Mother','Sponsor Woman') NOT NULL DEFAULT '',
  `InterestsBooks` set('Comedy','Drama','Erotica','Fantasy','Fiction','Literary Fiction','Mystery','Non Fiction','Romance','Science','Thrillers','Westers') NOT NULL DEFAULT '',
  `InterestsEntertainment` set('Animals','Antiques','Art','Astrology','Camping','Concerts','Computer/Video Games','Cooking','Dancing','Decorating','Gardening','Hiking','Kids Arts/Crafts','Knitting','Music','Physical Exercise','Singing','Sowing','Traveling','Woodworking','Writing') NOT NULL DEFAULT '',
  `InterestsGeneral` set('Fashion','Food/Cooking','Health','Housing','News','Politics','Raising Children / Child Care','Social Issues','Spirituality','Travel') NOT NULL DEFAULT '',
  `InterestsSports` set('Aerobics','Baseball','Basketball','Cycling','Football','Golf','Martial Arts','Paddle Boarding','Racquetball','Skiing','Snowboarding','Soccer','Surfing','Swimming','Tennis','Volleyball','Weight Lifting','Workout','Yoga','Zumba') NOT NULL DEFAULT '',
  `InterestsWomens` set('Abortion','Balancing Mother/Work/Woman','Baby Care','Breastfeeding','Childbirth','Children''s Disorders','Children''s Issues','Equal Rights','Feminism','Hormones','Menopause','PreMenopausal','PMS','Pregnancy') NOT NULL DEFAULT '',
  `InterestsMusic` set('Banjo','Bongo Drum','Base','Clarinet','Djembe Drum','Drums','Flute','Guitar','Oboe','Piano','Recorder','Saxophone','Trumpet','Tuba','Ukulele','Viola','Violin','Voice') NOT NULL DEFAULT '',
  PRIMARY KEY (`ID`),
  UNIQUE KEY `NickName` (`NickName`),
  KEY `Country` (`Country`),
  KEY `DateOfBirth` (`DateOfBirth`),
  KEY `DateReg` (`DateReg`),
  KEY `DateLastNav` (`DateLastNav`),
  FULLTEXT KEY `NickName_2` (`NickName`,`City`,`Headline`,`DescriptionMe`,`Tags`)
) ENGINE=MyISAM AUTO_INCREMENT=14 DEFAULT CHARSET=utf8;

--
-- Dumping data for table `Profiles`
--

INSERT INTO `Profiles` VALUES (1,'seth','seth@tofutavern.com','74efefa0995cfbeef2ee271f249bf28e90befce8','ZjU0YjM5','Active',3,0,'','','','','','','0000-00-00',0,'2015-04-07 14:21:50','0000-00-00 00:00:00','2015-05-05 01:20:56','2015-05-05 01:21:55',0,'','',1,0,1,4,0,0,0,3,3,'online','',0,0,'','','','','','',NULL,'','','','','','','','','','','','','','','','','','',''),(2,'bethany','bethany@seeger.ws','4263332320a2d1e8644652c254059f2b1f330a35','MjWKiqPq','Active',3,0,'female','','It\'s me!','Seriously awesome admin. Just entering characters here!','US','Leverett','1977-03-01',0,'2015-04-08 15:18:45','2015-05-05 01:26:09','2015-08-27 02:05:00','2015-08-27 02:05:48',0,'','01054',1,1,1,1,0,0,0,3,5,'online','',1428590221,0,'','','','','','','Single','','','','','','','','Bethany','Seeger','','','','','','','','','',''),(3,'persister1','moniquehillen@gmail.com','ce9ff19a1ee379431a8abd8e009c8fee563989bc','NJE8UJ0WJ','Active',3,0,'female','female','Founder1','Single mom of 3 sons, raised kids alone for the last 12.5 years.  ','US','Amherst','1960-05-15',0,'2015-04-10 03:58:19','0000-00-00 00:00:00','2015-09-22 03:06:58','2015-09-22 03:42:47',0,'','01002',1,1,0,3,0,0,0,3,3,'online','',0,0,'','','','','','','','','','','','','','','Monique','Hillen','','','','','','','','','',''),(7,'Kalamoma','mosasouth@aol.com','0bc27d4d0e59ab94b4af408c688399e327922812','/umVkk!6','Unconfirmed',1,0,'male','','','fun day','US','','1958-06-09',0,'2015-06-01 14:25:50','0000-00-00 00:00:00','2015-06-01 14:25:50','2015-06-03 00:21:52',0,'','01002',1,1,0,0,0,0,0,3,3,'online','',0,0,'','','','','Spiritual but not religious','Masters Degree','','','','White/Caucasian','','','','','mo','strange','Very Liberal','Meditation','Painting,Galleries,Museums','Single Woman','','','','','',''),(8,'Founder','mcf180@aol.com','5b59505eb8d32f86a38f2df5dd21077fb08a96f1','PetZHe3A','Unconfirmed',1,0,'male','','','','US','','1956-04-26',0,'2015-06-01 23:04:22','0000-00-00 00:00:00','2015-06-01 23:04:22','2015-06-02 18:26:52',0,'','10016',1,1,0,1,0,0,0,3,3,'online','',0,0,'','','','','Christian / Protestant','Masters Degree','','','','White/Caucasian','','','','','Mark','Francis','Middle of The Road','','Drawing','Sponsor Woman','','','','','',''),(12,'ericamlee','erik@yesexactly.com','412dce24cac5edc92b9e882ee55d9f0ec4cb9dd4','YTBqZkcC','Active',3,0,'male','female','','','US','Amherst','1966-06-06',0,'2015-08-27 02:07:34','2015-09-15 21:02:54','2015-09-25 17:05:32','2015-09-25 18:50:05',0,'','01002',1,1,1,0,0,0,0,3,3,'online','Yo',1442351288,0,'','','','','','','Single','','','','','','','','Erik','Amlee','','','','Sponsor Woman','','','','','',''),(11,'checkers','noramac180@aol.com','56a3bc55978bcd41aa8d14d082c5106c98be94dd','.j78,BpL','Unconfirmed',1,0,'male','','','','US','','1956-04-26',0,'2015-07-09 19:24:44','0000-00-00 00:00:00','2015-07-10 17:17:09','2015-07-10 17:32:28',0,'','10065',1,1,0,0,0,0,0,3,3,'online','',0,0,'','','','','Christian / Protestant','Masters Degree','','','','White/Caucasian','','','','','mark','checkers','Middle of The Road','','','Sponsor Woman','','','','','',''),(13,'test','test@persisters.com','c7f7687f9533d9dcdf6a6332d362d850fa9e2ec4','RW.gvwMR','Approval',1,0,'male','','','Test','US','Springfield','1993-09-07',0,'2015-09-21 21:26:28','2015-09-21 21:36:18','2015-09-22 16:50:30','2015-09-22 19:26:43',0,'','01002',0,1,1,0,0,0,0,3,3,'online','',0,0,'','','','','Agnostic','Elementary School','Single','Alternative Health','','Asian','','','','','Test','Test','Ultra Conservative','Acupuncture','Crafts','Single Woman','Comedy','Animals','Fashion','Aerobics','','Banjo');

--
-- Table structure for table `RayBoardBoards`
--

CREATE TABLE `RayBoardBoards` (
  `ID` int(11) NOT NULL AUTO_INCREMENT,
  `Name` varchar(255) NOT NULL DEFAULT '',
  `Password` varchar(255) NOT NULL DEFAULT '',
  `OwnerID` varchar(20) NOT NULL DEFAULT '0',
  `When` int(11) DEFAULT NULL,
  `Status` enum('new','normal','delete') NOT NULL DEFAULT 'new',
  PRIMARY KEY (`ID`)
) ENGINE=MyISAM DEFAULT CHARSET=utf8;

--
-- Dumping data for table `RayBoardBoards`
--


--
-- Table structure for table `RayBoardCurrentUsers`
--

CREATE TABLE `RayBoardCurrentUsers` (
  `ID` varchar(20) NOT NULL DEFAULT '',
  `Nick` varchar(255) NOT NULL,
  `Sex` enum('M','F') NOT NULL DEFAULT 'M',
  `Age` int(11) NOT NULL DEFAULT '0',
  `Photo` varchar(255) NOT NULL DEFAULT '',
  `Profile` varchar(255) NOT NULL DEFAULT '',
  `Desc` varchar(255) NOT NULL,
  `When` int(11) NOT NULL DEFAULT '0',
  `Status` enum('new','old','idle') NOT NULL DEFAULT 'new',
  PRIMARY KEY (`ID`)
) ENGINE=MyISAM DEFAULT CHARSET=utf8;

--
-- Dumping data for table `RayBoardCurrentUsers`
--


--
-- Table structure for table `RayBoardUsers`
--

CREATE TABLE `RayBoardUsers` (
  `ID` int(11) NOT NULL AUTO_INCREMENT,
  `Board` int(11) NOT NULL DEFAULT '0',
  `User` varchar(20) NOT NULL DEFAULT '',
  `When` int(11) DEFAULT NULL,
  `Status` enum('normal','delete') NOT NULL DEFAULT 'normal',
  PRIMARY KEY (`ID`)
) ENGINE=MyISAM DEFAULT CHARSET=utf8;

--
-- Dumping data for table `RayBoardUsers`
--


--
-- Table structure for table `RayChatCurrentUsers`
--

CREATE TABLE `RayChatCurrentUsers` (
  `ID` varchar(20) NOT NULL DEFAULT '',
  `Nick` varchar(36) NOT NULL DEFAULT '',
  `Sex` enum('M','F') NOT NULL DEFAULT 'M',
  `Age` int(11) NOT NULL DEFAULT '0',
  `Desc` text NOT NULL,
  `Photo` varchar(255) NOT NULL DEFAULT '',
  `Profile` varchar(255) NOT NULL DEFAULT '',
  `Online` varchar(10) NOT NULL DEFAULT 'online',
  `Start` int(11) NOT NULL DEFAULT '0',
  `When` int(11) NOT NULL DEFAULT '0',
  `Status` enum('new','old','idle','kick','type','online') NOT NULL DEFAULT 'new',
  PRIMARY KEY (`ID`)
) ENGINE=MyISAM DEFAULT CHARSET=utf8;

--
-- Dumping data for table `RayChatCurrentUsers`
--


--
-- Table structure for table `RayChatMemberships`
--

CREATE TABLE `RayChatMemberships` (
  `ID` int(11) NOT NULL AUTO_INCREMENT,
  `Setting` int(11) NOT NULL DEFAULT '0',
  `Value` varchar(255) COLLATE utf8_unicode_ci NOT NULL DEFAULT '',
  `Membership` int(11) NOT NULL DEFAULT '0',
  PRIMARY KEY (`ID`)
) ENGINE=InnoDB DEFAULT CHARSET=utf8 COLLATE=utf8_unicode_ci;

--
-- Dumping data for table `RayChatMemberships`
--


--
-- Table structure for table `RayChatMembershipsSettings`
--

CREATE TABLE `RayChatMembershipsSettings` (
  `ID` int(11) NOT NULL AUTO_INCREMENT,
  `Name` varchar(20) COLLATE utf8_unicode_ci NOT NULL DEFAULT '',
  `Caption` varchar(255) COLLATE utf8_unicode_ci NOT NULL DEFAULT '',
  `Type` enum('boolean','number','custom') COLLATE utf8_unicode_ci NOT NULL DEFAULT 'boolean',
  `Default` varchar(255) COLLATE utf8_unicode_ci NOT NULL DEFAULT '',
  `Range` int(3) NOT NULL DEFAULT '3',
  `Error` varchar(255) COLLATE utf8_unicode_ci NOT NULL DEFAULT '',
  PRIMARY KEY (`ID`),
  UNIQUE KEY `Name` (`Name`)
) ENGINE=InnoDB AUTO_INCREMENT=13 DEFAULT CHARSET=utf8 COLLATE=utf8_unicode_ci;

--
-- Dumping data for table `RayChatMembershipsSettings`
--

INSERT INTO `RayChatMembershipsSettings` VALUES (1,'RoomCreate','New Rooms Creating:','boolean','true',1,'RayzRoomCreate'),(2,'PrivateRoomCreate','Private Rooms Creating:','boolean','true',1,'RayzPrivateRoomCreate'),(3,'AVCasting','Audio/Video Casting:','boolean','true',1,'RayzAVCasting'),(4,'AVPlaying','Audio/Video Playing (for Messenger):','boolean','true',1,'RayzAVPlaying'),(5,'AVLargeWindow','Enable Large Video Window:','boolean','true',1,'RayzAVLargeWindow'),(6,'FileSend','Files Sending:','boolean','true',1,'RayzFileSend'),(7,'WhisperMessages','Whispering Messages:','boolean','true',1,'RayzWhisperMessages'),(8,'DirectMessages','Addressed Messages:','boolean','true',1,'RayzDirectMessages'),(9,'RoomsNumber','Maximum Rooms Number:','number','100',3,'RayzRoomsNumber'),(10,'ChatsNumber','Maximum Private Chats Number:','number','100',3,'RayzChatsNumber'),(11,'AVWindowsNumber','Maximum Video Windows Number:','number','100',3,'RayzAVWindowsNumber'),(12,'RestrictedRooms','Restricted Rooms:','custom','',1,'RayzRestrictedRooms');

--
-- Table structure for table `RayChatMessages`
--

CREATE TABLE `RayChatMessages` (
  `ID` int(11) NOT NULL AUTO_INCREMENT,
  `Room` int(11) NOT NULL DEFAULT '0',
  `Sender` varchar(20) NOT NULL DEFAULT '',
  `Recipient` varchar(20) NOT NULL DEFAULT '',
  `Whisper` enum('true','false') NOT NULL DEFAULT 'false',
  `Message` text NOT NULL,
  `Style` text NOT NULL,
  `Type` varchar(10) NOT NULL DEFAULT 'text',
  `When` int(11) NOT NULL DEFAULT '0',
  PRIMARY KEY (`ID`)
) ENGINE=MyISAM DEFAULT CHARSET=utf8;

--
-- Dumping data for table `RayChatMessages`
--


--
-- Table structure for table `RayChatProfiles`
--

CREATE TABLE `RayChatProfiles` (
  `ID` varchar(20) NOT NULL DEFAULT '0',
  `Banned` enum('true','false') NOT NULL DEFAULT 'false',
  `Type` varchar(10) NOT NULL DEFAULT 'full',
  `Smileset` varchar(255) NOT NULL DEFAULT '',
  PRIMARY KEY (`ID`)
) ENGINE=MyISAM DEFAULT CHARSET=utf8;

--
-- Dumping data for table `RayChatProfiles`
--


--
-- Table structure for table `RayChatRooms`
--

CREATE TABLE `RayChatRooms` (
  `ID` int(11) NOT NULL AUTO_INCREMENT,
  `Name` varchar(255) NOT NULL DEFAULT '',
  `Password` varchar(255) NOT NULL DEFAULT '',
  `Desc` text NOT NULL,
  `OwnerID` varchar(20) NOT NULL DEFAULT '0',
  `When` int(11) DEFAULT NULL,
  `Status` enum('normal','delete') NOT NULL DEFAULT 'normal',
  PRIMARY KEY (`ID`),
  UNIQUE KEY `Name` (`Name`)
) ENGINE=MyISAM AUTO_INCREMENT=3 DEFAULT CHARSET=utf8;

--
-- Dumping data for table `RayChatRooms`
--

INSERT INTO `RayChatRooms` VALUES (1,'Lobby','','Welcome to our chat! You are in the \"Lobby\" now, but you can pass into any other public room you wish to - take a look at the \"All rooms\" box.','0',0,'normal'),(2,'Friends','','Welcome to the \"Friends\" room! This is a public room where you can have a fun chat with existing friends or make new ones! Enjoy!','0',1,'normal');

--
-- Table structure for table `RayChatRoomsUsers`
--

CREATE TABLE `RayChatRoomsUsers` (
  `ID` int(11) NOT NULL AUTO_INCREMENT,
  `Room` int(11) NOT NULL DEFAULT '0',
  `User` varchar(20) NOT NULL DEFAULT '',
  `When` int(11) DEFAULT NULL,
  `Status` enum('normal','delete') NOT NULL DEFAULT 'normal',
  PRIMARY KEY (`ID`)
) ENGINE=MyISAM DEFAULT CHARSET=utf8;

--
-- Dumping data for table `RayChatRoomsUsers`
--


--
-- Table structure for table `RayImContacts`
--

CREATE TABLE `RayImContacts` (
  `ID` int(11) NOT NULL AUTO_INCREMENT,
  `SenderID` int(11) NOT NULL DEFAULT '0',
  `RecipientID` int(11) NOT NULL DEFAULT '0',
  `Online` varchar(10) NOT NULL DEFAULT 'online',
  `When` int(11) NOT NULL DEFAULT '0',
  PRIMARY KEY (`ID`)
) ENGINE=MyISAM DEFAULT CHARSET=utf8;

--
-- Dumping data for table `RayImContacts`
--


--
-- Table structure for table `RayImMessages`
--

CREATE TABLE `RayImMessages` (
  `ID` int(11) NOT NULL AUTO_INCREMENT,
  `ContactID` int(11) NOT NULL DEFAULT '0',
  `Message` text NOT NULL,
  `Style` text NOT NULL,
  `Type` varchar(10) NOT NULL DEFAULT 'text',
  `When` int(11) NOT NULL DEFAULT '0',
  PRIMARY KEY (`ID`)
) ENGINE=MyISAM DEFAULT CHARSET=utf8;

--
-- Dumping data for table `RayImMessages`
--


--
-- Table structure for table `RayImPendings`
--

CREATE TABLE `RayImPendings` (
  `ID` int(11) NOT NULL AUTO_INCREMENT,
  `SenderID` int(11) NOT NULL DEFAULT '0',
  `RecipientID` int(11) NOT NULL DEFAULT '0',
  `Message` varchar(255) NOT NULL DEFAULT '',
  `When` int(11) NOT NULL DEFAULT '0',
  PRIMARY KEY (`ID`),
  KEY `RecipientID` (`RecipientID`)
) ENGINE=MyISAM DEFAULT CHARSET=utf8;

--
-- Dumping data for table `RayImPendings`
--


--
-- Table structure for table `RayImProfiles`
--

CREATE TABLE `RayImProfiles` (
  `ID` int(11) NOT NULL DEFAULT '0',
  `Smileset` varchar(255) NOT NULL DEFAULT '',
  PRIMARY KEY (`ID`)
) ENGINE=MyISAM DEFAULT CHARSET=utf8;

--
-- Dumping data for table `RayImProfiles`
--


--
-- Table structure for table `RayMp3Files`
--

CREATE TABLE `RayMp3Files` (
  `ID` int(11) NOT NULL AUTO_INCREMENT,
  `Categories` text NOT NULL,
  `Title` varchar(255) NOT NULL DEFAULT '',
  `Uri` varchar(255) NOT NULL DEFAULT '',
  `Tags` text NOT NULL,
  `Description` text NOT NULL,
  `Time` int(11) NOT NULL DEFAULT '0',
  `Date` int(20) NOT NULL DEFAULT '0',
  `Reports` int(11) NOT NULL DEFAULT '0',
  `Owner` varchar(64) NOT NULL DEFAULT '',
  `Listens` int(12) DEFAULT '0',
  `Rate` float NOT NULL,
  `RateCount` int(11) NOT NULL,
  `CommentsCount` int(11) NOT NULL,
  `Featured` tinyint(4) NOT NULL,
  `Status` enum('approved','disapproved','pending','processing','failed') NOT NULL DEFAULT 'pending',
  PRIMARY KEY (`ID`),
  KEY `Owner` (`Owner`),
  FULLTEXT KEY `ftMain` (`Title`,`Tags`,`Description`,`Categories`),
  FULLTEXT KEY `ftTags` (`Tags`),
  FULLTEXT KEY `ftCategories` (`Categories`)
) ENGINE=MyISAM DEFAULT CHARSET=utf8;

--
-- Dumping data for table `RayMp3Files`
--


--
-- Table structure for table `RayMp3Tokens`
--

CREATE TABLE `RayMp3Tokens` (
  `ID` int(11) NOT NULL DEFAULT '0',
  `Token` varchar(32) NOT NULL DEFAULT '',
  `Date` int(20) NOT NULL DEFAULT '0',
  PRIMARY KEY (`ID`,`Token`)
) ENGINE=MyISAM DEFAULT CHARSET=utf8;

--
-- Dumping data for table `RayMp3Tokens`
--


--
-- Table structure for table `RayShoutboxMessages`
--

CREATE TABLE `RayShoutboxMessages` (
  `ID` int(11) NOT NULL AUTO_INCREMENT,
  `UserID` varchar(20) NOT NULL DEFAULT '0',
  `Msg` text NOT NULL,
  `When` int(11) NOT NULL DEFAULT '0',
  PRIMARY KEY (`ID`)
) ENGINE=MyISAM DEFAULT CHARSET=utf8;

--
-- Dumping data for table `RayShoutboxMessages`
--


--
-- Table structure for table `RayVideoFiles`
--

CREATE TABLE `RayVideoFiles` (
  `ID` int(11) NOT NULL AUTO_INCREMENT,
  `Categories` text NOT NULL,
  `Title` varchar(255) NOT NULL DEFAULT '',
  `Uri` varchar(255) NOT NULL DEFAULT '',
  `Tags` text NOT NULL,
  `Description` text NOT NULL,
  `Time` int(11) NOT NULL DEFAULT '0',
  `Date` int(20) NOT NULL DEFAULT '0',
  `Owner` varchar(64) NOT NULL DEFAULT '',
  `Views` int(12) DEFAULT '0',
  `Rate` float NOT NULL,
  `RateCount` int(11) NOT NULL,
  `CommentsCount` int(11) NOT NULL,
  `Featured` tinyint(4) NOT NULL,
  `Status` enum('approved','disapproved','pending','processing','failed') NOT NULL DEFAULT 'pending',
  `Source` varchar(20) NOT NULL DEFAULT '',
  `Video` varchar(32) NOT NULL DEFAULT '',
  PRIMARY KEY (`ID`),
  KEY `Owner` (`Owner`),
  FULLTEXT KEY `ftMain` (`Title`,`Tags`,`Description`,`Categories`),
  FULLTEXT KEY `ftTags` (`Tags`),
  FULLTEXT KEY `ftCategories` (`Categories`)
) ENGINE=MyISAM DEFAULT CHARSET=utf8;

--
-- Dumping data for table `RayVideoFiles`
--


--
-- Table structure for table `RayVideoTokens`
--

CREATE TABLE `RayVideoTokens` (
  `ID` int(11) NOT NULL DEFAULT '0',
  `Token` varchar(32) NOT NULL DEFAULT '',
  `Date` int(20) NOT NULL DEFAULT '0',
  PRIMARY KEY (`ID`,`Token`)
) ENGINE=MyISAM DEFAULT CHARSET=utf8;

--
-- Dumping data for table `RayVideoTokens`
--


--
-- Table structure for table `RayVideo_commentsFiles`
--

CREATE TABLE `RayVideo_commentsFiles` (
  `ID` int(11) NOT NULL AUTO_INCREMENT,
  `Categories` text NOT NULL,
  `Title` varchar(255) NOT NULL DEFAULT '',
  `Uri` varchar(255) NOT NULL DEFAULT '',
  `Tags` text NOT NULL,
  `Description` text NOT NULL,
  `Time` int(11) NOT NULL DEFAULT '0',
  `Date` int(20) NOT NULL DEFAULT '0',
  `Owner` varchar(64) NOT NULL DEFAULT '',
  `Views` int(12) DEFAULT '0',
  `Status` enum('approved','disapproved','pending','processing','failed') NOT NULL DEFAULT 'pending',
  PRIMARY KEY (`ID`),
  KEY `Owner` (`Owner`)
) ENGINE=MyISAM DEFAULT CHARSET=utf8;

--
-- Dumping data for table `RayVideo_commentsFiles`
--


--
-- Table structure for table `RayVideo_commentsTokens`
--

CREATE TABLE `RayVideo_commentsTokens` (
  `ID` int(11) NOT NULL DEFAULT '0',
  `Token` varchar(32) NOT NULL DEFAULT '',
  `Date` int(20) NOT NULL DEFAULT '0',
  PRIMARY KEY (`ID`,`Token`)
) ENGINE=MyISAM DEFAULT CHARSET=utf8;

--
-- Dumping data for table `RayVideo_commentsTokens`
--


--
-- Table structure for table `bx_ads_category`
--

CREATE TABLE `bx_ads_category` (
  `ID` int(11) unsigned NOT NULL AUTO_INCREMENT,
  `Name` varchar(64) NOT NULL DEFAULT '',
  `CEntryUri` varchar(64) NOT NULL DEFAULT '',
  `Description` varchar(128) DEFAULT NULL,
  `CustomFieldName1` varchar(50) DEFAULT NULL,
  `CustomFieldName2` varchar(50) DEFAULT NULL,
  `Unit1` varchar(8) NOT NULL DEFAULT '$',
  `Unit2` varchar(8) NOT NULL,
  `Picture` varchar(255) NOT NULL,
  PRIMARY KEY (`ID`),
  UNIQUE KEY `CEntryUri` (`CEntryUri`)
) ENGINE=MyISAM AUTO_INCREMENT=11 DEFAULT CHARSET=utf8;

--
-- Dumping data for table `bx_ads_category`
--

INSERT INTO `bx_ads_category` VALUES (1,'Jobs','Jobs','Jobs','salary','','$','','user-md'),(4,'Housing & Rentals','Housing-_-Rentals','Housing & Rentals','rental','','$','','home'),(5,'Services','Services','Services','price','','$','','wrench'),(9,'For Sale','For-Sale','For Sale','price','year','$','','shopping-cart'),(10,'Cars For Sale','Cars-For-Sale','Cars For Sale','price','year','$','','truck');

--
-- Table structure for table `bx_ads_category_subs`
--

CREATE TABLE `bx_ads_category_subs` (
  `ID` int(11) unsigned NOT NULL AUTO_INCREMENT,
  `IDClassified` int(11) unsigned DEFAULT NULL,
  `NameSub` varchar(128) NOT NULL DEFAULT '',
  `SEntryUri` varchar(128) NOT NULL DEFAULT '',
  `Description` varchar(150) DEFAULT 'No description',
  PRIMARY KEY (`ID`),
  UNIQUE KEY `SEntryUri` (`SEntryUri`),
  KEY `IDClassified` (`IDClassified`)
) ENGINE=MyISAM AUTO_INCREMENT=85 DEFAULT CHARSET=utf8;

--
-- Dumping data for table `bx_ads_category_subs`
--

INSERT INTO `bx_ads_category_subs` VALUES (4,2,'positions and openings','positions-and-openings','positions and openings desc'),(5,2,'instruments for sale','instruments-for-sale','instruments for sale desc'),(6,2,'instruments wanted','instruments-wanted','instruments wanted desc'),(7,3,'activities','activities','activities desc'),(8,3,'artists','artists','artists desc'),(9,3,'childcare','childcare','childcare desc'),(10,4,'apartments / housing','apartments-housing','apartments / housing description'),(11,4,'real estate for sale','real-estate-for-sale','real estate for sale description'),(12,4,'roommates','roommates','roommates description'),(38,1,'accounting / finance','accounting-finance','accounting / finance desc'),(36,5,'automotive','automotive','automotive desc'),(43,1,'education / nonprofit sec','education-nonprofit-sec','education / nonprofit sector desc'),(47,1,'government / legal','government-legal','government/legal desc'),(84,1,'programming / web design','programming-web-design','programming / web design desc'),(54,1,'other','other','other desc'),(55,4,'temporary vacation rental','temporary-vacation-rental','temporary vacation rentals desc'),(56,4,'office / commercial','office-commercial','office / commercial  desc'),(58,5,'financial','financial','financial'),(60,5,'labor / move','labor-move','labor/move desc'),(61,5,'legal','legal','legal desc'),(62,5,'educational','educational','educational desc'),(64,7,'acting','acting','acting desc'),(65,7,'dance','dance','dance desc'),(83,7,'musicians','musicians','musicians desc'),(67,7,'modeling','modeling','modeling desc'),(68,7,'reality shows','reality-shows','reality shows  desc'),(69,8,'men seeking women','men-seeking-women','men seeking women desc'),(70,8,'women seeking men','women-seeking-men','women seeking men desc'),(71,8,'women seeking women','women-seeking-women','women seeking women desc'),(73,8,'missed connections','missed-connections','missed connections desc'),(74,9,'barter','barter','barter desc'),(77,9,'clothing','clothing','clothing desc'),(78,9,'collectibles','collectibles','collectibles desc'),(79,9,'miscellaneous','miscellaneous','miscellaneous desc'),(80,10,'autos / trucks','autos-trucks','autos / trucks desc'),(81,10,'motorcycles','motorcycles','motorcycles desc'),(82,10,'auto parts','auto-parts','auto parts desc');

--
-- Table structure for table `bx_ads_cmts`
--

CREATE TABLE `bx_ads_cmts` (
  `cmt_id` int(11) NOT NULL AUTO_INCREMENT,
  `cmt_parent_id` int(11) NOT NULL DEFAULT '0',
  `cmt_object_id` int(11) NOT NULL DEFAULT '0',
  `cmt_author_id` int(10) unsigned NOT NULL DEFAULT '0',
  `cmt_text` text NOT NULL,
  `cmt_mood` tinyint(4) NOT NULL DEFAULT '0',
  `cmt_rate` int(11) NOT NULL DEFAULT '0',
  `cmt_rate_count` int(11) NOT NULL DEFAULT '0',
  `cmt_time` datetime NOT NULL DEFAULT '0000-00-00 00:00:00',
  `cmt_replies` int(11) NOT NULL DEFAULT '0',
  PRIMARY KEY (`cmt_id`),
  KEY `cmt_object_id` (`cmt_object_id`,`cmt_parent_id`)
) ENGINE=MyISAM DEFAULT CHARSET=utf8;

--
-- Dumping data for table `bx_ads_cmts`
--


--
-- Table structure for table `bx_ads_main`
--

CREATE TABLE `bx_ads_main` (
  `ID` int(11) unsigned NOT NULL AUTO_INCREMENT,
  `IDProfile` int(11) unsigned NOT NULL DEFAULT '0',
  `IDClassifiedsSubs` int(11) unsigned NOT NULL DEFAULT '0',
  `DateTime` int(10) DEFAULT NULL,
  `Subject` varchar(50) NOT NULL DEFAULT '',
  `EntryUri` varchar(255) NOT NULL DEFAULT '',
  `Message` text NOT NULL,
  `Status` enum('new','active','inactive') NOT NULL DEFAULT 'new',
  `CustomFieldValue1` varchar(50) DEFAULT NULL,
  `CustomFieldValue2` varchar(50) DEFAULT NULL,
  `LifeTime` int(3) NOT NULL DEFAULT '30',
  `Media` varchar(50) DEFAULT NULL,
  `Tags` text NOT NULL,
  `Country` varchar(2) DEFAULT NULL,
  `City` varchar(128) DEFAULT NULL,
  `Featured` int(1) NOT NULL DEFAULT '0',
  `Views` int(11) NOT NULL,
  `Rate` float NOT NULL,
  `RateCount` int(11) NOT NULL,
  `CommentsCount` int(11) NOT NULL,
  `AllowView` int(11) NOT NULL,
  `AllowRate` int(11) NOT NULL,
  `AllowComment` int(11) NOT NULL,
  PRIMARY KEY (`ID`),
  UNIQUE KEY `EntryUri` (`EntryUri`),
  KEY `IDProfile` (`IDProfile`),
  KEY `IDClassifiedsSubs` (`IDClassifiedsSubs`),
  FULLTEXT KEY `ftMain` (`Subject`,`Tags`,`Message`,`City`),
  FULLTEXT KEY `ftTags` (`Tags`)
) ENGINE=MyISAM AUTO_INCREMENT=2 DEFAULT CHARSET=utf8;

--
-- Dumping data for table `bx_ads_main`
--

INSERT INTO `bx_ads_main` VALUES (1,2,10,1432831222,'bethany','bethany','<p>3 bedroom rental available in Amherst, MA available June 1st. Please call someone else for more information.</p>\r\n<p></p>\r\n<ul>\r\n<li>light</li>\r\n<li>sunny</li>\r\n<li>far from town</li>\r\n<li>quite</li>\r\n<li>non-smoker</li>\r\n<li>etc</li>\r\n</ul>','active','1000','0',15,'1','light, sunny','US','amherst',0,1,0,0,0,4,4,4);

--
-- Table structure for table `bx_ads_main_media`
--

CREATE TABLE `bx_ads_main_media` (
  `MediaID` int(11) unsigned NOT NULL AUTO_INCREMENT,
  `MediaProfileID` int(11) unsigned NOT NULL DEFAULT '0',
  `MediaType` enum('photo','other') NOT NULL DEFAULT 'photo',
  `MediaFile` varchar(50) NOT NULL DEFAULT '',
  `MediaDate` int(10) DEFAULT NULL,
  PRIMARY KEY (`MediaID`),
  KEY `med_prof_id` (`MediaProfileID`)
) ENGINE=MyISAM AUTO_INCREMENT=2 DEFAULT CHARSET=utf8;

--
-- Dumping data for table `bx_ads_main_media`
--

INSERT INTO `bx_ads_main_media` VALUES (1,2,'photo','2_1432831222_1.jpg',1432831222);

--
-- Table structure for table `bx_ads_rating`
--

CREATE TABLE `bx_ads_rating` (
  `ads_id` int(12) NOT NULL DEFAULT '0',
  `ads_rating_count` int(11) NOT NULL DEFAULT '0',
  `ads_rating_sum` int(11) NOT NULL DEFAULT '0',
  UNIQUE KEY `med_id` (`ads_id`)
) ENGINE=MyISAM DEFAULT CHARSET=utf8;

--
-- Dumping data for table `bx_ads_rating`
--


--
-- Table structure for table `bx_ads_views_track`
--

CREATE TABLE `bx_ads_views_track` (
  `id` int(10) unsigned NOT NULL,
  `viewer` int(10) unsigned NOT NULL,
  `ip` int(10) unsigned NOT NULL,
  `ts` int(10) unsigned NOT NULL,
  KEY `id` (`id`,`viewer`,`ip`)
) ENGINE=MyISAM DEFAULT CHARSET=utf8;

--
-- Dumping data for table `bx_ads_views_track`
--

INSERT INTO `bx_ads_views_track` VALUES (1,2,2706229665,1432831224);

--
-- Table structure for table `bx_ads_voting_track`
--

CREATE TABLE `bx_ads_voting_track` (
  `ads_id` int(12) NOT NULL DEFAULT '0',
  `ads_ip` varchar(20) DEFAULT NULL,
  `ads_date` datetime DEFAULT NULL,
  KEY `med_ip` (`ads_ip`,`ads_id`)
) ENGINE=MyISAM DEFAULT CHARSET=utf8;

--
-- Dumping data for table `bx_ads_voting_track`
--


--
-- Table structure for table `bx_events_admins`
--

CREATE TABLE `bx_events_admins` (
  `id_entry` int(10) unsigned NOT NULL,
  `id_profile` int(10) unsigned NOT NULL,
  `when` int(10) unsigned NOT NULL,
  PRIMARY KEY (`id_entry`,`id_profile`)
) ENGINE=MyISAM DEFAULT CHARSET=utf8;

--
-- Dumping data for table `bx_events_admins`
--


--
-- Table structure for table `bx_events_cmts`
--

CREATE TABLE `bx_events_cmts` (
  `cmt_id` int(11) NOT NULL AUTO_INCREMENT,
  `cmt_parent_id` int(11) NOT NULL DEFAULT '0',
  `cmt_object_id` int(12) NOT NULL DEFAULT '0',
  `cmt_author_id` int(10) unsigned NOT NULL DEFAULT '0',
  `cmt_text` text NOT NULL,
  `cmt_mood` tinyint(4) NOT NULL DEFAULT '0',
  `cmt_rate` int(11) NOT NULL DEFAULT '0',
  `cmt_rate_count` int(11) NOT NULL DEFAULT '0',
  `cmt_time` datetime NOT NULL DEFAULT '0000-00-00 00:00:00',
  `cmt_replies` int(11) NOT NULL DEFAULT '0',
  PRIMARY KEY (`cmt_id`),
  KEY `cmt_object_id` (`cmt_object_id`,`cmt_parent_id`)
) ENGINE=MyISAM AUTO_INCREMENT=5 DEFAULT CHARSET=utf8;

--
-- Dumping data for table `bx_events_cmts`
--

INSERT INTO `bx_events_cmts` VALUES (1,0,1,1,'I don\'t think I\'ve been invited yet.',0,0,0,'2015-04-08 16:29:11',0),(2,0,1,2,'did you get one now? \n',0,0,0,'2015-04-08 16:30:48',0),(3,0,1,1,'Odd.  I got an email about it, but when I log in, there\'s nothing to remind me of it.',0,0,0,'2015-04-08 16:32:39',0),(4,0,1,1,'I hired some entertainment.  See picture.',0,0,0,'2015-04-08 16:34:08',0);

--
-- Table structure for table `bx_events_cmts_track`
--

CREATE TABLE `bx_events_cmts_track` (
  `cmt_system_id` int(11) NOT NULL DEFAULT '0',
  `cmt_id` int(11) NOT NULL DEFAULT '0',
  `cmt_rate` tinyint(4) NOT NULL DEFAULT '0',
  `cmt_rate_author_id` int(10) unsigned NOT NULL DEFAULT '0',
  `cmt_rate_author_nip` int(11) unsigned NOT NULL DEFAULT '0',
  `cmt_rate_ts` int(11) NOT NULL DEFAULT '0',
  PRIMARY KEY (`cmt_system_id`,`cmt_id`,`cmt_rate_author_nip`)
) ENGINE=MyISAM DEFAULT CHARSET=utf8;

--
-- Dumping data for table `bx_events_cmts_track`
--


--
-- Table structure for table `bx_events_files`
--

CREATE TABLE `bx_events_files` (
  `entry_id` int(10) unsigned NOT NULL,
  `media_id` int(10) unsigned NOT NULL,
  UNIQUE KEY `entry_id` (`entry_id`,`media_id`)
) ENGINE=MyISAM DEFAULT CHARSET=utf8;

--
-- Dumping data for table `bx_events_files`
--


--
-- Table structure for table `bx_events_forum`
--

CREATE TABLE `bx_events_forum` (
  `forum_id` int(10) unsigned NOT NULL AUTO_INCREMENT,
  `forum_uri` varchar(255) NOT NULL DEFAULT '',
  `cat_id` int(11) NOT NULL DEFAULT '0',
  `forum_title` varchar(255) DEFAULT NULL,
  `forum_desc` varchar(255) NOT NULL DEFAULT '',
  `forum_posts` int(11) NOT NULL DEFAULT '0',
  `forum_topics` int(11) NOT NULL DEFAULT '0',
  `forum_last` int(11) NOT NULL DEFAULT '0',
  `forum_type` enum('public','private') NOT NULL DEFAULT 'public',
  `forum_order` int(11) NOT NULL DEFAULT '0',
  `entry_id` int(10) unsigned NOT NULL,
  PRIMARY KEY (`forum_id`),
  KEY `cat_id` (`cat_id`),
  KEY `forum_uri` (`forum_uri`),
  KEY `entry_id` (`entry_id`)
) ENGINE=MyISAM AUTO_INCREMENT=3 DEFAULT CHARSET=utf8;

--
-- Dumping data for table `bx_events_forum`
--

INSERT INTO `bx_events_forum` VALUES (1,'Test-Event',1,'Test Event','bethany',0,0,1428510258,'public',0,1),(2,'Mothers-Meeting-Test-Event',1,'Mothers Meeting Test Event','bethany',0,0,1433255749,'public',0,2);

--
-- Table structure for table `bx_events_forum_actions_log`
--

CREATE TABLE `bx_events_forum_actions_log` (
  `user_name` varchar(32) NOT NULL DEFAULT '',
  `id` int(11) NOT NULL DEFAULT '0',
  `action_name` varchar(32) NOT NULL DEFAULT '',
  `action_when` int(11) NOT NULL DEFAULT '0',
  KEY `action_when` (`action_when`)
) ENGINE=MyISAM DEFAULT CHARSET=utf8;

--
-- Dumping data for table `bx_events_forum_actions_log`
--


--
-- Table structure for table `bx_events_forum_attachments`
--

CREATE TABLE `bx_events_forum_attachments` (
  `att_hash` char(16) CHARACTER SET utf8 COLLATE utf8_unicode_ci NOT NULL,
  `post_id` int(10) unsigned NOT NULL,
  `att_name` varchar(255) CHARACTER SET utf8 COLLATE utf8_unicode_ci NOT NULL,
  `att_type` varchar(64) CHARACTER SET utf8 COLLATE utf8_unicode_ci NOT NULL,
  `att_when` int(11) NOT NULL,
  `att_size` int(11) NOT NULL,
  `att_downloads` int(11) NOT NULL,
  PRIMARY KEY (`att_hash`),
  KEY `post_id` (`post_id`)
) ENGINE=MyISAM DEFAULT CHARSET=utf8;

--
-- Dumping data for table `bx_events_forum_attachments`
--


--
-- Table structure for table `bx_events_forum_cat`
--

CREATE TABLE `bx_events_forum_cat` (
  `cat_id` int(10) unsigned NOT NULL AUTO_INCREMENT,
  `cat_uri` varchar(255) NOT NULL DEFAULT '',
  `cat_name` varchar(255) DEFAULT NULL,
  `cat_icon` varchar(32) NOT NULL DEFAULT '',
  `cat_order` float NOT NULL DEFAULT '0',
  `cat_expanded` tinyint(4) NOT NULL DEFAULT '0',
  PRIMARY KEY (`cat_id`),
  KEY `cat_order` (`cat_order`),
  KEY `cat_uri` (`cat_uri`)
) ENGINE=MyISAM AUTO_INCREMENT=2 DEFAULT CHARSET=utf8;

--
-- Dumping data for table `bx_events_forum_cat`
--

INSERT INTO `bx_events_forum_cat` VALUES (1,'Events','Events','',64,0);

--
-- Table structure for table `bx_events_forum_flag`
--

CREATE TABLE `bx_events_forum_flag` (
  `user` varchar(32) NOT NULL DEFAULT '',
  `topic_id` int(11) NOT NULL DEFAULT '0',
  `when` int(11) NOT NULL DEFAULT '0',
  PRIMARY KEY (`user`,`topic_id`)
) ENGINE=MyISAM DEFAULT CHARSET=utf8;

--
-- Dumping data for table `bx_events_forum_flag`
--


--
-- Table structure for table `bx_events_forum_post`
--

CREATE TABLE `bx_events_forum_post` (
  `post_id` int(10) unsigned NOT NULL AUTO_INCREMENT,
  `topic_id` int(11) NOT NULL DEFAULT '0',
  `forum_id` int(11) NOT NULL DEFAULT '0',
  `user` varchar(32) NOT NULL DEFAULT '0',
  `post_text` mediumtext NOT NULL,
  `when` int(11) NOT NULL DEFAULT '0',
  `votes` int(11) NOT NULL DEFAULT '0',
  `reports` int(11) NOT NULL DEFAULT '0',
  `hidden` tinyint(4) NOT NULL DEFAULT '0',
  PRIMARY KEY (`post_id`),
  KEY `topic_id` (`topic_id`),
  KEY `forum_id` (`forum_id`),
  KEY `user` (`user`),
  KEY `when` (`when`)
) ENGINE=MyISAM DEFAULT CHARSET=utf8;

--
-- Dumping data for table `bx_events_forum_post`
--


--
-- Table structure for table `bx_events_forum_signatures`
--

CREATE TABLE `bx_events_forum_signatures` (
  `user` varchar(32) NOT NULL,
  `signature` varchar(255) NOT NULL,
  `when` int(11) NOT NULL,
  PRIMARY KEY (`user`)
) ENGINE=MyISAM DEFAULT CHARSET=utf8;

--
-- Dumping data for table `bx_events_forum_signatures`
--


--
-- Table structure for table `bx_events_forum_topic`
--

CREATE TABLE `bx_events_forum_topic` (
  `topic_id` int(10) unsigned NOT NULL AUTO_INCREMENT,
  `topic_uri` varchar(255) NOT NULL DEFAULT '',
  `forum_id` int(11) NOT NULL DEFAULT '0',
  `topic_title` varchar(255) NOT NULL DEFAULT '',
  `when` int(11) NOT NULL DEFAULT '0',
  `topic_posts` int(11) NOT NULL DEFAULT '0',
  `first_post_user` varchar(32) NOT NULL DEFAULT '0',
  `first_post_when` int(11) NOT NULL DEFAULT '0',
  `last_post_user` varchar(32) NOT NULL DEFAULT '',
  `last_post_when` int(11) NOT NULL DEFAULT '0',
  `topic_sticky` int(11) NOT NULL DEFAULT '0',
  `topic_locked` tinyint(4) NOT NULL DEFAULT '0',
  `topic_hidden` tinyint(4) NOT NULL DEFAULT '0',
  PRIMARY KEY (`topic_id`),
  KEY `forum_id` (`forum_id`),
  KEY `forum_id_2` (`forum_id`,`when`),
  KEY `topic_uri` (`topic_uri`)
) ENGINE=MyISAM DEFAULT CHARSET=utf8;

--
-- Dumping data for table `bx_events_forum_topic`
--


--
-- Table structure for table `bx_events_forum_user`
--

CREATE TABLE `bx_events_forum_user` (
  `user_name` varchar(32) NOT NULL DEFAULT '',
  `user_pwd` varchar(32) NOT NULL DEFAULT '',
  `user_email` varchar(128) NOT NULL DEFAULT '',
  `user_join_date` int(11) NOT NULL DEFAULT '0',
  PRIMARY KEY (`user_name`),
  UNIQUE KEY `user_email` (`user_email`)
) ENGINE=MyISAM DEFAULT CHARSET=utf8;

--
-- Dumping data for table `bx_events_forum_user`
--


--
-- Table structure for table `bx_events_forum_user_activity`
--

CREATE TABLE `bx_events_forum_user_activity` (
  `user` varchar(32) NOT NULL DEFAULT '',
  `act_current` int(11) NOT NULL DEFAULT '0',
  `act_last` int(11) NOT NULL DEFAULT '0',
  PRIMARY KEY (`user`)
) ENGINE=MyISAM DEFAULT CHARSET=utf8;

--
-- Dumping data for table `bx_events_forum_user_activity`
--


--
-- Table structure for table `bx_events_forum_user_stat`
--

CREATE TABLE `bx_events_forum_user_stat` (
  `user` varchar(32) NOT NULL DEFAULT '',
  `posts` int(11) NOT NULL DEFAULT '0',
  `user_last_post` int(11) NOT NULL DEFAULT '0',
  KEY `user` (`user`)
) ENGINE=MyISAM DEFAULT CHARSET=utf8;

--
-- Dumping data for table `bx_events_forum_user_stat`
--


--
-- Table structure for table `bx_events_forum_vote`
--

CREATE TABLE `bx_events_forum_vote` (
  `user_name` varchar(32) NOT NULL DEFAULT '',
  `post_id` int(11) NOT NULL DEFAULT '0',
  `vote_when` int(11) NOT NULL DEFAULT '0',
  `vote_point` tinyint(4) NOT NULL DEFAULT '0',
  PRIMARY KEY (`user_name`,`post_id`)
) ENGINE=MyISAM DEFAULT CHARSET=utf8;

--
-- Dumping data for table `bx_events_forum_vote`
--


--
-- Table structure for table `bx_events_images`
--

CREATE TABLE `bx_events_images` (
  `entry_id` int(10) unsigned NOT NULL,
  `media_id` int(10) unsigned NOT NULL,
  UNIQUE KEY `entry_id` (`entry_id`,`media_id`)
) ENGINE=MyISAM DEFAULT CHARSET=utf8;

--
-- Dumping data for table `bx_events_images`
--

INSERT INTO `bx_events_images` VALUES (1,3);

--
-- Table structure for table `bx_events_main`
--

CREATE TABLE `bx_events_main` (
  `ID` int(10) unsigned NOT NULL AUTO_INCREMENT,
  `Title` varchar(100) NOT NULL DEFAULT '',
  `EntryUri` varchar(255) NOT NULL,
  `Description` text NOT NULL,
  `Status` enum('approved','pending') NOT NULL DEFAULT 'approved',
  `Country` varchar(2) NOT NULL DEFAULT 'US',
  `City` varchar(50) NOT NULL DEFAULT '',
  `Place` varchar(100) NOT NULL DEFAULT '',
  `PrimPhoto` int(11) NOT NULL,
  `Date` int(11) NOT NULL,
  `EventStart` int(11) NOT NULL DEFAULT '0',
  `EventEnd` int(11) NOT NULL DEFAULT '0',
  `ResponsibleID` int(10) unsigned NOT NULL DEFAULT '0',
  `EventMembershipFilter` varchar(100) NOT NULL DEFAULT '',
  `Tags` varchar(255) NOT NULL DEFAULT '',
  `Categories` text NOT NULL,
  `Views` int(11) NOT NULL,
  `Rate` float NOT NULL,
  `RateCount` int(11) NOT NULL,
  `CommentsCount` int(11) NOT NULL,
  `FansCount` int(11) NOT NULL,
  `Featured` tinyint(4) NOT NULL,
  `allow_view_event_to` int(11) NOT NULL,
  `allow_view_participants_to` varchar(16) NOT NULL,
  `allow_comment_to` varchar(16) NOT NULL,
  `allow_rate_to` varchar(16) NOT NULL,
  `allow_join_to` int(11) NOT NULL,
  `allow_post_in_forum_to` varchar(16) NOT NULL,
  `JoinConfirmation` tinyint(4) NOT NULL DEFAULT '0',
  `allow_upload_photos_to` varchar(16) NOT NULL,
  `allow_upload_videos_to` varchar(16) NOT NULL,
  `allow_upload_sounds_to` varchar(16) NOT NULL,
  `allow_upload_files_to` varchar(16) NOT NULL,
  PRIMARY KEY (`ID`),
  UNIQUE KEY `EntryUri` (`EntryUri`),
  KEY `ResponsibleID` (`ResponsibleID`),
  KEY `EventStart` (`EventStart`),
  KEY `Date` (`Date`),
  FULLTEXT KEY `Title` (`Title`,`Description`,`City`,`Place`,`Tags`,`Categories`),
  FULLTEXT KEY `Tags` (`Tags`),
  FULLTEXT KEY `Categories` (`Categories`)
) ENGINE=MyISAM AUTO_INCREMENT=3 DEFAULT CHARSET=utf8;

--
-- Dumping data for table `bx_events_main`
--

INSERT INTO `bx_events_main` VALUES (1,'Test Event','Test-Event','Show up if you can. ','approved','US','Amherst','A restaurant',3,1428510258,1428564660,1428576480,2,'','something','Presentation',2,0,0,4,2,1,3,'3','3','3',3,'',0,'a','','',''),(2,'Mothers Meeting Test Event','Mothers-Meeting-Test-Event','<p>Test event. Mothers meet.  Etc.</p>','approved','US','Amherst','Raos',0,1433255749,1434427200,1434412800,2,'','fun','Birthday',1,0,0,0,0,0,4,'4','4','4',4,'',0,'a','','','');

--
-- Table structure for table `bx_events_participants`
--

CREATE TABLE `bx_events_participants` (
  `id_entry` int(10) unsigned NOT NULL,
  `id_profile` int(10) unsigned NOT NULL,
  `when` int(10) unsigned NOT NULL,
  `confirmed` tinyint(4) NOT NULL,
  PRIMARY KEY (`id_entry`,`id_profile`)
) ENGINE=MyISAM DEFAULT CHARSET=utf8;

--
-- Dumping data for table `bx_events_participants`
--

INSERT INTO `bx_events_participants` VALUES (1,2,1428510658,1),(1,1,1428510770,1);

--
-- Table structure for table `bx_events_rating`
--

CREATE TABLE `bx_events_rating` (
  `gal_id` int(10) unsigned NOT NULL DEFAULT '0',
  `gal_rating_count` int(11) NOT NULL DEFAULT '0',
  `gal_rating_sum` int(11) NOT NULL DEFAULT '0',
  UNIQUE KEY `gal_id` (`gal_id`)
) ENGINE=MyISAM DEFAULT CHARSET=utf8;

--
-- Dumping data for table `bx_events_rating`
--


--
-- Table structure for table `bx_events_rating_track`
--

CREATE TABLE `bx_events_rating_track` (
  `gal_id` int(10) unsigned NOT NULL DEFAULT '0',
  `gal_ip` varchar(20) DEFAULT NULL,
  `gal_date` datetime DEFAULT NULL,
  KEY `gal_ip` (`gal_ip`,`gal_id`)
) ENGINE=MyISAM DEFAULT CHARSET=utf8;

--
-- Dumping data for table `bx_events_rating_track`
--


--
-- Table structure for table `bx_events_sounds`
--

CREATE TABLE `bx_events_sounds` (
  `entry_id` int(10) unsigned NOT NULL,
  `media_id` int(10) unsigned NOT NULL,
  UNIQUE KEY `entry_id` (`entry_id`,`media_id`)
) ENGINE=MyISAM DEFAULT CHARSET=utf8;

--
-- Dumping data for table `bx_events_sounds`
--


--
-- Table structure for table `bx_events_videos`
--

CREATE TABLE `bx_events_videos` (
  `entry_id` int(10) unsigned NOT NULL,
  `media_id` int(10) unsigned NOT NULL,
  UNIQUE KEY `entry_id` (`entry_id`,`media_id`)
) ENGINE=MyISAM DEFAULT CHARSET=utf8;

--
-- Dumping data for table `bx_events_videos`
--


--
-- Table structure for table `bx_events_views_track`
--

CREATE TABLE `bx_events_views_track` (
  `id` int(10) unsigned NOT NULL,
  `viewer` int(10) unsigned NOT NULL,
  `ip` int(10) unsigned NOT NULL,
  `ts` int(10) unsigned NOT NULL,
  KEY `id` (`id`,`viewer`,`ip`)
) ENGINE=MyISAM DEFAULT CHARSET=utf8;

--
-- Dumping data for table `bx_events_views_track`
--

INSERT INTO `bx_events_views_track` VALUES (1,2,2722637885,1428510270),(1,1,2903073612,1428510539),(2,2,404930803,1433256072);

--
-- Table structure for table `bx_fdb_comments`
--

CREATE TABLE `bx_fdb_comments` (
  `cmt_id` int(11) NOT NULL AUTO_INCREMENT,
  `cmt_parent_id` int(11) NOT NULL DEFAULT '0',
  `cmt_object_id` int(11) NOT NULL DEFAULT '0',
  `cmt_author_id` int(10) unsigned NOT NULL DEFAULT '0',
  `cmt_text` text NOT NULL,
  `cmt_mood` tinyint(4) NOT NULL DEFAULT '0',
  `cmt_rate` int(11) NOT NULL DEFAULT '0',
  `cmt_rate_count` int(11) NOT NULL DEFAULT '0',
  `cmt_time` datetime NOT NULL DEFAULT '0000-00-00 00:00:00',
  `cmt_replies` int(11) NOT NULL DEFAULT '0',
  PRIMARY KEY (`cmt_id`),
  KEY `cmt_object_id` (`cmt_object_id`,`cmt_parent_id`)
) ENGINE=MyISAM DEFAULT CHARSET=utf8;

--
-- Dumping data for table `bx_fdb_comments`
--


--
-- Table structure for table `bx_fdb_comments_track`
--

CREATE TABLE `bx_fdb_comments_track` (
  `cmt_system_id` int(11) NOT NULL DEFAULT '0',
  `cmt_id` int(11) NOT NULL DEFAULT '0',
  `cmt_rate` tinyint(4) NOT NULL DEFAULT '0',
  `cmt_rate_author_id` int(10) unsigned NOT NULL DEFAULT '0',
  `cmt_rate_author_nip` int(11) unsigned NOT NULL DEFAULT '0',
  `cmt_rate_ts` int(11) NOT NULL DEFAULT '0',
  PRIMARY KEY (`cmt_system_id`,`cmt_id`,`cmt_rate_author_nip`)
) ENGINE=MyISAM DEFAULT CHARSET=utf8;

--
-- Dumping data for table `bx_fdb_comments_track`
--


--
-- Table structure for table `bx_fdb_entries`
--

CREATE TABLE `bx_fdb_entries` (
  `id` int(11) unsigned NOT NULL AUTO_INCREMENT,
  `author_id` int(11) unsigned NOT NULL DEFAULT '0',
  `caption` varchar(64) NOT NULL DEFAULT '',
  `content` text NOT NULL,
  `uri` varchar(64) NOT NULL DEFAULT '',
  `tags` varchar(255) NOT NULL DEFAULT '',
  `allow_comment_to` int(11) NOT NULL DEFAULT '0',
  `allow_vote_to` int(11) NOT NULL DEFAULT '0',
  `date` int(11) NOT NULL DEFAULT '0',
  `status` tinyint(4) NOT NULL DEFAULT '0',
  `rate` int(11) NOT NULL DEFAULT '0',
  `rate_count` int(11) NOT NULL DEFAULT '0',
  `cmts_count` int(11) NOT NULL DEFAULT '0',
  PRIMARY KEY (`id`),
  UNIQUE KEY `uri` (`uri`),
  FULLTEXT KEY `search_group` (`caption`,`content`,`tags`),
  FULLTEXT KEY `search_caption` (`caption`),
  FULLTEXT KEY `search_content` (`content`),
  FULLTEXT KEY `search_tags` (`tags`)
) ENGINE=MyISAM DEFAULT CHARSET=utf8;

--
-- Dumping data for table `bx_fdb_entries`
--


--
-- Table structure for table `bx_fdb_voting`
--

CREATE TABLE `bx_fdb_voting` (
  `fdb_id` bigint(8) NOT NULL DEFAULT '0',
  `fdb_rating_count` int(11) NOT NULL DEFAULT '0',
  `fdb_rating_sum` int(11) NOT NULL DEFAULT '0',
  UNIQUE KEY `fdb_id` (`fdb_id`)
) ENGINE=MyISAM DEFAULT CHARSET=utf8;

--
-- Dumping data for table `bx_fdb_voting`
--


--
-- Table structure for table `bx_fdb_voting_track`
--

CREATE TABLE `bx_fdb_voting_track` (
  `fdb_id` bigint(8) NOT NULL DEFAULT '0',
  `fdb_ip` varchar(20) DEFAULT NULL,
  `fdb_date` datetime DEFAULT NULL,
  KEY `fdb_ip` (`fdb_ip`,`fdb_id`)
) ENGINE=MyISAM DEFAULT CHARSET=utf8;

--
-- Dumping data for table `bx_fdb_voting_track`
--


--
-- Table structure for table `bx_news_comments`
--

CREATE TABLE `bx_news_comments` (
  `cmt_id` int(11) NOT NULL AUTO_INCREMENT,
  `cmt_parent_id` int(11) NOT NULL DEFAULT '0',
  `cmt_object_id` int(11) NOT NULL DEFAULT '0',
  `cmt_author_id` int(10) unsigned NOT NULL DEFAULT '0',
  `cmt_text` text NOT NULL,
  `cmt_mood` tinyint(4) NOT NULL DEFAULT '0',
  `cmt_rate` int(11) NOT NULL DEFAULT '0',
  `cmt_rate_count` int(11) NOT NULL DEFAULT '0',
  `cmt_time` datetime NOT NULL DEFAULT '0000-00-00 00:00:00',
  `cmt_replies` int(11) NOT NULL DEFAULT '0',
  PRIMARY KEY (`cmt_id`),
  KEY `cmt_object_id` (`cmt_object_id`,`cmt_parent_id`)
) ENGINE=MyISAM DEFAULT CHARSET=utf8;

--
-- Dumping data for table `bx_news_comments`
--


--
-- Table structure for table `bx_news_comments_track`
--

CREATE TABLE `bx_news_comments_track` (
  `cmt_system_id` int(11) NOT NULL DEFAULT '0',
  `cmt_id` int(11) NOT NULL DEFAULT '0',
  `cmt_rate` tinyint(4) NOT NULL DEFAULT '0',
  `cmt_rate_author_id` int(10) unsigned NOT NULL DEFAULT '0',
  `cmt_rate_author_nip` int(11) unsigned NOT NULL DEFAULT '0',
  `cmt_rate_ts` int(11) NOT NULL DEFAULT '0',
  PRIMARY KEY (`cmt_system_id`,`cmt_id`,`cmt_rate_author_nip`)
) ENGINE=MyISAM DEFAULT CHARSET=utf8;

--
-- Dumping data for table `bx_news_comments_track`
--


--
-- Table structure for table `bx_news_entries`
--

CREATE TABLE `bx_news_entries` (
  `id` int(11) unsigned NOT NULL AUTO_INCREMENT,
  `author_id` int(11) unsigned NOT NULL DEFAULT '0',
  `caption` varchar(64) NOT NULL DEFAULT '',
  `snippet` text NOT NULL,
  `content` text NOT NULL,
  `when` int(11) NOT NULL DEFAULT '0',
  `uri` varchar(64) NOT NULL DEFAULT '',
  `tags` varchar(255) NOT NULL DEFAULT '',
  `categories` varchar(255) NOT NULL DEFAULT '',
  `comment` tinyint(4) NOT NULL DEFAULT '0',
  `vote` tinyint(4) NOT NULL DEFAULT '0',
  `date` int(11) NOT NULL DEFAULT '0',
  `status` tinyint(4) NOT NULL DEFAULT '0',
  `featured` tinyint(4) NOT NULL DEFAULT '0',
  `rate` int(11) NOT NULL DEFAULT '0',
  `rate_count` int(11) NOT NULL DEFAULT '0',
  `view_count` int(11) NOT NULL DEFAULT '0',
  `cmts_count` int(11) NOT NULL DEFAULT '0',
  PRIMARY KEY (`id`),
  UNIQUE KEY `uri` (`uri`),
  FULLTEXT KEY `search_group` (`caption`,`content`,`tags`,`categories`),
  FULLTEXT KEY `search_caption` (`caption`),
  FULLTEXT KEY `search_content` (`content`),
  FULLTEXT KEY `search_tags` (`tags`),
  FULLTEXT KEY `search_categories` (`categories`)
) ENGINE=MyISAM DEFAULT CHARSET=utf8;

--
-- Dumping data for table `bx_news_entries`
--


--
-- Table structure for table `bx_news_views_track`
--

CREATE TABLE `bx_news_views_track` (
  `id` int(10) unsigned NOT NULL,
  `viewer` int(10) unsigned NOT NULL,
  `ip` int(10) unsigned NOT NULL,
  `ts` int(10) unsigned NOT NULL,
  KEY `id` (`id`,`viewer`,`ip`)
) ENGINE=MyISAM DEFAULT CHARSET=utf8;

--
-- Dumping data for table `bx_news_views_track`
--


--
-- Table structure for table `bx_news_voting`
--

CREATE TABLE `bx_news_voting` (
  `news_id` bigint(8) NOT NULL DEFAULT '0',
  `news_rating_count` int(11) NOT NULL DEFAULT '0',
  `news_rating_sum` int(11) NOT NULL DEFAULT '0',
  UNIQUE KEY `news_id` (`news_id`)
) ENGINE=MyISAM DEFAULT CHARSET=utf8;

--
-- Dumping data for table `bx_news_voting`
--


--
-- Table structure for table `bx_news_voting_track`
--

CREATE TABLE `bx_news_voting_track` (
  `news_id` bigint(8) NOT NULL DEFAULT '0',
  `news_ip` varchar(20) DEFAULT NULL,
  `news_date` datetime DEFAULT NULL,
  KEY `news_ip` (`news_ip`,`news_id`)
) ENGINE=MyISAM DEFAULT CHARSET=utf8;

--
-- Dumping data for table `bx_news_voting_track`
--


--
-- Table structure for table `bx_pageac_member_menu_visibility`
--

CREATE TABLE `bx_pageac_member_menu_visibility` (
  `MenuItemID` int(11) NOT NULL,
  `MemLevels` text,
  PRIMARY KEY (`MenuItemID`)
) ENGINE=MyISAM DEFAULT CHARSET=utf8;

--
-- Dumping data for table `bx_pageac_member_menu_visibility`
--


--
-- Table structure for table `bx_pageac_page_blocks_visibility`
--

CREATE TABLE `bx_pageac_page_blocks_visibility` (
  `PageBlockID` int(11) NOT NULL,
  `MemLevels` text,
  PRIMARY KEY (`PageBlockID`)
) ENGINE=MyISAM DEFAULT CHARSET=utf8;

--
-- Dumping data for table `bx_pageac_page_blocks_visibility`
--


--
-- Table structure for table `bx_pageac_rules`
--

CREATE TABLE `bx_pageac_rules` (
  `ID` int(11) NOT NULL AUTO_INCREMENT,
  `Rule` text NOT NULL,
  `MemLevels` text,
  PRIMARY KEY (`ID`)
) ENGINE=MyISAM DEFAULT CHARSET=utf8;

--
-- Dumping data for table `bx_pageac_rules`
--


--
-- Table structure for table `bx_pageac_top_menu_visibility`
--

CREATE TABLE `bx_pageac_top_menu_visibility` (
  `MenuItemID` int(11) NOT NULL,
  `MemLevels` text,
  PRIMARY KEY (`MenuItemID`)
) ENGINE=MyISAM DEFAULT CHARSET=utf8;

--
-- Dumping data for table `bx_pageac_top_menu_visibility`
--


--
-- Table structure for table `bx_photos_cmts`
--

CREATE TABLE `bx_photos_cmts` (
  `cmt_id` int(11) NOT NULL AUTO_INCREMENT,
  `cmt_parent_id` int(11) NOT NULL DEFAULT '0',
  `cmt_object_id` int(10) unsigned NOT NULL DEFAULT '0',
  `cmt_author_id` int(10) unsigned NOT NULL DEFAULT '0',
  `cmt_text` text NOT NULL,
  `cmt_mood` tinyint(4) NOT NULL DEFAULT '0',
  `cmt_rate` int(11) NOT NULL DEFAULT '0',
  `cmt_rate_count` int(11) NOT NULL DEFAULT '0',
  `cmt_time` datetime NOT NULL DEFAULT '0000-00-00 00:00:00',
  `cmt_replies` int(11) NOT NULL DEFAULT '0',
  PRIMARY KEY (`cmt_id`),
  KEY `cmt_object_id` (`cmt_object_id`,`cmt_parent_id`)
) ENGINE=MyISAM DEFAULT CHARSET=utf8;

--
-- Dumping data for table `bx_photos_cmts`
--


--
-- Table structure for table `bx_photos_cmts_albums`
--

CREATE TABLE `bx_photos_cmts_albums` (
  `cmt_id` int(11) NOT NULL AUTO_INCREMENT,
  `cmt_parent_id` int(11) NOT NULL DEFAULT '0',
  `cmt_object_id` int(10) unsigned NOT NULL DEFAULT '0',
  `cmt_author_id` int(10) unsigned NOT NULL DEFAULT '0',
  `cmt_text` text NOT NULL,
  `cmt_mood` tinyint(4) NOT NULL DEFAULT '0',
  `cmt_rate` int(11) NOT NULL DEFAULT '0',
  `cmt_rate_count` int(11) NOT NULL DEFAULT '0',
  `cmt_time` datetime NOT NULL DEFAULT '0000-00-00 00:00:00',
  `cmt_replies` int(11) NOT NULL DEFAULT '0',
  PRIMARY KEY (`cmt_id`),
  KEY `cmt_object_id` (`cmt_object_id`,`cmt_parent_id`)
) ENGINE=MyISAM DEFAULT CHARSET=utf8;

--
-- Dumping data for table `bx_photos_cmts_albums`
--


--
-- Table structure for table `bx_photos_favorites`
--

CREATE TABLE `bx_photos_favorites` (
  `ID` int(10) unsigned NOT NULL DEFAULT '0',
  `Profile` int(10) unsigned NOT NULL DEFAULT '0',
  `Date` int(11) NOT NULL DEFAULT '0',
  PRIMARY KEY (`ID`,`Profile`)
) ENGINE=MyISAM DEFAULT CHARSET=utf8;

--
-- Dumping data for table `bx_photos_favorites`
--


--
-- Table structure for table `bx_photos_main`
--

CREATE TABLE `bx_photos_main` (
  `ID` int(10) unsigned NOT NULL AUTO_INCREMENT,
  `Categories` text NOT NULL,
  `Owner` int(10) unsigned DEFAULT NULL,
  `Ext` varchar(4) DEFAULT '',
  `Size` varchar(10) DEFAULT '',
  `Title` varchar(255) DEFAULT '',
  `Uri` varchar(255) NOT NULL DEFAULT '',
  `Desc` text NOT NULL,
  `Tags` varchar(255) NOT NULL DEFAULT '',
  `Date` int(11) NOT NULL DEFAULT '0',
  `Views` int(11) DEFAULT '0',
  `Rate` float NOT NULL DEFAULT '0',
  `RateCount` int(11) NOT NULL DEFAULT '0',
  `CommentsCount` int(11) NOT NULL DEFAULT '0',
  `Featured` tinyint(4) NOT NULL DEFAULT '0',
  `Status` enum('approved','disapproved','pending') NOT NULL DEFAULT 'pending',
  `Hash` varchar(32) NOT NULL DEFAULT '',
  PRIMARY KEY (`ID`),
  UNIQUE KEY `Hash` (`Hash`),
  KEY `Owner` (`Owner`),
  KEY `Date` (`Date`),
  FULLTEXT KEY `ftMain` (`Title`,`Tags`,`Desc`,`Categories`),
  FULLTEXT KEY `ftTags` (`Tags`),
  FULLTEXT KEY `ftCategories` (`Categories`)
) ENGINE=MyISAM AUTO_INCREMENT=11 DEFAULT CHARSET=utf8;

--
-- Dumping data for table `bx_photos_main`
--

INSERT INTO `bx_photos_main` VALUES (1,'Profile Photos',1,'png','503x523','Avatar','Avatar','Avatar','Profile Photos',1428509514,2,5,1,0,0,'approved','6228ab1c8c8f2c9867ae0c32a566d3c6'),(2,'Profile Photos',2,'jpg','960x1280','Avatar','Avatar-2015-04-08','Avatar','Profile Photos',1428509893,0,5,1,0,0,'approved','a3c72a4a27be05ab14b86e2850e532a6'),(3,'Events',1,'jpg','640x480','Our entertainment','Our-entertainment','Our entertainment','events',1428510828,0,0,0,0,0,'approved','ce9187082b387130fabb2692222601e0'),(4,'Profile Photos',3,'jpg','466x553','Avatar','Avatar-2015-04-10','Avatar','Profile Photos',1428638299,3,0,0,0,0,'approved','236ab576dfe334a8e56509785a3f1936'),(10,'Profile photos',12,'png','480x480','Picture of me 1','Picture-of-me-1','','',1442351165,2,0,0,0,0,'approved','43e271631536b5303ca087d5d1b932bc');

--
-- Table structure for table `bx_photos_rating`
--

CREATE TABLE `bx_photos_rating` (
  `gal_id` int(10) unsigned NOT NULL DEFAULT '0',
  `gal_rating_count` int(11) NOT NULL DEFAULT '0',
  `gal_rating_sum` int(11) NOT NULL DEFAULT '0',
  UNIQUE KEY `med_id` (`gal_id`)
) ENGINE=MyISAM DEFAULT CHARSET=utf8;

--
-- Dumping data for table `bx_photos_rating`
--

INSERT INTO `bx_photos_rating` VALUES (1,1,5),(2,1,5);

--
-- Table structure for table `bx_photos_views_track`
--

CREATE TABLE `bx_photos_views_track` (
  `id` int(10) unsigned NOT NULL,
  `viewer` int(10) unsigned NOT NULL,
  `ip` int(10) unsigned NOT NULL,
  `ts` int(10) unsigned NOT NULL,
  KEY `id` (`id`,`viewer`,`ip`)
) ENGINE=MyISAM DEFAULT CHARSET=utf8;

--
-- Dumping data for table `bx_photos_views_track`
--

INSERT INTO `bx_photos_views_track` VALUES (1,1,2903073612,1428510862),(4,1,2903073612,1429102806),(4,0,2923395480,1429190386),(1,2,2923395480,1429190452),(4,3,2923395480,1439573948),(10,12,2923333906,1443203682);

--
-- Table structure for table `bx_photos_voting_track`
--

CREATE TABLE `bx_photos_voting_track` (
  `gal_id` int(10) unsigned NOT NULL DEFAULT '0',
  `gal_ip` varchar(20) DEFAULT NULL,
  `gal_date` datetime DEFAULT NULL,
  KEY `med_ip` (`gal_ip`,`gal_id`)
) ENGINE=MyISAM DEFAULT CHARSET=utf8;

--
-- Dumping data for table `bx_photos_voting_track`
--

INSERT INTO `bx_photos_voting_track` VALUES (1,'162.72.40.61','2015-04-08 16:33:49'),(2,'162.72.40.61','2015-04-08 16:33:56');

--
-- Table structure for table `bx_poll_cmts`
--

CREATE TABLE `bx_poll_cmts` (
  `cmt_id` int(11) NOT NULL AUTO_INCREMENT,
  `cmt_parent_id` int(11) NOT NULL DEFAULT '0',
  `cmt_object_id` int(12) NOT NULL DEFAULT '0',
  `cmt_author_id` int(10) unsigned NOT NULL DEFAULT '0',
  `cmt_text` text NOT NULL,
  `cmt_mood` tinyint(4) NOT NULL DEFAULT '0',
  `cmt_rate` int(11) NOT NULL DEFAULT '0',
  `cmt_rate_count` int(11) NOT NULL DEFAULT '0',
  `cmt_time` datetime NOT NULL DEFAULT '0000-00-00 00:00:00',
  `cmt_replies` int(11) NOT NULL DEFAULT '0',
  PRIMARY KEY (`cmt_id`),
  KEY `cmt_object_id` (`cmt_object_id`,`cmt_parent_id`)
) ENGINE=MyISAM DEFAULT CHARSET=utf8;

--
-- Dumping data for table `bx_poll_cmts`
--


--
-- Table structure for table `bx_poll_cmts_track`
--

CREATE TABLE `bx_poll_cmts_track` (
  `cmt_system_id` int(11) NOT NULL DEFAULT '0',
  `cmt_id` int(11) NOT NULL DEFAULT '0',
  `cmt_rate` tinyint(4) NOT NULL DEFAULT '0',
  `cmt_rate_author_id` int(10) unsigned NOT NULL DEFAULT '0',
  `cmt_rate_author_nip` int(11) unsigned NOT NULL DEFAULT '0',
  `cmt_rate_ts` int(11) NOT NULL DEFAULT '0',
  PRIMARY KEY (`cmt_system_id`,`cmt_id`,`cmt_rate_author_nip`)
) ENGINE=MyISAM DEFAULT CHARSET=utf8;

--
-- Dumping data for table `bx_poll_cmts_track`
--


--
-- Table structure for table `bx_poll_data`
--

CREATE TABLE `bx_poll_data` (
  `id_poll` int(11) NOT NULL AUTO_INCREMENT,
  `id_profile` int(11) NOT NULL DEFAULT '0',
  `poll_question` varchar(255) NOT NULL DEFAULT '',
  `poll_answers` text NOT NULL,
  `poll_results` varchar(60) NOT NULL DEFAULT '',
  `poll_total_votes` int(11) NOT NULL DEFAULT '0',
  `poll_status` varchar(20) NOT NULL DEFAULT '',
  `poll_approval` tinyint(4) NOT NULL DEFAULT '0',
  `poll_date` int(10) NOT NULL,
  `poll_rate` int(11) NOT NULL,
  `poll_rate_count` int(11) NOT NULL,
  `poll_comments_count` int(11) NOT NULL,
  `poll_tags` varchar(255) NOT NULL,
  `poll_featured` tinyint(4) NOT NULL DEFAULT '0',
  `allow_comment_to` int(11) NOT NULL DEFAULT '3',
  `allow_vote_to` int(11) NOT NULL DEFAULT '3',
  `allow_view_to` int(11) NOT NULL DEFAULT '3',
  `poll_categories` varchar(255) NOT NULL,
  PRIMARY KEY (`id_poll`),
  KEY `id_profile` (`id_profile`),
  KEY `poll_featured` (`poll_featured`),
  FULLTEXT KEY `ftMain` (`poll_question`,`poll_answers`,`poll_tags`,`poll_categories`),
  FULLTEXT KEY `poll_tags` (`poll_tags`),
  FULLTEXT KEY `poll_categories` (`poll_categories`)
) ENGINE=MyISAM DEFAULT CHARSET=utf8;

--
-- Dumping data for table `bx_poll_data`
--


--
-- Table structure for table `bx_poll_rating`
--

CREATE TABLE `bx_poll_rating` (
  `id` bigint(8) NOT NULL DEFAULT '0',
  `rating_count` int(11) NOT NULL DEFAULT '0',
  `rating_sum` int(11) NOT NULL DEFAULT '0',
  UNIQUE KEY `med_id` (`id`)
) ENGINE=MyISAM DEFAULT CHARSET=utf8;

--
-- Dumping data for table `bx_poll_rating`
--


--
-- Table structure for table `bx_poll_voting_track`
--

CREATE TABLE `bx_poll_voting_track` (
  `id` int(12) NOT NULL DEFAULT '0',
  `ip` varchar(20) DEFAULT NULL,
  `date` datetime DEFAULT NULL,
  KEY `med_ip` (`ip`,`id`)
) ENGINE=MyISAM DEFAULT CHARSET=utf8;

--
-- Dumping data for table `bx_poll_voting_track`
--


--
-- Table structure for table `bx_simple_messenger_messages`
--

CREATE TABLE `bx_simple_messenger_messages` (
  `ID` int(10) unsigned NOT NULL AUTO_INCREMENT,
  `Message` text COLLATE utf8_unicode_ci NOT NULL,
  `SenderID` int(11) NOT NULL,
  `RecipientID` int(11) NOT NULL,
  `Date` timestamp NOT NULL DEFAULT CURRENT_TIMESTAMP ON UPDATE CURRENT_TIMESTAMP,
  `SenderStatus` enum('active','close') COLLATE utf8_unicode_ci NOT NULL DEFAULT 'active',
  `RecipientStatus` enum('active','close') COLLATE utf8_unicode_ci NOT NULL,
  PRIMARY KEY (`ID`),
  KEY `SenderID` (`SenderID`),
  KEY `RecipientID` (`RecipientID`)
) ENGINE=MyISAM AUTO_INCREMENT=4 DEFAULT CHARSET=utf8 COLLATE=utf8_unicode_ci;

--
-- Dumping data for table `bx_simple_messenger_messages`
--

INSERT INTO `bx_simple_messenger_messages` VALUES (1,'Oh, tell me about it!',2,1,'2015-04-08 16:34:50','active','active'),(2,'Jusrt reading your message to me.',2,1,'2015-04-08 16:35:03','active','active'),(3,'This system is not very intuiive, but does have lots of options.',2,1,'2015-04-08 16:35:37','active','close');

--
-- Table structure for table `bx_simple_messenger_privacy`
--

CREATE TABLE `bx_simple_messenger_privacy` (
  `author_id` int(11) NOT NULL,
  `allow_contact_to` int(11) NOT NULL,
  PRIMARY KEY (`author_id`)
) ENGINE=MyISAM DEFAULT CHARSET=utf8 COLLATE=utf8_unicode_ci;

--
-- Dumping data for table `bx_simple_messenger_privacy`
--


--
-- Table structure for table `bx_sites_cmts`
--

CREATE TABLE `bx_sites_cmts` (
  `cmt_id` int(11) NOT NULL AUTO_INCREMENT,
  `cmt_parent_id` int(11) NOT NULL DEFAULT '0',
  `cmt_object_id` int(12) NOT NULL DEFAULT '0',
  `cmt_author_id` int(10) unsigned NOT NULL DEFAULT '0',
  `cmt_text` text NOT NULL,
  `cmt_mood` tinyint(4) NOT NULL DEFAULT '0',
  `cmt_rate` int(11) NOT NULL DEFAULT '0',
  `cmt_rate_count` int(11) NOT NULL DEFAULT '0',
  `cmt_time` datetime NOT NULL DEFAULT '0000-00-00 00:00:00',
  `cmt_replies` int(11) NOT NULL DEFAULT '0',
  PRIMARY KEY (`cmt_id`),
  KEY `cmt_object_id` (`cmt_object_id`,`cmt_parent_id`)
) ENGINE=MyISAM AUTO_INCREMENT=3 DEFAULT CHARSET=utf8;

--
-- Dumping data for table `bx_sites_cmts`
--

INSERT INTO `bx_sites_cmts` VALUES (1,0,1,1,'Shouldn\'t the URL be http://www.seeger.ws/bethany/hooptemp.html  ?',0,0,0,'2015-04-08 16:28:43',0),(2,0,1,2,'just fixed it!\n',0,0,0,'2015-04-08 16:28:59',0);

--
-- Table structure for table `bx_sites_cmts_track`
--

CREATE TABLE `bx_sites_cmts_track` (
  `cmt_system_id` int(11) NOT NULL DEFAULT '0',
  `cmt_id` int(11) NOT NULL DEFAULT '0',
  `cmt_rate` tinyint(4) NOT NULL DEFAULT '0',
  `cmt_rate_author_id` int(10) unsigned NOT NULL DEFAULT '0',
  `cmt_rate_author_nip` int(11) unsigned NOT NULL DEFAULT '0',
  `cmt_rate_ts` int(11) NOT NULL DEFAULT '0',
  PRIMARY KEY (`cmt_system_id`,`cmt_id`,`cmt_rate_author_nip`)
) ENGINE=MyISAM DEFAULT CHARSET=utf8;

--
-- Dumping data for table `bx_sites_cmts_track`
--


--
-- Table structure for table `bx_sites_main`
--

CREATE TABLE `bx_sites_main` (
  `id` int(10) unsigned NOT NULL AUTO_INCREMENT,
  `url` varchar(100) NOT NULL,
  `title` varchar(100) NOT NULL,
  `entryUri` varchar(255) NOT NULL,
  `description` text NOT NULL,
  `status` enum('approved','pending') NOT NULL DEFAULT 'approved',
  `photo` int(11) NOT NULL,
  `date` int(11) NOT NULL,
  `ownerid` int(10) unsigned NOT NULL DEFAULT '0',
  `allowView` int(11) NOT NULL,
  `allowComments` int(11) NOT NULL DEFAULT '0',
  `allowRate` int(11) NOT NULL DEFAULT '0',
  `tags` varchar(255) NOT NULL DEFAULT '',
  `categories` text NOT NULL,
  `views` int(11) NOT NULL DEFAULT '0',
  `rate` float NOT NULL DEFAULT '0',
  `rateCount` int(11) NOT NULL DEFAULT '0',
  `commentsCount` int(11) NOT NULL,
  `featured` tinyint(4) NOT NULL DEFAULT '0',
  PRIMARY KEY (`id`),
  UNIQUE KEY `entryUri` (`entryUri`),
  KEY `date` (`date`),
  FULLTEXT KEY `title` (`title`,`description`,`tags`,`categories`),
  FULLTEXT KEY `tags` (`tags`),
  FULLTEXT KEY `categories` (`categories`)
) ENGINE=MyISAM AUTO_INCREMENT=2 DEFAULT CHARSET=utf8;

--
-- Dumping data for table `bx_sites_main`
--

INSERT INTO `bx_sites_main` VALUES (1,'www.seeger.ws/bethany/hooptemp.html','Hoop House Temperatures','Hoop-House-Temperatures','Temps in the hoop house','approved',0,1428510437,2,3,3,3,'farm','Science',2,0,0,2,0);

--
-- Table structure for table `bx_sites_rating`
--

CREATE TABLE `bx_sites_rating` (
  `sites_id` smallint(6) NOT NULL DEFAULT '0',
  `sites_rating_count` int(11) NOT NULL DEFAULT '0',
  `sites_rating_sum` int(11) NOT NULL DEFAULT '0',
  UNIQUE KEY `sites_id` (`sites_id`)
) ENGINE=MyISAM DEFAULT CHARSET=utf8;

--
-- Dumping data for table `bx_sites_rating`
--


--
-- Table structure for table `bx_sites_rating_track`
--

CREATE TABLE `bx_sites_rating_track` (
  `sites_id` smallint(6) NOT NULL DEFAULT '0',
  `sites_ip` varchar(20) DEFAULT NULL,
  `sites_date` datetime DEFAULT NULL,
  KEY `sites_ip` (`sites_ip`,`sites_id`)
) ENGINE=MyISAM DEFAULT CHARSET=utf8;

--
-- Dumping data for table `bx_sites_rating_track`
--


--
-- Table structure for table `bx_sites_stw_requests`
--

CREATE TABLE `bx_sites_stw_requests` (
  `siteid` int(10) NOT NULL AUTO_INCREMENT,
  `domain` varchar(255) COLLATE utf8_unicode_ci NOT NULL DEFAULT '',
  `hash` varchar(32) COLLATE utf8_unicode_ci NOT NULL,
  `timestamp` varchar(12) COLLATE utf8_unicode_ci NOT NULL DEFAULT '',
  `capturedon` varchar(12) COLLATE utf8_unicode_ci NOT NULL,
  `quality` smallint(3) NOT NULL DEFAULT '90',
  `full` tinyint(1) NOT NULL DEFAULT '0',
  `xmax` smallint(4) NOT NULL DEFAULT '200',
  `ymax` smallint(4) NOT NULL DEFAULT '150',
  `nrx` smallint(4) NOT NULL DEFAULT '1024',
  `nry` smallint(4) NOT NULL DEFAULT '768',
  `invalid` tinyint(1) NOT NULL,
  `stwerrcode` varchar(50) COLLATE utf8_unicode_ci NOT NULL,
  `error` tinyint(1) NOT NULL DEFAULT '0',
  `errcode` varchar(50) COLLATE utf8_unicode_ci NOT NULL,
  `referrer` tinyint(1) NOT NULL,
  PRIMARY KEY (`siteid`),
  UNIQUE KEY `hash_idx` (`hash`)
) ENGINE=MyISAM DEFAULT CHARSET=utf8 COLLATE=utf8_unicode_ci;

--
-- Dumping data for table `bx_sites_stw_requests`
--


--
-- Table structure for table `bx_sites_stwacc_info`
--

CREATE TABLE `bx_sites_stwacc_info` (
  `id` int(10) NOT NULL AUTO_INCREMENT,
  `key_id` varchar(255) COLLATE utf8_unicode_ci NOT NULL DEFAULT '',
  `account_level` tinyint(1) NOT NULL DEFAULT '0',
  `inside_pages` tinyint(1) NOT NULL DEFAULT '0',
  `custom_size` tinyint(1) NOT NULL DEFAULT '0',
  `full_length` tinyint(1) NOT NULL DEFAULT '0',
  `refresh_ondemand` tinyint(1) NOT NULL DEFAULT '0',
  `custom_delay` tinyint(1) NOT NULL DEFAULT '0',
  `custom_quality` tinyint(1) NOT NULL DEFAULT '0',
  `custom_resolution` tinyint(1) NOT NULL DEFAULT '0',
  `custom_messages` tinyint(1) NOT NULL DEFAULT '0',
  `timestamp` varchar(12) COLLATE utf8_unicode_ci NOT NULL DEFAULT '',
  PRIMARY KEY (`id`)
) ENGINE=MyISAM DEFAULT CHARSET=utf8 COLLATE=utf8_unicode_ci;

--
-- Dumping data for table `bx_sites_stwacc_info`
--


--
-- Table structure for table `bx_sites_views_track`
--

CREATE TABLE `bx_sites_views_track` (
  `id` int(10) unsigned NOT NULL,
  `viewer` int(10) unsigned NOT NULL,
  `ip` int(10) unsigned NOT NULL,
  `ts` int(10) unsigned NOT NULL,
  KEY `id` (`id`,`viewer`,`ip`)
) ENGINE=MyISAM DEFAULT CHARSET=utf8;

--
-- Dumping data for table `bx_sites_views_track`
--

INSERT INTO `bx_sites_views_track` VALUES (1,2,2722637885,1428510444),(1,1,2903073612,1428510496);

--
-- Table structure for table `bx_spy_data`
--

CREATE TABLE `bx_spy_data` (
  `id` int(10) unsigned NOT NULL AUTO_INCREMENT,
  `alert_unit` varchar(64) COLLATE utf8_unicode_ci NOT NULL DEFAULT '',
  `alert_action` varchar(64) COLLATE utf8_unicode_ci NOT NULL DEFAULT '',
  `object_id` int(11) NOT NULL DEFAULT '0',
  `comment_id` int(11) NOT NULL DEFAULT '0',
  `sender_id` int(11) NOT NULL DEFAULT '0',
  `recipient_id` int(11) NOT NULL DEFAULT '0',
  `lang_key` varchar(100) COLLATE utf8_unicode_ci NOT NULL,
  `params` text COLLATE utf8_unicode_ci NOT NULL,
  `date` timestamp NOT NULL DEFAULT CURRENT_TIMESTAMP,
  `type` enum('content_activity','profiles_activity') COLLATE utf8_unicode_ci NOT NULL,
  `viewed` tinyint(1) NOT NULL,
  PRIMARY KEY (`id`),
  KEY `recipient_id` (`recipient_id`)
) ENGINE=MyISAM AUTO_INCREMENT=42 DEFAULT CHARSET=utf8 COLLATE=utf8_unicode_ci;

--
-- Dumping data for table `bx_spy_data`
--

INSERT INTO `bx_spy_data` VALUES (1,'friend','accept',2,0,1,2,'_bx_spy_profile_friend_accept','a:4:{s:13:\"sender_p_link\";s:34:\"https://www.persisters.com/bethany\";s:13:\"sender_p_nick\";s:7:\"bethany\";s:16:\"recipient_p_link\";s:31:\"https://www.persisters.com/seth\";s:16:\"recipient_p_nick\";s:4:\"seth\";}','2015-04-08 16:09:45','profiles_activity',1),(2,'profile','edit_status_message',2,0,2,0,'_bx_spy_profile_has_edited_status_message','a:2:{s:12:\"profile_link\";s:34:\"https://www.persisters.com/bethany\";s:12:\"profile_nick\";s:7:\"bethany\";}','2015-04-08 16:11:25','profiles_activity',0),(3,'bx_photos','add',1,0,1,0,'_bx_photos_spy_added','a:6:{s:12:\"profile_link\";s:31:\"https://www.persisters.com/seth\";s:12:\"profile_nick\";s:4:\"seth\";s:9:\"entry_url\";s:47:\"https://www.persisters.com/m/photos/view/Avatar\";s:13:\"entry_caption\";s:6:\"Avatar\";s:16:\"recipient_p_link\";s:31:\"https://www.persisters.com/seth\";s:16:\"recipient_p_nick\";s:4:\"seth\";}','2015-04-08 16:11:55','content_activity',0),(4,'profile','edit',2,0,2,0,'_bx_spy_profile_has_edited','a:2:{s:12:\"profile_link\";s:34:\"https://www.persisters.com/bethany\";s:12:\"profile_nick\";s:7:\"bethany\";}','2015-04-08 16:16:38','profiles_activity',0),(5,'bx_photos','add',2,0,2,0,'_bx_photos_spy_added','a:6:{s:12:\"profile_link\";s:34:\"https://www.persisters.com/bethany\";s:12:\"profile_nick\";s:7:\"bethany\";s:9:\"entry_url\";s:58:\"https://www.persisters.com/m/photos/view/Avatar-2015-04-08\";s:13:\"entry_caption\";s:6:\"Avatar\";s:16:\"recipient_p_link\";s:34:\"https://www.persisters.com/bethany\";s:16:\"recipient_p_nick\";s:7:\"bethany\";}','2015-04-08 16:18:14','content_activity',0),(6,'bx_events','add',1,0,2,0,'_bx_events_spy_post','a:4:{s:12:\"profile_link\";s:34:\"https://www.persisters.com/bethany\";s:12:\"profile_nick\";s:7:\"bethany\";s:9:\"entry_url\";s:51:\"https://www.persisters.com/m/events/view/Test-Event\";s:11:\"entry_title\";s:10:\"Test Event\";}','2015-04-08 16:24:18','content_activity',0),(7,'bx_sites','add',1,0,2,0,'_bx_sites_poll_add','a:4:{s:12:\"profile_link\";s:34:\"https://www.persisters.com/bethany\";s:12:\"profile_nick\";s:7:\"bethany\";s:8:\"site_url\";s:36:\"m/sites/view/Hoop-House-Temperatures\";s:12:\"site_caption\";s:23:\"Hoop House Temperatures\";}','2015-04-08 16:27:17','content_activity',0),(8,'bx_sites','change',1,0,2,0,'_bx_sites_poll_change','a:4:{s:12:\"profile_link\";s:34:\"https://www.persisters.com/bethany\";s:12:\"profile_nick\";s:7:\"bethany\";s:8:\"site_url\";s:36:\"m/sites/view/Hoop-House-Temperatures\";s:12:\"site_caption\";s:23:\"Hoop House Temperatures\";}','2015-04-08 16:28:42','content_activity',0),(9,'bx_sites','commentPost',1,1,1,2,'_bx_sites_poll_commentPost','a:4:{s:12:\"profile_link\";s:31:\"https://www.persisters.com/seth\";s:12:\"profile_nick\";s:4:\"seth\";s:8:\"site_url\";s:36:\"m/sites/view/Hoop-House-Temperatures\";s:12:\"site_caption\";s:23:\"Hoop House Temperatures\";}','2015-04-08 16:28:43','content_activity',1),(10,'bx_sites','commentPost',1,2,2,0,'_bx_sites_poll_commentPost','a:4:{s:12:\"profile_link\";s:34:\"https://www.persisters.com/bethany\";s:12:\"profile_nick\";s:7:\"bethany\";s:8:\"site_url\";s:36:\"m/sites/view/Hoop-House-Temperatures\";s:12:\"site_caption\";s:23:\"Hoop House Temperatures\";}','2015-04-08 16:28:59','content_activity',0),(11,'bx_events','commentPost',1,1,1,2,'_bx_events_spy_comment','a:4:{s:12:\"profile_link\";s:31:\"https://www.persisters.com/seth\";s:12:\"profile_nick\";s:4:\"seth\";s:9:\"entry_url\";s:51:\"https://www.persisters.com/m/events/view/Test-Event\";s:11:\"entry_title\";s:10:\"Test Event\";}','2015-04-08 16:29:11','content_activity',1),(12,'bx_events','commentPost',1,2,2,0,'_bx_events_spy_comment','a:4:{s:12:\"profile_link\";s:34:\"https://www.persisters.com/bethany\";s:12:\"profile_nick\";s:7:\"bethany\";s:9:\"entry_url\";s:51:\"https://www.persisters.com/m/events/view/Test-Event\";s:11:\"entry_title\";s:10:\"Test Event\";}','2015-04-08 16:30:48','content_activity',0),(13,'bx_events','join',1,0,2,0,'_bx_events_spy_join','a:4:{s:12:\"profile_link\";s:34:\"https://www.persisters.com/bethany\";s:12:\"profile_nick\";s:7:\"bethany\";s:9:\"entry_url\";s:51:\"https://www.persisters.com/m/events/view/Test-Event\";s:11:\"entry_title\";s:10:\"Test Event\";}','2015-04-08 16:30:58','content_activity',0),(14,'bx_events','commentPost',1,3,1,2,'_bx_events_spy_comment','a:4:{s:12:\"profile_link\";s:31:\"https://www.persisters.com/seth\";s:12:\"profile_nick\";s:4:\"seth\";s:9:\"entry_url\";s:51:\"https://www.persisters.com/m/events/view/Test-Event\";s:11:\"entry_title\";s:10:\"Test Event\";}','2015-04-08 16:32:39','content_activity',1),(15,'bx_events','join',1,0,1,2,'_bx_events_spy_join','a:4:{s:12:\"profile_link\";s:31:\"https://www.persisters.com/seth\";s:12:\"profile_nick\";s:4:\"seth\";s:9:\"entry_url\";s:51:\"https://www.persisters.com/m/events/view/Test-Event\";s:11:\"entry_title\";s:10:\"Test Event\";}','2015-04-08 16:32:50','content_activity',1),(16,'bx_photos','rate',1,0,2,1,'_bx_photos_spy_rated','a:6:{s:12:\"profile_link\";s:34:\"https://www.persisters.com/bethany\";s:12:\"profile_nick\";s:7:\"bethany\";s:9:\"entry_url\";s:47:\"https://www.persisters.com/m/photos/view/Avatar\";s:13:\"entry_caption\";s:6:\"Avatar\";s:16:\"recipient_p_link\";s:31:\"https://www.persisters.com/seth\";s:16:\"recipient_p_nick\";s:4:\"seth\";}','2015-04-08 16:33:49','content_activity',1),(17,'bx_photos','rate',2,0,2,0,'_bx_photos_spy_rated','a:6:{s:12:\"profile_link\";s:34:\"https://www.persisters.com/bethany\";s:12:\"profile_nick\";s:7:\"bethany\";s:9:\"entry_url\";s:58:\"https://www.persisters.com/m/photos/view/Avatar-2015-04-08\";s:13:\"entry_caption\";s:6:\"Avatar\";s:16:\"recipient_p_link\";s:34:\"https://www.persisters.com/bethany\";s:16:\"recipient_p_nick\";s:7:\"bethany\";}','2015-04-08 16:33:56','content_activity',0),(18,'bx_events','commentPost',1,4,1,2,'_bx_events_spy_comment','a:4:{s:12:\"profile_link\";s:31:\"https://www.persisters.com/seth\";s:12:\"profile_nick\";s:4:\"seth\";s:9:\"entry_url\";s:51:\"https://www.persisters.com/m/events/view/Test-Event\";s:11:\"entry_title\";s:10:\"Test Event\";}','2015-04-08 16:34:08','content_activity',1),(19,'profile','edit_status_message',2,0,2,0,'_bx_spy_profile_has_edited_status_message','a:2:{s:12:\"profile_link\";s:34:\"https://www.persisters.com/bethany\";s:12:\"profile_nick\";s:7:\"bethany\";}','2015-04-09 14:37:01','profiles_activity',0),(20,'bx_photos','add',4,0,3,0,'_bx_photos_spy_added','a:6:{s:12:\"profile_link\";s:37:\"https://www.persisters.com/persister1\";s:12:\"profile_nick\";s:10:\"persister1\";s:9:\"entry_url\";s:58:\"https://www.persisters.com/m/photos/view/Avatar-2015-04-10\";s:13:\"entry_caption\";s:6:\"Avatar\";s:16:\"recipient_p_link\";s:37:\"https://www.persisters.com/persister1\";s:16:\"recipient_p_nick\";s:10:\"persister1\";}','2015-04-10 03:58:19','content_activity',0),(21,'profile','join',3,0,3,0,'_bx_spy_profile_has_joined','a:2:{s:12:\"profile_link\";s:37:\"https://www.persisters.com/persister1\";s:12:\"profile_nick\";s:10:\"persister1\";}','2015-04-10 03:58:19','profiles_activity',0),(22,'friend','accept',2,0,3,2,'_bx_spy_profile_friend_accept','a:4:{s:13:\"sender_p_link\";s:34:\"https://www.persisters.com/bethany\";s:13:\"sender_p_nick\";s:7:\"bethany\";s:16:\"recipient_p_link\";s:37:\"https://www.persisters.com/persister1\";s:16:\"recipient_p_nick\";s:10:\"persister1\";}','2015-04-14 03:23:40','profiles_activity',1),(23,'friend','accept',3,0,1,3,'_bx_spy_profile_friend_accept','a:4:{s:13:\"sender_p_link\";s:37:\"https://www.persisters.com/persister1\";s:13:\"sender_p_nick\";s:10:\"persister1\";s:16:\"recipient_p_link\";s:31:\"https://www.persisters.com/seth\";s:16:\"recipient_p_nick\";s:4:\"seth\";}','2015-04-16 15:42:44','profiles_activity',0),(24,'profile','edit',2,0,2,0,'_bx_spy_profile_has_edited','a:2:{s:12:\"profile_link\";s:34:\"https://www.persisters.com/bethany\";s:12:\"profile_nick\";s:7:\"bethany\";}','2015-05-05 01:26:09','profiles_activity',0),(38,'bx_photos','add',10,0,12,0,'_bx_photos_spy_added','a:6:{s:12:\"profile_link\";s:36:\"https://www.persisters.com/ericamlee\";s:12:\"profile_nick\";s:9:\"ericamlee\";s:9:\"entry_url\";s:56:\"https://www.persisters.com/m/photos/view/Picture-of-me-1\";s:13:\"entry_caption\";s:15:\"Picture of me 1\";s:16:\"recipient_p_link\";s:36:\"https://www.persisters.com/ericamlee\";s:16:\"recipient_p_nick\";s:9:\"ericamlee\";}','2015-09-15 21:06:19','content_activity',0),(37,'profile','edit',12,0,12,0,'_bx_spy_profile_has_edited','a:2:{s:12:\"profile_link\";s:36:\"https://www.persisters.com/ericamlee\";s:12:\"profile_nick\";s:9:\"ericamlee\";}','2015-09-15 21:02:54','profiles_activity',0),(28,'ads','create',1,0,2,0,'_bx_ads_added_spy','a:6:{s:16:\"recipient_p_link\";s:34:\"https://www.persisters.com/bethany\";s:16:\"recipient_p_nick\";s:7:\"bethany\";s:12:\"profile_nick\";s:7:\"bethany\";s:12:\"profile_link\";s:34:\"https://www.persisters.com/bethany\";s:7:\"ads_url\";s:44:\"https://www.persisters.com/ads/entry/bethany\";s:11:\"ads_caption\";s:7:\"bethany\";}','2015-05-28 16:40:22','content_activity',0),(29,'profile','join',7,0,7,0,'_bx_spy_profile_has_joined','a:2:{s:12:\"profile_link\";s:35:\"https://www.persisters.com/Kalamoma\";s:12:\"profile_nick\";s:8:\"Kalamoma\";}','2015-06-01 14:25:50','profiles_activity',0),(30,'profile','join',8,0,8,0,'_bx_spy_profile_has_joined','a:2:{s:12:\"profile_link\";s:34:\"https://www.persisters.com/Founder\";s:12:\"profile_nick\";s:7:\"Founder\";}','2015-06-01 23:04:22','profiles_activity',0),(31,'bx_events','add',2,0,2,0,'_bx_events_spy_post','a:4:{s:12:\"profile_link\";s:34:\"https://www.persisters.com/bethany\";s:12:\"profile_nick\";s:7:\"bethany\";s:9:\"entry_url\";s:67:\"https://www.persisters.com/m/events/view/Mothers-Meeting-Test-Event\";s:11:\"entry_title\";s:26:\"Mothers Meeting Test Event\";}','2015-06-02 14:35:49','content_activity',0),(36,'profile','edit',12,0,12,0,'_bx_spy_profile_has_edited','a:2:{s:12:\"profile_link\";s:36:\"https://www.persisters.com/ericamlee\";s:12:\"profile_nick\";s:9:\"ericamlee\";}','2015-09-02 02:05:16','profiles_activity',0),(35,'profile','join',12,0,12,0,'_bx_spy_profile_has_joined','a:2:{s:12:\"profile_link\";s:36:\"https://www.persisters.com/ericamlee\";s:12:\"profile_nick\";s:9:\"ericamlee\";}','2015-08-27 02:07:34','profiles_activity',0),(34,'profile','join',11,0,11,0,'_bx_spy_profile_has_joined','a:2:{s:12:\"profile_link\";s:35:\"https://www.persisters.com/checkers\";s:12:\"profile_nick\";s:8:\"checkers\";}','2015-07-09 19:24:44','profiles_activity',0),(39,'profile','edit_status_message',12,0,12,0,'_bx_spy_profile_has_edited_status_message','a:2:{s:12:\"profile_link\";s:36:\"https://www.persisters.com/ericamlee\";s:12:\"profile_nick\";s:9:\"ericamlee\";}','2015-09-15 21:08:08','profiles_activity',0),(40,'profile','join',13,0,13,0,'_bx_spy_profile_has_joined','a:2:{s:12:\"profile_link\";s:31:\"https://www.persisters.com/test\";s:12:\"profile_nick\";s:4:\"test\";}','2015-09-21 21:26:28','profiles_activity',0),(41,'profile','edit',13,0,12,0,'_bx_spy_profile_has_edited','a:2:{s:12:\"profile_link\";s:31:\"https://www.persisters.com/test\";s:12:\"profile_nick\";s:4:\"test\";}','2015-09-21 21:36:18','profiles_activity',0);

--
-- Table structure for table `bx_spy_friends_data`
--

CREATE TABLE `bx_spy_friends_data` (
  `id` int(10) unsigned NOT NULL AUTO_INCREMENT,
  `sender_id` int(11) NOT NULL,
  `friend_id` int(11) NOT NULL,
  `event_id` int(11) NOT NULL,
  PRIMARY KEY (`id`),
  KEY `event_id` (`event_id`),
  KEY `friend_id` (`friend_id`)
) ENGINE=MyISAM AUTO_INCREMENT=29 DEFAULT CHARSET=utf8 COLLATE=utf8_unicode_ci;

--
-- Dumping data for table `bx_spy_friends_data`
--

INSERT INTO `bx_spy_friends_data` VALUES (1,1,2,1),(2,2,1,2),(3,1,2,3),(4,2,1,4),(5,2,1,5),(6,2,1,6),(7,2,1,7),(8,2,1,8),(9,1,2,9),(10,2,1,10),(11,1,2,11),(12,2,1,12),(13,2,1,13),(14,1,2,14),(15,1,2,15),(16,2,1,16),(17,2,1,17),(18,1,2,18),(19,2,1,19),(20,3,2,22),(21,1,3,23),(22,1,2,23),(23,2,1,24),(24,2,3,24),(25,2,3,28),(26,2,1,28),(27,2,3,31),(28,2,1,31);

--
-- Table structure for table `bx_spy_handlers`
--

CREATE TABLE `bx_spy_handlers` (
  `id` int(11) NOT NULL AUTO_INCREMENT,
  `alert_unit` varchar(64) COLLATE utf8_unicode_ci NOT NULL DEFAULT '',
  `alert_action` varchar(64) COLLATE utf8_unicode_ci NOT NULL DEFAULT '',
  `module_uri` varchar(64) COLLATE utf8_unicode_ci NOT NULL DEFAULT '',
  `module_class` varchar(64) COLLATE utf8_unicode_ci NOT NULL DEFAULT '',
  `module_method` varchar(64) COLLATE utf8_unicode_ci NOT NULL DEFAULT '',
  PRIMARY KEY (`id`),
  UNIQUE KEY `handler` (`alert_unit`,`alert_action`,`module_uri`,`module_class`,`module_method`)
) ENGINE=MyISAM AUTO_INCREMENT=20 DEFAULT CHARSET=utf8 COLLATE=utf8_unicode_ci;

--
-- Dumping data for table `bx_spy_handlers`
--

INSERT INTO `bx_spy_handlers` VALUES (1,'bx_events','add','events','Module','get_spy_post'),(2,'bx_events','change','events','Module','get_spy_post'),(3,'bx_events','join','events','Module','get_spy_post'),(4,'bx_events','rate','events','Module','get_spy_post'),(5,'bx_events','commentPost','events','Module','get_spy_post'),(6,'bx_photos','add','photos','Module','get_spy_post'),(7,'bx_photos','rate','photos','Module','get_spy_post'),(8,'bx_photos','commentPost','photos','Module','get_spy_post'),(9,'bx_poll','add','poll','Module','get_spy_post'),(10,'bx_poll','answered','poll','Module','get_spy_post'),(11,'bx_poll','rate','poll','Module','get_spy_post'),(12,'bx_poll','commentPost','poll','Module','get_spy_post'),(13,'bx_sites','add','sites','Module','get_spy_post'),(14,'bx_sites','change','sites','Module','get_spy_post'),(15,'bx_sites','rate','sites','Module','get_spy_post'),(16,'bx_sites','commentPost','sites','Module','get_spy_post'),(17,'ads','create','ads','Module','get_spy_post'),(18,'ads','rate','ads','Module','get_spy_post'),(19,'ads','commentPost','ads','Module','get_spy_post');

--
-- Table structure for table `bx_wall_comments`
--

CREATE TABLE `bx_wall_comments` (
  `cmt_id` int(11) NOT NULL AUTO_INCREMENT,
  `cmt_parent_id` int(11) NOT NULL DEFAULT '0',
  `cmt_object_id` int(11) NOT NULL DEFAULT '0',
  `cmt_author_id` int(10) unsigned NOT NULL DEFAULT '0',
  `cmt_text` text COLLATE utf8_unicode_ci NOT NULL,
  `cmt_mood` tinyint(4) NOT NULL DEFAULT '0',
  `cmt_rate` int(11) NOT NULL DEFAULT '0',
  `cmt_rate_count` int(11) NOT NULL DEFAULT '0',
  `cmt_time` datetime NOT NULL DEFAULT '0000-00-00 00:00:00',
  `cmt_replies` int(11) NOT NULL DEFAULT '0',
  PRIMARY KEY (`cmt_id`),
  KEY `cmt_object_id` (`cmt_object_id`,`cmt_parent_id`)
) ENGINE=MyISAM DEFAULT CHARSET=utf8 COLLATE=utf8_unicode_ci;

--
-- Dumping data for table `bx_wall_comments`
--


--
-- Table structure for table `bx_wall_comments_track`
--

CREATE TABLE `bx_wall_comments_track` (
  `cmt_system_id` int(11) NOT NULL DEFAULT '0',
  `cmt_id` int(11) NOT NULL DEFAULT '0',
  `cmt_rate` tinyint(4) NOT NULL DEFAULT '0',
  `cmt_rate_author_id` int(10) unsigned NOT NULL DEFAULT '0',
  `cmt_rate_author_nip` int(11) unsigned NOT NULL DEFAULT '0',
  `cmt_rate_ts` int(11) NOT NULL DEFAULT '0',
  PRIMARY KEY (`cmt_system_id`,`cmt_id`,`cmt_rate_author_nip`)
) ENGINE=MyISAM DEFAULT CHARSET=utf8 COLLATE=utf8_unicode_ci;

--
-- Dumping data for table `bx_wall_comments_track`
--


--
-- Table structure for table `bx_wall_events`
--

CREATE TABLE `bx_wall_events` (
  `id` bigint(8) NOT NULL AUTO_INCREMENT,
  `owner_id` int(10) unsigned NOT NULL DEFAULT '0',
  `object_id` text COLLATE utf8_unicode_ci NOT NULL,
  `type` varchar(255) COLLATE utf8_unicode_ci NOT NULL,
  `action` varchar(255) COLLATE utf8_unicode_ci NOT NULL,
  `content` text COLLATE utf8_unicode_ci NOT NULL,
  `title` varchar(255) COLLATE utf8_unicode_ci NOT NULL,
  `description` text COLLATE utf8_unicode_ci NOT NULL,
  `date` int(8) NOT NULL DEFAULT '0',
  PRIMARY KEY (`id`),
  KEY `owner_id` (`owner_id`)
) ENGINE=MyISAM AUTO_INCREMENT=38 DEFAULT CHARSET=utf8 COLLATE=utf8_unicode_ci;

--
-- Dumping data for table `bx_wall_events`
--

INSERT INTO `bx_wall_events` VALUES (1,1,'2','friend','accept','','seth is now friends with bethany','',1428509385),(2,2,'2','profile','edit_status_message','a:1:{i:0;s:15:\"Is tired today.\";}','bethany changed her profile status message','Is tired today.',1428509485),(3,1,'1','bx_photos','add','a:3:{s:5:\"album\";s:13:\"seth-s-photos\";s:12:\"privacy_view\";s:1:\"3\";s:5:\"idims\";a:1:{i:1;a:2:{s:1:\"w\";i:134;s:1:\"h\";i:140;}}}','seth added new photo','Avatar',1428509515),(6,1,'1','wall_common_text','','<div class=\"wall-post-text bx-def-font-h2\">I just uploaded a new profile photo.  What do you think?</div>','seth wrote','I just uploaded a new profile photo.  What do you think?',1428509613),(7,1,'2','wall_common_text','','<div class=\"wall-post-text bx-def-font-h2\">Cute picture!</div>','bethany wrote','Cute picture!',1428509697),(8,2,'2','profile','edit','a:2:{s:14:\"OldProfileInfo\";a:53:{s:8:\"datafile\";b:1;s:2:\"ID\";s:1:\"2\";s:8:\"NickName\";s:7:\"bethany\";s:5:\"Email\";s:17:\"bethany@seeger.ws\";s:8:\"Password\";s:40:\"c8506e0ed61dc81b4e18d8f7ea4aa394f3f4e1a5\";s:4:\"Salt\";s:8:\"Y,fPE&Fw\";s:6:\"Status\";s:6:\"Active\";s:4:\"Role\";s:1:\"3\";s:6:\"Couple\";s:1:\"0\";s:3:\"Sex\";s:6:\"female\";s:10:\"LookingFor\";s:0:\"\";s:8:\"Headline\";s:8:\"It\'s me!\";s:13:\"DescriptionMe\";s:55:\"Seriously awesome admin. Just entering characters here!\";s:7:\"Country\";s:2:\"US\";s:4:\"City\";s:8:\"Leverett\";s:11:\"DateOfBirth\";s:10:\"1977-03-01\";s:8:\"Featured\";s:1:\"0\";s:7:\"DateReg\";s:19:\"2015-04-08 15:18:45\";s:12:\"DateLastEdit\";s:19:\"0000-00-00 00:00:00\";s:13:\"DateLastLogin\";s:19:\"2015-04-08 15:26:06\";s:11:\"DateLastNav\";s:19:\"2015-04-08 16:11:23\";s:7:\"aff_num\";s:1:\"0\";s:4:\"Tags\";s:0:\"\";s:3:\"zip\";s:5:\"01054\";s:11:\"EmailNotify\";s:1:\"1\";s:6:\"LangID\";s:1:\"1\";s:11:\"UpdateMatch\";s:1:\"0\";s:5:\"Views\";s:1:\"1\";s:4:\"Rate\";s:1:\"0\";s:9:\"RateCount\";s:1:\"0\";s:13:\"CommentsCount\";s:1:\"0\";s:19:\"PrivacyDefaultGroup\";s:1:\"3\";s:13:\"allow_view_to\";s:1:\"3\";s:10:\"UserStatus\";s:6:\"online\";s:17:\"UserStatusMessage\";s:15:\"Is tired today.\";s:21:\"UserStatusMessageWhen\";s:10:\"1428509485\";s:6:\"Avatar\";s:1:\"0\";s:6:\"Height\";s:0:\"\";s:6:\"Weight\";s:0:\"\";s:6:\"Income\";s:0:\"\";s:10:\"Occupation\";s:0:\"\";s:8:\"Religion\";s:0:\"\";s:9:\"Education\";s:0:\"\";s:18:\"RelationshipStatus\";s:0:\"\";s:7:\"Hobbies\";s:0:\"\";s:9:\"Interests\";s:0:\"\";s:9:\"Ethnicity\";s:0:\"\";s:13:\"FavoriteSites\";s:0:\"\";s:13:\"FavoriteMusic\";s:0:\"\";s:13:\"FavoriteFilms\";s:0:\"\";s:13:\"FavoriteBooks\";s:0:\"\";s:9:\"FirstName\";s:7:\"Bethany\";s:8:\"LastName\";s:6:\"Seeger\";}s:7:\"privacy\";i:5;}','bethany edited her profile','',1428509798),(9,2,'2','bx_photos','add','a:3:{s:5:\"album\";s:16:\"bethany-s-photos\";s:12:\"privacy_view\";s:1:\"3\";s:5:\"idims\";a:1:{i:2;a:2:{s:1:\"w\";i:105;s:1:\"h\";i:140;}}}','bethany added new photo','Avatar',1428509894),(12,2,'1','bx_events','add','a:2:{s:6:\"Status\";s:8:\"approved\";s:5:\"idims\";a:1:{i:1;a:2:{s:1:\"w\";i:140;s:1:\"h\";i:105;}}}','bethany added new event','Show up if you can. ',1428510258),(13,2,'1','bx_sites','add','a:1:{s:6:\"Status\";s:8:\"approved\";}','bethany added new site','Temps in the hoop house',1428510437),(14,1,'1','bx_sites','commentPost','a:2:{s:10:\"comment_id\";i:1;s:17:\"comment_author_id\";i:1;}','seth commented on a site','Shouldn\'t the URL be http://www.seeger.ws/bethany/hooptemp.html  ?',1428510523),(15,2,'1','bx_sites','commentPost','a:2:{s:10:\"comment_id\";i:2;s:17:\"comment_author_id\";i:2;}','bethany commented on a site','just fixed it!\n',1428510539),(16,1,'1','bx_events','commentPost','a:2:{s:10:\"comment_id\";i:1;s:17:\"comment_author_id\";i:1;}','seth commented on a event','I don\'t think I\'ve been invited yet.',1428510551),(17,2,'1','bx_events','commentPost','a:2:{s:10:\"comment_id\";i:2;s:17:\"comment_author_id\";i:2;}','bethany commented on a event','did you get one now? \n',1428510648),(18,1,'1','bx_events','commentPost','a:2:{s:10:\"comment_id\";i:3;s:17:\"comment_author_id\";i:1;}','seth commented on a event','Odd.  I got an email about it, but when I log in, there\'s nothing to remind me of it.',1428510759),(19,1,'1','bx_events','commentPost','a:2:{s:10:\"comment_id\";i:4;s:17:\"comment_author_id\";i:1;}','seth commented on a event','I hired some entertainment.  See picture.',1428510848),(20,2,'2','profile','edit_status_message','a:1:{i:0;s:0:\"\";}','bethany changed her profile status message','',1428590221),(21,0,'2','wall_common_text','','<div class=\"wall-post-text bx-def-font-h2\">Testing testing</div>','bethany wrote','Testing testing',1428627258),(22,0,'2','wall_common_text','','<div class=\"wall-post-text bx-def-font-h2\">I am posting to a time line. Mine I think. </div>','bethany wrote','I am posting to a time line. Mine I think. ',1428627299),(23,2,'2','wall_common_text','','<div class=\"wall-post-text bx-def-font-h2\">Posting to timeline</div>','bethany wrote','Posting to timeline',1428627354),(24,0,'2','wall_common_text','','<div class=\"wall-post-text bx-def-font-h2\">Okay, got a home page now. </div>','bethany wrote','Okay, got a home page now. ',1428627833),(25,3,'4','bx_photos','add','a:2:{s:12:\"privacy_view\";s:1:\"3\";s:5:\"album\";s:19:\"persister1-s-photos\";}','persister1 added new photo','Avatar',1428638299),(28,3,'2','friend','accept','','persister1 is now friends with bethany','',1428981820),(34,12,'12','profile','edit','a:1:{s:14:\"OldProfileInfo\";a:124:{i:0;s:2:\"12\";s:2:\"ID\";s:2:\"12\";i:1;s:9:\"ericamlee\";s:8:\"NickName\";s:9:\"ericamlee\";i:2;s:19:\"bethany+1@seeger.ws\";s:5:\"Email\";s:19:\"bethany+1@seeger.ws\";i:3;s:40:\"a0851f28a8ee50827389d16ab60714a569d7cf69\";s:8:\"Password\";s:40:\"a0851f28a8ee50827389d16ab60714a569d7cf69\";i:4;s:8:\"YTBqZkcC\";s:4:\"Salt\";s:8:\"YTBqZkcC\";i:5;s:8:\"Approval\";s:6:\"Status\";s:8:\"Approval\";i:6;s:1:\"3\";s:4:\"Role\";s:1:\"3\";i:7;s:1:\"0\";s:6:\"Couple\";s:1:\"0\";i:8;s:4:\"male\";s:3:\"Sex\";s:4:\"male\";i:9;s:0:\"\";s:10:\"LookingFor\";s:0:\"\";i:10;s:0:\"\";s:8:\"Headline\";s:0:\"\";i:11;s:0:\"\";s:13:\"DescriptionMe\";s:0:\"\";i:12;s:2:\"US\";s:7:\"Country\";s:2:\"US\";i:13;s:0:\"\";s:4:\"City\";s:0:\"\";i:14;s:10:\"1993-08-18\";s:11:\"DateOfBirth\";s:10:\"1993-08-18\";i:15;s:1:\"0\";s:8:\"Featured\";s:1:\"0\";i:16;s:19:\"2015-08-27 02:07:34\";s:7:\"DateReg\";s:19:\"2015-08-27 02:07:34\";i:17;s:19:\"0000-00-00 00:00:00\";s:12:\"DateLastEdit\";s:19:\"0000-00-00 00:00:00\";i:18;s:19:\"2015-09-02 00:06:12\";s:13:\"DateLastLogin\";s:19:\"2015-09-02 00:06:12\";i:19;s:19:\"2015-09-02 02:05:09\";s:11:\"DateLastNav\";s:19:\"2015-09-02 02:05:09\";i:20;s:1:\"0\";s:7:\"aff_num\";s:1:\"0\";i:21;s:0:\"\";s:4:\"Tags\";s:0:\"\";i:22;s:5:\"01001\";s:3:\"zip\";s:5:\"01001\";i:23;s:1:\"1\";s:11:\"EmailNotify\";s:1:\"1\";i:24;s:1:\"1\";s:6:\"LangID\";s:1:\"1\";i:25;s:1:\"0\";s:11:\"UpdateMatch\";s:1:\"0\";i:26;s:1:\"0\";s:5:\"Views\";s:1:\"0\";i:27;s:1:\"0\";s:4:\"Rate\";s:1:\"0\";i:28;s:1:\"0\";s:9:\"RateCount\";s:1:\"0\";i:29;s:1:\"0\";s:13:\"CommentsCount\";s:1:\"0\";i:30;s:1:\"3\";s:19:\"PrivacyDefaultGroup\";s:1:\"3\";i:31;s:1:\"3\";s:13:\"allow_view_to\";s:1:\"3\";i:32;s:6:\"online\";s:10:\"UserStatus\";s:6:\"online\";i:33;s:0:\"\";s:17:\"UserStatusMessage\";s:0:\"\";i:34;s:1:\"0\";s:21:\"UserStatusMessageWhen\";s:1:\"0\";i:35;s:1:\"0\";s:6:\"Avatar\";s:1:\"0\";i:36;s:0:\"\";s:6:\"Height\";s:0:\"\";i:37;s:0:\"\";s:6:\"Weight\";s:0:\"\";i:38;s:0:\"\";s:6:\"Income\";s:0:\"\";i:39;s:0:\"\";s:10:\"Occupation\";s:0:\"\";i:40;s:0:\"\";s:17:\"SpiritualPractice\";s:0:\"\";i:41;s:0:\"\";s:9:\"Education\";s:0:\"\";i:42;s:0:\"\";s:18:\"RelationshipStatus\";s:0:\"\";i:43;s:0:\"\";s:7:\"Hobbies\";s:0:\"\";i:44;s:0:\"\";s:9:\"Interests\";s:0:\"\";i:45;s:0:\"\";s:9:\"Ethnicity\";s:0:\"\";i:46;s:0:\"\";s:13:\"FavoriteSites\";s:0:\"\";i:47;s:0:\"\";s:13:\"FavoriteMusic\";s:0:\"\";i:48;s:0:\"\";s:13:\"FavoriteFilms\";s:0:\"\";i:49;s:0:\"\";s:13:\"FavoriteBooks\";s:0:\"\";i:50;s:4:\"Eric\";s:9:\"FirstName\";s:4:\"Eric\";i:51;s:5:\"Amlee\";s:8:\"LastName\";s:5:\"Amlee\";i:52;s:0:\"\";s:13:\"PoliticalView\";s:0:\"\";i:53;s:0:\"\";s:19:\"InterestsAltHealing\";s:0:\"\";i:54;s:0:\"\";s:12:\"InterestsArt\";s:0:\"\";i:55;s:13:\"Sponsor Woman\";s:11:\"WomanStatus\";s:13:\"Sponsor Woman\";i:56;s:0:\"\";s:14:\"InterestsBooks\";s:0:\"\";i:57;s:0:\"\";s:22:\"InterestsEntertainment\";s:0:\"\";i:58;s:0:\"\";s:16:\"InterestsGeneral\";s:0:\"\";i:59;s:0:\"\";s:15:\"InterestsSports\";s:0:\"\";i:60;s:0:\"\";s:15:\"InterestsWomens\";s:0:\"\";i:61;s:0:\"\";s:14:\"InterestsMusic\";s:0:\"\";}}','ericamlee edited his profile','',1441159516),(29,1,'3','friend','accept','','seth is now friends with persister1','',1429198964),(30,3,'1','wall_common_text','','<div class=\"wall-post-text bx-def-font-h2\">Yay!  Welcome to Persisters!</div>','seth wrote','Yay!  Welcome to Persisters!',1429198976),(31,2,'2','profile','edit','a:1:{s:14:\"OldProfileInfo\";a:104:{i:0;s:1:\"2\";s:2:\"ID\";s:1:\"2\";i:1;s:7:\"bethany\";s:8:\"NickName\";s:7:\"bethany\";i:2;s:17:\"bethany@seeger.ws\";s:5:\"Email\";s:17:\"bethany@seeger.ws\";i:3;s:40:\"e296af2117c326e802b8387699c2d16b755435d9\";s:8:\"Password\";s:40:\"e296af2117c326e802b8387699c2d16b755435d9\";i:4;s:8:\"MjWKiqPq\";s:4:\"Salt\";s:8:\"MjWKiqPq\";i:5;s:6:\"Active\";s:6:\"Status\";s:6:\"Active\";i:6;s:1:\"3\";s:4:\"Role\";s:1:\"3\";i:7;s:1:\"0\";s:6:\"Couple\";s:1:\"0\";i:8;s:6:\"female\";s:3:\"Sex\";s:6:\"female\";i:9;s:0:\"\";s:10:\"LookingFor\";s:0:\"\";i:10;s:8:\"It\'s me!\";s:8:\"Headline\";s:8:\"It\'s me!\";i:11;s:55:\"Seriously awesome admin. Just entering characters here!\";s:13:\"DescriptionMe\";s:55:\"Seriously awesome admin. Just entering characters here!\";i:12;s:2:\"US\";s:7:\"Country\";s:2:\"US\";i:13;s:8:\"Leverett\";s:4:\"City\";s:8:\"Leverett\";i:14;s:10:\"1977-03-01\";s:11:\"DateOfBirth\";s:10:\"1977-03-01\";i:15;s:1:\"0\";s:8:\"Featured\";s:1:\"0\";i:16;s:19:\"2015-04-08 15:18:45\";s:7:\"DateReg\";s:19:\"2015-04-08 15:18:45\";i:17;s:19:\"0000-00-00 00:00:00\";s:12:\"DateLastEdit\";s:19:\"0000-00-00 00:00:00\";i:18;s:19:\"2015-05-05 01:24:28\";s:13:\"DateLastLogin\";s:19:\"2015-05-05 01:24:28\";i:19;s:19:\"2015-05-05 01:26:08\";s:11:\"DateLastNav\";s:19:\"2015-05-05 01:26:08\";i:20;s:1:\"0\";s:7:\"aff_num\";s:1:\"0\";i:21;s:0:\"\";s:4:\"Tags\";s:0:\"\";i:22;s:5:\"01054\";s:3:\"zip\";s:5:\"01054\";i:23;s:1:\"1\";s:11:\"EmailNotify\";s:1:\"1\";i:24;s:1:\"1\";s:6:\"LangID\";s:1:\"1\";i:25;s:1:\"0\";s:11:\"UpdateMatch\";s:1:\"0\";i:26;s:1:\"1\";s:5:\"Views\";s:1:\"1\";i:27;s:1:\"0\";s:4:\"Rate\";s:1:\"0\";i:28;s:1:\"0\";s:9:\"RateCount\";s:1:\"0\";i:29;s:1:\"0\";s:13:\"CommentsCount\";s:1:\"0\";i:30;s:1:\"3\";s:19:\"PrivacyDefaultGroup\";s:1:\"3\";i:31;s:1:\"5\";s:13:\"allow_view_to\";s:1:\"5\";i:32;s:6:\"online\";s:10:\"UserStatus\";s:6:\"online\";i:33;s:0:\"\";s:17:\"UserStatusMessage\";s:0:\"\";i:34;s:10:\"1428590221\";s:21:\"UserStatusMessageWhen\";s:10:\"1428590221\";i:35;s:1:\"2\";s:6:\"Avatar\";s:1:\"2\";i:36;s:0:\"\";s:6:\"Height\";s:0:\"\";i:37;s:0:\"\";s:6:\"Weight\";s:0:\"\";i:38;s:0:\"\";s:6:\"Income\";s:0:\"\";i:39;s:0:\"\";s:10:\"Occupation\";s:0:\"\";i:40;s:0:\"\";s:8:\"Religion\";s:0:\"\";i:41;s:0:\"\";s:9:\"Education\";s:0:\"\";i:42;s:0:\"\";s:18:\"RelationshipStatus\";s:0:\"\";i:43;s:0:\"\";s:7:\"Hobbies\";s:0:\"\";i:44;s:0:\"\";s:9:\"Interests\";s:0:\"\";i:45;s:0:\"\";s:9:\"Ethnicity\";s:0:\"\";i:46;s:0:\"\";s:13:\"FavoriteSites\";s:0:\"\";i:47;s:0:\"\";s:13:\"FavoriteMusic\";s:0:\"\";i:48;s:0:\"\";s:13:\"FavoriteFilms\";s:0:\"\";i:49;s:0:\"\";s:13:\"FavoriteBooks\";s:0:\"\";i:50;s:7:\"Bethany\";s:9:\"FirstName\";s:7:\"Bethany\";i:51;s:6:\"Seeger\";s:8:\"LastName\";s:6:\"Seeger\";}}','bethany edited her profile','',1430789169),(32,2,'1','ads','create','','bethany added new ad','bethany added new ad',1432831222),(33,2,'2','bx_events','add','a:1:{s:6:\"Status\";s:8:\"approved\";}','bethany added new event','Test event. Mothers meet.  Etc.',1433255749),(35,12,'12','profile','edit','a:1:{s:14:\"OldProfileInfo\";a:124:{i:0;s:2:\"12\";s:2:\"ID\";s:2:\"12\";i:1;s:9:\"ericamlee\";s:8:\"NickName\";s:9:\"ericamlee\";i:2;s:19:\"erik@yesexactly.com\";s:5:\"Email\";s:19:\"erik@yesexactly.com\";i:3;s:40:\"412dce24cac5edc92b9e882ee55d9f0ec4cb9dd4\";s:8:\"Password\";s:40:\"412dce24cac5edc92b9e882ee55d9f0ec4cb9dd4\";i:4;s:8:\"YTBqZkcC\";s:4:\"Salt\";s:8:\"YTBqZkcC\";i:5;s:8:\"Approval\";s:6:\"Status\";s:8:\"Approval\";i:6;s:1:\"3\";s:4:\"Role\";s:1:\"3\";i:7;s:1:\"0\";s:6:\"Couple\";s:1:\"0\";i:8;s:4:\"male\";s:3:\"Sex\";s:4:\"male\";i:9;s:6:\"female\";s:10:\"LookingFor\";s:6:\"female\";i:10;s:0:\"\";s:8:\"Headline\";s:0:\"\";i:11;s:0:\"\";s:13:\"DescriptionMe\";s:0:\"\";i:12;s:2:\"US\";s:7:\"Country\";s:2:\"US\";i:13;s:7:\"Amherst\";s:4:\"City\";s:7:\"Amherst\";i:14;s:10:\"1966-06-06\";s:11:\"DateOfBirth\";s:10:\"1966-06-06\";i:15;s:1:\"0\";s:8:\"Featured\";s:1:\"0\";i:16;s:19:\"2015-08-27 02:07:34\";s:7:\"DateReg\";s:19:\"2015-08-27 02:07:34\";i:17;s:19:\"2015-09-02 02:05:16\";s:12:\"DateLastEdit\";s:19:\"2015-09-02 02:05:16\";i:18;s:19:\"2015-09-15 20:24:57\";s:13:\"DateLastLogin\";s:19:\"2015-09-15 20:24:57\";i:19;s:19:\"2015-09-15 21:02:25\";s:11:\"DateLastNav\";s:19:\"2015-09-15 21:02:25\";i:20;s:1:\"0\";s:7:\"aff_num\";s:1:\"0\";i:21;s:0:\"\";s:4:\"Tags\";s:0:\"\";i:22;s:5:\"01002\";s:3:\"zip\";s:5:\"01002\";i:23;s:1:\"1\";s:11:\"EmailNotify\";s:1:\"1\";i:24;s:1:\"1\";s:6:\"LangID\";s:1:\"1\";i:25;s:1:\"1\";s:11:\"UpdateMatch\";s:1:\"1\";i:26;s:1:\"0\";s:5:\"Views\";s:1:\"0\";i:27;s:1:\"0\";s:4:\"Rate\";s:1:\"0\";i:28;s:1:\"0\";s:9:\"RateCount\";s:1:\"0\";i:29;s:1:\"0\";s:13:\"CommentsCount\";s:1:\"0\";i:30;s:1:\"3\";s:19:\"PrivacyDefaultGroup\";s:1:\"3\";i:31;s:1:\"3\";s:13:\"allow_view_to\";s:1:\"3\";i:32;s:6:\"online\";s:10:\"UserStatus\";s:6:\"online\";i:33;s:0:\"\";s:17:\"UserStatusMessage\";s:0:\"\";i:34;s:1:\"0\";s:21:\"UserStatusMessageWhen\";s:1:\"0\";i:35;s:1:\"0\";s:6:\"Avatar\";s:1:\"0\";i:36;s:0:\"\";s:6:\"Height\";s:0:\"\";i:37;s:0:\"\";s:6:\"Weight\";s:0:\"\";i:38;s:0:\"\";s:6:\"Income\";s:0:\"\";i:39;s:0:\"\";s:10:\"Occupation\";s:0:\"\";i:40;s:0:\"\";s:17:\"SpiritualPractice\";s:0:\"\";i:41;s:0:\"\";s:9:\"Education\";s:0:\"\";i:42;s:6:\"Single\";s:18:\"RelationshipStatus\";s:6:\"Single\";i:43;s:0:\"\";s:7:\"Hobbies\";s:0:\"\";i:44;s:0:\"\";s:9:\"Interests\";s:0:\"\";i:45;s:0:\"\";s:9:\"Ethnicity\";s:0:\"\";i:46;s:0:\"\";s:13:\"FavoriteSites\";s:0:\"\";i:47;s:0:\"\";s:13:\"FavoriteMusic\";s:0:\"\";i:48;s:0:\"\";s:13:\"FavoriteFilms\";s:0:\"\";i:49;s:0:\"\";s:13:\"FavoriteBooks\";s:0:\"\";i:50;s:4:\"Erik\";s:9:\"FirstName\";s:4:\"Erik\";i:51;s:5:\"Amlee\";s:8:\"LastName\";s:5:\"Amlee\";i:52;s:0:\"\";s:13:\"PoliticalView\";s:0:\"\";i:53;s:0:\"\";s:19:\"InterestsAltHealing\";s:0:\"\";i:54;s:0:\"\";s:12:\"InterestsArt\";s:0:\"\";i:55;s:13:\"Sponsor Woman\";s:11:\"WomanStatus\";s:13:\"Sponsor Woman\";i:56;s:0:\"\";s:14:\"InterestsBooks\";s:0:\"\";i:57;s:0:\"\";s:22:\"InterestsEntertainment\";s:0:\"\";i:58;s:0:\"\";s:16:\"InterestsGeneral\";s:0:\"\";i:59;s:0:\"\";s:15:\"InterestsSports\";s:0:\"\";i:60;s:0:\"\";s:15:\"InterestsWomens\";s:0:\"\";i:61;s:0:\"\";s:14:\"InterestsMusic\";s:0:\"\";}}','ericamlee edited his profile','',1442350974),(36,12,'10','bx_photos','add','a:2:{s:5:\"album\";s:18:\"ericamlee-s-photos\";s:12:\"privacy_view\";s:1:\"3\";}','ericamlee added new photo','',1442351179),(37,12,'12','profile','edit_status_message','a:1:{i:0;s:2:\"Yo\";}','ericamlee changed his profile status message','Yo',1442351288);

--
-- Table structure for table `bx_wall_handlers`
--

CREATE TABLE `bx_wall_handlers` (
  `id` int(11) NOT NULL AUTO_INCREMENT,
  `alert_unit` varchar(64) COLLATE utf8_unicode_ci NOT NULL DEFAULT '',
  `alert_action` varchar(64) COLLATE utf8_unicode_ci NOT NULL DEFAULT '',
  `module_uri` varchar(64) COLLATE utf8_unicode_ci NOT NULL DEFAULT '',
  `module_class` varchar(64) COLLATE utf8_unicode_ci NOT NULL DEFAULT '',
  `module_method` varchar(64) COLLATE utf8_unicode_ci NOT NULL DEFAULT '',
  `groupable` tinyint(1) NOT NULL DEFAULT '0',
  `group_by` varchar(64) COLLATE utf8_unicode_ci NOT NULL DEFAULT '',
  `timeline` tinyint(1) NOT NULL DEFAULT '1',
  `outline` tinyint(1) NOT NULL DEFAULT '0',
  PRIMARY KEY (`id`),
  UNIQUE KEY `handler` (`alert_unit`,`alert_action`,`module_uri`,`module_class`,`module_method`)
) ENGINE=MyISAM AUTO_INCREMENT=23 DEFAULT CHARSET=utf8 COLLATE=utf8_unicode_ci;

--
-- Dumping data for table `bx_wall_handlers`
--

INSERT INTO `bx_wall_handlers` VALUES (1,'wall_common_text','','','','',0,'',1,0),(2,'wall_common_link','','','','',0,'',1,0),(3,'wall_common_photos','','','','',0,'',1,0),(4,'wall_common_sounds','','','','',0,'',1,0),(5,'wall_common_videos','','','','',0,'',1,0),(6,'profile','edit','','','',0,'',1,0),(7,'profile','edit_status_message','','','',0,'',1,0),(8,'profile','commentPost','','','',0,'',1,0),(9,'profile','delete','','','',0,'',1,0),(10,'friend','accept','','','',0,'',1,0),(13,'bx_events','add','events','Module','get_wall_post',0,'',1,1),(14,'bx_events','commentPost','events','Module','get_wall_post_comment',0,'',1,0),(15,'bx_photos','add','photos','Search','get_wall_post',1,'album',1,1),(16,'bx_photos','commentPost','photos','Search','get_wall_post_comment',0,'',1,0),(17,'bx_poll','add','poll','Module','get_wall_post',0,'',1,1),(18,'bx_poll','commentPost','poll','Module','get_wall_post_comment',0,'',1,0),(19,'bx_sites','add','sites','Module','get_wall_post',0,'',1,1),(20,'bx_sites','commentPost','sites','Module','get_wall_post_comment',0,'',1,0),(21,'ads','create','ads','Module','get_wall_post',0,'',1,1),(22,'ads','commentPost','ads','Module','get_wall_post_comment',0,'',1,0);

--
-- Table structure for table `bx_zip_countries_geonames`
--

CREATE TABLE `bx_zip_countries_geonames` (
  `ISO2` varchar(2) NOT NULL DEFAULT '',
  PRIMARY KEY (`ISO2`)
) ENGINE=MyISAM DEFAULT CHARSET=utf8;

--
-- Dumping data for table `bx_zip_countries_geonames`
--


--
-- Table structure for table `bx_zip_countries_google`
--

CREATE TABLE `bx_zip_countries_google` (
  `ISO2` varchar(2) NOT NULL DEFAULT '',
  PRIMARY KEY (`ISO2`)
) ENGINE=MyISAM DEFAULT CHARSET=utf8;

--
-- Dumping data for table `bx_zip_countries_google`
--

INSERT INTO `bx_zip_countries_google` VALUES ('AR'),('AT'),('AU'),('BB'),('BE'),('BR'),('CA'),('CH'),('CL'),('CN'),('CZ'),('DE'),('DK'),('EE'),('EG'),('ES'),('FI'),('FR'),('GB'),('HK'),('HR'),('HU'),('IL'),('IN'),('IT'),('JP'),('KR'),('LI'),('LT'),('LU'),('LV'),('MO'),('MY'),('NL'),('NO'),('NZ'),('PL'),('PT'),('RU'),('SE'),('SG'),('SI'),('SK'),('TW'),('US');

--
-- Table structure for table `sys_account_custom_stat_elements`
--

CREATE TABLE `sys_account_custom_stat_elements` (
  `ID` int(2) NOT NULL AUTO_INCREMENT,
  `Label` varchar(128) NOT NULL,
  `Value` varchar(255) NOT NULL,
  PRIMARY KEY (`ID`)
) ENGINE=MyISAM AUTO_INCREMENT=6 DEFAULT CHARSET=utf8;

--
-- Dumping data for table `sys_account_custom_stat_elements`
--

INSERT INTO `sys_account_custom_stat_elements` VALUES (1,'_bx_events','__bx_events__ (<a href=\"modules/?r=events/browse/my&bx_events_filter=add_event\">__l_add__</a>)'),(2,'_bx_photos','__phs__ (<a href=\"modules/?r=photos/albums/my/main/\">__l_add__</a>)'),(3,'_bx_polls','__spo__ (<a href=\"modules/?r=poll&action=my\">__l_add__</a>)'),(4,'_bx_sites','__bx_sites__ (<a href=\"modules/?r=sites/browse/my/add\">__l_add__</a>)'),(5,'_bx_ads_Ads','__mad__ (<a href=\"__site_url__ads/my_page/add/\">__l_add__</a>)');

--
-- Table structure for table `sys_acl_actions`
--

CREATE TABLE `sys_acl_actions` (
  `ID` smallint(5) unsigned NOT NULL AUTO_INCREMENT,
  `Name` varchar(255) NOT NULL DEFAULT '',
  `AdditionalParamName` varchar(80) DEFAULT NULL,
  PRIMARY KEY (`ID`)
) ENGINE=MyISAM AUTO_INCREMENT=51 DEFAULT CHARSET=utf8;

--
-- Dumping data for table `sys_acl_actions`
--

INSERT INTO `sys_acl_actions` VALUES (1,'send greetings',NULL),(2,'view profiles',NULL),(3,'vote',NULL),(4,'send messages',NULL),(5,'get other members emails',NULL),(6,'comments post',NULL),(7,'comments vote',NULL),(8,'comments edit own',NULL),(9,'comments remove own',NULL),(13,'use messenger',NULL),(14,'use chat',NULL),(15,'events view',NULL),(16,'events browse',NULL),(17,'events search',NULL),(18,'events add',NULL),(19,'events comments delete and edit',NULL),(20,'events edit any event',NULL),(21,'events delete any event',NULL),(22,'events mark as featured',NULL),(23,'events approve',NULL),(24,'events broadcast message',NULL),(25,'timeline post comment',''),(26,'timeline delete comment',''),(27,'photos view',NULL),(28,'photos add',NULL),(29,'photos delete',NULL),(30,'photos approve',NULL),(31,'photos edit',NULL),(32,'Feedback Delete',''),(33,'News Delete',''),(34,'create polls',NULL),(35,'use simple messenger',NULL),(36,'sites view',NULL),(37,'sites browse',NULL),(38,'sites search',NULL),(39,'sites add',NULL),(40,'sites edit any site',NULL),(41,'sites delete any site',NULL),(42,'sites mark as featured',NULL),(43,'sites approve',NULL),(44,'ads view',NULL),(45,'ads browse',NULL),(46,'ads search',NULL),(47,'ads add',NULL),(48,'ads edit any ad',NULL),(49,'ads delete any ad',NULL),(50,'ads approving',NULL);

--
-- Table structure for table `sys_acl_actions_track`
--

CREATE TABLE `sys_acl_actions_track` (
  `IDAction` smallint(5) unsigned NOT NULL DEFAULT '0',
  `IDMember` int(10) unsigned NOT NULL DEFAULT '0',
  `ActionsLeft` smallint(5) unsigned NOT NULL DEFAULT '0',
  `ValidSince` datetime DEFAULT NULL,
  PRIMARY KEY (`IDAction`,`IDMember`)
) ENGINE=MyISAM DEFAULT CHARSET=utf8;

--
-- Dumping data for table `sys_acl_actions_track`
--

INSERT INTO `sys_acl_actions_track` VALUES (1,1,4,'2015-05-05 01:21:51'),(1,2,4,'2015-06-10 00:38:01'),(4,2,9,'2015-04-08 16:08:21'),(4,1,9,'2015-04-08 16:27:43'),(1,3,4,'2015-08-24 14:41:58'),(1,12,4,'2015-09-15 21:05:17');

--
-- Table structure for table `sys_acl_level_prices`
--

CREATE TABLE `sys_acl_level_prices` (
  `id` int(11) NOT NULL AUTO_INCREMENT,
  `IDLevel` smallint(5) unsigned NOT NULL DEFAULT '0',
  `Days` int(10) unsigned NOT NULL DEFAULT '1',
  `Price` float unsigned NOT NULL DEFAULT '1',
  PRIMARY KEY (`id`),
  UNIQUE KEY `type` (`IDLevel`,`Days`)
) ENGINE=MyISAM DEFAULT CHARSET=utf8;

--
-- Dumping data for table `sys_acl_level_prices`
--


--
-- Table structure for table `sys_acl_levels`
--

CREATE TABLE `sys_acl_levels` (
  `ID` int(11) NOT NULL AUTO_INCREMENT,
  `Name` varchar(100) NOT NULL DEFAULT '',
  `Icon` varchar(255) NOT NULL DEFAULT '',
  `Description` text NOT NULL,
  `Active` enum('yes','no') NOT NULL DEFAULT 'no',
  `Purchasable` enum('yes','no') NOT NULL DEFAULT 'yes',
  `Removable` enum('yes','no') NOT NULL DEFAULT 'yes',
  `Order` int(11) NOT NULL DEFAULT '0',
  PRIMARY KEY (`ID`),
  UNIQUE KEY `Name` (`Name`)
) ENGINE=MyISAM AUTO_INCREMENT=4 DEFAULT CHARSET=utf8;

--
-- Dumping data for table `sys_acl_levels`
--

INSERT INTO `sys_acl_levels` VALUES (1,'Non-member','non-member.png','','yes','no','no',0),(2,'Standard','member.png','','yes','no','no',0),(3,'Promotion','promotion.png','','yes','no','no',0);

--
-- Table structure for table `sys_acl_levels_members`
--

CREATE TABLE `sys_acl_levels_members` (
  `IDMember` int(10) unsigned NOT NULL DEFAULT '0',
  `IDLevel` smallint(5) unsigned NOT NULL DEFAULT '0',
  `DateStarts` datetime NOT NULL DEFAULT '0000-00-00 00:00:00',
  `DateExpires` datetime DEFAULT NULL,
  `TransactionID` varchar(16) NOT NULL DEFAULT '',
  PRIMARY KEY (`IDMember`,`IDLevel`,`DateStarts`)
) ENGINE=MyISAM DEFAULT CHARSET=utf8;

--
-- Dumping data for table `sys_acl_levels_members`
--


--
-- Table structure for table `sys_acl_matrix`
--

CREATE TABLE `sys_acl_matrix` (
  `IDLevel` smallint(5) unsigned NOT NULL DEFAULT '0',
  `IDAction` smallint(5) unsigned NOT NULL DEFAULT '0',
  `AllowedCount` smallint(5) unsigned DEFAULT NULL,
  `AllowedPeriodLen` smallint(5) unsigned DEFAULT NULL,
  `AllowedPeriodStart` datetime DEFAULT NULL,
  `AllowedPeriodEnd` datetime DEFAULT NULL,
  `AdditionalParamValue` varchar(255) DEFAULT NULL,
  PRIMARY KEY (`IDLevel`,`IDAction`)
) ENGINE=MyISAM DEFAULT CHARSET=utf8;

--
-- Dumping data for table `sys_acl_matrix`
--

INSERT INTO `sys_acl_matrix` VALUES (1,2,NULL,NULL,NULL,NULL,NULL),(1,3,NULL,NULL,NULL,NULL,NULL),(1,7,NULL,NULL,NULL,NULL,NULL),(2,1,4,24,NULL,NULL,NULL),(2,2,NULL,NULL,NULL,NULL,NULL),(2,3,NULL,NULL,NULL,NULL,NULL),(2,4,10,24,NULL,NULL,NULL),(2,6,NULL,NULL,NULL,NULL,NULL),(2,7,NULL,NULL,NULL,NULL,NULL),(2,8,NULL,NULL,NULL,NULL,NULL),(2,9,NULL,NULL,NULL,NULL,NULL),(3,1,NULL,NULL,NULL,NULL,NULL),(3,2,NULL,NULL,NULL,NULL,NULL),(3,3,NULL,NULL,NULL,NULL,NULL),(3,4,NULL,NULL,NULL,NULL,NULL),(3,6,NULL,NULL,NULL,NULL,NULL),(3,7,NULL,NULL,NULL,NULL,NULL),(3,8,NULL,NULL,NULL,NULL,NULL),(3,9,NULL,NULL,NULL,NULL,NULL),(1,13,NULL,NULL,NULL,NULL,NULL),(2,13,NULL,NULL,NULL,NULL,NULL),(3,13,NULL,NULL,NULL,NULL,NULL),(1,14,NULL,NULL,NULL,NULL,NULL),(2,14,NULL,NULL,NULL,NULL,NULL),(3,14,NULL,NULL,NULL,NULL,NULL),(1,15,NULL,NULL,NULL,NULL,NULL),(2,15,NULL,NULL,NULL,NULL,NULL),(3,15,NULL,NULL,NULL,NULL,NULL),(1,16,NULL,NULL,NULL,NULL,NULL),(2,16,NULL,NULL,NULL,NULL,NULL),(3,16,NULL,NULL,NULL,NULL,NULL),(1,17,NULL,NULL,NULL,NULL,NULL),(2,17,NULL,NULL,NULL,NULL,NULL),(3,17,NULL,NULL,NULL,NULL,NULL),(2,18,NULL,NULL,NULL,NULL,NULL),(3,18,NULL,NULL,NULL,NULL,NULL),(2,25,NULL,NULL,NULL,NULL,NULL),(3,25,NULL,NULL,NULL,NULL,NULL),(1,27,NULL,NULL,NULL,NULL,NULL),(2,27,NULL,NULL,NULL,NULL,NULL),(3,27,NULL,NULL,NULL,NULL,NULL),(2,28,NULL,NULL,NULL,NULL,NULL),(3,28,NULL,NULL,NULL,NULL,NULL),(2,34,NULL,NULL,NULL,NULL,NULL),(3,34,NULL,NULL,NULL,NULL,NULL),(2,35,NULL,NULL,NULL,NULL,NULL),(3,35,NULL,NULL,NULL,NULL,NULL),(1,36,NULL,NULL,NULL,NULL,NULL),(2,36,NULL,NULL,NULL,NULL,NULL),(3,36,NULL,NULL,NULL,NULL,NULL),(1,37,NULL,NULL,NULL,NULL,NULL),(2,37,NULL,NULL,NULL,NULL,NULL),(3,37,NULL,NULL,NULL,NULL,NULL),(1,38,NULL,NULL,NULL,NULL,NULL),(2,38,NULL,NULL,NULL,NULL,NULL),(3,38,NULL,NULL,NULL,NULL,NULL),(2,39,NULL,NULL,NULL,NULL,NULL),(3,39,NULL,NULL,NULL,NULL,NULL),(1,44,NULL,NULL,NULL,NULL,NULL),(2,44,NULL,NULL,NULL,NULL,NULL),(3,44,NULL,NULL,NULL,NULL,NULL),(1,45,NULL,NULL,NULL,NULL,NULL),(2,45,NULL,NULL,NULL,NULL,NULL),(3,45,NULL,NULL,NULL,NULL,NULL),(1,46,NULL,NULL,NULL,NULL,NULL),(2,46,NULL,NULL,NULL,NULL,NULL),(3,46,NULL,NULL,NULL,NULL,NULL),(2,47,NULL,NULL,NULL,NULL,NULL),(3,47,NULL,NULL,NULL,NULL,NULL);

--
-- Table structure for table `sys_admin_ban_list`
--

CREATE TABLE `sys_admin_ban_list` (
  `ProfID` int(10) unsigned NOT NULL DEFAULT '0',
  `Time` int(10) unsigned NOT NULL DEFAULT '0',
  `DateTime` datetime NOT NULL DEFAULT '0000-00-00 00:00:00',
  PRIMARY KEY (`ProfID`)
) ENGINE=MyISAM DEFAULT CHARSET=utf8;

--
-- Dumping data for table `sys_admin_ban_list`
--


--
-- Table structure for table `sys_albums`
--

CREATE TABLE `sys_albums` (
  `ID` int(10) NOT NULL AUTO_INCREMENT,
  `Caption` varchar(128) NOT NULL DEFAULT '',
  `Uri` varchar(255) NOT NULL DEFAULT '',
  `Location` varchar(128) NOT NULL DEFAULT '',
  `Description` varchar(255) NOT NULL DEFAULT '',
  `Type` varchar(20) NOT NULL DEFAULT '',
  `Owner` int(10) NOT NULL DEFAULT '0',
  `Status` enum('active','passive') NOT NULL DEFAULT 'active',
  `Date` int(10) NOT NULL DEFAULT '0',
  `ObjCount` int(10) NOT NULL DEFAULT '0',
  `LastObjId` int(10) NOT NULL DEFAULT '0',
  `AllowAlbumView` int(10) NOT NULL DEFAULT '3',
  PRIMARY KEY (`ID`),
  UNIQUE KEY `Uri` (`Uri`,`Type`,`Owner`),
  KEY `Owner` (`Owner`)
) ENGINE=MyISAM AUTO_INCREMENT=14 DEFAULT CHARSET=utf8;

--
-- Dumping data for table `sys_albums`
--

INSERT INTO `sys_albums` VALUES (1,'bethany\'s photos','bethany-s-photos','Undefined','','bx_photos',2,'active',1428509413,1,2,3),(2,'seth\'s photos','seth-s-photos','Undefined','','bx_photos',1,'active',1428509514,1,1,3),(3,'Hidden','Hidden','Undefined','','bx_photos',1,'active',1428510828,1,3,8),(4,'persister1\'s photos','persister1-s-photos','Undefined','','bx_photos',3,'active',1428638299,1,4,3),(8,'Kalamoma\'s photos','Kalamoma-s-photos','Undefined','','bx_photos',7,'active',1433169172,0,0,3),(9,'Founder\'s photos','Founder-s-photos','Undefined','','bx_photos',8,'active',1433201166,0,0,3),(13,'test\'s photos','test-s-photos','Undefined','','bx_photos',13,'active',1442871438,0,0,3),(12,'ericamlee\'s photos','ericamlee-s-photos','Undefined','','bx_photos',12,'active',1442344441,1,10,3);

--
-- Table structure for table `sys_albums_objects`
--

CREATE TABLE `sys_albums_objects` (
  `id_album` int(10) NOT NULL,
  `id_object` int(10) NOT NULL,
  `obj_order` int(10) NOT NULL DEFAULT '0',
  UNIQUE KEY `id_album` (`id_album`,`id_object`),
  KEY `id_object` (`id_object`)
) ENGINE=MyISAM DEFAULT CHARSET=utf8;

--
-- Dumping data for table `sys_albums_objects`
--

INSERT INTO `sys_albums_objects` VALUES (2,1,0),(1,2,0),(3,3,0),(4,4,0),(12,10,0);

--
-- Table structure for table `sys_alerts`
--

CREATE TABLE `sys_alerts` (
  `id` int(11) unsigned NOT NULL AUTO_INCREMENT,
  `unit` varchar(64) NOT NULL DEFAULT '',
  `action` varchar(64) NOT NULL DEFAULT 'none',
  `handler_id` int(11) NOT NULL DEFAULT '0',
  PRIMARY KEY (`id`),
  UNIQUE KEY `alert_handler` (`unit`,`action`,`handler_id`)
) ENGINE=MyISAM AUTO_INCREMENT=84 DEFAULT CHARSET=utf8;

--
-- Dumping data for table `sys_alerts`
--

INSERT INTO `sys_alerts` VALUES (1,'system','begin',1),(2,'profile','before_join',2),(3,'profile','join',2),(4,'profile','before_login',2),(5,'profile','login',2),(6,'profile','logout',2),(7,'profile','edit',2),(8,'profile','join',3),(9,'profile','edit',3),(10,'profile','delete',3),(11,'profile','join',4),(12,'profile','edit',4),(13,'profile','delete',4),(14,'profile','change_status',4),(15,'profile','commentRemoved',5),(17,'profile','delete',7),(18,'bx_photos','delete',8),(19,'bx_videos','delete',8),(20,'bx_sounds','delete',8),(21,'bx_files','delete',8),(22,'module','install',9),(23,'profile','commentPost',11),(24,'profile','commentRemove',11),(25,'profile','rate',11),(26,'profile','join',11),(27,'profile','edit',11),(28,'profile','edit_status_message',11),(29,'profile','delete',11),(30,'friend','accept',11),(31,'bx_events','add',10),(32,'bx_events','change',10),(33,'bx_events','join',10),(34,'bx_events','rate',10),(35,'bx_events','delete',10),(36,'bx_events','commentPost',10),(37,'bx_events','commentRemoved',10),(38,'profile','edit',12),(39,'profile','edit_status_message',12),(40,'profile','commentPost',12),(41,'profile','delete',12),(42,'friend','accept',12),(45,'bx_events','add',12),(46,'bx_events','commentPost',12),(47,'profile','delete',13),(48,'bx_photos','add',12),(49,'bx_photos','commentPost',12),(50,'bx_photos','add',10),(51,'bx_photos','rate',10),(52,'bx_photos','delete',10),(53,'bx_photos','commentPost',10),(54,'bx_photos','commentRemoved',10),(55,'system','design_included',14),(56,'profile','delete',15),(57,'bx_poll','add',12),(58,'bx_poll','commentPost',12),(59,'bx_poll','add',10),(60,'bx_poll','answered',10),(61,'bx_poll','rate',10),(62,'bx_poll','delete_poll',10),(63,'bx_poll','commentPost',10),(64,'bx_poll','commentRemoved',10),(65,'profile','delete',16),(66,'profile','delete',17),(67,'bx_sites','add',12),(68,'bx_sites','commentPost',12),(69,'bx_sites','add',10),(70,'bx_sites','change',10),(71,'bx_sites','rate',10),(72,'bx_sites','delete',10),(73,'bx_sites','commentPost',10),(74,'bx_sites','commentRemoved',10),(75,'profile','delete',18),(76,'module','install',19),(77,'ads','create',12),(78,'ads','commentPost',12),(79,'ads','create',10),(80,'ads','rate',10),(81,'ads','delete',10),(82,'ads','commentPost',10),(83,'ads','commentRemoved',10);

--
-- Table structure for table `sys_alerts_handlers`
--

CREATE TABLE `sys_alerts_handlers` (
  `id` int(11) unsigned NOT NULL AUTO_INCREMENT,
  `name` varchar(128) NOT NULL DEFAULT '',
  `class` varchar(128) NOT NULL DEFAULT '',
  `file` varchar(255) NOT NULL DEFAULT '',
  `eval` text NOT NULL,
  PRIMARY KEY (`id`),
  UNIQUE KEY `name` (`name`)
) ENGINE=MyISAM AUTO_INCREMENT=20 DEFAULT CHARSET=utf8;

--
-- Dumping data for table `sys_alerts_handlers`
--

INSERT INTO `sys_alerts_handlers` VALUES (1,'system','BxDolAlertsResponseSystem','inc/classes/BxDolAlertsResponseSystem.php',''),(2,'profile','BxDolAlertsResponseProfile','inc/classes/BxDolAlertsResponseProfile.php',''),(3,'membersData','BxDolUpdateMembersCache','inc/classes/BxDolUpdateMembersCache.php',''),(4,'profileMatch','BxDolAlertsResponceMatch','inc/classes/BxDolAlertsResponceMatch.php',''),(5,'bx_videos_comments_delete','BxDolVideoDeleteResponse','flash/modules/video_comments/inc/classes/BxDolVideoDeleteResponse.php',''),(7,'bx_events_profile_delete','','','BxDolService::call(\'events\', \'response_profile_delete\', array($this));'),(8,'bx_events_media_delete','','','BxDolService::call(\'events\', \'response_media_delete\', array($this));'),(9,'bx_events_map_install','','','if (\'wmap\' == $this->aExtras[\'uri\'] && $this->aExtras[\'res\'][\'result\']) BxDolService::call(\'events\', \'map_install\');'),(10,'bx_spy_content_activity','','','BxDolService::call(\'spy\', \'response_content\', array($this));'),(11,'bx_spy_profiles_activity','','','BxDolService::call(\'spy\', \'response_profiles\', array($this));'),(12,'bx_wall','','','BxDolService::call(\'wall\', \'response\', array($this));'),(13,'bx_photos_profile_delete','','','BxDolService::call(\'photos\', \'response_profile_delete\', array($this));'),(14,'bx_pageac','','','BxDolService::call(\'pageac\', \'responce_protect_URL\', array($_SERVER[\'REQUEST_URI\']));'),(15,'bx_poll','BxPollResponse','modules/boonex/poll/classes/BxPollResponse.php',''),(16,'bx_simple_messenger','BxSimpleMessengerResponse','modules/boonex/simple_messenger/classes/BxSimpleMessengerResponse.php',''),(17,'bx_sites','BxSitesProfileDeleteResponse','modules/boonex/sites/classes/BxSitesProfileDeleteResponse.php',''),(18,'bx_ads_profile_delete','','','BxDolService::call(\'ads\', \'response_profile_delete\', array($this));'),(19,'bx_ads_map_install','','','if (\'wmap\' == $this->aExtras[\'uri\'] && $this->aExtras[\'res\'][\'result\']) BxDolService::call(\'ads\', \'map_install\');');

--
-- Table structure for table `sys_antispam_block_log`
--

CREATE TABLE `sys_antispam_block_log` (
  `ip` int(10) unsigned NOT NULL,
  `member_id` int(10) unsigned NOT NULL,
  `type` varchar(32) NOT NULL,
  `extra` text NOT NULL,
  `added` int(11) NOT NULL,
  KEY `ip` (`ip`),
  KEY `member_id` (`member_id`)
) ENGINE=MyISAM DEFAULT CHARSET=utf8;

--
-- Dumping data for table `sys_antispam_block_log`
--

INSERT INTO `sys_antispam_block_log` VALUES (2706229731,0,'stopforumspam','join',1440640891),(2706229731,0,'stopforumspam','join',1440640903),(2706229731,0,'stopforumspam','join',1440640905),(2706229731,0,'stopforumspam','join',1440641029),(2706229731,0,'stopforumspam','join',1440641051);

--
-- Table structure for table `sys_banners`
--

CREATE TABLE `sys_banners` (
  `ID` int(11) unsigned NOT NULL AUTO_INCREMENT,
  `Title` varchar(32) NOT NULL DEFAULT '',
  `Url` varchar(255) NOT NULL DEFAULT '',
  `Text` mediumtext NOT NULL,
  `Active` tinyint(4) NOT NULL DEFAULT '0',
  `Created` date NOT NULL DEFAULT '0000-00-00',
  `campaign_start` date NOT NULL DEFAULT '2005-01-01',
  `campaign_end` date NOT NULL DEFAULT '2007-01-01',
  `Position` varchar(10) NOT NULL DEFAULT '4',
  `lhshift` int(5) NOT NULL DEFAULT '-200',
  `lvshift` int(5) NOT NULL DEFAULT '-750',
  `rhshift` int(5) NOT NULL DEFAULT '100',
  `rvshift` int(5) NOT NULL DEFAULT '-750',
  PRIMARY KEY (`ID`)
) ENGINE=MyISAM DEFAULT CHARSET=utf8 PACK_KEYS=0;

--
-- Dumping data for table `sys_banners`
--


--
-- Table structure for table `sys_banners_clicks`
--

CREATE TABLE `sys_banners_clicks` (
  `ID` int(10) unsigned NOT NULL DEFAULT '0',
  `Date` int(10) NOT NULL DEFAULT '0',
  `IP` varchar(16) NOT NULL DEFAULT '',
  UNIQUE KEY `ID_2` (`ID`,`Date`,`IP`),
  KEY `ID` (`ID`)
) ENGINE=MyISAM DEFAULT CHARSET=utf8;

--
-- Dumping data for table `sys_banners_clicks`
--


--
-- Table structure for table `sys_banners_shows`
--

CREATE TABLE `sys_banners_shows` (
  `ID` int(10) unsigned NOT NULL DEFAULT '0',
  `Date` int(10) NOT NULL DEFAULT '0',
  `IP` varchar(16) NOT NULL DEFAULT '',
  KEY `ID` (`ID`)
) ENGINE=MyISAM DEFAULT CHARSET=utf8;

--
-- Dumping data for table `sys_banners_shows`
--


--
-- Table structure for table `sys_block_list`
--

CREATE TABLE `sys_block_list` (
  `ID` int(10) unsigned NOT NULL DEFAULT '0',
  `Profile` int(10) unsigned NOT NULL DEFAULT '0',
  `When` timestamp NOT NULL DEFAULT CURRENT_TIMESTAMP,
  UNIQUE KEY `BlockPair` (`ID`,`Profile`),
  KEY `ID` (`ID`),
  KEY `Profile` (`Profile`)
) ENGINE=MyISAM DEFAULT CHARSET=utf8;

--
-- Dumping data for table `sys_block_list`
--


--
-- Table structure for table `sys_box_download`
--

CREATE TABLE `sys_box_download` (
  `id` int(11) NOT NULL AUTO_INCREMENT,
  `title` varchar(64) NOT NULL,
  `url` varchar(255) NOT NULL,
  `onclick` varchar(255) NOT NULL,
  `desc` text NOT NULL,
  `icon` varchar(255) NOT NULL,
  `order` int(11) NOT NULL,
  `disabled` tinyint(4) NOT NULL,
  PRIMARY KEY (`id`)
) ENGINE=MyISAM AUTO_INCREMENT=3 DEFAULT CHARSET=utf8;

--
-- Dumping data for table `sys_box_download`
--

INSERT INTO `sys_box_download` VALUES (1,'_sbd_iPhone_title','http://itunes.apple.com/us/app/oo/id345450186','','_sbd_iPhone_desc','iphone.png',2,0),(2,'_sbd_Android_title','https://play.google.com/store/apps/details?id=com.boonex.oo','','_sbd_Android_desc','android.png',3,0);

--
-- Table structure for table `sys_categories`
--

CREATE TABLE `sys_categories` (
  `Category` varchar(32) NOT NULL DEFAULT '',
  `ID` int(10) unsigned NOT NULL DEFAULT '0',
  `Type` varchar(20) NOT NULL DEFAULT 'photo',
  `Owner` int(10) unsigned NOT NULL,
  `Status` enum('active','passive') NOT NULL DEFAULT 'active',
  `Date` timestamp NOT NULL DEFAULT CURRENT_TIMESTAMP,
  PRIMARY KEY (`Category`,`ID`,`Type`)
) ENGINE=MyISAM DEFAULT CHARSET=utf8;

--
-- Dumping data for table `sys_categories`
--

INSERT INTO `sys_categories` VALUES ('Party',0,'bx_events',0,'active','2015-04-08 16:05:08'),('Expedition',0,'bx_events',0,'active','2015-04-08 16:05:08'),('Presentation',0,'bx_events',0,'active','2015-04-08 16:05:08'),('Last Friday',0,'bx_events',0,'active','2015-04-08 16:05:08'),('Birthday',0,'bx_events',0,'active','2015-04-08 16:05:08'),('Exhibition',0,'bx_events',0,'active','2015-04-08 16:05:08'),('Bushwalking',0,'bx_events',0,'active','2015-04-08 16:05:08'),('Profile photos',0,'bx_photos',0,'active','2015-04-08 16:06:08'),('wall',0,'bx_sounds',0,'active','2015-04-08 16:05:09'),('wall',0,'bx_videos',0,'active','2015-04-08 16:05:09'),('Family',0,'bx_photos',0,'active','2015-04-08 16:06:08'),('Fun',0,'bx_photos',0,'active','2015-04-08 16:06:08'),('My portfolio',0,'bx_photos',0,'active','2015-04-08 16:06:08'),('Our cars',0,'bx_photos',0,'active','2015-04-08 16:06:08'),('Other',0,'bx_photos',0,'active','2015-04-08 16:06:08'),('Profile Photos',1,'bx_photos',1,'active','2015-04-08 16:11:54'),('Profile Photos',2,'bx_photos',2,'active','2015-04-08 16:18:13'),('Default',0,'bx_news',0,'active','2015-04-08 16:21:07'),('BoonEx Products',0,'bx_news',0,'active','2015-04-08 16:21:07'),('Some Useful Info',0,'bx_news',0,'active','2015-04-08 16:21:07'),('Best',0,'bx_poll',0,'active','2015-04-08 16:21:07'),('Fun',0,'bx_poll',0,'active','2015-04-08 16:21:07'),('Other',0,'bx_poll',0,'active','2015-04-08 16:21:07'),('Sites',0,'bx_photos',0,'active','2015-04-08 16:21:07'),('Technology',0,'bx_sites',0,'active','2015-04-08 16:21:07'),('World & Business',0,'bx_sites',0,'active','2015-04-08 16:21:07'),('Science',0,'bx_sites',0,'active','2015-04-08 16:21:07'),('Gaming',0,'bx_sites',0,'active','2015-04-08 16:21:07'),('Lifestyle',0,'bx_sites',0,'active','2015-04-08 16:21:07'),('Entertainment',0,'bx_sites',0,'active','2015-04-08 16:21:07'),('Sports',0,'bx_sites',0,'active','2015-04-08 16:21:07'),('Presentation',1,'bx_events',2,'active','2015-04-08 16:24:18'),('Science',1,'bx_sites',2,'active','2015-04-08 16:28:42'),('Events',3,'bx_photos',1,'active','2015-04-08 16:33:48'),('Profile Photos',4,'bx_photos',3,'active','2015-04-10 03:58:19'),('Birthday',2,'bx_events',2,'active','2015-06-02 14:35:49'),('Profile photos',10,'bx_photos',12,'active','2015-09-15 21:06:19');

--
-- Table structure for table `sys_cmts_profile`
--

CREATE TABLE `sys_cmts_profile` (
  `cmt_id` int(11) NOT NULL AUTO_INCREMENT,
  `cmt_parent_id` int(11) NOT NULL DEFAULT '0',
  `cmt_object_id` int(11) NOT NULL DEFAULT '0',
  `cmt_author_id` int(10) unsigned NOT NULL DEFAULT '0',
  `cmt_text` text NOT NULL,
  `cmt_mood` tinyint(4) NOT NULL DEFAULT '0',
  `cmt_rate` int(11) NOT NULL DEFAULT '0',
  `cmt_rate_count` int(11) NOT NULL DEFAULT '0',
  `cmt_time` datetime NOT NULL DEFAULT '0000-00-00 00:00:00',
  `cmt_replies` int(11) NOT NULL DEFAULT '0',
  PRIMARY KEY (`cmt_id`),
  KEY `cmt_object_id` (`cmt_object_id`,`cmt_parent_id`)
) ENGINE=MyISAM DEFAULT CHARSET=utf8;

--
-- Dumping data for table `sys_cmts_profile`
--


--
-- Table structure for table `sys_cmts_track`
--

CREATE TABLE `sys_cmts_track` (
  `cmt_system_id` int(11) NOT NULL DEFAULT '0',
  `cmt_id` int(11) NOT NULL DEFAULT '0',
  `cmt_rate` tinyint(4) NOT NULL DEFAULT '0',
  `cmt_rate_author_id` int(10) unsigned NOT NULL DEFAULT '0',
  `cmt_rate_author_nip` int(11) unsigned NOT NULL DEFAULT '0',
  `cmt_rate_ts` int(11) NOT NULL DEFAULT '0',
  PRIMARY KEY (`cmt_system_id`,`cmt_id`,`cmt_rate_author_nip`)
) ENGINE=MyISAM DEFAULT CHARSET=utf8;

--
-- Dumping data for table `sys_cmts_track`
--


--
-- Table structure for table `sys_color_base`
--

CREATE TABLE `sys_color_base` (
  `ColorName` varchar(20) NOT NULL DEFAULT '',
  `ColorCode` varchar(10) NOT NULL DEFAULT '',
  UNIQUE KEY `ColorName` (`ColorName`)
) ENGINE=MyISAM DEFAULT CHARSET=utf8;

--
-- Dumping data for table `sys_color_base`
--

INSERT INTO `sys_color_base` VALUES ('AliceBlue','#F0F8FF'),('AntiqueWhite','#FAEBD7'),('Aqua','#00FFFF'),('Aquamarine','#7FFFD4'),('Azure','#F0FFFF'),('Beige','#F5F5DC'),('Bisque','#FFE4C4'),('Black','#000000'),('BlanchedAlmond','#FFEBCD'),('Blue','#0000FF'),('BlueViolet','#8A2BE2'),('Brown','#A52A2A'),('BurlyWood','#DEB887'),('CadetBlue','#5F9EA0'),('Chartreuse','#7FFF00'),('Chocolate','#D2691E'),('Coral','#FF7F50'),('CornflowerBlue','#6495ED'),('Cornsilk','#FFF8DC'),('Crimson','#DC143C'),('Cyan','#00FFFF'),('DarkBlue','#00008B'),('DarkCyan','#008B8B'),('DarkGoldenRod','#B8860B'),('DarkGray','#A9A9A9'),('DarkGreen','#006400'),('DarkKhaki','#BDB76B'),('DarkMagenta','#8B008B'),('DarkOliveGreen','#556B2F'),('Darkorange','#FF8C00'),('DarkOrchid','#9932CC'),('DarkRed','#8B0000'),('DarkSalmon','#E9967A'),('DarkSeaGreen','#8FBC8F'),('DarkSlateBlue','#483D8B'),('DarkSlateGray','#2F4F4F'),('DarkTurquoise','#00CED1'),('DarkViolet','#9400D3'),('DeepPink','#FF1493'),('DeepSkyBlue','#00BFFF'),('DimGray','#696969'),('DodgerBlue','#1E90FF'),('Feldspar','#D19275'),('FireBrick','#B22222'),('FloralWhite','#FFFAF0'),('ForestGreen','#228B22'),('Fuchsia','#FF00FF'),('Gainsboro','#DCDCDC'),('GhostWhite','#F8F8FF'),('Gold','#FFD700'),('GoldenRod','#DAA520'),('Gray','#808080'),('Green','#008000'),('GreenYellow','#ADFF2F'),('HoneyDew','#F0FFF0'),('HotPink','#FF69B4'),('IndianRed','#CD5C5C'),('Indigo','#4B0082'),('Ivory','#FFFFF0'),('Khaki','#F0E68C'),('Lavender','#E6E6FA'),('LavenderBlush','#FFF0F5'),('LawnGreen','#7CFC00'),('LemonChiffon','#FFFACD'),('LightBlue','#ADD8E6'),('LightCoral','#F08080'),('LightCyan','#E0FFFF'),('LightGoldenRodYellow','#FAFAD2'),('LightGrey','#D3D3D3'),('LightGreen','#90EE90'),('LightPink','#FFB6C1'),('LightSalmon','#FFA07A'),('LightSeaGreen','#20B2AA'),('LightSkyBlue','#87CEFA'),('LightSlateBlue','#8470FF'),('LightSlateGray','#778899'),('LightSteelBlue','#B0C4DE'),('LightYellow','#FFFFE0'),('Lime','#00FF00'),('LimeGreen','#32CD32'),('Linen','#FAF0E6'),('Magenta','#FF00FF'),('Maroon','#800000'),('MediumAquaMarine','#66CDAA'),('MediumBlue','#0000CD'),('MediumOrchid','#BA55D3'),('MediumPurple','#9370D8'),('MediumSeaGreen','#3CB371'),('MediumSlateBlue','#7B68EE'),('MediumSpringGreen','#00FA9A'),('MediumTurquoise','#48D1CC'),('MediumVioletRed','#C71585'),('MidnightBlue','#191970'),('MintCream','#F5FFFA'),('MistyRose','#FFE4E1'),('Moccasin','#FFE4B5'),('NavajoWhite','#FFDEAD'),('Navy','#000080'),('OldLace','#FDF5E6'),('Olive','#808000'),('OliveDrab','#6B8E23'),('Orange','#FFA500'),('OrangeRed','#FF4500'),('Orchid','#DA70D6'),('PaleGoldenRod','#EEE8AA'),('PaleGreen','#98FB98'),('PaleTurquoise','#AFEEEE'),('PaleVioletRed','#D87093'),('PapayaWhip','#FFEFD5'),('PeachPuff','#FFDAB9'),('Peru','#CD853F'),('Pink','#FFC0CB'),('Plum','#DDA0DD'),('PowderBlue','#B0E0E6'),('Purple','#800080'),('Red','#FF0000'),('RosyBrown','#BC8F8F'),('RoyalBlue','#4169E1'),('SaddleBrown','#8B4513'),('Salmon','#FA8072'),('SandyBrown','#F4A460'),('SeaGreen','#2E8B57'),('SeaShell','#FFF5EE'),('Sienna','#A0522D'),('Silver','#C0C0C0'),('SkyBlue','#87CEEB'),('SlateBlue','#6A5ACD'),('SlateGray','#708090'),('Snow','#FFFAFA'),('SpringGreen','#00FF7F'),('SteelBlue','#4682B4'),('Tan','#D2B48C'),('Teal','#008080'),('Thistle','#D8BFD8'),('Tomato','#FF6347'),('Turquoise','#40E0D0'),('Violet','#EE82EE'),('VioletRed','#D02090'),('Wheat','#F5DEB3'),('White','#FFFFFF'),('WhiteSmoke','#F5F5F5'),('Yellow','#FFFF00'),('YellowGreen','#9ACD32');

--
-- Table structure for table `sys_countries`
--

CREATE TABLE `sys_countries` (
  `ISO2` varchar(2) NOT NULL DEFAULT '',
  `ISO3` varchar(3) NOT NULL DEFAULT '',
  `ISONo` smallint(3) NOT NULL DEFAULT '0',
  `Country` varchar(100) NOT NULL DEFAULT '',
  `Region` varchar(100) DEFAULT NULL,
  `Currency` varchar(100) DEFAULT NULL,
  `CurrencyCode` varchar(3) DEFAULT NULL,
  PRIMARY KEY (`ISO2`),
  KEY `CurrencyCode` (`CurrencyCode`)
) ENGINE=MyISAM DEFAULT CHARSET=utf8;

--
-- Dumping data for table `sys_countries`
--

INSERT INTO `sys_countries` VALUES ('AD','AND',20,'Andorra','Europe','Euro','EUR'),('AE','ARE',784,'United Arab Emirates','Middle East','UAE Dirham','AED'),('AF','AFG',4,'Afghanistan','Asia','Afghani','AFA'),('AG','ATG',28,'Antigua and Barbuda','Central America and the Caribbean','East Caribbean Dollar','XCD'),('AI','AIA',660,'Anguilla','Central America and the Caribbean','East Caribbean Dollar','XCD'),('AL','ALB',8,'Albania','Europe','Lek','ALL'),('AM','ARM',51,'Armenia','Commonwealth of Independent States','Armenian Dram','AMD'),('AN','ANT',530,'Netherlands Antilles','Central America and the Caribbean','Netherlands Antillean guilder','ANG'),('AO','AGO',24,'Angola','Africa','Kwanza','AOA'),('AQ','ATA',10,'Antarctica','Antarctic Region',NULL,NULL),('AR','ARG',32,'Argentina','South America','Argentine Peso','ARS'),('AS','ASM',16,'American Samoa','Oceania','US Dollar','USD'),('AT','AUT',40,'Austria','Europe','Euro','EUR'),('AU','AUS',36,'Australia','Oceania','Australian dollar','AUD'),('AW','ABW',533,'Aruba','Central America and the Caribbean','Aruban Guilder','AWG'),('AX','ALA',248,'Aland Islands','Europe','Euro','EUR'),('AZ','AZE',31,'Azerbaijan','Commonwealth of Independent States','Azerbaijani Manat','AZM'),('BA','BIH',70,'Bosnia and Herzegovina','Bosnia and Herzegovina, Europe','Convertible Marka','BAM'),('BB','BRB',52,'Barbados','Central America and the Caribbean','Barbados Dollar','BBD'),('BD','BGD',50,'Bangladesh','Asia','Taka','BDT'),('BE','BEL',56,'Belgium','Europe','Euro','EUR'),('BF','BFA',854,'Burkina Faso','Africa','CFA Franc BCEAO','XOF'),('BG','BGR',100,'Bulgaria','Europe','Lev','BGL'),('BH','BHR',48,'Bahrain','Middle East','Bahraini Dinar','BHD'),('BI','BDI',108,'Burundi','Africa','Burundi Franc','BIF'),('BJ','BEN',204,'Benin','Africa','CFA Franc BCEAO','XOF'),('BL','BLM',652,'Saint Barthelemy','Central America and the Caribbean','Euro','EUR'),('BM','BMU',60,'Bermuda','North America','Bermudian Dollar','BMD'),('BN','BRN',96,'Brunei Darussalam','Southeast Asia','Brunei Dollar','BND'),('BO','BOL',68,'Bolivia','South America','Boliviano','BOB'),('BR','BRA',76,'Brazil','South America','Brazilian Real','BRL'),('BS','BHS',44,'The Bahamas','Central America and the Caribbean','Bahamian Dollar','BSD'),('BT','BTN',64,'Bhutan','Asia','Ngultrum','BTN'),('BV','BVT',74,'Bouvet Island','Antarctic Region','Norwegian Krone','NOK'),('BW','BWA',72,'Botswana','Africa','Pula','BWP'),('BY','BLR',112,'Belarus','Commonwealth of Independent States','Belarussian Ruble','BYR'),('BZ','BLZ',84,'Belize','Central America and the Caribbean','Belize Dollar','BZD'),('CA','CAN',124,'Canada','North America','Canadian Dollar','CAD'),('CC','CCK',166,'Cocos (Keeling) Islands','Southeast Asia','Australian Dollar','AUD'),('CD','COD',180,'Congo, Democratic Republic of the','Africa','Franc Congolais','CDF'),('CF','CAF',140,'Central African Republic','Africa','CFA Franc BEAC','XAF'),('CG','COG',178,'Congo, Republic of the','Africa','CFA Franc BEAC','XAF'),('CH','CHE',756,'Switzerland','Europe','Swiss Franc','CHF'),('CI','CIV',384,'Cote d\'Ivoire','Africa','CFA Franc BCEAO','XOF'),('CK','COK',184,'Cook Islands','Oceania','New Zealand Dollar','NZD'),('CL','CHL',152,'Chile','South America','Chilean Peso','CLP'),('CM','CMR',120,'Cameroon','Africa','CFA Franc BEAC','XAF'),('CN','CHN',156,'China','Asia','Yuan Renminbi','CNY'),('CO','COL',170,'Colombia','South America, Central America and the Caribbean','Colombian Peso','COP'),('CR','CRI',188,'Costa Rica','Central America and the Caribbean','Costa Rican Colon','CRC'),('CU','CUB',192,'Cuba','Central America and the Caribbean','Cuban Peso','CUP'),('CV','CPV',132,'Cape Verde','World','Cape Verdean Escudo','CVE'),('CX','CXR',162,'Christmas Island','Southeast Asia','Australian Dollar','AUD'),('CY','CYP',196,'Cyprus','Middle East','Cyprus Pound','CYP'),('CZ','CZE',203,'Czech Republic','Europe','Czech Koruna','CZK'),('DE','DEU',276,'Germany','Europe','Euro','EUR'),('DJ','DJI',262,'Djibouti','Africa','Djibouti Franc','DJF'),('DK','DNK',208,'Denmark','Europe','Danish Krone','DKK'),('DM','DMA',212,'Dominica','Central America and the Caribbean','East Caribbean Dollar','XCD'),('DO','DOM',214,'Dominican Republic','Central America and the Caribbean','Dominican Peso','DOP'),('DZ','DZA',12,'Algeria','Africa','Algerian Dinar','DZD'),('EC','ECU',218,'Ecuador','South America','US dollar','USD'),('EE','EST',233,'Estonia','Europe','Kroon','EEK'),('EG','EGY',818,'Egypt','Africa','Egyptian Pound','EGP'),('EH','ESH',732,'Western Sahara','Africa','Moroccan Dirham','MAD'),('ER','ERI',232,'Eritrea','Africa','Nakfa','ERN'),('ES','ESP',724,'Spain','Europe','Euro','EUR'),('ET','ETH',231,'Ethiopia','Africa','Ethiopian Birr','ETB'),('FI','FIN',246,'Finland','Europe','Euro','EUR'),('FJ','FJI',242,'Fiji','Oceania','Fijian Dollar','FJD'),('FK','FLK',238,'Falkland Islands (Islas Malvinas)','South America','Falkland Islands Pound','FKP'),('FM','FSM',583,'Micronesia, Federated States of','Oceania','US dollar','USD'),('FO','FRO',234,'Faroe Islands','Europe','Danish Krone','DKK'),('FR','FRA',250,'France','Europe','Euro','EUR'),('GA','GAB',266,'Gabon','Africa','CFA Franc BEAC','XAF'),('GB','GBR',826,'United Kingdom','Europe','Pound Sterling','GBP'),('GD','GRD',308,'Grenada','Central America and the Caribbean','East Caribbean Dollar','XCD'),('GE','GEO',268,'Georgia','Commonwealth of Independent States','Lari','GEL'),('GF','GUF',254,'French Guiana','South America','Euro','EUR'),('GG','GGY',831,'Guernsey','Europe','Pound sterling','GBP'),('GH','GHA',288,'Ghana','Africa','Cedi','GHC'),('GI','GIB',292,'Gibraltar','Europe','Gibraltar Pound','GIP'),('GL','GRL',304,'Greenland','Arctic Region','Danish Krone','DKK'),('GM','GMB',270,'The Gambia','Africa','Dalasi','GMD'),('GN','GIN',324,'Guinea','Africa','Guinean Franc','GNF'),('GP','GLP',312,'Guadeloupe','Central America and the Caribbean','Euro','EUR'),('GQ','GNQ',226,'Equatorial Guinea','Africa','CFA Franc BEAC','XAF'),('GR','GRC',300,'Greece','Europe','Euro','EUR'),('GS','SGS',239,'South Georgia and the South Sandwich Islands','Antarctic Region','Pound Sterling','GBP'),('GT','GTM',320,'Guatemala','Central America and the Caribbean','Quetzal','GTQ'),('GU','GUM',316,'Guam','Oceania','US Dollar','USD'),('GW','GNB',624,'Guinea-Bissau','Africa','CFA Franc BCEAO','XOF'),('GY','GUY',328,'Guyana','South America','Guyana Dollar','GYD'),('HK','HKG',344,'Hong Kong (SAR)','Southeast Asia','Hong Kong Dollar','HKD'),('HM','HMD',334,'Heard Island and McDonald Islands','Antarctic Region','Australian Dollar','AUD'),('HN','HND',340,'Honduras','Central America and the Caribbean','Lempira','HNL'),('HR','HRV',191,'Croatia','Europe','Kuna','HRK'),('HT','HTI',332,'Haiti','Central America and the Caribbean','Gourde','HTG'),('HU','HUN',348,'Hungary','Europe','Forint','HUF'),('ID','IDN',360,'Indonesia','Southeast Asia','Rupiah','IDR'),('IE','IRL',372,'Ireland','Europe','Euro','EUR'),('IL','ISR',376,'Israel','Middle East','New Israeli Sheqel','ILS'),('IM','IMN',833,'Isle of Man','Europe','Pound sterling','GBP'),('IN','IND',356,'India','Asia','Indian Rupee','INR'),('IO','IOT',86,'British Indian Ocean Territory','World','US Dollar','USD'),('IQ','IRQ',368,'Iraq','Middle East','Iraqi Dinar','IQD'),('IR','IRN',364,'Iran','Middle East','Iranian Rial','IRR'),('IS','ISL',352,'Iceland','Arctic Region','Iceland Krona','ISK'),('IT','ITA',380,'Italy','Europe','Euro','EUR'),('JE','JEY',832,'Jersey','Europe','Pound sterling','GBP'),('JM','JAM',388,'Jamaica','Central America and the Caribbean','Jamaican dollar','JMD'),('JO','JOR',400,'Jordan','Middle East','Jordanian Dinar','JOD'),('JP','JPN',392,'Japan','Asia','Yen','JPY'),('KE','KEN',404,'Kenya','Africa','Kenyan shilling','KES'),('KG','KGZ',417,'Kyrgyzstan','Commonwealth of Independent States','Som','KGS'),('KH','KHM',116,'Cambodia','Southeast Asia','Riel','KHR'),('KI','KIR',296,'Kiribati','Oceania','Australian dollar','AUD'),('KM','COM',174,'Comoros','Africa','Comoro Franc','KMF'),('KN','KNA',659,'Saint Kitts and Nevis','Central America and the Caribbean','East Caribbean Dollar','XCD'),('KP','PRK',408,'Korea, North','Asia','North Korean Won','KPW'),('KR','KOR',410,'Korea, South','Asia','Won','KRW'),('KW','KWT',414,'Kuwait','Middle East','Kuwaiti Dinar','KWD'),('KY','CYM',136,'Cayman Islands','Central America and the Caribbean','Cayman Islands Dollar','KYD'),('KZ','KAZ',398,'Kazakhstan','Commonwealth of Independent States','Tenge','KZT'),('LA','LAO',418,'Laos','Southeast Asia','Kip','LAK'),('LB','LBN',422,'Lebanon','Middle East','Lebanese Pound','LBP'),('LC','LCA',662,'Saint Lucia','Central America and the Caribbean','East Caribbean Dollar','XCD'),('LI','LIE',438,'Liechtenstein','Europe','Swiss Franc','CHF'),('LK','LKA',144,'Sri Lanka','Asia','Sri Lanka Rupee','LKR'),('LR','LBR',430,'Liberia','Africa','Liberian Dollar','LRD'),('LS','LSO',426,'Lesotho','Africa','Loti','LSL'),('LT','LTU',440,'Lithuania','Europe','Lithuanian Litas','LTL'),('LU','LUX',442,'Luxembourg','Europe','Euro','EUR'),('LV','LVA',428,'Latvia','Europe','Latvian Lats','LVL'),('LY','LBY',434,'Libya','Africa','Libyan Dinar','LYD'),('MA','MAR',504,'Morocco','Africa','Moroccan Dirham','MAD'),('MC','MCO',492,'Monaco','Europe','Euro','EUR'),('MD','MDA',498,'Moldova','Commonwealth of Independent States','Moldovan Leu','MDL'),('ME','MNE',499,'Montenegro','Europe','Euro','EUR'),('MF','MAF',663,'Saint Martin (French part)','Central America and the Caribbean','Euro','EUR'),('MG','MDG',450,'Madagascar','Africa','Malagasy Franc','MGF'),('MH','MHL',584,'Marshall Islands','Oceania','US dollar','USD'),('MK','MKD',807,'Macedonia, The Former Yugoslav Republic of','Europe','Denar','MKD'),('ML','MLI',466,'Mali','Africa','CFA Franc BCEAO','XOF'),('MM','MMR',104,'Myanmar','Southeast Asia','kyat','MMK'),('MN','MNG',496,'Mongolia','Asia','Tugrik','MNT'),('MO','MAC',446,'Macao','Southeast Asia','Pataca','MOP'),('MP','MNP',580,'Northern Mariana Islands','Oceania','US Dollar','USD'),('MQ','MTQ',474,'Martinique','Central America and the Caribbean','Euro','EUR'),('MR','MRT',478,'Mauritania','Africa','Ouguiya','MRO'),('MS','MSR',500,'Montserrat','Central America and the Caribbean','East Caribbean Dollar','XCD'),('MT','MLT',470,'Malta','Europe','Maltese Lira','MTL'),('MU','MUS',480,'Mauritius','World','Mauritius Rupee','MUR'),('MV','MDV',462,'Maldives','Asia','Rufiyaa','MVR'),('MW','MWI',454,'Malawi','Africa','Kwacha','MWK'),('MX','MEX',484,'Mexico','North America','Mexican Peso','MXN'),('MY','MYS',458,'Malaysia','Southeast Asia','Malaysian Ringgit','MYR'),('MZ','MOZ',508,'Mozambique','Africa','Metical','MZM'),('NA','NAM',516,'Namibia','Africa','Namibian Dollar','NAD'),('NC','NCL',540,'New Caledonia','Oceania','CFP Franc','XPF'),('NE','NER',562,'Niger','Africa','CFA Franc BCEAO','XOF'),('NF','NFK',574,'Norfolk Island','Oceania','Australian Dollar','AUD'),('NG','NGA',566,'Nigeria','Africa','Naira','NGN'),('NI','NIC',558,'Nicaragua','Central America and the Caribbean','Cordoba Oro','NIO'),('NL','NLD',528,'Netherlands','Europe','Euro','EUR'),('NO','NOR',578,'Norway','Europe','Norwegian Krone','NOK'),('NP','NPL',524,'Nepal','Asia','Nepalese Rupee','NPR'),('NR','NRU',520,'Nauru','Oceania','Australian Dollar','AUD'),('NU','NIU',570,'Niue','Oceania','New Zealand Dollar','NZD'),('NZ','NZL',554,'New Zealand','Oceania','New Zealand Dollar','NZD'),('OM','OMN',512,'Oman','Middle East','Rial Omani','OMR'),('PA','PAN',591,'Panama','Central America and the Caribbean','balboa','PAB'),('PE','PER',604,'Peru','South America','Nuevo Sol','PEN'),('PF','PYF',258,'French Polynesia','Oceania','CFP Franc','XPF'),('PG','PNG',598,'Papua New Guinea','Oceania','Kina','PGK'),('PH','PHL',608,'Philippines','Southeast Asia','Philippine Peso','PHP'),('PK','PAK',586,'Pakistan','Asia','Pakistan Rupee','PKR'),('PL','POL',616,'Poland','Europe','Zloty','PLN'),('PM','SPM',666,'Saint Pierre and Miquelon','North America','Euro','EUR'),('PN','PCN',612,'Pitcairn Islands','Oceania','New Zealand Dollar','NZD'),('PR','PRI',630,'Puerto Rico','Central America and the Caribbean','US dollar','USD'),('PS','PSE',275,'Palestinian Territory, Occupied',NULL,NULL,NULL),('PT','PRT',620,'Portugal','Europe','Euro','EUR'),('PW','PLW',585,'Palau','Oceania','US dollar','USD'),('PY','PRY',600,'Paraguay','South America','Guarani','PYG'),('QA','QAT',634,'Qatar','Middle East','Qatari Rial','QAR'),('RE','REU',638,'Reunion','World','Euro','EUR'),('RO','ROU',642,'Romania','Europe','Leu','ROL'),('RS','SRB',688,'Serbia','Europe','Serbian Dinar','RSD'),('RU','RUS',643,'Russia','Asia','Russian Ruble','RUB'),('RW','RWA',646,'Rwanda','Africa','Rwanda Franc','RWF'),('SA','SAU',682,'Saudi Arabia','Middle East','Saudi Riyal','SAR'),('SB','SLB',90,'Solomon Islands','Oceania','Solomon Islands Dollar','SBD'),('SC','SYC',690,'Seychelles','Africa','Seychelles Rupee','SCR'),('SD','SDN',736,'Sudan','Africa','Sudanese Dinar','SDD'),('SE','SWE',752,'Sweden','Europe','Swedish Krona','SEK'),('SG','SGP',702,'Singapore','Southeast Asia','Singapore Dollar','SGD'),('SH','SHN',654,'Saint Helena','Africa','Saint Helenian Pound','SHP'),('SI','SVN',705,'Slovenia','Europe','Tolar','SIT'),('SJ','SJM',744,'Svalbard','Arctic Region','Norwegian Krone','NOK'),('SK','SVK',703,'Slovakia','Europe','Slovak Koruna','SKK'),('SL','SLE',694,'Sierra Leone','Africa','Leone','SLL'),('SM','SMR',674,'San Marino','Europe','Euro','EUR'),('SN','SEN',686,'Senegal','Africa','CFA Franc BCEAO','XOF'),('SO','SOM',706,'Somalia','Africa','Somali Shilling','SOS'),('SR','SUR',740,'Suriname','South America','Suriname Guilder','SRG'),('ST','STP',678,'Sao Tome and Principe','Africa','Dobra','STD'),('SV','SLV',222,'El Salvador','Central America and the Caribbean','El Salvador Colon','SVC'),('SY','SYR',760,'Syria','Middle East','Syrian Pound','SYP'),('SZ','SWZ',748,'Swaziland','Africa','Lilangeni','SZL'),('TC','TCA',796,'Turks and Caicos Islands','Central America and the Caribbean','US Dollar','USD'),('TD','TCD',148,'Chad','Africa','CFA Franc BEAC','XAF'),('TF','ATF',260,'French Southern and Antarctic Lands','Antarctic Region','Euro','EUR'),('TG','TGO',768,'Togo','Africa','CFA Franc BCEAO','XOF'),('TH','THA',764,'Thailand','Southeast Asia','Baht','THB'),('TJ','TJK',762,'Tajikistan','Commonwealth of Independent States','Somoni','TJS'),('TK','TKL',772,'Tokelau','Oceania','New Zealand Dollar','NZD'),('TL','TLS',626,'East Timor',NULL,'Timor Escudo','TPE'),('TM','TKM',795,'Turkmenistan','Commonwealth of Independent States','Manat','TMM'),('TN','TUN',788,'Tunisia','Africa','Tunisian Dinar','TND'),('TO','TON',776,'Tonga','Oceania','Pa\'anga','TOP'),('TR','TUR',792,'Turkey','Middle East','Turkish Lira','TRL'),('TT','TTO',780,'Trinidad and Tobago','Central America and the Caribbean','Trinidad and Tobago Dollar','TTD'),('TV','TUV',798,'Tuvalu','Oceania','Australian Dollar','AUD'),('TW','TWN',158,'Taiwan','Southeast Asia','New Taiwan Dollar','TWD'),('TZ','TZA',834,'Tanzania','Africa','Tanzanian Shilling','TZS'),('UA','UKR',804,'Ukraine','Commonwealth of Independent States','Hryvnia','UAH'),('UG','UGA',800,'Uganda','Africa','Uganda Shilling','UGX'),('UM','UMI',581,'United States Minor Outlying Islands',NULL,'US Dollar','USD'),('US','USA',840,'United States','North America','US Dollar','USD'),('UY','URY',858,'Uruguay','South America','Peso Uruguayo','UYU'),('UZ','UZB',860,'Uzbekistan','Commonwealth of Independent States','Uzbekistan Sum','UZS'),('VA','VAT',336,'Holy See (Vatican City)','Europe','Euro','EUR'),('VC','VCT',670,'Saint Vincent and the Grenadines','Central America and the Caribbean','East Caribbean Dollar','XCD'),('VE','VEN',862,'Venezuela','South America, Central America and the Caribbean','Bolivar','VEB'),('VG','VGB',92,'British Virgin Islands','Central America and the Caribbean','US dollar','USD'),('VI','VIR',850,'Virgin Islands','Central America and the Caribbean','US Dollar','USD'),('VN','VNM',704,'Vietnam','Southeast Asia','Dong','VND'),('VU','VUT',548,'Vanuatu','Oceania','Vatu','VUV'),('WF','WLF',876,'Wallis and Futuna','Oceania','CFP Franc','XPF'),('WS','WSM',882,'Samoa','Oceania','Tala','WST'),('YE','YEM',887,'Yemen','Middle East','Yemeni Rial','YER'),('YT','MYT',175,'Mayotte','Africa','Euro','EUR'),('ZA','ZAF',710,'South Africa','Africa','Rand','ZAR'),('ZM','ZWB',894,'Zambia','Africa','Kwacha','ZMK'),('ZW','ZWE',716,'Zimbabwe','Africa','Zimbabwe Dollar','ZWD');

--
-- Table structure for table `sys_cron_jobs`
--

CREATE TABLE `sys_cron_jobs` (
  `id` int(11) unsigned NOT NULL AUTO_INCREMENT,
  `name` varchar(128) NOT NULL DEFAULT '',
  `time` varchar(128) NOT NULL DEFAULT '*',
  `class` varchar(128) NOT NULL DEFAULT '',
  `file` varchar(255) NOT NULL DEFAULT '',
  `eval` text NOT NULL,
  PRIMARY KEY (`id`)
) ENGINE=MyISAM AUTO_INCREMENT=8 DEFAULT CHARSET=utf8;

--
-- Dumping data for table `sys_cron_jobs`
--

INSERT INTO `sys_cron_jobs` VALUES (1,'cmd','0 0 * * *','BxDolCronCmd','inc/classes/BxDolCronCmd.php',''),(2,'notifies','*/10 * * * *','BxDolCronNotifies','inc/classes/BxDolCronNotifies.php',''),(3,'video_comments','* * * * *','BxDolCronVideoComments','flash/modules/video_comments/inc/classes/BxDolCronVideoComments.php',''),(4,'sitemap','0 2 * * *','','','bx_import(\'BxDolSiteMaps\');\r\nBxDolSiteMaps::generateAllSiteMaps();'),(5,'modules','0 0 * * 0','BxDolCronModules','inc/classes/BxDolCronModules.php',''),(6,'bx_spy','1 */12 * * *','BxSpyCron','modules/boonex/spy/classes/BxSpyCron.php',''),(7,'bx_news','*/5 * * * *','BxNewsCron','modules/boonex/news/classes/BxNewsCron.php','');

--
-- Table structure for table `sys_dnsbl_rules`
--

CREATE TABLE `sys_dnsbl_rules` (
  `id` int(11) NOT NULL AUTO_INCREMENT,
  `chain` enum('spammers','whitelist','uridns') NOT NULL,
  `zonedomain` varchar(255) NOT NULL,
  `postvresp` varchar(32) NOT NULL,
  `url` varchar(255) NOT NULL,
  `recheck` varchar(255) NOT NULL,
  `comment` varchar(255) NOT NULL,
  `added` int(11) NOT NULL,
  `active` tinyint(4) NOT NULL,
  PRIMARY KEY (`id`)
) ENGINE=MyISAM AUTO_INCREMENT=15 DEFAULT CHARSET=utf8;

--
-- Dumping data for table `sys_dnsbl_rules`
--

INSERT INTO `sys_dnsbl_rules` VALUES (1,'whitelist','au.countries.nerd.dk.','127.0.0.2','http://countries.nerd.dk/','','Country based zone, any ip from Australia is whitelisted',1287642420,0),(2,'spammers','sbl.spamhaus.org.','any','http://www.spamhaus.org/sbl/','http://www.spamhaus.org/query/bl?ip=%s','Any non-failure result from sbl.spamhaus.org is a positive match',1287642420,1),(4,'spammers','cn.countries.nerd.dk.','127.0.0.2','http://countries.nerd.dk/','','Country based zone, any ip from China is blocked',1287642420,0),(5,'uridns','multi.surbl.org.','any','http://www.surbl.org/','http://george.surbl.org/lookup.html','SURBLs are lists of web sites that have appeared in unsolicited messages. Unlike most lists, SURBLs are not lists of message senders.',1287642420,1),(6,'spammers','dnsbl.dronebl.org.','127.0.0.5','http://www.dronebl.org/','http://www.dronebl.org/lookup?ip=%s','Bottler',1368854835,1),(7,'spammers','dnsbl.dronebl.org.','127.0.0.6','http://www.dronebl.org/','http://www.dronebl.org/lookup?ip=%s','Unknown spambot or drone',1368854835,1),(8,'spammers','dnsbl.dronebl.org.','127.0.0.7','http://www.dronebl.org/','http://www.dronebl.org/lookup?ip=%s','DDOS Drone',1368854835,1),(9,'spammers','dnsbl.dronebl.org.','127.0.0.8','http://www.dronebl.org/','http://www.dronebl.org/lookup?ip=%s','SOCKS Proxy',1368854835,1),(10,'spammers','dnsbl.dronebl.org.','127.0.0.9','http://www.dronebl.org/','http://www.dronebl.org/lookup?ip=%s','HTTP Proxy',1368854835,1),(11,'spammers','dnsbl.dronebl.org.','127.0.0.10','http://www.dronebl.org/','http://www.dronebl.org/lookup?ip=%s','ProxyChain',1368854835,1),(12,'spammers','dnsbl.dronebl.org.','127.0.0.14','http://www.dronebl.org/','http://www.dronebl.org/lookup?ip=%s','Open Wingate Proxy',1368854835,1),(13,'spammers','dnsbl.dronebl.org.','127.0.0.15','http://www.dronebl.org/','http://www.dronebl.org/lookup?ip=%s','Compromised router / gateway',1368854835,1),(14,'spammers','opm.tornevall.org.','230','http://dnsbl.tornevall.org/','','Block anonymous/elite proxies and abuse IPs',1369274751,1);

--
-- Table structure for table `sys_dnsbluri_zones`
--

CREATE TABLE `sys_dnsbluri_zones` (
  `level` tinyint(4) NOT NULL,
  `zone` varchar(64) NOT NULL
) ENGINE=MyISAM DEFAULT CHARSET=utf8;

--
-- Dumping data for table `sys_dnsbluri_zones`
--


--
-- Table structure for table `sys_email_templates`
--

CREATE TABLE `sys_email_templates` (
  `ID` int(11) unsigned NOT NULL AUTO_INCREMENT,
  `Name` varchar(255) NOT NULL,
  `Subject` varchar(255) NOT NULL,
  `Body` text NOT NULL,
  `Desc` varchar(255) NOT NULL,
  `LangID` tinyint(4) unsigned NOT NULL DEFAULT '1',
  PRIMARY KEY (`ID`),
  KEY `Name` (`Name`,`LangID`)
) ENGINE=MyISAM AUTO_INCREMENT=47 DEFAULT CHARSET=utf8;

--
-- Dumping data for table `sys_email_templates`
--

INSERT INTO `sys_email_templates` VALUES (1,'t_Activation','Your Profile Is Now Active','<bx_include_auto:_email_header.html />\r\n\r\n<p><b>Dear <RealName></b>,</p>\r\n\r\n<p>Your profile was reviewed and activated!</p>\r\n\r\n<p>Your Account: <a href=\"<Domain>member.php\"><Domain>member.php</a></p>\r\n\r\n<p>Member ID: <b><recipientID></b></p>\r\n\r\n<p>Your E-mail: <span style=\"color:#FF6633\"><Email></span></p>\r\n\r\n<bx_include_auto:_email_footer.html />','Profile activation notification.',0),(2,'t_AdminEmail','<SiteName> Admin: <MessageSubject>','<bx_include_auto:_email_header.html />\r\n\r\n<p><b>Dear <RealName></b>,</p>\r\n\r\n<p><a href=\"<Domain>\"><SiteName></a> Admin sent you a message:</p>\r\n\r\n<hr>\r\n<p style=\"color:#3B5C8E\"><MessageText></p>\r\n<hr>\r\n\r\n<bx_include_auto:_email_footer.html />','Message from the site Admin.',0),(3,'t_AdminStats','Content Pending Admin Review','<bx_include_auto:_email_header.html />\r\n\r\n<p><b>Dear <RealName></b>,</p>\r\n\r\n<p><MessageText></p>\r\n\r\n<p>Go to <a href=\"<ViewLink>\">administration panel</a> to review pending content.</p>\r\n\r\n<bx_include_auto:_email_footer.html />','Message to admin about content pending review',0),(4,'t_Compose','You\'ve Got A New Message','<bx_include_auto:_email_header.html />\r\n\r\n<p><b>Hello <RealName></b>,</p>\r\n\r\n<p>You have received a message from <a href=\"<ProfileUrl>\"><ProfileReference></a>!</p>\r\n\r\n<p>Go to your account to read and reply: <a href=\"<Domain>member.php\"><Domain>member.php</a></p>\r\n\r\n<bx_include_auto:_email_footer.html />','New message notification without message text',0),(5,'t_Confirmation','Email Confirmation Request','<bx_include_auto:_email_header.html />\r\n\r\n<p><b>Dear <RealName></b>,</p>\r\n\r\n<p>Thank you for registering at <SiteName>!</p>\r\n\r\n<p>Click to confirm your email:\r\n<a href=\"<ConfirmationLink>\"><ConfirmationLink></a></p>\r\n\r\n<p>CONFIRMATION CODE: <ConfCode></p>\r\n\r\n<bx_include_auto:_email_footer.html />','Email confirmation message.',0),(6,'t_CupidMail','Your Matches','<bx_include_auto:_email_header.html />\r\n\r\n<p><b>Hello <RealName></b>,</p>\r\n\r\n<p>Check out some <SiteName> members that may be a good match with you:</p>\r\n\r\n<p><a href=\"<MatchProfileLink>\"><MatchProfileLink></a></p>\r\n\r\n\r\n<bx_include_auto:_email_footer.html />','Matching profiles notification.',0),(7,'t_Forgot','Your Account Password','<bx_include_auto:_email_header.html />\r\n\r\n<p><b>Dear <RealName></b>,</p>\r\n\r\n<p>Your member ID: <b><recipientID></b></p>\r\n\r\n<p>Your password: <b><Password></b></p>\r\n\r\n<p>You may login here: <a href=\"<Domain>member.php\"><Domain>member.php</a></p>\r\n\r\n\r\n<bx_include_auto:_email_footer.html />','Password retrieval',0),(8,'t_FreeEmail','Member Email Address','<bx_include_auto:_email_header.html />\r\n\r\n<p><b>Dear <RealName></b>,</p>\r\n\r\n<p><profileNickName>\'s contact info:</p> \r\n\r\n<p><profileContactInfo></p>\r\n\r\n\r\n<bx_include_auto:_email_footer.html />','Requested Member Email Address',0),(9,'t_MemExpiration','Your Membership Is About To Expire','<bx_include_auto:_email_header.html />\r\n\r\n<p><b>Hello <RealName></b>,</p>\r\n\r\n<p>Your <SiteName> <MembershipName> membership will expire in <ExpireDays> days.</p>\r\n\r\n<p>NOTE: -1 means it has already expired</p>\r\n\r\n\r\n<p><a href=\"<Domain>modules/?r=membership/index/\">Renew Membership</a></p>\r\n<bx_include_auto:_email_footer.html />','Membership expiration notice',0),(10,'t_MemChanged','Your Membership Changed','<bx_include_auto:_email_header.html />\r\n\r\n<p><b>Hello <RealName></b>,</p>\r\n\r\n<p>Your membership level was changed to: <b><a href=\"<Domain>modules/?r=membership/index/\"><MembershipLevel></a></b></p>\r\n\r\n\r\n<bx_include_auto:_email_footer.html />','Membership change',0),(11,'t_Message','You\'ve Got A New Message','<bx_include_auto:_email_header.html />\r\n\r\n<p><b>Dear <RealName></b>,</p>\r\n\r\n<p><a href=\"<ProfileUrl>\"><ProfileReference></a> sent you a message: </p>\r\n\r\n<hr>\r\n<p><MessageText></p>\r\n<hr>\r\n\r\n<p>Go to your account to reply: <a href=\"<Domain>member.php\"><Domain>member.php</a></p>\r\n\r\n<bx_include_auto:_email_footer.html />','New message notification with message text',0),(12,'t_UserJoined','New Member Joined','<bx_include_auto:_email_header.html />\r\n\r\n<p>New user: <RealName></p> \r\n<p>Email: <Email></p> \r\n\r\n<bx_include_auto:_email_footer.html />','Admin notification about new member',0),(13,'t_UserConfirmed','User Confirmed Email','<bx_include_auto:_email_header.html />\r\n\r\n<p>User: <RealName></p> \r\n<p>Email: <Email></p> \r\n\r\n<bx_include_auto:_email_footer.html />','Admin notification - user confirmed email',0),(14,'t_SpamReport','Profile Spam Report','<bx_include_auto:_email_header.html />\r\n\r\n<p><a href=\"<Domain>profile.php?ID=<reporterID>\"><reporterNick></a> reported Profile SPAM:  <a href=\"<Domain>profile.php?ID=<spamerID>\"><b><spamerNick></b></a></p>\r\n\r\n<bx_include_auto:_email_footer.html />','Profile Spam Report',0),(15,'t_TellFriend','Check This Out!','<bx_include_auto:_email_header.html />\r\n\r\n\r\n<p>I thought you\'d be interested: <a href=\"<Link>\"><Link></a><br />\r\n</p>\r\n\r\n<bx_include_auto:_email_footer.html />','Friend Invitation',0),(16,'t_TellFriendProfile','Look At This Profile','<bx_include_auto:_email_header.html />\r\n\r\n\r\n\r\n<p>Check out this profile: <a href=\"<Link>\"><Link></a></p>\r\n\r\n<bx_include_auto:_email_footer.html />','Email profile to a friend',0),(17,'t_VKiss','Greeting notification','<bx_include_auto:_email_header.html />\r\n\r\n<p><b>Dear <RealName></b>,</p>\r\n\r\n<p><ProfileReference> sent you a greeting!</p>\r\n\r\n<p><ProfileReference> may be interested in you or maybe just wants to say Hello!\r\n</p>\r\n\r\n<bx_include_auto:_email_footer.html />','Greeting notification ',0),(18,'t_VKiss_visitor','Greeting notification','<bx_include_auto:_email_header.html />\r\n\r\n<p><b>Dear <RealName></b>,</p>\r\n\r\n<p>Our site visitor sent you a greeting!</p>\r\n\r\n\r\n<bx_include_auto:_email_footer.html />','Greeting from visitor notification',0),(19,'t_MessageCopy','Copy Of Your Message : <your subject here>','<bx_include_auto:_email_header.html />\r\n\r\n<p>You wrote:</p>\r\n<hr>\r\n<p><your message here></p>\r\n<hr>\r\n\r\n<bx_include_auto:_email_footer.html />','Message copy',0),(20,'t_Subscription','Your Subscription','<bx_include_auto:_email_header.html />\r\n\r\n<p><b>Dear <RealName></b>,</p>\r\n\r\n<p>You subscribed to <a href=\"<ViewLink>\"><Subscription></a></p>\r\n\r\n<p>You may cancel the subscription here: <a href=\"<SysUnsubscribeLink>\"><SysUnsubscribeLink></a></p>\r\n\r\n<bx_include_auto:_email_footer.html />','Subscription confirmation',0),(21,'t_sbsProfileComments','New Profile Comments','<bx_include_auto:_email_header.html />\r\n\r\n <p><b>Dear <RealName></b>,</p>\r\n\r\n<p>Profile you subscribed to got <a href=\"<ViewLink>\">new comments</a>.</p>\r\n\r\n<bx_include_auto:_email_footer.html />','New comments to profile subscription',0),(22,'t_sbsProfileEdit','Subscription: Profile Edited','<bx_include_auto:_email_header.html />\r\n\r\n<p><b>Dear <RealName></b>,</p>\r\n\r\n<p><a href=\"<ViewLink>\">Profile you subscribed to</a> has been updated.</p>\r\n\r\n<bx_include_auto:_email_footer.html />','Profile info subscription.',0),(23,'t_FriendRequest','Friendship Request','<bx_include_auto:_email_header.html />\r\n\r\n    <p><b>Dear <Recipient></b>,</p>\r\n   \r\n    <p><a href=\"<SenderLink>\"><Sender></a> wants to be friends with you. <a href=\"<RequestLink>\">Respond</a>.</p>\r\n    <br /> \r\n    <bx_include_auto:_email_footer.html />','Friendship Request',0),(24,'t_FriendRequestAccepted','Friendship Request Accepted','<bx_include_auto:_email_header.html />\r\n\r\n    <p><b>Dear <Recipient></b>,</p>\r\n    \r\n    <p><a href=\"<SenderLink>\"><Sender></a> accepted your friendship request.</p>\r\n    <br /> \r\n    <bx_include_auto:_email_footer.html />','Friendship Request Accepted',0),(25,'t_SpamReportAuto','<SiteName> Automatic Spam Report','<bx_include_auto:_email_header.html />\r\n\r\n\r\n<b>Profile:</b> <a href=\"<SpammerUrl>\"><SpammerNickName></a><br />\r\n\r\n<b>Page:</b> <Page><br />\r\n\r\n<b>GET variables:</b>\r\n<pre>\r\n<Get>\r\n</pre>\r\n\r\n<b>Spam Content:</b>\r\n<pre>\r\n<SpamContent>\r\n</pre>\r\n\r\n\r\n<bx_include_auto:_email_footer.html />','Automatic spam report',0),(26,'t_ModulesUpdates','<SiteName> Automatic modules updates checker','<bx_include_auto:_email_header.html />\r\n\r\n\r\n<p><b>Dear <RealName></b>,</p>\r\n\r\n<p>The following updates are available:</p>\r\n\r\n<p><MessageText></p>\r\n\r\n<p>If you want to install any of them you need to go to your site\'s admin panel -> Modules -> Add & Manage and click Check For Updates button in Installed Modules block. It will load all available updates.</p>\r\n\r\n\r\n<bx_include_auto:_email_footer.html />','Message to admin about modules updates',0),(27,'bx_events_invitation','Invitation To Event: <EventName>','<bx_include_auto:_email_header.html />\r\n\r\n<p>Hello <NickName>,</p> \r\n\r\n<p><a href=\"<InviterUrl>\"><InviterNickName></a> invited you to this event:</p>\r\n\r\n<hr>\r\n<pre>\r\n<InvitationText>\r\n</pre>\r\n<hr>  \r\n\r\n<p>\r\nEvent Information:<br /> \r\nName: <EventName><br /> \r\nLocation: <EventLocation><br /> \r\nTime: <EventStart><br /> <br />\r\n\r\n<a href=\"<EventUrl>\">More details</a>\r\n</p> \r\n\r\n<bx_include_auto:_email_footer.html />','Event invitation',0),(28,'bx_events_broadcast','<BroadcastTitle>','<bx_include_auto:_email_header.html />\r\n\r\n<p>Hello <NickName>,</p> \r\n\r\n<p><a href=\"<EntryUrl>\"><EntryTitle></a> event admin message:</p> <hr><BroadcastMessage><hr> \r\n\r\n<bx_include_auto:_email_footer.html />','Event Broadcast',0),(29,'bx_events_sbs','Subscription: Event Details Changed','<bx_include_auto:_email_header.html />\r\n\r\n<p>Hello <NickName>,</p> \r\n\r\n<p><a href=\"<ViewLink>\"><EntryTitle></a> event details changed: <br /> <ActionName> </p> \r\n<hr>\r\n<p>Cancel this subscription: <a href=\"<UnsubscribeLink>\"><UnsubscribeLink></a></p>\r\n\r\n<bx_include_auto:_email_footer.html />','Event Subscription',0),(30,'bx_events_join_request','New Request To Join Your Event','<bx_include_auto:_email_header.html />\r\n\r\n<p>Hello <NickName>,</p> \r\n\r\n<p>New request to join your event: <a href=\"<EntryUrl>\"><EntryTitle></a>.</p>\r\n\r\n<bx_include_auto:_email_footer.html />','New join request to an event',0),(31,'bx_events_join_reject','Your Request To Join Event Was Rejected','<bx_include_auto:_email_header.html />\r\n\r\n <p>Hello <NickName>,</p> \r\n\r\n<p>Your request to join <a href=\"<EntryUrl>\"><EntryTitle></a> event was rejected by event admin.</p>\r\n\r\n<bx_include_auto:_email_footer.html />','Request To Join Event Was Rejected',0),(32,'bx_events_join_confirm','Your Request To Join Event Was Approved','<bx_include_auto:_email_header.html />\r\n\r\n<p>Hello <NickName>,</p> \r\n\r\n<p>Congratulations! Your request to join <a href=\"<EntryUrl>\"><EntryTitle></a> event was approved by the event admin.</p>\r\n \r\n<bx_include_auto:_email_footer.html />','Request To Join Event Approved',0),(33,'bx_events_fan_remove','You Were Removed From Event Participants','<bx_include_auto:_email_header.html />\r\n\r\n <p>Hello <NickName>,</p> <p>You were removed from participants of <a href=\"<EntryUrl>\"><EntryTitle></a> event by the event admin.</p> \r\n\r\n<bx_include_auto:_email_footer.html />','Removed From Event Participants',0),(34,'bx_events_fan_become_admin','You Are The Event Admin Now','<bx_include_auto:_email_header.html />\r\n\r\n <p>Hello <NickName>,</p> \r\n<p>You are an admin of <a href=\"<EntryUrl>\"><EntryTitle></a> event now.\r\n</p>\r\n\r\n<bx_include_auto:_email_footer.html />','Event Admin Status Granted',0),(35,'bx_events_admin_become_fan','You Are No Longer The Event Admin','<bx_include_auto:_email_header.html />\r\n\r\n <p>Hello <NickName>,</p> <p>Your admin status was revoked from <a href=\"<EntryUrl>\"><EntryTitle></a> event by the event creator.</p> \r\n\r\n<bx_include_auto:_email_footer.html />','Event admin status revoked.',0),(36,'t_sbsWallUpdates','Subscription: New Timeline Event','<bx_include_auto:_email_header.html />\r\n\r\n<p><b>Dear <RealName></b>,</p>\r\n\r\n<p>\r\nThere was a new update of the Timeline you subscribed to!\r\n</p>\r\n\r\n<p>\r\n<a href=\"<ViewLink>\">View it now</a>\r\n</p>\r\n\r\n<bx_include_auto:_email_footer.html />','Subscription: New Timeline Event',0),(37,'t_bx_photos_share','Check This Out!','<bx_include_auto:_email_header.html />\r\n\r\n<p><b>Hello</b>,</p>\r\n\r\n<p><SenderNickName> shared a <a href=\"<MediaUrl>\"><MediaType></a> with you!</p>\r\n\r\n<hr>\r\n\r\n<UserExplanation>\r\n\r\n<hr>\r\n\r\n<bx_include_auto:_email_footer.html />','Photo sharing',0),(38,'t_bx_photos_report','<SenderNickName> Reported A Photo','<bx_include_auto:_email_header.html />\r\n\r\n<p><a href=\"<MediaUrl>\">Reported <MediaType></a></p>\r\n\r\n<hr>\r\n\r\n<UserExplanation>\r\n\r\n<hr>\r\n\r\n<bx_include_auto:_email_footer.html />','Photo report',0),(39,'t_sbs_bx_photos_comments','New Comments To A Photo','<bx_include_auto:_email_header.html />\r\n\r\n<p><b>Dear <RealName></b>,</p>\r\n\r\n<br /><p>The <a href=\"<ViewLink>\">photo you subscribed to got new comments!</a></p>\r\n\r\n<bx_include_auto:_email_footer.html />','Subscription: new comments to photo',0),(40,'t_sbsFeedbackComments','New Comments To A Feedback Post','<bx_include_auto:_email_header.html />\r\n\r\n<p><b>Dear <RealName></b>,</p>\r\n\r\n<p>The <a href=\"<ViewLink>\">feedback post you subscribed to got new comments</a>!</p>\r\n\r\n<bx_include_auto:_email_footer.html />','Subscription: new comments to feedback',0),(41,'t_sbsNewsComments','New Comments To A News Post','<bx_include_auto:_email_header.html />\r\n\r\n<p><b>Dear <RealName></b>,</p>\r\n\r\n<br /><p>The <a href=\"<ViewLink>\">news post you subscribed to got new comments!</a></p>\r\n\r\n<bx_include_auto:_email_footer.html />','Subscription: new comments to file',0),(42,'t_sbsPollComments','New Comments To A Poll','<bx_include_auto:_email_header.html />\r\n\r\n<p><b>Dear <RealName></b>,</p>\r\n\r\n<p>The <a href=\"<ViewLink>\">poll you subscribed to got new comments</a>!</p>\r\n\r\n<bx_include_auto:_email_footer.html />','Subscription: new comments to poll',0),(43,'t_sbsSitesComments','New Comments To A Site Post','<bx_include_auto:_email_header.html />\r\n\r\n<p><b>Dear <RealName></b>,</p>\r\n\r\n<p>The <a href=\"<ViewLink>\">site you subscribed to got new comments</a>!</p>\r\n\r\n<bx_include_auto:_email_footer.html />','Subscription: new comments to site post',0),(44,'t_sbsAdsComments','New Comments To An Ad','<bx_include_auto:_email_header.html />\r\n\r\n<p><b>Dear <RealName></b>,</p>\r\n\r\n<p>The <a href=\"<ViewLink>\">ad you subscribed to got new comments</a>!</p>\r\n\r\n<bx_include_auto:_email_footer.html />','Subscription: new comments to ad',0),(45,'t_BuyNow','Your Purchase','<bx_include_auto:_email_header.html />\r\n\r\nItem: <a href=\"<ShowAdvLnk>\"><Subject></a><br/><br/>\r\n\r\nSeller name: <NickName><br/>\r\nSeller email: <EmailS><br/><br/>\r\n\r\nBuyer name: <NickNameB><br/>\r\nBuyer email: <EmailB><br/><br/>\r\n\r\nPrice details: <sCustDetails><br/><br/>\r\n\r\nContact the <Who> directly to arrange payment and delivery. \r\n\r\n<bx_include_auto:_email_footer.html />','Purchase notification',0),(46,'t_BuyNowS','Your Item Was Purchased','<bx_include_auto:_email_header.html />\r\n\r\nItem: <a href=\"<ShowAdvLnk>\"><Subject></a><br/><br/>\r\n\r\nSeller name: <NickName><br/>\r\nSeller email: <EmailS><br/><br/>\r\n\r\nBuyer name: <NickNameB><br/>\r\nBuyer email: <EmailB><br/><br/><br/>\r\n\r\nPrice details: <sCustDetails><br/><br/>\r\n\r\nContact the <Who> directly to arrange payment and delivery. \r\n\r\n<bx_include_auto:_email_footer.html />','Seller notification about a purchase',0);

--
-- Table structure for table `sys_fave_list`
--

CREATE TABLE `sys_fave_list` (
  `ID` int(10) unsigned NOT NULL DEFAULT '0',
  `Profile` int(10) unsigned NOT NULL DEFAULT '0',
  `When` timestamp NOT NULL DEFAULT CURRENT_TIMESTAMP ON UPDATE CURRENT_TIMESTAMP,
  UNIQUE KEY `HotPair` (`ID`,`Profile`),
  KEY `ID` (`ID`),
  KEY `Profile` (`Profile`)
) ENGINE=MyISAM DEFAULT CHARSET=utf8;

--
-- Dumping data for table `sys_fave_list`
--


--
-- Table structure for table `sys_friend_list`
--

CREATE TABLE `sys_friend_list` (
  `ID` int(10) unsigned NOT NULL DEFAULT '0',
  `Profile` int(10) unsigned NOT NULL DEFAULT '0',
  `Check` tinyint(2) NOT NULL DEFAULT '0',
  `When` timestamp NOT NULL DEFAULT CURRENT_TIMESTAMP ON UPDATE CURRENT_TIMESTAMP,
  UNIQUE KEY `FriendPair` (`ID`,`Profile`),
  KEY `Profile` (`Profile`)
) ENGINE=MyISAM DEFAULT CHARSET=utf8;

--
-- Dumping data for table `sys_friend_list`
--

INSERT INTO `sys_friend_list` VALUES (2,1,1,'2015-04-08 16:09:45'),(2,3,1,'2015-04-14 03:23:40'),(3,1,1,'2015-04-16 15:42:44');

--
-- Table structure for table `sys_greetings`
--

CREATE TABLE `sys_greetings` (
  `ID` int(10) unsigned NOT NULL DEFAULT '0',
  `Profile` int(10) unsigned NOT NULL DEFAULT '0',
  `Number` smallint(5) unsigned NOT NULL DEFAULT '0',
  `When` date NOT NULL DEFAULT '0000-00-00',
  `New` enum('0','1') NOT NULL DEFAULT '1',
  PRIMARY KEY (`ID`,`Profile`)
) ENGINE=MyISAM DEFAULT CHARSET=utf8;

--
-- Dumping data for table `sys_greetings`
--

INSERT INTO `sys_greetings` VALUES (1,2,1,'2015-04-08','1');

--
-- Table structure for table `sys_injections`
--

CREATE TABLE `sys_injections` (
  `id` int(11) unsigned NOT NULL AUTO_INCREMENT,
  `name` varchar(128) NOT NULL DEFAULT '',
  `page_index` int(11) NOT NULL DEFAULT '0',
  `key` varchar(128) NOT NULL DEFAULT '',
  `type` enum('text','php') NOT NULL DEFAULT 'text',
  `data` text NOT NULL,
  `replace` tinyint(4) NOT NULL DEFAULT '0',
  `active` tinyint(4) NOT NULL DEFAULT '1',
  PRIMARY KEY (`id`)
) ENGINE=MyISAM AUTO_INCREMENT=12 DEFAULT CHARSET=utf8;

--
-- Dumping data for table `sys_injections`
--

INSERT INTO `sys_injections` VALUES (1,'flash_integration',0,'injection_header','php','return getRayIntegrationJS(true);',0,1),(2,'site_search',0,'injection_logo_before','php','return $GLOBALS[\'oFunctions\']->genSiteSearch();',0,1),(3,'site_service_menu',0,'injection_logo_after','php','return $GLOBALS[\'oFunctions\']->genSiteServiceMenu();',0,1),(4,'banner_bottom',0,'banner_bottom','php','return banner_put_nv(4);',0,1),(5,'banner_right',0,'banner_right','php','return banner_put_nv(3);',0,1),(6,'banner_top',0,'banner_top','php','return banner_put_nv(1);',0,1),(7,'banner_left',0,'banner_left','php','return banner_put_nv(2);',0,1),(8,'messenger_invitation',0,'injection_header','php','return BxDolService::call(\'messenger\', \'get_invitation\');',0,1),(9,'bx_simple_messenger_core_init',0,'injection_header','php','return BxDolService::call(\'simple_messenger\', \'get_messenger_core\');',0,1),(10,'bx_logo_tagline',0,'injection_between_logo_top_menu','text','<div>Online Regional Social Network for Single Mothers/Women</div>',0,0),(11,'avatar',5,'injection_logo_after_avatar','php','$aInfo = getProfileInfo();\r\nreturn \'<div class=\"label_thumbnail\">\' . get_member_thumbnail($aInfo[\'ID\'], \"left\", false) . \'</div><div class=\"label_thumb\">\' . _t(\'_Hello member\', $aInfo[\'NickName\']) . \'</div><div class=\"clear_both\"></div>\';',0,1);

--
-- Table structure for table `sys_injections_admin`
--

CREATE TABLE `sys_injections_admin` (
  `id` int(11) unsigned NOT NULL AUTO_INCREMENT,
  `name` varchar(128) NOT NULL DEFAULT '',
  `page_index` int(11) NOT NULL DEFAULT '0',
  `key` varchar(128) NOT NULL DEFAULT '',
  `type` enum('text','php') NOT NULL DEFAULT 'text',
  `data` text NOT NULL,
  `replace` tinyint(4) NOT NULL DEFAULT '0',
  `active` tinyint(4) NOT NULL DEFAULT '1',
  PRIMARY KEY (`id`)
) ENGINE=MyISAM AUTO_INCREMENT=3 DEFAULT CHARSET=utf8;

--
-- Dumping data for table `sys_injections_admin`
--

INSERT INTO `sys_injections_admin` VALUES (1,'flash_integration',0,'injection_header','php','return getRayIntegrationJS();',0,1),(2,'lfa',0,'injection_header','php','return lfa();',0,1);

--
-- Table structure for table `sys_ip_list`
--

CREATE TABLE `sys_ip_list` (
  `ID` int(11) NOT NULL AUTO_INCREMENT,
  `From` int(10) unsigned NOT NULL,
  `To` int(10) unsigned NOT NULL,
  `Type` enum('allow','deny') NOT NULL DEFAULT 'deny',
  `LastDT` int(11) unsigned NOT NULL,
  `Desc` varchar(128) NOT NULL,
  PRIMARY KEY (`ID`),
  KEY `From` (`From`),
  KEY `To` (`To`)
) ENGINE=MyISAM DEFAULT CHARSET=utf8;

--
-- Dumping data for table `sys_ip_list`
--


--
-- Table structure for table `sys_ip_members_visits`
--

CREATE TABLE `sys_ip_members_visits` (
  `ID` int(11) NOT NULL AUTO_INCREMENT,
  `MemberID` int(10) unsigned NOT NULL,
  `From` int(10) unsigned NOT NULL,
  `DateTime` datetime NOT NULL,
  PRIMARY KEY (`ID`),
  KEY `From` (`From`)
) ENGINE=MyISAM AUTO_INCREMENT=62 DEFAULT CHARSET=utf8;

--
-- Dumping data for table `sys_ip_members_visits`
--

INSERT INTO `sys_ip_members_visits` VALUES (1,1,2903073612,'2015-04-07 14:29:02'),(2,2,2722637885,'2015-04-08 15:18:45'),(3,2,2722637885,'2015-04-08 15:23:40'),(4,2,2722637885,'2015-04-08 15:26:05'),(5,2,2722637885,'2015-04-09 14:38:42'),(6,3,2923395480,'2015-04-10 03:58:19'),(7,2,2722637885,'2015-04-13 16:11:24'),(8,2,404930803,'2015-04-15 14:53:05'),(9,3,2923395480,'2015-04-16 14:24:37'),(10,2,2923395480,'2015-04-16 14:30:46'),(11,3,2923395480,'2015-04-18 04:25:14'),(12,1,2722637885,'2015-05-05 01:20:55'),(13,2,2722637885,'2015-05-05 01:24:26'),(14,2,2722637885,'2015-05-05 01:26:39'),(15,2,3478595606,'2015-05-05 19:49:17'),(16,2,2796403229,'2015-05-11 21:17:09'),(17,2,2722637885,'2015-05-13 13:48:36'),(18,2,2706229665,'2015-05-19 14:27:23'),(19,4,2706229665,'2015-05-21 14:22:49'),(20,5,2706229665,'2015-05-21 15:03:08'),(21,6,2706229665,'2015-05-21 15:47:04'),(22,2,2706229665,'2015-05-26 15:39:12'),(23,2,2706229665,'2015-05-26 16:15:16'),(24,3,2923395480,'2015-06-01 13:59:04'),(25,2,2923395480,'2015-06-01 14:06:02'),(26,7,2923395480,'2015-06-01 14:25:50'),(27,8,1222881933,'2015-06-01 23:04:22'),(28,9,404930803,'2015-06-04 17:44:40'),(29,10,404930803,'2015-06-04 17:47:22'),(30,3,2923395480,'2015-07-03 19:33:50'),(31,2,2923395480,'2015-07-03 19:34:06'),(32,11,2923395480,'2015-07-09 19:24:44'),(33,11,2923395480,'2015-07-09 19:26:16'),(34,3,2923395480,'2015-07-10 13:58:59'),(35,11,1222881933,'2015-07-10 17:17:09'),(36,2,2706229731,'2015-07-27 23:27:49'),(37,3,2923395480,'2015-08-11 15:32:02'),(38,3,2923395480,'2015-08-25 17:30:35'),(39,2,2706229731,'2015-08-27 01:38:45'),(40,2,2706229731,'2015-08-27 02:05:00'),(41,12,2706229731,'2015-08-27 02:07:34'),(42,12,2706229731,'2015-08-27 02:11:07'),(43,12,2923333906,'2015-09-02 02:05:40'),(44,3,2923395480,'2015-09-03 14:45:26'),(45,3,2923395480,'2015-09-03 22:59:27'),(46,3,2923395480,'2015-09-04 15:45:54'),(47,12,2923333906,'2015-09-09 19:52:19'),(48,12,2923333906,'2015-09-09 19:59:37'),(49,3,2923395480,'2015-09-10 00:00:12'),(50,3,2923395480,'2015-09-10 15:52:56'),(51,3,2923395480,'2015-09-10 22:09:35'),(52,3,2923395480,'2015-09-11 16:22:30'),(53,12,2923333906,'2015-09-15 21:05:10'),(54,12,2923333906,'2015-09-15 21:06:44'),(55,3,2923395480,'2015-09-16 19:28:33'),(56,13,2923333906,'2015-09-21 21:26:28'),(57,13,2923333906,'2015-09-21 21:26:56'),(58,13,2923333906,'2015-09-21 21:36:55'),(59,13,2923333906,'2015-09-22 01:20:26'),(60,3,2923395480,'2015-09-22 03:06:58'),(61,13,2923333906,'2015-09-22 16:50:30');

--
-- Table structure for table `sys_localization_categories`
--

CREATE TABLE `sys_localization_categories` (
  `ID` int(6) unsigned NOT NULL AUTO_INCREMENT,
  `Name` varchar(255) NOT NULL DEFAULT '',
  PRIMARY KEY (`ID`),
  UNIQUE KEY `Name` (`Name`)
) ENGINE=MyISAM AUTO_INCREMENT=18 DEFAULT CHARSET=utf8;

--
-- Dumping data for table `sys_localization_categories`
--

INSERT INTO `sys_localization_categories` VALUES (1,'System'),(2,'ZIP Code Search'),(4,'Boonex Messenger'),(5,'Boonex Chat'),(6,'Boonex Events'),(7,'Spy'),(8,'Boonex Timeline'),(9,'Boonex Photos'),(10,'Boonex Feedback'),(11,'Boonex News'),(12,'Boonex Page Access Control'),(13,'Boonex Poll'),(14,'Simple messenger'),(15,'Boonex Sites'),(16,'Boonex Ads');

--
-- Table structure for table `sys_localization_keys`
--

CREATE TABLE `sys_localization_keys` (
  `ID` int(10) unsigned NOT NULL AUTO_INCREMENT,
  `IDCategory` int(6) unsigned NOT NULL DEFAULT '0',
  `Key` varchar(255) CHARACTER SET utf8 COLLATE utf8_bin NOT NULL DEFAULT '',
  PRIMARY KEY (`ID`),
  UNIQUE KEY `Key` (`Key`)
) ENGINE=MyISAM AUTO_INCREMENT=3413 DEFAULT CHARSET=utf8;

--
-- Dumping data for table `sys_localization_keys`
--

INSERT INTO `sys_localization_keys` VALUES (1,1,'_ABOUT_US'),(2,1,'_ABOUT_US_H'),(3,1,'_ACTION_EVERY_PERIOD'),(4,1,'_ACTION_LIMIT_REACHED'),(5,1,'_ACTION_NOT_ACTIVE'),(6,1,'_ACTION_NOT_ALLOWED'),(7,1,'_ACTION_NOT_ALLOWED_AFTER'),(8,1,'_ACTION_NOT_ALLOWED_BEFORE'),(9,1,'_ACTIVATION_EMAIL_H'),(10,1,'_ACTIVATION_EMAIL_H1'),(11,1,'_ADM_PROFILE_SEND_MSG'),(12,1,'_ADVICE'),(13,1,'_ADVICE_H'),(14,1,'_ADVICE_H1'),(15,1,'_ALREADY_ACTIVATED'),(16,1,'_ATT_ACTIVE'),(17,1,'_ATT_ACTIVE_E'),(18,1,'_ATT_APPROVAL'),(19,1,'_ATT_APPROVAL_E'),(20,1,'_ATT_REJECTED'),(21,1,'_ATT_REJECTED_E'),(22,1,'_ATT_SUSPENDED'),(23,1,'_ATT_SUSPENDED_E'),(24,1,'_ATT_UNCONFIRMED'),(25,1,'_ATT_UNCONFIRMED_E'),(26,1,'_About'),(27,1,'_About Us'),(28,1,'_Access denied'),(29,1,'_Account'),(30,1,'_Account Home'),(31,1,'_Account Info'),(32,1,'_Action'),(33,1,'_Actions'),(34,1,'_Activate account'),(35,1,'_Active'),(36,1,'_Activity'),(37,1,'_Add Category'),(38,1,'_Add Post'),(39,1,'_Add Your Comment'),(40,1,'_Added'),(41,1,'_Added by'),(42,1,'_Additional information'),(43,1,'_Admin'),(44,1,'_Admin Panel'),(45,1,'_Advice'),(46,1,'_All'),(47,1,'_All Members'),(48,1,'_Allowed Since'),(49,1,'_Allowed Until'),(50,1,'_Allowed actions'),(51,1,'_Anonymous'),(52,1,'_Any'),(53,1,'_Approve'),(54,1,'_April'),(55,1,'_Archive'),(56,1,'_Are you sure?'),(57,1,'_August'),(58,1,'_Auth type'),(59,1,'_Author'),(60,1,'_Away'),(61,1,'_Back'),(62,1,'_Back Invite'),(63,1,'_Basic'),(64,1,'_Befriend'),(65,1,'_Birthdays'),(66,1,'_Block'),(67,1,'_Block list'),(68,1,'_Bookmark'),(69,1,'_BoonEx News'),(70,1,'_Bottom'),(71,1,'_Browse'),(72,1,'_Browse Profiles'),(73,1,'_Busy'),(74,1,'_By'),(75,1,'_By Age'),(76,1,'_By Country'),(77,1,'_By Female'),(78,1,'_By Male'),(79,1,'_By Sex'),(80,1,'_CHANGE_STATUS_H'),(81,1,'_CHANGE_STATUS_H1'),(82,1,'_COMPOSE_H'),(83,1,'_COMPOSE_H1'),(84,1,'_CONTACT'),(85,1,'_CONTACT_H'),(86,1,'_CONTACT_H1'),(87,1,'_Can not delete comments with replies'),(88,1,'_Cancel'),(89,1,'_Cancel_Uploads'),(90,1,'_Captcha check failed'),(91,1,'_Caption'),(92,1,'_Categories'),(93,1,'_CategoriesSettings'),(94,1,'_Category'),(95,1,'_Chat'),(96,1,'_Choose'),(97,1,'_City'),(98,1,'_Click here'),(99,1,'_Click to sort'),(100,1,'_Close'),(101,1,'_Comment Negative'),(102,1,'_Comment Neutral'),(103,1,'_Comment Positive'),(104,1,'_Comments'),(105,1,'_Compose'),(106,1,'_Compose new letter'),(107,1,'_Confirm password'),(108,1,'_Confirm password descr'),(109,1,'_Confirmation code'),(110,1,'_Contact'),(111,1,'_Contact information not sent'),(112,1,'_Contact information sent'),(113,1,'_Contacted'),(114,1,'_Content'),(115,1,'_Continue'),(116,1,'_Control Panel'),(117,1,'_Count'),(118,1,'_Counter'),(119,1,'_Country'),(120,1,'_Couple'),(121,1,'_Couple profile not found'),(122,1,'_Customize'),(123,1,'_DELETE_SUCCESS'),(124,1,'_DELETE_TEXT'),(125,1,'_Dashboard'),(126,1,'_Database Error'),(127,1,'_Date'),(128,1,'_De-Feature it'),(129,1,'_December'),(130,1,'_Delete'),(131,1,'_Delete account'),(132,1,'_Delete image'),(133,1,'_Description'),(134,1,'_Disapprove'),(135,1,'_Download'),(136,1,'_Duplicate vote'),(137,1,'_E-mail'),(138,1,'_E-mail or ID'),(139,1,'_EMAIL_CONF_FAILED_EX'),(140,1,'_EMAIL_CONF_NOT_SENT'),(141,1,'_EMAIL_CONF_SENT'),(142,1,'_EMAIL_CONF_SUCCEEDED'),(143,1,'_ENTER_CONF_CODE'),(144,1,'_ERROR_WHILE_PROCESSING'),(145,1,'_EXPLANATION_H'),(146,1,'_Edit'),(147,1,'_Edit Profile'),(148,1,'_EditProfile'),(149,1,'_Edit_profile_and_settings'),(150,1,'_Email'),(151,1,'_Email confirmation'),(152,1,'_Email confirmation Ex'),(153,1,'_Email sent failed'),(154,1,'_Email was successfully sent'),(155,1,'_Embed'),(156,1,'_Empty'),(157,1,'_Enter Captcha'),(158,1,'_Enter email(s)'),(159,1,'_Enter new URL'),(160,1,'_Enter what you see'),(161,1,'_Error'),(162,1,'_Error Occured'),(163,1,'_Error occured'),(164,1,'_Errors in join form'),(165,1,'_Expiration date'),(166,1,'_Extended'),(167,1,'_FAILED_TO_SEND_MESSAGE'),(168,1,'_FAILED_TO_SEND_MESSAGE_BLOCK'),(169,1,'_FAILED_TO_SEND_MESSAGE_MEMBERSHIP_DISALLOW'),(170,1,'_FAILED_TO_SEND_MESSAGE_NOT_ACTIVE'),(171,1,'_FAQ'),(172,1,'_FAQ_H'),(173,1,'_FAQ_H1'),(174,1,'_FAQ_INFO'),(175,1,'_FORGOT'),(176,1,'_FREEMAIL_ALREADY_SENT'),(177,1,'_FREEMAIL_BLOCK'),(178,1,'_FREEMAIL_ERROR'),(179,1,'_FREEMAIL_H'),(180,1,'_FREEMAIL_NOT_ALLOWED'),(181,1,'_FREEMAIL_NOT_KISSED'),(182,1,'_FREEMAIL_SENT'),(183,1,'_Failed to apply changes'),(184,1,'_Fave'),(185,1,'_Remove Fave'),(186,1,'_Faves'),(187,1,'_Feature it'),(188,1,'_Featured'),(189,1,'_February'),(190,1,'_Female'),(191,1,'_FieldCaption_Admin Controls_View'),(192,1,'_FieldCaption_DateReg_View'),(193,1,'_FieldCaption_General Info_View'),(194,1,'_FieldCaption_Misc_View'),(195,1,'_FieldCaption_Sex_Join'),(196,1,'_FieldCaption_Admin Controls_Edit'),(197,1,'_FieldCaption_Admin Controls_Join'),(198,1,'_FieldCaption_Age_View'),(199,1,'_FieldCaption_Captcha_Join'),(200,1,'_FieldCaption_City_Edit'),(201,1,'_FieldCaption_City_Join'),(202,1,'_FieldCaption_City_Search'),(203,1,'_FieldCaption_City_View'),(204,1,'_FieldCaption_Country_Edit'),(205,1,'_FieldCaption_Country_Join'),(206,1,'_FieldCaption_Country_Search'),(207,1,'_FieldCaption_Country_View'),(208,1,'_FieldCaption_Couple_Join'),(209,1,'_FieldCaption_Couple_Search'),(210,1,'_FieldCaption_DateLastEdit_View'),(211,1,'_FieldCaption_DateLastLogin_View'),(212,1,'_FieldCaption_DateOfBirth_Edit'),(213,1,'_FieldCaption_DateOfBirth_Join'),(214,1,'_FieldCaption_DateOfBirth_Search'),(215,1,'_FieldCaption_DateOfBirth_View'),(216,1,'_FieldCaption_DescriptionMe_Edit'),(217,1,'_FieldCaption_DescriptionMe_Join'),(218,1,'_FieldCaption_DescriptionMe_View'),(219,1,'_FieldCaption_Description_Join'),(220,1,'_FieldCaption_Description_View'),(221,1,'_FieldCaption_Education_Edit'),(222,1,'_FieldCaption_Education_View'),(223,1,'_FieldCaption_EmailNotify_Edit'),(224,1,'_FieldCaption_EmailNotify_Join'),(225,1,'_FieldCaption_Email_Edit'),(226,1,'_FieldCaption_Email_Join'),(227,1,'_FieldCaption_Email_View'),(228,1,'_FieldCaption_Ethnicity_Edit'),(229,1,'_FieldCaption_Ethnicity_View'),(230,1,'_FieldCaption_FavoriteBooks_Edit'),(231,1,'_FieldCaption_FavoriteBooks_View'),(232,1,'_FieldCaption_FavoriteFilms_Edit'),(233,1,'_FieldCaption_FavoriteFilms_View'),(234,1,'_FieldCaption_FavoriteMusic_Edit'),(235,1,'_FieldCaption_FavoriteMusic_View'),(236,1,'_FieldCaption_FavoriteSites_Edit'),(237,1,'_FieldCaption_FavoriteSites_View'),(238,1,'_FieldCaption_Featured_Edit'),(239,1,'_FieldCaption_FirstName_Edit'),(240,1,'_FieldCaption_FirstName_Join'),(241,1,'_FieldCaption_FirstName_View'),(242,1,'_FieldCaption_General Info_Edit'),(243,1,'_FieldCaption_General Info_Join'),(244,1,'_FieldCaption_General Info_Search'),(245,1,'_FieldCaption_Headline_Edit'),(246,1,'_FieldCaption_Headline_Join'),(247,1,'_FieldCaption_Headline_View'),(248,1,'_FieldCaption_Height_Edit'),(249,1,'_FieldCaption_Height_View'),(250,1,'_FieldCaption_Hobbies_Edit'),(251,1,'_FieldCaption_Hobbies_View'),(252,1,'_FieldCaption_ID_Search'),(253,1,'_FieldCaption_ID_View'),(254,1,'_FieldCaption_Income_Edit'),(255,1,'_FieldCaption_Income_View'),(256,1,'_FieldCaption_Interests_Edit'),(257,1,'_FieldCaption_Interests_View'),(258,1,'_FieldCaption_Keyword_Search'),(259,1,'_FieldCaption_LastName_Edit'),(260,1,'_FieldCaption_LastName_Join'),(261,1,'_FieldCaption_LastName_View'),(262,1,'_FieldCaption_Location_Search'),(263,1,'_FieldCaption_LookingFor_Edit'),(264,1,'_FieldCaption_LookingFor_Join'),(265,1,'_FieldCaption_LookingFor_Search'),(266,1,'_FieldCaption_LookingFor_View'),(267,1,'_FieldCaption_Membership_Edit'),(268,1,'_FieldCaption_Misc Info_Edit'),(269,1,'_FieldCaption_Misc Info_Join'),(270,1,'_FieldCaption_Misc Info_Search'),(271,1,'_FieldCaption_Misc Info_View'),(272,1,'_FieldCaption_NickName_Edit'),(273,1,'_FieldCaption_NickName_Join'),(274,1,'_FieldCaption_NickName_Search'),(275,1,'_FieldCaption_NickName_View'),(276,1,'_FieldCaption_Occupation_Edit'),(277,1,'_FieldCaption_Occupation_View'),(278,1,'_FieldCaption_Password_Edit'),(279,1,'_FieldCaption_Password_Join'),(280,1,'_FieldCaption_Profile Type_Join'),(281,1,'_FieldCaption_ProfilePhoto_Join'),(282,1,'_FieldCaption_RelationshipStatus_Edit'),(283,1,'_FieldCaption_RelationshipStatus_View'),(284,1,'_FieldCaption_Religion_Edit'),(285,1,'_FieldCaption_Religion_View'),(286,1,'_FieldCaption_Religious_Edit'),(287,1,'_FieldCaption_Security Image_Join'),(288,1,'_FieldCaption_Sex_Edit'),(289,1,'_FieldCaption_Sex_Search'),(290,1,'_FieldCaption_Sex_View'),(291,1,'_FieldCaption_Status_Edit'),(292,1,'_FieldCaption_Status_View'),(293,1,'_FieldCaption_Tags_Join'),(294,1,'_FieldCaption_Tags_Search'),(295,1,'_FieldCaption_Tags_View'),(296,1,'_FieldCaption_TermsOfUse_Join'),(297,1,'_FieldCaption_Weight_Edit'),(298,1,'_FieldCaption_Weight_View'),(299,1,'_FieldCaption_allow_view_to_Edit'),(300,1,'_FieldCaption_zip_Edit'),(301,1,'_FieldCaption_zip_Join'),(302,1,'_FieldDesc_Sex_Join'),(303,1,'_FieldDesc_Captcha_Join'),(304,1,'_FieldDesc_City_Join'),(305,1,'_FieldDesc_Country_Join'),(306,1,'_FieldDesc_Couple_Join'),(307,1,'_FieldDesc_DateLastEdit_View'),(308,1,'_FieldDesc_DateLastLogin_View'),(309,1,'_FieldDesc_DateOfBirth_Join'),(310,1,'_FieldDesc_DescriptionMe_Join'),(311,1,'_FieldDesc_Education_Edit'),(312,1,'_FieldDesc_Email_Join'),(313,1,'_FieldDesc_Ethnicity_Edit'),(314,1,'_FieldDesc_FavoriteBooks_Edit'),(315,1,'_FieldDesc_FavoriteFilms_Edit'),(316,1,'_FieldDesc_FavoriteMusic_Edit'),(317,1,'_FieldDesc_FavoriteSites_Edit'),(318,1,'_FieldDesc_Featured_Edit'),(319,1,'_FieldDesc_FirstName_Join'),(320,1,'_FieldDesc_Headline_Join'),(321,1,'_FieldDesc_Height_Edit'),(322,1,'_FieldDesc_Hobbies_Edit'),(323,1,'_FieldDesc_ID_View'),(324,1,'_FieldDesc_Income_Edit'),(325,1,'_FieldDesc_Interests_Edit'),(326,1,'_FieldDesc_LastName_Join'),(327,1,'_FieldDesc_LookingFor_Join'),(328,1,'_FieldDesc_Membership_Edit'),(329,1,'_FieldDesc_NickName_Join'),(330,1,'_FieldDesc_Occupation_Edit'),(331,1,'_FieldDesc_Password_Edit'),(332,1,'_FieldDesc_Password_Join'),(333,1,'_FieldDesc_RelationshipStatus_Edit'),(334,1,'_FieldDesc_Religion_Edit'),(335,1,'_FieldDesc_Religious_Edit'),(336,1,'_FieldDesc_Status_Edit'),(337,1,'_FieldDesc_Tags_Join'),(338,1,'_FieldDesc_Weight_Edit'),(339,1,'_FieldDesc_zip_Edit'),(340,1,'_FieldDesc_zip_Join'),(341,1,'_FieldError_City_Mandatory'),(342,1,'_FieldError_City_Max'),(343,1,'_FieldError_City_Min'),(344,1,'_FieldError_Country_Mandatory'),(345,1,'_FieldError_DateOfBirth_Mandatory'),(346,1,'_FieldError_DateOfBirth_Max'),(347,1,'_FieldError_DateOfBirth_Min'),(348,1,'_FieldError_DescriptionMe_Mandatory'),(349,1,'_FieldError_DescriptionMe_Min'),(350,1,'_FieldError_Email_Check'),(351,1,'_FieldError_Email_Mandatory'),(352,1,'_FieldError_Email_Min'),(353,1,'_FieldError_Email_Unique'),(354,1,'_FieldError_FirstName_Mandatory'),(355,1,'_FieldError_FirstName_Max'),(356,1,'_FieldError_FirstName_Min'),(357,1,'_FieldError_Headline_Mandatory'),(358,1,'_FieldError_Headline_Max'),(359,1,'_FieldError_Headline_Min'),(360,1,'_FieldError_LastName_Mandatory'),(361,1,'_FieldError_LastName_Max'),(362,1,'_FieldError_LastName_Min'),(363,1,'_FieldError_NickName_Check'),(364,1,'_FieldError_NickName_Mandatory'),(365,1,'_FieldError_NickName_Max'),(366,1,'_FieldError_NickName_Min'),(367,1,'_FieldError_NickName_Unique'),(368,1,'_FieldError_Password_Mandatory'),(369,1,'_FieldError_Password_Max'),(370,1,'_FieldError_Password_Min'),(371,1,'_FieldError_Sex_Mandatory'),(372,1,'_FieldError_zip_Mandatory'),(373,1,'_FieldError_zip_Max'),(374,1,'_FieldError_zip_Min'),(375,1,'_FieldValues_Active'),(376,1,'_FieldValues_Approval'),(377,1,'_FieldValues_Engaged'),(378,1,'_FieldValues_In a Relationship'),(379,1,'_FieldValues_In an Open Relationship'),(380,1,'_FieldValues_It\'s Complicated'),(381,1,'_FieldValues_Married'),(382,1,'_FieldValues_Rejected'),(383,1,'_FieldValues_Single'),(384,1,'_FieldValues_Suspended'),(385,1,'_FieldValues_Unconfirmed'),(386,1,'_File info was sent'),(387,1,'_First'),(388,1,'_First Person'),(389,1,'_First page'),(390,1,'_First value must be bigger'),(391,1,'_Forgot password?'),(392,1,'_Friend Requests'),(393,1,'_Friend email'),(394,1,'_Friend list'),(395,1,'_Friend was removed'),(396,1,'_FriendRequest'),(397,1,'_Friends'),(398,1,'_Friends of'),(399,1,'_From'),(400,1,'_Get E-mail'),(401,1,'_Go admin panel'),(402,1,'_Greet'),(403,1,'_Greetings'),(404,1,'_Guest'),(405,1,'_HELP'),(406,1,'_HELP_H'),(407,1,'_HELP_H1'),(408,1,'_HTML Block'),(409,1,'_Header'),(410,1,'_Hello member'),(411,1,'_Hide'),(412,1,'_Hide N replies'),(413,1,'_Home'),(414,1,'_I am'),(415,1,'_ID'),(416,1,'_INVALID_PASSWD'),(417,1,'_INVALID_ROLE'),(418,1,'_In'),(419,1,'_Inbox'),(420,1,'_Incorrect Captcha'),(421,1,'_Incorrect Email'),(422,1,'_Info'),(423,1,'_Invite a friend'),(424,1,'_January'),(425,1,'_JOIN_H'),(426,1,'_Join'),(427,1,'_Join complete'),(428,1,'_Join failed'),(429,1,'_Join now'),(430,1,'_July'),(431,1,'_June'),(432,1,'_Keyword'),(433,1,'_Keyword_Search'),(434,1,'_LOGIN_OBSOLETE'),(435,1,'_LOGIN_REQUIRED_AE1'),(436,1,'_LOGIN_REQUIRED_AE2'),(437,1,'_Language'),(438,1,'_Last'),(439,1,'_Last login'),(440,1,'_Last page'),(441,1,'_Latest'),(442,1,'_Latest activity'),(443,1,'_Location'),(444,1,'_Log In'),(445,1,'_Log Out'),(446,1,'_Login'),(447,1,'_LookinFemale'),(448,1,'_LookinMale'),(449,1,'_MEMBERSHIP_EXPIRES_IN_DAYS'),(450,1,'_MEMBERSHIP_EXPIRES_NEVER'),(451,1,'_MEMBERSHIP_EXPIRES_TODAY'),(452,1,'_MEMBERSHIP_UPGRADE_FROM_STANDARD'),(453,1,'_MEMBERS_INVITE_YOU_FRIENDLIST'),(454,1,'_MEMBERS_YOU_BLOCKLISTED'),(455,1,'_MEMBERS_YOU_BLOCKLISTED_BY'),(456,1,'_MEMBERS_YOU_HOTLISTED'),(457,1,'_MEMBERS_YOU_HOTLISTED_BY'),(458,1,'_MEMBERS_YOU_INVITED_FRIENDLIST'),(459,1,'_MEMBERS_YOU_KISSED'),(460,1,'_MEMBERS_YOU_KISSED_BY'),(461,1,'_MEMBER_NOT_RECOGNIZED'),(462,1,'_MEMBER_RECOGNIZED_MAIL_NOT_SENT'),(463,1,'_MEMBER_RECOGNIZED_MAIL_SENT'),(464,1,'_MESSAGE_SENT'),(465,1,'_Mail'),(466,1,'_Mail box'),(467,1,'_Mailbox'),(468,1,'_Mailbox description empty'),(469,1,'_Mailbox recipient empty'),(470,1,'_Mailbox title empty'),(471,1,'_Main'),(472,1,'_Male'),(473,1,'_Map'),(474,1,'_March'),(475,1,'_Mark as New'),(476,1,'_Mark as old'),(477,1,'_Match'),(478,1,'_May'),(479,1,'_Member'),(480,1,'_Member Friends'),(481,1,'_Member Friends Mutual'),(482,1,'_Member Friends Requests'),(483,1,'_Member Login'),(484,1,'_Member Profile'),(485,1,'_Member menu position'),(486,1,'_Members'),(487,1,'_Members_adm_stats'),(488,1,'_Membership2'),(489,1,'_Membership_current'),(490,1,'_Membership_days'),(491,1,'_Membership_days_info'),(492,1,'_Membership_name'),(493,1,'_Membership_name_err_empty'),(494,1,'_Membership_save'),(495,1,'_Membership_save_err_saved'),(496,1,'_Membership_save_msg_saved'),(497,1,'_Membership_starts'),(498,1,'_Message'),(499,1,'_Message text'),(500,1,'_Messages'),(501,1,'_More actions'),(502,1,'_Mutual Friends'),(503,1,'_My Account'),(504,1,'_My Email'),(505,1,'_My Friends'),(506,1,'_My contacts'),(507,1,'_N point'),(508,1,'_N points'),(509,1,'_N times'),(510,1,'_NO_NEED_TO_CONFIRM_EMAIL'),(511,1,'_Name'),(512,1,'_Name is required'),(513,1,'_New Post'),(514,1,'_News'),(515,1,'_Next'),(516,1,'_Next page'),(517,1,'_NickName'),(518,1,'_No'),(519,1,'_No member specified'),(520,1,'_No such comment'),(521,1,'_None'),(522,1,'_Notify by e-mail'),(523,1,'_November'),(524,1,'_Now online'),(525,1,'_OUR_SERV'),(526,1,'_October'),(527,1,'_Offline'),(528,1,'_Online'),(529,1,'_Online Friends'),(530,1,'_Order by'),(531,1,'_Outbox'),(532,1,'_Overview'),(533,1,'_PRIVACY'),(534,1,'_PRIVACY_H'),(535,1,'_PRIVACY_H1'),(536,1,'_PROFILE_CANT_ACTIVATE/SUSPEND'),(537,1,'_PROFILE_CAN_ACTIVATE'),(538,1,'_PROFILE_CAN_SUSPEND'),(539,1,'_PROFILE_CONFIRM'),(540,1,'_PROFILE_ERR'),(541,1,'_PROFILE_NOT_AVAILABLE'),(542,1,'_Page'),(543,1,'_Page URI'),(544,1,'_Page title'),(545,1,'_Password'),(546,1,'_Password confirmation failed'),(547,1,'_Password retrieval'),(548,1,'_People'),(549,1,'_People_Calendar'),(550,1,'_People_Search'),(551,1,'_Period_hours'),(552,1,'_Phone'),(553,1,'_Picture'),(554,1,'_Please Wait'),(555,1,'_Please enter 3-2048 characters'),(556,1,'_Please specify image file'),(557,1,'_Please, select at least one message'),(558,1,'_Please_Select_'),(559,1,'_Popular'),(560,1,'_Post'),(561,1,'_Presence'),(562,1,'_Preview'),(563,1,'_Previous page'),(564,1,'_Privacy'),(565,1,'_Profile'),(566,1,'_Profile NA'),(567,1,'_Profile Not found'),(568,1,'_Profile Not found Ex'),(569,1,'_Profile activation failed'),(570,1,'_Profile info'),(571,1,'_Profile not found'),(572,1,'_Profile not specified'),(573,1,'_Profile status'),(574,1,'_ProfilePhotos'),(575,1,'_Profiles'),(576,1,'_Quick Links'),(577,1,'_Quick Search'),(578,1,'_RECOGNIZED'),(579,1,'_RESULT-1_A'),(580,1,'_RESULT-1_D'),(581,1,'_RESULT-1_H'),(582,1,'_RESULT0'),(583,1,'_RESULT0_H'),(584,1,'_RESULT1000'),(585,1,'_RESULT1_DESC'),(586,1,'_RESULT1_H'),(587,1,'_RESULT1_THANK'),(588,1,'_RESULT2DESC'),(589,1,'_RSS'),(590,1,'_RSS Feed'),(591,1,'_RSS_Feed_Title_Common'),(592,1,'_RSS_Feed_Title_Profile'),(593,1,'_Random'),(594,1,'_Rate'),(595,1,'_Read'),(596,1,'_Read more'),(597,1,'_Recipient'),(598,1,'_Recognized'),(599,1,'_Record Your Comment'),(600,1,'_Refresh'),(601,1,'_Registration'),(602,1,'_Remember password'),(603,1,'_Remove'),(604,1,'_Remove friend'),(605,1,'_Reply'),(606,1,'_Reply as text'),(607,1,'_Reply as video'),(608,1,'_Reply to this comment'),(609,1,'_Report'),(610,1,'_Report Spam'),(611,1,'_Report about spam failed to sent'),(612,1,'_Report about spam was sent'),(613,1,'_Reset'),(614,1,'_Restore'),(615,1,'_Results'),(616,1,'_Results per page'),(617,1,'_Retrieve my information'),(618,1,'_SEARCH_RESULT_H'),(619,1,'_SEND_MESSAGE'),(620,1,'_SEND_MSG_TO'),(621,1,'_SERV_DESC'),(622,1,'_SUBSCRIBE_TEXT'),(623,1,'_Save'),(624,1,'_Save Changes'),(625,1,'_Save profile successful'),(626,1,'_Saved'),(627,1,'_Search'),(628,1,'_Search...'),(629,1,'_Search profiles'),(630,1,'_Search result'),(631,1,'_Search_Home'),(632,1,'_Second Person'),(633,1,'_Section'),(634,1,'_Select'),(635,1,'_Select all'),(636,1,'_Select file'),(637,1,'_Select_all'),(638,1,'_Send'),(639,1,'_Send Letter'),(640,1,'_Send Message'),(641,1,'_Send copy to my personal email'),(642,1,'_Send copy to personal email'),(643,1,'_Send virtual kiss'),(644,1,'_SendLetter'),(645,1,'_Sent'),(646,1,'_Sent you a'),(647,1,'_September'),(648,1,'_Settings'),(649,1,'_Share'),(650,1,'_Show'),(651,1,'_Show N replies'),(652,1,'_Simple'),(653,1,'_Single'),(654,1,'_Site Stats'),(655,1,'_Sorry, your IP been banned'),(656,1,'_Spam report'),(657,1,'_Start date'),(658,1,'_Static'),(659,1,'_Status'),(660,1,'_Status Message'),(661,1,'_SubCategory is required'),(662,1,'_Subject'),(663,1,'_Submit'),(664,1,'_Submit Comment'),(665,1,'_Subscribe'),(666,1,'_Subscribe_block_caption'),(667,1,'_Subscribers'),(668,1,'_Success'),(669,1,'_Suspend account'),(670,1,'_Suspended'),(671,1,'_TELLAFRIEND'),(672,1,'_TELLAFRIEND2'),(673,1,'_TERMS_OF_USE'),(674,1,'_TERMS_OF_USE_H'),(675,1,'_TERMS_OF_USE_H1'),(676,1,'_Tag'),(677,1,'_Tags'),(678,1,'_Tags_desc'),(679,1,'_Tell a friend'),(680,1,'_Template'),(681,1,'_Terms_of_use'),(682,1,'_Text'),(683,1,'_There are no comments yet'),(684,1,'_Thumb Down'),(685,1,'_Thumb Up'),(686,1,'_Times allowed'),(687,1,'_Title'),(688,1,'_To'),(689,1,'_Top'),(690,1,'_Top Rated'),(691,1,'_Trash'),(692,1,'_Type'),(693,1,'_URL'),(694,1,'_USER_ACTIVATION_SUCCEEDED'),(695,1,'_USER_CONF_SUCCEEDED'),(696,1,'_Unconfirmed'),(697,1,'_Unblock'),(698,1,'_Unread'),(699,1,'_Unregister'),(700,1,'_User was added to block list'),(701,1,'_User was added to favourites'),(702,1,'_User was removed from favourites'),(703,1,'_User was added to friend list'),(704,1,'_User was invited to friend list'),(705,1,'_User was removed from block list'),(706,1,'_VIEW_MEMBERSHIP_ACTIONS'),(707,1,'_VKISS_BAD'),(708,1,'_VKISS_BAD_COUSE_A3'),(709,1,'_VKISS_BAD_COUSE_B'),(710,1,'_VKISS_BAD_COUSE_C'),(711,1,'_VKISS_BAD_COUSE_X'),(712,1,'_VKISS_BAD_COUSE_Y'),(713,1,'_VKISS_OK'),(714,1,'_Vacant'),(715,1,'_View'),(716,1,'_View All'),(717,1,'_View friends'),(718,1,'_Views'),(719,1,'_Visitor'),(720,1,'_Why join'),(721,1,'_With photos only'),(722,1,'_With status'),(723,1,'_World_Map'),(724,1,'_XX match'),(725,1,'_YOUR PROFILE_IS_NOT_ACTIVE'),(726,1,'_Yes'),(727,1,'_You are'),(728,1,'_You cannot edit this profile'),(729,1,'_You have blocked by this profile'),(730,1,'_You have to wait for PERIOD minutes before you can write another message!'),(731,1,'_You must agree with terms of use'),(732,1,'_You need to select the mood'),(733,1,'_Your email'),(734,1,'_Your name'),(735,1,'_add'),(736,1,'_adm_admtools_Audit'),(737,1,'_adm_admtools_Bad_files'),(738,1,'_adm_admtools_Current_level'),(739,1,'_adm_admtools_Desired_level'),(740,1,'_adm_admtools_Directories'),(741,1,'_adm_admtools_Elements'),(742,1,'_adm_admtools_Executable'),(743,1,'_adm_admtools_Files'),(744,1,'_adm_admtools_Flash'),(745,1,'_adm_admtools_modules_dirs'),(746,1,'_adm_admtools_modules_files'),(747,1,'_adm_admtools_Non_Executable'),(748,1,'_adm_admtools_Non_Writable'),(749,1,'_adm_admtools_Not_Exists'),(750,1,'_adm_admtools_Only_bad_files'),(751,1,'_adm_admtools_Perm_description'),(752,1,'_adm_admtools_Permissions'),(753,1,'_adm_admtools_Writable'),(754,1,'_adm_admtools_cache_engines'),(755,1,'_adm_admtools_phpinfo'),(756,1,'_adm_admtools_title'),(757,1,'_adm_ambuilder_Big_Icon'),(758,1,'_adm_ambuilder_Check'),(759,1,'_adm_ambuilder_Check_desc'),(760,1,'_adm_ambuilder_Icon'),(761,1,'_adm_ambuilder_Small_Icon'),(762,1,'_adm_ambuilder_title'),(763,1,'_adm_at_title'),(764,1,'_adm_bann_Bottom'),(765,1,'_adm_bann_HShift'),(766,1,'_adm_bann_Insert_as_new'),(767,1,'_adm_bann_Left'),(768,1,'_adm_bann_Position_on_the_page'),(769,1,'_adm_bann_Right'),(770,1,'_adm_bann_Top'),(771,1,'_adm_bann_VShift'),(772,1,'_adm_bann_clicks'),(773,1,'_adm_bann_clicks_chart'),(774,1,'_adm_bann_impressions'),(775,1,'_adm_bann_title'),(776,1,'_adm_bmbuilder_box_title'),(777,1,'_adm_bmbuilder_page_title'),(778,1,'_adm_box_cpt_admin_password'),(779,1,'_adm_box_cpt_available_updates'),(780,1,'_adm_box_cpt_boonex_news'),(781,1,'_adm_box_cpt_charts'),(782,1,'_adm_box_cpt_content'),(783,1,'_adm_box_cpt_design_templates'),(784,1,'_adm_box_cpt_email_templates'),(785,1,'_adm_box_cpt_help'),(786,1,'_adm_box_cpt_fapps'),(787,1,'_adm_box_cpt_featured_modules'),(788,1,'_adm_box_cpt_installed_modules'),(789,1,'_adm_box_cpt_lang_available'),(790,1,'_adm_box_cpt_lang_edit_language'),(791,1,'_adm_box_cpt_lang_files'),(792,1,'_adm_box_cpt_lang_key'),(793,1,'_adm_box_cpt_license'),(794,1,'_adm_box_cpt_logo'),(795,1,'_adm_box_cpt_mlevel_action'),(796,1,'_adm_box_cpt_mlevel_actions'),(797,1,'_adm_box_cpt_mlevel_memberships'),(798,1,'_adm_box_cpt_mlevel_prices'),(799,1,'_adm_box_cpt_mp_controls'),(800,1,'_adm_box_cpt_mp_members'),(801,1,'_adm_box_cpt_not_installed_modules'),(802,1,'_adm_box_cpt_operation_results'),(803,1,'_adm_box_cpt_pvalues_manage'),(804,1,'_adm_box_cpt_settings_advanced'),(805,1,'_adm_box_cpt_settings_main'),(806,1,'_adm_box_cpt_splash'),(807,1,'_adm_box_cpt_upload'),(808,1,'_adm_btn_Column'),(809,1,'_adm_btn_Create_page'),(810,1,'_adm_btn_Go'),(811,1,'_adm_btn_add_column'),(812,1,'_adm_btn_add_page'),(813,1,'_adm_btn_email_save'),(814,1,'_adm_btn_lang_import'),(815,1,'_adm_btn_lang_save'),(816,1,'_adm_btn_login_login'),(817,1,'_adm_btn_mlevels_add'),(818,1,'_adm_btn_mlevels_add_price'),(819,1,'_adm_btn_mlevels_delete'),(820,1,'_adm_btn_mlevels_disable'),(821,1,'_adm_btn_mlevels_enable'),(822,1,'_adm_btn_mlevels_save'),(823,1,'_adm_btn_modules_delete'),(824,1,'_adm_btn_modules_install'),(825,1,'_adm_btn_modules_recompile_languages'),(826,1,'_adm_btn_modules_uninstall'),(827,1,'_adm_btn_modules_update'),(828,1,'_adm_btn_mp_activate'),(829,1,'_adm_btn_mp_ban'),(830,1,'_adm_btn_mp_browse'),(831,1,'_adm_btn_mp_calendar'),(832,1,'_adm_btn_mp_confirm'),(833,1,'_adm_btn_mp_deactivate'),(834,1,'_adm_btn_mp_delete'),(835,1,'_adm_btn_mp_delete_spammer'),(836,1,'_adm_btn_mp_extended'),(837,1,'_adm_btn_mp_geeky'),(838,1,'_adm_btn_mp_qlinks'),(839,1,'_adm_btn_mp_search'),(840,1,'_adm_btn_mp_simple'),(841,1,'_adm_btn_mp_tags'),(842,1,'_adm_btn_mp_unban'),(843,1,'_adm_btn_ms_delete'),(844,1,'_adm_btn_settings_save'),(845,1,'_adm_btn_settings_upload'),(846,1,'_adm_btn_settings_delete'),(847,1,'_adm_charts_date_from'),(848,1,'_adm_charts_date_to'),(849,1,'_adm_charts_select'),(850,1,'_adm_dbtools_Backup_content'),(851,1,'_adm_dbtools_Backup_database'),(852,1,'_adm_dbtools_Backup_structure'),(853,1,'_adm_dbtools_Backup_structure_content'),(854,1,'_adm_dbtools_Backup_table'),(855,1,'_adm_dbtools_Choose_operation'),(856,1,'_adm_dbtools_Choose_operation_and_table'),(857,1,'_adm_dbtools_Data_succefully_restored_from_PC'),(858,1,'_adm_dbtools_Data_succefully_restored_from_dump'),(859,1,'_adm_dbtools_Database_backup_tools'),(860,1,'_adm_dbtools_Database_restore'),(861,1,'_adm_dbtools_Database_restore_from_your_PC'),(862,1,'_adm_dbtools_Delete_dump_from_server'),(863,1,'_adm_dbtools_Dump_file_succefully_deleted'),(864,1,'_adm_dbtools_Please_select_correct_dump_file'),(865,1,'_adm_dbtools_Please_select_dump_file'),(866,1,'_adm_dbtools_Restore_data_from_dump'),(867,1,'_adm_dbtools_Save_to_server'),(868,1,'_adm_dbtools_Save_to_your_PC'),(869,1,'_adm_dbtools_Show_on_the_screen'),(870,1,'_adm_dbtools_Tables_backup_tools'),(871,1,'_adm_dbtools_succ_dumped_into_file'),(872,1,'_adm_dbtools_title'),(873,1,'_adm_dsc_settings_splash_editor'),(874,1,'_adm_fields_admin'),(875,1,'_adm_fields_advanced'),(876,1,'_adm_fields_advanced_search'),(877,1,'_adm_fields_box_cpt_field'),(878,1,'_adm_fields_box_title'),(879,1,'_adm_fields_caption_desc'),(880,1,'_adm_fields_check_error_message'),(881,1,'_adm_fields_check_error_message_desc'),(882,1,'_adm_fields_default_value'),(883,1,'_adm_fields_default_value_desc'),(884,1,'_adm_fields_delete_item_desc'),(885,1,'_adm_fields_description_desc'),(886,1,'_adm_fields_edit_profile'),(887,1,'_adm_fields_error_field_cannot_be_deleted'),(888,1,'_adm_fields_error_field_not_found'),(889,1,'_adm_fields_error_i_dont_know_this_control_type'),(890,1,'_adm_fields_error_i_dont_know_this_type'),(891,1,'_adm_fields_error_name_already_exists'),(892,1,'_adm_fields_error_name_latin'),(893,1,'_adm_fields_error_you_entered_incorrect_link'),(894,1,'_adm_fields_error_you_entered_incorrect_value'),(895,1,'_adm_fields_error_you_must_enter_caption'),(896,1,'_adm_fields_error_you_must_enter_name'),(897,1,'_adm_fields_error_you_must_enter_values'),(898,1,'_adm_fields_general'),(899,1,'_adm_fields_join_form'),(900,1,'_adm_fields_join_page'),(901,1,'_adm_fields_loading'),(902,1,'_adm_fields_mandatory'),(903,1,'_adm_fields_mandatory_desc'),(904,1,'_adm_fields_mandatory_error_message'),(905,1,'_adm_fields_mandatory_error_message_desc'),(906,1,'_adm_fields_match_percent'),(907,1,'_adm_fields_match_percent_desc'),(908,1,'_adm_fields_match_with_field'),(909,1,'_adm_fields_match_with_field_desc'),(910,1,'_adm_fields_matching'),(911,1,'_adm_fields_maximum_exceed_error_message'),(912,1,'_adm_fields_maximum_exceed_error_message_desc'),(913,1,'_adm_fields_maximum_value'),(914,1,'_adm_fields_maximum_value_desc'),(915,1,'_adm_fields_member'),(916,1,'_adm_fields_messages'),(917,1,'_adm_fields_minimum_exceed_error_message'),(918,1,'_adm_fields_minimum_exceed_error_message_desc'),(919,1,'_adm_fields_minimum_value'),(920,1,'_adm_fields_minimum_value_desc'),(921,1,'_adm_fields_multiple_selector_control'),(922,1,'_adm_fields_multiple_selector_control_desc'),(923,1,'_adm_fields_mutual_couple_fields'),(924,1,'_adm_fields_mutual_couple_fields_desc'),(925,1,'_adm_fields_name_desc'),(926,1,'_adm_fields_non_unique_error_message'),(927,1,'_adm_fields_non_unique_error_message_desc'),(928,1,'_adm_fields_owner'),(929,1,'_adm_fields_possible_values'),(930,1,'_adm_fields_possible_values_desc'),(931,1,'_adm_fields_quick_search'),(932,1,'_adm_fields_search_in_fields'),(933,1,'_adm_fields_search_in_fields_desc'),(934,1,'_adm_fields_search_profiles'),(935,1,'_adm_fields_selector_control'),(936,1,'_adm_fields_selector_control_desc'),(937,1,'_adm_fields_simple_search'),(938,1,'_adm_fields_title'),(939,1,'_adm_fields_unique'),(940,1,'_adm_fields_unique_desc'),(941,1,'_adm_fields_used_lang_key'),(942,1,'_adm_fields_used_lang_key_desc'),(943,1,'_adm_fields_view_profile'),(944,1,'_adm_fields_visitor'),(945,1,'_adm_fields_warning_field_not_found'),(946,1,'_adm_fields_warning_item_not_found'),(947,1,'_adm_ipbl_Date_of_finish'),(948,1,'_adm_ipbl_IP_Role'),(949,1,'_adm_ipbl_Stored_members_caption'),(950,1,'_adm_ipbl_manage'),(951,1,'_adm_ipbl_sample'),(952,1,'_adm_ipbl_title'),(953,1,'_adm_ipbl_Type0_desc'),(954,1,'_adm_ipbl_Type1_desc'),(955,1,'_adm_ipbl_Type2_desc'),(956,1,'_adm_license_trial_copy_login_text'),(957,1,'_adm_license_note_permanent'),(958,1,'_adm_license_note_unregistered'),(959,1,'_adm_license_continue'),(960,1,'_adm_license_popup_continue'),(961,1,'_adm_license_popup_license'),(962,1,'_adm_license_popup_note'),(963,1,'_adm_license_popup_or'),(964,1,'_adm_license_popup_register'),(965,1,'_adm_license_register'),(966,1,'_adm_license_register_new'),(967,1,'_adm_license_unregistered'),(968,1,'_adm_license_warning'),(969,1,'_adm_mbuilder_All_Items'),(970,1,'_adm_mbuilder_Could_not_delete_the_item'),(971,1,'_adm_mbuilder_Default_Name'),(972,1,'_adm_mbuilder_Item_ID_not_specified'),(973,1,'_adm_mbuilder_Item_is_non_deletable'),(974,1,'_adm_mbuilder_Item_is_non_editable'),(975,1,'_adm_mbuilder_Item_not_found'),(976,1,'_adm_mbuilder_Language_Key'),(977,1,'_adm_mbuilder_New'),(978,1,'_adm_mbuilder_Quick_Link'),(979,1,'_adm_mbuilder_Same'),(980,1,'_adm_mbuilder_Sorry_could_not_insert_object'),(981,1,'_adm_mbuilder_System_Name'),(982,1,'_adm_mbuilder_Target_Window'),(983,1,'_adm_mbuilder_This_items_are_non_editable'),(984,1,'_adm_mbuilder_Visible_for'),(985,1,'_adm_mbuilder_active_items'),(986,1,'_adm_mbuilder_all_items'),(987,1,'_adm_mbuilder_edit_item'),(988,1,'_adm_mbuilder_icon'),(989,1,'_adm_mbuilder_inactive_items'),(990,1,'_adm_mbuilder_legend'),(991,1,'_adm_mbuilder_legend_custom'),(992,1,'_adm_mbuilder_legend_inact'),(993,1,'_adm_mbuilder_legend_system'),(994,1,'_adm_mbuilder_legend_top'),(995,1,'_adm_mbuilder_script'),(996,1,'_adm_mbuilder_title'),(997,1,'_adm_mbuilder_title_box'),(998,1,'_adm_mmail_Age'),(999,1,'_adm_mmail_All_Messages'),(1000,1,'_adm_mmail_Body'),(1001,1,'_adm_mmail_Cupid_mails_status'),(1002,1,'_adm_mmail_Email_message'),(1003,1,'_adm_mmail_Email_not_added_to_queue_X'),(1004,1,'_adm_mmail_Empty_Queue'),(1005,1,'_adm_mmail_Failed_to_queue_emails_X'),(1006,1,'_adm_mmail_Message_was_deleted'),(1007,1,'_adm_mmail_Message_was_not_deleted'),(1008,1,'_adm_mmail_Queue_empty'),(1009,1,'_adm_mmail_Queue_emptying_failed'),(1010,1,'_adm_mmail_Queue_message'),(1011,1,'_adm_mmail_Queue_status'),(1012,1,'_adm_mmail_Send_to_members'),(1013,1,'_adm_mmail_Send_to_members_info'),(1014,1,'_adm_mmail_Send_to_subscribers'),(1015,1,'_adm_mmail_Text_email_body'),(1016,1,'_adm_mmail_X_emails_was_succ_added_to_queue'),(1017,1,'_adm_mmail_emails'),(1018,1,'_adm_mmail_mails_in_queue'),(1019,1,'_adm_mmail_no_emails_in_queue'),(1020,1,'_adm_mmail_title'),(1021,1,'_adm_mmi_admin_menu'),(1022,1,'_adm_mmi_admin_password'),(1023,1,'_adm_mmi_advanced_settings'),(1024,1,'_adm_mmi_antispam'),(1025,1,'_adm_mmi_banners'),(1026,1,'_adm_mmi_basic_settings'),(1027,1,'_adm_mmi_bottom_menu'),(1028,1,'_adm_mmi_builders'),(1029,1,'_adm_mmi_cache'),(1030,1,'_adm_mmi_categories_settings'),(1031,1,'_adm_mmi_dashboard'),(1032,1,'_adm_mmi_database_backup'),(1033,1,'_adm_mmi_email_templates'),(1034,1,'_adm_mmi_flash_apps'),(1035,1,'_adm_mmi_host_tools'),(1036,1,'_adm_mmi_ip_blacklist'),(1037,1,'_adm_mmi_languages_settings'),(1038,1,'_adm_mmi_license'),(1039,1,'_adm_mmi_manage_modules'),(1040,1,'_adm_mmi_mass_mailer'),(1041,1,'_adm_mmi_member_menu'),(1042,1,'_adm_mmi_membership_levels'),(1043,1,'_adm_mmi_mobile_pages'),(1044,1,'_adm_mmi_modules'),(1045,1,'_adm_mmi_navigation_menu'),(1046,1,'_adm_mmi_pages_blocks'),(1047,1,'_adm_mmi_predefined_values'),(1048,1,'_adm_mmi_profile_fields'),(1049,1,'_adm_mmi_service_menu'),(1050,1,'_adm_mmi_settings'),(1051,1,'_adm_mmi_sitemap'),(1052,1,'_adm_mmi_templates'),(1053,1,'_adm_mmi_tools'),(1054,1,'_adm_mmi_users'),(1055,1,'_adm_mmi_watermark'),(1056,1,'_adm_mobile_builder_cont_active'),(1057,1,'_adm_mobile_builder_cont_inactive'),(1058,1,'_adm_mobile_builder_title'),(1059,1,'_adm_mobile_page_homepage'),(1060,1,'_adm_mobile_page_profile'),(1061,1,'_adm_mobile_page_search'),(1062,1,'_adm_page_cpt_dashboard'),(1063,1,'_adm_page_cpt_email_templates'),(1064,1,'_adm_page_cpt_fapps'),(1065,1,'_adm_page_cpt_lang_file'),(1066,1,'_adm_page_cpt_license'),(1067,1,'_adm_page_cpt_login'),(1068,1,'_adm_page_cpt_manage_members'),(1069,1,'_adm_page_cpt_manage_modules'),(1070,1,'_adm_page_cpt_manage_subscribers'),(1071,1,'_adm_page_cpt_memb_levels'),(1072,1,'_adm_page_cpt_pvalues_manage'),(1073,1,'_adm_page_cpt_settings'),(1074,1,'_adm_page_cpt_settings_advanced'),(1075,1,'_adm_page_cpt_settings_basic'),(1076,1,'_adm_pbuilder_Add_column'),(1077,1,'_adm_pbuilder_Block'),(1078,1,'_adm_pbuilder_Caption_Cache'),(1079,1,'_adm_pbuilder_Caption_Lang_Key'),(1080,1,'_adm_pbuilder_Column_delete_confirmation'),(1081,1,'_adm_pbuilder_Column_non_enough_width_warn'),(1082,1,'_adm_pbuilder_Create_new_page'),(1083,1,'_adm_pbuilder_HTML_Block'),(1084,1,'_adm_pbuilder_Info_Cache'),(1085,1,'_adm_pbuilder_Number_RSS_items'),(1086,1,'_adm_pbuilder_Profile_Fields'),(1087,1,'_adm_pbuilder_RSS_Feed'),(1088,1,'_adm_pbuilder_Reset_page_warning'),(1089,1,'_adm_pbuilder_Special_Block'),(1090,1,'_adm_pbuilder_This_block_has_no_properties'),(1091,1,'_adm_pbuilder_Url_of_RSS_feed'),(1092,1,'_adm_pbuilder_Want_to_delete'),(1093,1,'_adm_pbuilder_XML_Block'),(1094,1,'_adm_pbuilder_XML_path'),(1095,1,'_adm_pbuilder_box_title'),(1096,1,'_adm_pbuilder_title'),(1097,1,'_adm_pbuilder_title_info'),(1098,1,'_adm_pbuilder_uri_info'),(1099,1,'_adm_pvalues_help_value'),(1100,1,'_adm_pvalues_help_lkey'),(1101,1,'_adm_pvalues_help_lkey2'),(1102,1,'_adm_pvalues_help_lkey3'),(1103,1,'_adm_pvalues_help_extra'),(1104,1,'_adm_pvalues_help_extra2'),(1105,1,'_adm_pvalues_help_extra3'),(1106,1,'_adm_pvalues_msg_enter_list_name'),(1107,1,'_adm_pvalues_msg_enter_correct_name'),(1108,1,'_adm_pvalues_txt_select_list'),(1109,1,'_adm_pvalues_txt_move_up'),(1110,1,'_adm_pvalues_txt_move_down'),(1111,1,'_adm_pvalues_txt_create_new'),(1112,1,'_adm_pvalues_txt_add_record'),(1113,1,'_adm_smbuilder_box_title'),(1114,1,'_adm_smbuilder_page_title'),(1115,1,'_adm_tmi_extensions'),(1116,1,'_adm_tmi_home'),(1117,1,'_adm_tmi_info'),(1118,1,'_adm_tmi_logout'),(1119,1,'_adm_txt_cache'),(1120,1,'_adm_txt_clear_cache'),(1121,1,'_adm_txt_dashboard_cache'),(1122,1,'_adm_txt_dashboard_cache_all'),(1123,1,'_adm_txt_dashboard_cache_clean_failed'),(1124,1,'_adm_txt_dashboard_cache_clean_success'),(1125,1,'_adm_txt_dashboard_cache_css'),(1126,1,'_adm_txt_dashboard_cache_db'),(1127,1,'_adm_txt_dashboard_cache_js'),(1128,1,'_adm_txt_dashboard_cache_member_menu'),(1129,1,'_adm_txt_dashboard_cache_pb'),(1130,1,'_adm_txt_dashboard_cache_template'),(1131,1,'_adm_txt_dashboard_cache_users'),(1132,1,'_adm_txt_dashboard_help'),(1133,1,'_adm_txt_dashboard_help_dont_show'),(1134,1,'_adm_txt_dashboard_update_now'),(1135,1,'_adm_txt_dashboard_update_to'),(1136,1,'_adm_txt_default'),(1137,1,'_adm_txt_email_body'),(1138,1,'_adm_txt_email_language'),(1139,1,'_adm_txt_email_list'),(1140,1,'_adm_txt_email_nothing_changed'),(1141,1,'_adm_txt_email_settings'),(1142,1,'_adm_txt_email_subject'),(1143,1,'_adm_txt_email_success_save'),(1144,1,'_adm_txt_get_new_modules'),(1145,1,'_adm_txt_hosting_text'),(1146,1,'_adm_txt_hosting_title'),(1147,1,'_adm_txt_keys_category'),(1148,1,'_adm_txt_keys_name'),(1149,1,'_adm_txt_keys_string_for'),(1150,1,'_adm_txt_langs_add_key'),(1151,1,'_adm_txt_langs_already_exists'),(1152,1,'_adm_txt_langs_cannot_add_string'),(1153,1,'_adm_txt_langs_cannot_compile'),(1154,1,'_adm_txt_langs_cannot_create'),(1155,1,'_adm_txt_langs_cannot_delete'),(1156,1,'_adm_txt_langs_cannot_delete_default'),(1157,1,'_adm_txt_langs_cannot_upload_file'),(1158,1,'_adm_txt_langs_code'),(1159,1,'_adm_txt_langs_compile'),(1160,1,'_adm_txt_langs_copy_from'),(1161,1,'_adm_txt_langs_def_lang'),(1162,1,'_adm_txt_langs_default'),(1163,1,'_adm_txt_langs_delete'),(1164,1,'_adm_txt_langs_edit'),(1165,1,'_adm_txt_langs_empty_name'),(1166,1,'_adm_txt_langs_empty_title'),(1167,1,'_adm_txt_langs_export'),(1168,1,'_adm_txt_langs_file'),(1169,1,'_adm_txt_langs_flag'),(1170,1,'_adm_txt_langs_keys'),(1171,1,'_adm_txt_langs_languages'),(1172,1,'_adm_txt_langs_languages_add'),(1173,1,'_adm_txt_langs_languages_import'),(1174,1,'_adm_txt_langs_settings'),(1175,1,'_adm_txt_langs_success_compile'),(1176,1,'_adm_txt_langs_success_create'),(1177,1,'_adm_txt_langs_success_delete'),(1178,1,'_adm_txt_langs_success_import'),(1179,1,'_adm_txt_langs_success_key_save'),(1180,1,'_adm_txt_langs_success_updated'),(1181,1,'_adm_txt_langs_title'),(1182,1,'_adm_txt_list'),(1183,1,'_adm_txt_login_password'),(1184,1,'_adm_txt_login_username'),(1185,1,'_adm_txt_make_default'),(1186,1,'_adm_txt_manage'),(1187,1,'_adm_txt_mlevels_action_cannot_save'),(1188,1,'_adm_txt_mlevels_action_saved'),(1189,1,'_adm_txt_mlevels_actions'),(1190,1,'_adm_txt_mlevels_actions_avail_desc'),(1191,1,'_adm_txt_mlevels_actions_avail_end'),(1192,1,'_adm_txt_mlevels_actions_avail_start'),(1193,1,'_adm_txt_mlevels_actions_number'),(1194,1,'_adm_txt_mlevels_actions_number_desc'),(1195,1,'_adm_txt_mlevels_actions_reset'),(1196,1,'_adm_txt_mlevels_actions_reset_desc'),(1197,1,'_adm_txt_mlevels_cannot_remove'),(1198,1,'_adm_txt_mlevels_custom'),(1199,1,'_adm_txt_mlevels_description'),(1200,1,'_adm_txt_mlevels_edit'),(1201,1,'_adm_txt_mlevels_icon'),(1202,1,'_adm_txt_mlevels_icon_err'),(1203,1,'_adm_txt_mlevels_is_used'),(1204,1,'_adm_txt_mlevels_levels'),(1205,1,'_adm_txt_mlevels_levels_add'),(1206,1,'_adm_txt_mlevels_name'),(1207,1,'_adm_txt_mlevels_name_err'),(1208,1,'_adm_txt_mlevels_not_found'),(1209,1,'_adm_txt_mlevels_order'),(1210,1,'_adm_txt_mlevels_order_err'),(1211,1,'_adm_txt_mlevels_price'),(1212,1,'_adm_txt_mlevels_price_add_days'),(1213,1,'_adm_txt_mlevels_price_add_price'),(1214,1,'_adm_txt_mlevels_price_exists'),(1215,1,'_adm_txt_mlevels_price_info'),(1216,1,'_adm_txt_mlevels_price_info_lifetime'),(1217,1,'_adm_txt_mlevels_settings'),(1218,1,'_adm_txt_mlevels_system'),(1219,1,'_adm_txt_modules_already_installed'),(1220,1,'_adm_txt_modules_already_uninstalled'),(1221,1,'_adm_txt_modules_cannot_connect_to_ftp'),(1222,1,'_adm_txt_modules_cannot_recompile_lang'),(1223,1,'_adm_txt_modules_cannot_remove_package'),(1224,1,'_adm_txt_modules_cannot_unzip_package'),(1225,1,'_adm_txt_modules_cannot_upload_package'),(1226,1,'_adm_txt_modules_cannot_download_package'),(1227,1,'_adm_txt_modules_cannot_write_package'),(1228,1,'_adm_txt_modules_change_permissions'),(1229,1,'_adm_txt_modules_check_dependencies'),(1230,1,'_adm_txt_modules_check_module_exists'),(1231,1,'_adm_txt_modules_check_module_hash'),(1232,1,'_adm_txt_modules_check_module_version'),(1233,1,'_adm_txt_modules_check_script_version'),(1234,1,'_adm_txt_modules_clear_db_cache'),(1235,1,'_adm_txt_modules_destination_not_valid'),(1236,1,'_adm_txt_modules_executable'),(1237,1,'_adm_txt_modules_execute_sql'),(1238,1,'_adm_txt_modules_ftp_access'),(1239,1,'_adm_txt_modules_ftp_copy_failed'),(1240,1,'_adm_txt_modules_has_dependents'),(1241,1,'_adm_txt_modules_login'),(1242,1,'_adm_txt_modules_module'),(1243,1,'_adm_txt_modules_module_config_not_found'),(1244,1,'_adm_txt_modules_module_not_found'),(1245,1,'_adm_txt_modules_module_was_modified'),(1246,1,'_adm_txt_modules_no_ftp_info'),(1247,1,'_adm_txt_modules_operation_install'),(1248,1,'_adm_txt_modules_operation_recompile'),(1249,1,'_adm_txt_modules_operation_uninstall'),(1250,1,'_adm_txt_modules_operation_update'),(1251,1,'_adm_txt_modules_package_to_upload'),(1252,1,'_adm_txt_modules_params_used'),(1253,1,'_adm_txt_modules_path_to_dolphin'),(1254,1,'_adm_txt_modules_process_action_failed'),(1255,1,'_adm_txt_modules_process_action_success'),(1256,1,'_adm_txt_modules_process_failed'),(1257,1,'_adm_txt_modules_process_operation_failed'),(1258,1,'_adm_txt_modules_process_success'),(1259,1,'_adm_txt_modules_recompile_alerts'),(1260,1,'_adm_txt_modules_recompile_categories'),(1261,1,'_adm_txt_modules_recompile_comments'),(1262,1,'_adm_txt_modules_recompile_global_paramaters'),(1263,1,'_adm_txt_modules_recompile_injections'),(1264,1,'_adm_txt_modules_recompile_main_menu'),(1265,1,'_adm_txt_modules_recompile_member_actions'),(1266,1,'_adm_txt_modules_recompile_member_menu'),(1267,1,'_adm_txt_modules_recompile_page_builder'),(1268,1,'_adm_txt_modules_recompile_permalinks'),(1269,1,'_adm_txt_modules_recompile_profile_fields'),(1270,1,'_adm_txt_modules_recompile_search'),(1271,1,'_adm_txt_modules_recompile_site_stats'),(1272,1,'_adm_txt_modules_recompile_tags'),(1273,1,'_adm_txt_modules_recompile_votes'),(1274,1,'_adm_txt_modules_show_conclusion'),(1275,1,'_adm_txt_modules_show_introduction'),(1276,1,'_adm_txt_modules_success_delete'),(1277,1,'_adm_txt_modules_success_upload'),(1278,1,'_adm_txt_modules_title_module'),(1279,1,'_adm_txt_modules_title_update'),(1280,1,'_adm_txt_modules_update_download_success'),(1281,1,'_adm_txt_modules_update_files'),(1282,1,'_adm_txt_modules_update_languages'),(1283,1,'_adm_txt_modules_update_latest'),(1284,1,'_adm_txt_modules_update_text'),(1285,1,'_adm_txt_modules_update_text_ext'),(1286,1,'_adm_txt_modules_writable'),(1287,1,'_adm_txt_modules_wrong_dependency_uninstall'),(1288,1,'_adm_txt_modules_wrong_dependency_install'),(1289,1,'_adm_txt_modules_wrong_mysql_query'),(1290,1,'_adm_txt_modules_wrong_mysql_query_msg'),(1291,1,'_adm_txt_modules_wrong_package_format'),(1292,1,'_adm_txt_modules_wrong_permissions'),(1293,1,'_adm_txt_modules_wrong_permissions_msg'),(1294,1,'_adm_txt_modules_wrong_version'),(1295,1,'_adm_txt_modules_wrong_version_script'),(1296,1,'_adm_txt_modules_zip_not_available'),(1297,1,'_adm_txt_mp_active'),(1298,1,'_adm_txt_mp_admins'),(1299,1,'_adm_txt_mp_all'),(1300,1,'_adm_txt_mp_approval'),(1301,1,'_adm_txt_mp_banned'),(1302,1,'_adm_txt_mp_couple'),(1303,1,'_adm_txt_mp_featured'),(1304,1,'_adm_txt_mp_female'),(1305,1,'_adm_txt_mp_male'),(1306,1,'_adm_txt_mp_promotion'),(1307,1,'_adm_txt_mp_rejected'),(1308,1,'_adm_txt_mp_single'),(1309,1,'_adm_txt_mp_suspended'),(1310,1,'_adm_txt_mp_unconfirmed'),(1311,1,'_adm_txt_mp_activation_sent'),(1312,1,'_adm_txt_mp_email'),(1313,1,'_adm_txt_mp_filter'),(1314,1,'_adm_txt_mp_last_activity'),(1315,1,'_adm_txt_mp_mlevel'),(1316,1,'_adm_txt_mp_order_by'),(1317,1,'_adm_txt_mp_order_last_activity'),(1318,1,'_adm_txt_mp_order_last_join'),(1319,1,'_adm_txt_mp_order_none'),(1320,1,'_adm_txt_mp_order_user_name'),(1321,1,'_adm_txt_mp_registration'),(1322,1,'_adm_txt_mp_username'),(1323,1,'_adm_txt_pb_active_blocks'),(1324,1,'_adm_txt_pb_inactive_blocks'),(1325,1,'_adm_txt_pb_loading'),(1326,1,'_adm_txt_pb_other_pages_width'),(1327,1,'_adm_txt_pb_page'),(1328,1,'_adm_txt_pb_page_width'),(1329,1,'_adm_txt_pb_samples'),(1330,1,'_adm_txt_pb_select_page'),(1331,1,'_adm_txt_pb_view_page'),(1332,1,'_adm_txt_settings_conf_password'),(1333,1,'_adm_txt_settings_error'),(1334,1,'_adm_txt_settings_file_cannot_move'),(1335,1,'_adm_txt_settings_file_not_image'),(1336,1,'_adm_txt_settings_file_wrong_format'),(1337,1,'_adm_txt_settings_image_cannot_resize'),(1338,1,'_adm_txt_settings_logo_header'),(1339,1,'_adm_txt_settings_logo_upload'),(1340,1,'_adm_txt_settings_logo_wrong_size'),(1341,1,'_adm_txt_settings_new_password'),(1342,1,'_adm_txt_settings_old_password'),(1343,1,'_adm_txt_settings_resize_enable'),(1344,1,'_adm_txt_settings_resize_header'),(1345,1,'_adm_txt_settings_resize_height'),(1346,1,'_adm_txt_settings_resize_width'),(1347,1,'_adm_txt_settings_splash_editor'),(1348,1,'_adm_txt_settings_splash_logged'),(1349,1,'_adm_txt_settings_splash_visibility'),(1350,1,'_adm_txt_settings_splash_visibility_all'),(1351,1,'_adm_txt_settings_splash_visibility_disable'),(1352,1,'_adm_txt_settings_splash_visibility_index'),(1353,1,'_adm_txt_settings_splash_warning'),(1354,1,'_adm_txt_settings_success'),(1355,1,'_adm_txt_settings_wrong_conf_pasword'),(1356,1,'_adm_txt_settings_wrong_new_pasword'),(1357,1,'_adm_txt_settings_wrong_old_pasword'),(1358,1,'_adm_txt_templ_alt_desc'),(1359,1,'_adm_txt_templ_uni_desc'),(1360,1,'_adm_txt_template_preview_na'),(1361,1,'_adm_txt_templates'),(1362,1,'_all'),(1363,1,'_all_tags'),(1364,1,'_allow_view_to'),(1365,1,'_already_in_friend_list'),(1366,1,'_are you sure?'),(1367,1,'_associated_image'),(1368,1,'_bad comment parent id'),(1369,1,'_categ_admin_pending'),(1370,1,'_categ_admin_settings'),(1371,1,'_categ_all'),(1372,1,'_categ_btn_activate'),(1373,1,'_categ_btn_delete'),(1374,1,'_categ_btn_disable'),(1375,1,'_categ_by_day'),(1376,1,'_categ_caption_all'),(1377,1,'_categ_caption_calendar'),(1378,1,'_categ_caption_common'),(1379,1,'_categ_caption_day'),(1380,1,'_categ_caption_founded'),(1381,1,'_categ_caption_keyword'),(1382,1,'_categ_caption_search_form'),(1383,1,'_categ_caption_users'),(1384,1,'_categ_err_keyword'),(1385,1,'_categ_exist_err'),(1386,1,'_categ_form_add'),(1387,1,'_categ_form_field_name_err'),(1388,1,'_categ_form_name'),(1389,1,'_categ_form_type'),(1390,1,'_categ_modules'),(1391,1,'_categ_order_none'),(1392,1,'_categ_order_order_by'),(1393,1,'_categ_order_popular'),(1394,1,'_categ_order_recent'),(1395,1,'_categ_plural'),(1396,1,'_categ_single'),(1397,1,'_categ_users'),(1398,1,'_chars_to_chars'),(1399,1,'_comments'),(1400,1,'_contact_us'),(1401,1,'_copyright'),(1402,1,'_created'),(1403,1,'_days'),(1404,1,'_delete'),(1405,1,'_download'),(1406,1,'_edit_available_for_N_seconds'),(1407,1,'_edit_profile_info'),(1408,1,'_edit_profile_membership'),(1409,1,'_edit_profile_privacy'),(1410,1,'_edit_profile_privacy_save'),(1411,1,'_expand all'),(1412,1,'_failed_to_delete_post'),(1413,1,'_featured members'),(1414,1,'_female'),(1415,1,'_forgot_your_password'),(1416,1,'_from'),(1417,1,'_from zip/postal code'),(1418,1,'_greeting'),(1419,1,'_help'),(1420,1,'_hidden_comment'),(1421,1,'_in_x_days'),(1422,1,'_in_x_hour'),(1423,1,'_in_x_hours'),(1424,1,'_in_x_minute'),(1425,1,'_in_x_minutes'),(1426,1,'_item'),(1427,1,'_items'),(1428,1,'_kilometers'),(1429,1,'_letter'),(1430,1,'_living within'),(1431,1,'_loading ...'),(1432,1,'_login_form_description2join'),(1433,1,'_male'),(1434,1,'_media_flash_warning'),(1435,1,'_member_banned'),(1436,1,'_membership'),(1437,1,'_message_subject'),(1438,1,'_miles'),(1439,1,'_mma_comments_edit_own'),(1440,1,'_mma_comments_post'),(1441,1,'_mma_comments_remove_own'),(1442,1,'_mma_comments_vote'),(1443,1,'_mma_get_other_members_emails'),(1444,1,'_mma_send_greetings'),(1445,1,'_mma_send_messages'),(1446,1,'_mma_view_profiles'),(1447,1,'_mma_vote'),(1448,1,'_mmbuilder_box_title'),(1449,1,'_mmbuilder_page_title'),(1450,1,'_month_next'),(1451,1,'_month_next_mini'),(1452,1,'_month_prev'),(1453,1,'_month_prev_mini'),(1454,1,'_more'),(1455,1,'_new'),(1456,1,'_newest first'),(1457,1,'_no limit'),(1458,1,'_not_a_member'),(1459,1,'_of'),(1460,1,'_oldest first'),(1461,1,'_online only'),(1462,1,'_or'),(1463,1,'_pending_friend_request'),(1464,1,'_pending_friend_request_answer'),(1465,1,'_pfm_unlimited'),(1466,1,'_please_fill_next_fields_first'),(1467,1,'_popular_tags'),(1468,1,'_post_successfully_deleted'),(1469,1,'_powered_by_Dolphin'),(1470,1,'_prof_status'),(1471,1,'_profile_comments'),(1472,1,'_profile_info'),(1473,1,'_ps_bcpt_add_members'),(1474,1,'_ps_bcpt_block_privacy'),(1475,1,'_ps_bcpt_create_group'),(1476,1,'_ps_bcpt_default_group'),(1477,1,'_ps_bcpt_default_values'),(1478,1,'_ps_bcpt_delete_members'),(1479,1,'_ps_bcpt_my_groups'),(1480,1,'_ps_btncpt_add'),(1481,1,'_ps_btncpt_create'),(1482,1,'_ps_btncpt_delete'),(1483,1,'_ps_btncpt_save'),(1484,1,'_ps_btncpt_search'),(1485,1,'_ps_cpt_extended'),(1486,1,'_ps_cpt_none'),(1487,1,'_ps_fcpt_extends'),(1488,1,'_ps_fcpt_groups'),(1489,1,'_ps_fcpt_keyword'),(1490,1,'_ps_fcpt_title'),(1491,1,'_ps_ferr_incorrect_length'),(1492,1,'_ps_ferr_incorrect_select'),(1493,1,'_ps_fnote_default_group'),(1494,1,'_ps_group_1_title'),(1495,1,'_ps_group_2_title'),(1496,1,'_ps_group_3_title'),(1497,1,'_ps_group_4_title'),(1498,1,'_ps_group_5_title'),(1499,1,'_ps_group_6_title'),(1500,1,'_ps_group_7_title'),(1501,1,'_ps_lcpt_add'),(1502,1,'_ps_lcpt_delete'),(1503,1,'_ps_pcpt_privacy_settings'),(1504,1,'_ps_tmenu_privacy_settings'),(1505,1,'_ps_view_block'),(1506,1,'_public'),(1507,1,'_rate profile'),(1508,1,'_registration by invitation only'),(1509,1,'_sbd_Android_desc'),(1510,1,'_sbd_Android_title'),(1511,1,'_sbd_iPhone_desc'),(1512,1,'_sbd_iPhone_title'),(1513,1,'_sbs_tmenu_my_subscriptions'),(1514,1,'_sbs_txt_sbs_mass_mailer'),(1515,1,'_sbs_txt_sbs_profile'),(1516,1,'_sbs_txt_sbs_profile_comments'),(1517,1,'_sbs_txt_sbs_profile_edit'),(1518,1,'_sbs_txt_title_profile'),(1519,1,'_sbs_txt_title_system'),(1520,1,'_sbs_wrn_email_notify_disabled'),(1521,1,'_sbs_wrn_unsubscribe'),(1522,1,'_search_tab_Adv'),(1523,1,'_search_tab_quick'),(1524,1,'_search_tab_simple'),(1525,1,'_services'),(1526,1,'_show_replacement'),(1527,1,'_sys_add_content'),(1528,1,'_sys_adm_akismet_key_empty'),(1529,1,'_sys_adm_akismet_key_invalid'),(1530,1,'_sys_adm_akismet_key_valid'),(1531,1,'_sys_adm_available'),(1532,1,'_sys_adm_btn_dnsbl_activate'),(1533,1,'_sys_adm_btn_dnsbl_add'),(1534,1,'_sys_adm_btn_dnsbl_deactivate'),(1535,1,'_sys_adm_btn_dnsbl_delete'),(1536,1,'_sys_adm_btn_dnsbl_help'),(1537,1,'_sys_adm_btn_dnsbl_help_text'),(1538,1,'_sys_adm_btn_dnsbl_log'),(1539,1,'_sys_adm_btn_dnsbl_recheck'),(1540,1,'_sys_adm_btn_dnsbluri_help_text'),(1541,1,'_sys_adm_cache_support'),(1542,1,'_sys_adm_disabled'),(1543,1,'_sys_adm_dnsbl_failed'),(1544,1,'_sys_adm_dnsbl_listed'),(1545,1,'_sys_adm_dnsbl_not_listed'),(1546,1,'_sys_adm_enabled'),(1547,1,'_sys_adm_fld_dnsbl_active'),(1548,1,'_sys_adm_fld_dnsbl_chain'),(1549,1,'_sys_adm_fld_dnsbl_comment'),(1550,1,'_sys_adm_fld_dnsbl_postvresp'),(1551,1,'_sys_adm_fld_dnsbl_recheck'),(1552,1,'_sys_adm_fld_dnsbl_recheck_url'),(1553,1,'_sys_adm_fld_dnsbl_url'),(1554,1,'_sys_adm_fld_dnsbl_zonedomain'),(1555,1,'_sys_adm_fld_dnsbluri_recheck'),(1556,1,'_sys_adm_form_err_required_field'),(1557,1,'_sys_adm_installed'),(1558,1,'_sys_adm_page_cpt_akismet'),(1559,1,'_sys_adm_page_cpt_dnsbl'),(1560,1,'_sys_adm_page_cpt_stopforumspam'),(1561,1,'_sys_adm_page_cpt_uridnsbl'),(1562,1,'_sys_adm_stopforumspam_key_empty'),(1563,1,'_sys_adm_stopforumspam_key_specified'),(1564,1,'_sys_adm_title_akismet_log'),(1565,1,'_sys_adm_title_dnsbl_log'),(1566,1,'_sys_adm_title_dnsbl_recheck'),(1567,1,'_sys_adm_title_dnsbluri_log'),(1568,1,'_sys_adm_title_dnsbluri_recheck'),(1569,1,'_sys_adm_title_stopforumspam_log'),(1570,1,'_sys_admin_apply'),(1571,1,'_sys_admin_filter'),(1572,1,'_sys_album'),(1573,1,'_sys_album_add'),(1574,1,'_sys_album_cancel'),(1575,1,'_sys_album_caption_capt'),(1576,1,'_sys_album_caption_desc'),(1577,1,'_sys_album_caption_loc'),(1578,1,'_sys_album_caption_new'),(1579,1,'_sys_album_create'),(1580,1,'_sys_album_create_new'),(1581,1,'_sys_album_delete'),(1582,1,'_sys_album_edit_info'),(1583,1,'_sys_album_edit_items'),(1584,1,'_sys_album_err_desc'),(1585,1,'_sys_album_move_to_another'),(1586,1,'_sys_album_organize'),(1587,1,'_sys_album_privacy_me_info'),(1588,1,'_sys_album_private'),(1589,1,'_sys_album_save_changes'),(1590,1,'_sys_am_account_profile_page'),(1591,1,'_sys_am_mailbox_compose'),(1592,1,'_sys_am_profile_account_page'),(1593,1,'_sys_am_profile_friend_accept'),(1594,1,'_sys_am_profile_friend_add'),(1595,1,'_sys_am_profile_friend_cancel'),(1596,1,'_sys_am_profile_message'),(1597,1,'_sys_bcpt_member_account_control'),(1598,1,'_sys_bcpt_member_friend_requests'),(1599,1,'_sys_bcpt_member_new_messages'),(1600,1,'_sys_bcpt_my_subscriptions'),(1601,1,'_sys_bcpt_subscribe'),(1602,1,'_sys_block_title_social_sharing'),(1603,1,'_sys_block_title_forum_feed'),(1604,1,'_sys_bm_design'),(1605,1,'_sys_bm_language'),(1606,1,'_sys_bm_popup_cpt_design'),(1607,1,'_sys_bm_popup_cpt_language'),(1608,1,'_sys_box_title_download'),(1609,1,'_sys_box_title_search_keyword'),(1610,1,'_sys_box_title_search_people'),(1611,1,'_sys_btn_fans_add_to_admins'),(1612,1,'_sys_btn_fans_confirm'),(1613,1,'_sys_btn_fans_move_admins_to_fans'),(1614,1,'_sys_btn_fans_reject'),(1615,1,'_sys_btn_fans_remove'),(1616,1,'_sys_btn_sbs_send'),(1617,1,'_sys_btn_sbs_subscribe'),(1618,1,'_sys_btn_sbs_unsubscribe'),(1619,1,'_sys_bx_attr'),(1620,1,'_sys_calendar'),(1621,1,'_sys_city_country_format'),(1622,1,'_sys_cnts_bcpt_connections'),(1623,1,'_sys_cnts_bcpt_fave'),(1624,1,'_sys_cnts_bcpt_fave_remove'),(1625,1,'_sys_cnts_bcpt_friend_requests'),(1626,1,'_sys_cnts_btn_fave'),(1627,1,'_sys_cnts_btn_fr_accept'),(1628,1,'_sys_cnts_btn_fr_reject'),(1629,1,'_sys_cnts_msg_fr_empty'),(1630,1,'_sys_cnts_txt_blocked'),(1631,1,'_sys_cnts_txt_favorites'),(1632,1,'_sys_cnts_txt_frients'),(1633,1,'_sys_cnts_txt_mf_no'),(1634,1,'_sys_cnts_txt_mutual_friends'),(1635,1,'_sys_email_footer_info'),(1636,1,'_sys_err_categories'),(1637,1,'_sys_invitation_step_additional_emails'),(1638,1,'_sys_invitation_step_additional_emails_info'),(1639,1,'_sys_invitation_step_invitation_text'),(1640,1,'_sys_invitation_step_invitation_text_info'),(1641,1,'_sys_invitation_step_select_users'),(1642,1,'_sys_invitation_step_select_users_info'),(1643,1,'_sys_member_info_username'),(1644,1,'_sys_member_info_first_name'),(1645,1,'_sys_member_info_first_name_last_name'),(1646,1,'_sys_member_info_last_name_firs_name'),(1647,1,'_sys_member_info_headline'),(1648,1,'_sys_member_info_status_message'),(1649,1,'_sys_member_info_age_sex'),(1650,1,'_sys_member_info_location'),(1651,1,'_sys_member_thumb_avatar'),(1652,1,'_sys_member_thumb_icon_avatar'),(1653,1,'_sys_mobile_friends'),(1654,1,'_sys_mobile_info'),(1655,1,'_sys_mobile_mail'),(1656,1,'_sys_mobile_profile_contact'),(1657,1,'_sys_mobile_profile_friends'),(1658,1,'_sys_mobile_profile_info'),(1659,1,'_sys_mobile_search'),(1660,1,'_sys_mobile_search_by_keyword'),(1661,1,'_sys_mobile_search_by_location'),(1662,1,'_sys_mobile_status'),(1663,1,'_sys_outdated_browser'),(1664,1,'_sys_outdated_browser_explain'),(1665,1,'_sys_pcpt_my_subscriptions'),(1666,1,'_sys_private'),(1667,1,'_sys_profile'),(1668,1,'_sys_profile_private_text'),(1669,1,'_sys_profile_private_text_title'),(1670,1,'_sys_profiles'),(1671,1,'_sys_profiles_caption_browse_by_day'),(1672,1,'_sys_request_method_not_found_cnt'),(1673,1,'_sys_request_method_not_found_cpt'),(1674,1,'_sys_request_module_not_found_cnt'),(1675,1,'_sys_request_module_not_found_cpt'),(1676,1,'_sys_request_page_not_found_cnt'),(1677,1,'_sys_request_page_not_found_cpt'),(1678,1,'_sys_save_nothing'),(1679,1,'_sys_search_main_title'),(1680,1,'_sys_sitemap'),(1681,1,'_sys_sitemap_desc'),(1682,1,'_sys_sitemap_form_caption'),(1683,1,'_sys_sitemap_form_caption_sitemap_generated'),(1684,1,'_sys_sitemap_list'),(1685,1,'_sys_sitemap_pages'),(1686,1,'_sys_sitemap_profiles'),(1687,1,'_sys_sitemap_profiles_info'),(1688,1,'_sys_sitemap_system'),(1689,1,'_sys_sm_account'),(1690,1,'_sys_sm_join'),(1691,1,'_sys_sm_login'),(1692,1,'_sys_sm_logout'),(1693,1,'_sys_sm_profile'),(1694,1,'_sys_spam_detected'),(1695,1,'_sys_status_default'),(1696,1,'_sys_status_update'),(1697,1,'_sys_sucess_result'),(1698,1,'_sys_tags_note'),(1699,1,'_sys_top_menu_more'),(1700,1,'_sys_txt_ac_manage_subscriptions'),(1701,1,'_sys_txt_btn_loading'),(1702,1,'_sys_txt_captcha_not_available'),(1703,1,'_sys_txt_cmt_loading'),(1704,1,'_sys_txt_cmt_mood_negative'),(1705,1,'_sys_txt_cmt_mood_neutral'),(1706,1,'_sys_txt_cmt_mood_positive'),(1707,1,'_sys_txt_form_toggle_html_editor'),(1708,1,'_sys_txt_sbs_already_subscribed'),(1709,1,'_sys_txt_sbs_already_unsubscribed'),(1710,1,'_sys_txt_sbs_cannot_find_subscription'),(1711,1,'_sys_txt_sbs_cannot_save_visitor'),(1712,1,'_sys_txt_sbs_email'),(1713,1,'_sys_txt_sbs_empty_name_email'),(1714,1,'_sys_txt_sbs_error_occured'),(1715,1,'_sys_txt_sbs_name'),(1716,1,'_sys_txt_sbs_success_subscribe'),(1717,1,'_sys_txt_sbs_success_unsubscribe'),(1718,1,'_sys_upload'),(1719,1,'_sys_media_disapproved'),(1720,1,'_sys_media_processing'),(1721,1,'_sys_media_not_found'),(1722,1,'_sys_x_byte'),(1723,1,'_sys_x_gigabyte'),(1724,1,'_sys_x_kilobyte'),(1725,1,'_sys_x_megabyte'),(1726,1,'_sys_x_terabyte'),(1727,1,'_tags_by_day'),(1728,1,'_tags_calendar'),(1729,1,'_tags_caption_keyword'),(1730,1,'_tags_caption_module'),(1731,1,'_tags_err_keyword'),(1732,1,'_tags_founded_tags'),(1733,1,'_tags_plural'),(1734,1,'_tags_recent'),(1735,1,'_tags_search_form'),(1736,1,'_tags_single'),(1737,1,'_td_caption'),(1738,1,'_td_content'),(1739,1,'_td_date'),(1740,1,'_td_edit'),(1741,1,'_td_err_empty_value'),(1742,1,'_td_err_incorrect_length'),(1743,1,'_td_post'),(1744,1,'_td_snippet'),(1745,1,'_td_tags'),(1746,1,'_title_min_lenght'),(1747,1,'_to'),(1748,1,'_tomorrow'),(1749,1,'_top'),(1750,1,'_top_extra'),(1751,1,'_uknown'),(1752,1,'_undefined'),(1753,1,'_votes'),(1754,1,'_week_fri'),(1755,1,'_week_mon'),(1756,1,'_week_sat'),(1757,1,'_week_sun'),(1758,1,'_week_thu'),(1759,1,'_week_tue'),(1760,1,'_week_wed'),(1761,1,'_week_fri_mini'),(1762,1,'_week_mon_mini'),(1763,1,'_week_sat_mini'),(1764,1,'_week_sun_mini'),(1765,1,'_week_thu_mini'),(1766,1,'_week_tue_mini'),(1767,1,'_week_wed_mini'),(1768,1,'_x_days_ago'),(1769,1,'_x_hour_ago'),(1770,1,'_x_hours_ago'),(1771,1,'_x_minute_ago'),(1772,1,'_x_minutes_ago'),(1773,1,'_y/o'),(1774,1,'_yesterday'),(1775,1,'__$10,000-$30,000/year'),(1776,1,'__$10,000/year and less'),(1777,1,'__$30,000-$50,000/year'),(1778,1,'__$50,000-$70,000/year'),(1779,1,'__$70,000/year and more'),(1780,1,'__Average'),(1781,1,'__Ample'),(1782,1,'__Athletic'),(1783,1,'__Cuddly'),(1784,1,'__Slim'),(1785,1,'__Very Cuddly'),(1786,1,'__Afghanistan'),(1787,1,'__Albania'),(1788,1,'__Algeria'),(1789,1,'__American Samoa'),(1790,1,'__Andorra'),(1791,1,'__Angola'),(1792,1,'__Anguilla'),(1793,1,'__Antarctica'),(1794,1,'__Antigua and Barbuda'),(1795,1,'__Argentina'),(1796,1,'__Armenia'),(1797,1,'__Aruba'),(1798,1,'__Australia'),(1799,1,'__Austria'),(1800,1,'__Azerbaijan'),(1801,1,'__Bahrain'),(1802,1,'__Bangladesh'),(1803,1,'__Barbados'),(1804,1,'__Belarus'),(1805,1,'__Belgium'),(1806,1,'__Belize'),(1807,1,'__Benin'),(1808,1,'__Bermuda'),(1809,1,'__Bhutan'),(1810,1,'__Bolivia'),(1811,1,'__Botswana'),(1812,1,'__Bouvet Island'),(1813,1,'__Brazil'),(1814,1,'__Brunei Darussalam'),(1815,1,'__Bulgaria'),(1816,1,'__Burkina Faso'),(1817,1,'__Burma'),(1818,1,'__Burundi'),(1819,1,'__Cambodia'),(1820,1,'__Cameroon'),(1821,1,'__Cape Verde'),(1822,1,'__Cayman Islands'),(1823,1,'__Chad'),(1824,1,'__Canada'),(1825,1,'__Chile'),(1826,1,'__China'),(1827,1,'__Christmas Island'),(1828,1,'__Cote d\'Ivoire'),(1829,1,'__Colombia'),(1830,1,'__Comoros'),(1831,1,'__Cook Islands'),(1832,1,'__Costa Rica'),(1833,1,'__Croatia'),(1834,1,'__Cuba'),(1835,1,'__Cyprus'),(1836,1,'__Czech Republic'),(1837,1,'__Denmark'),(1838,1,'__Djibouti'),(1839,1,'__Dominica'),(1840,1,'__Dominican Republic'),(1841,1,'__East Timor'),(1842,1,'__Ecuador'),(1843,1,'__Egypt'),(1844,1,'__El Salvador'),(1845,1,'__Equatorial Guinea'),(1846,1,'__Eritrea'),(1847,1,'__Estonia'),(1848,1,'__Ethiopia'),(1849,1,'__Faroe Islands'),(1850,1,'__Fiji'),(1851,1,'__Finland'),(1852,1,'__Falkland Islands (Islas Malvinas)'),(1853,1,'__France'),(1854,1,'__Gabon'),(1855,1,'__Georgia'),(1856,1,'__Germany'),(1857,1,'__Ghana'),(1858,1,'__Gibraltar'),(1859,1,'__Greece'),(1860,1,'__Greenland'),(1861,1,'__Grenada'),(1862,1,'__Guadeloupe'),(1863,1,'__Guam'),(1864,1,'__Guatemala'),(1865,1,'__Guinea'),(1866,1,'__Guinea-Bissau'),(1867,1,'__Guyana'),(1868,1,'__Haiti'),(1869,1,'__Holy See (Vatican City)'),(1870,1,'__Hong Kong (SAR)'),(1871,1,'__Honduras'),(1872,1,'__Hungary'),(1873,1,'__Iceland'),(1874,1,'__India'),(1875,1,'__Indonesia'),(1876,1,'__Iran'),(1877,1,'__Iraq'),(1878,1,'__Ireland'),(1879,1,'__Israel'),(1880,1,'__Italy'),(1881,1,'__Jamaica'),(1882,1,'__Japan'),(1883,1,'__Jordan'),(1884,1,'__Kazakhstan'),(1885,1,'__Kenya'),(1886,1,'__Kiribati'),(1887,1,'__Kuwait'),(1888,1,'__Kyrgyzstan'),(1889,1,'__Latvia'),(1890,1,'__Lebanon'),(1891,1,'__Lesotho'),(1892,1,'__Liberia'),(1893,1,'__Liechtenstein'),(1894,1,'__Lithuania'),(1895,1,'__Luxembourg'),(1896,1,'__Madagascar'),(1897,1,'__Malawi'),(1898,1,'__Malaysia'),(1899,1,'__Maldives'),(1900,1,'__Mali'),(1901,1,'__Malta'),(1902,1,'__Marshall Islands'),(1903,1,'__Martinique'),(1904,1,'__Mauritania'),(1905,1,'__Mauritius'),(1906,1,'__Mayotte'),(1907,1,'__Mexico'),(1908,1,'__Moldova'),(1909,1,'__Monaco'),(1910,1,'__Mongolia'),(1911,1,'__Montserrat'),(1912,1,'__Morocco'),(1913,1,'__Mozambique'),(1914,1,'__Namibia'),(1915,1,'__Nauru'),(1916,1,'__Nepal'),(1917,1,'__Netherlands'),(1918,1,'__New Caledonia'),(1919,1,'__New Zealand'),(1920,1,'__Nicaragua'),(1921,1,'__Niger'),(1922,1,'__Nigeria'),(1923,1,'__Niue'),(1924,1,'__Norfolk Island'),(1925,1,'__Norway'),(1926,1,'__Oman'),(1927,1,'__Pakistan'),(1928,1,'__Palau'),(1929,1,'__Panama'),(1930,1,'__Papua New Guinea'),(1931,1,'__Paraguay'),(1932,1,'__Peru'),(1933,1,'__Philippines'),(1934,1,'__Poland'),(1935,1,'__Portugal'),(1936,1,'__Puerto Rico'),(1937,1,'__Qatar'),(1938,1,'__Reunion'),(1939,1,'__Romania'),(1940,1,'__Russia'),(1941,1,'__Rwanda'),(1942,1,'__Saint Lucia'),(1943,1,'__Samoa'),(1944,1,'__San Marino'),(1945,1,'__Saudi Arabia'),(1946,1,'__Senegal'),(1947,1,'__Seychelles'),(1948,1,'__Sierra Leone'),(1949,1,'__Singapore'),(1950,1,'__Slovakia'),(1951,1,'__Solomon Islands'),(1952,1,'__Somalia'),(1953,1,'__South Africa'),(1954,1,'__Spain'),(1955,1,'__Sri Lanka'),(1956,1,'__Sudan'),(1957,1,'__Suriname'),(1958,1,'__Swaziland'),(1959,1,'__Sweden'),(1960,1,'__Switzerland'),(1961,1,'__Syria'),(1962,1,'__Taiwan'),(1963,1,'__Tajikistan'),(1964,1,'__Tanzania'),(1965,1,'__Thailand'),(1966,1,'__Togo'),(1967,1,'__Tokelau'),(1968,1,'__Tonga'),(1969,1,'__Trinidad and Tobago'),(1970,1,'__Tunisia'),(1971,1,'__Turkey'),(1972,1,'__Turkmenistan'),(1973,1,'__Tuvalu'),(1974,1,'__Uganda'),(1975,1,'__Ukraine'),(1976,1,'__United Arab Emirates'),(1977,1,'__United Kingdom'),(1978,1,'__Uruguay'),(1979,1,'__Uzbekistan'),(1980,1,'__Vanuatu'),(1981,1,'__Venezuela'),(1982,1,'__Virgin Islands'),(1983,1,'__Western Sahara'),(1984,1,'__Yemen'),(1985,1,'__Zambia'),(1986,1,'__Zimbabwe'),(1987,1,'__Netherlands Antilles'),(1988,1,'__Bosnia and Herzegovina'),(1989,1,'__The Bahamas'),(1990,1,'__Cocos (Keeling) Islands'),(1991,1,'__Congo, Democratic Republic of the'),(1992,1,'__Central African Republic'),(1993,1,'__Congo, Republic of the'),(1994,1,'__Micronesia, Federated States of'),(1995,1,'__French Guiana'),(1996,1,'__The Gambia'),(1997,1,'__South Georgia and the South Sandwich Islands'),(1998,1,'__Heard Island and McDonald Islands'),(1999,1,'__British Indian Ocean Territory'),(2000,1,'__Saint Kitts and Nevis'),(2001,1,'__Korea, North'),(2002,1,'__Korea, South'),(2003,1,'__Laos'),(2004,1,'__Libya'),(2005,1,'__Macedonia, The Former Yugoslav Republic of'),(2006,1,'__Macao'),(2007,1,'__Northern Mariana Islands'),(2008,1,'__French Polynesia'),(2009,1,'__Saint Pierre and Miquelon'),(2010,1,'__Pitcairn Islands'),(2011,1,'__Palestinian Territory, Occupied'),(2012,1,'__Saint Helena'),(2013,1,'__Slovenia'),(2014,1,'__Svalbard'),(2015,1,'__Sao Tome and Principe'),(2016,1,'__Turks and Caicos Islands'),(2017,1,'__French Southern and Antarctic Lands'),(2018,1,'__United States Minor Outlying Islands'),(2019,1,'__United States'),(2020,1,'__Saint Vincent and the Grenadines'),(2021,1,'__British Virgin Islands'),(2022,1,'__Vietnam'),(2023,1,'__Aland_Islands'),(2024,1,'__Saint_Barthelemy'),(2025,1,'__Guernsey'),(2026,1,'__Isle_of_Man'),(2027,1,'__Jersey'),(2028,1,'__Montenegro'),(2029,1,'__Saint_Martin_French_part'),(2030,1,'__Serbia'),(2031,1,'__Wallis and Futuna'),(2032,1,'__All'),(2033,1,'__Active'),(2034,1,'__Approval'),(2035,1,'__Suspended'),(2036,1,'__Unconfirmed'),(2037,1,'__AA (2 years college)'),(2038,1,'__BA/BS (4 years college)'),(2039,1,'__High School graduate'),(2040,1,'__Some college'),(2041,1,'__College student'),(2042,1,'__Some grad school'),(2043,1,'__Grad school student'),(2044,1,'__MA/MS/MBA'),(2045,1,'__PhD/Post doctorate'),(2046,1,'__JD'),(2047,1,'__African'),(2048,1,'__African American'),(2049,1,'__Asian'),(2050,1,'__Caucasian'),(2051,1,'__East Indian'),(2052,1,'__Hispanic'),(2053,1,'__Indian'),(2054,1,'__Latino'),(2055,1,'__Mediterranean'),(2056,1,'__Middle Eastern'),(2057,1,'__Mixed'),(2058,1,'__English'),(2059,1,'__Afrikaans'),(2060,1,'__Arabic'),(2061,1,'__Bulgarian'),(2062,1,'__Burmese'),(2063,1,'__Cantonese'),(2064,1,'__Croatian'),(2065,1,'__Danish'),(2066,1,'__Dutch'),(2067,1,'__Esperanto'),(2068,1,'__Estonian'),(2069,1,'__Finnish'),(2070,1,'__French'),(2071,1,'__German'),(2072,1,'__Greek'),(2073,1,'__Gujrati'),(2074,1,'__Hebrew'),(2075,1,'__Hindi'),(2076,1,'__Hungarian'),(2077,1,'__Icelandic'),(2078,1,'__Indonesian'),(2079,1,'__Italian'),(2080,1,'__Japanese'),(2081,1,'__Korean'),(2082,1,'__Latvian'),(2083,1,'__Lithuanian'),(2084,1,'__Malay'),(2085,1,'__Mandarin'),(2086,1,'__Marathi'),(2087,1,'__Moldovian'),(2088,1,'__Nepalese'),(2089,1,'__Norwegian'),(2090,1,'__Persian'),(2091,1,'__Polish'),(2092,1,'__Portuguese'),(2093,1,'__Punjabi'),(2094,1,'__Romanian'),(2095,1,'__Russian'),(2096,1,'__Serbian'),(2097,1,'__Spanish'),(2098,1,'__Swedish'),(2099,1,'__Tagalog'),(2100,1,'__Taiwanese'),(2101,1,'__Tamil'),(2102,1,'__Telugu'),(2103,1,'__Thai'),(2104,1,'__Tongan'),(2105,1,'__Turkish'),(2106,1,'__Ukrainian'),(2107,1,'__Urdu'),(2108,1,'__Vietnamese'),(2109,1,'__Visayan'),(2110,1,'__Single'),(2111,1,'__Attached'),(2112,1,'__Divorced'),(2113,1,'__Married'),(2114,1,'__Separated'),(2115,1,'__Widow'),(2116,1,'__Adventist'),(2117,1,'__Agnostic'),(2118,1,'__Atheist'),(2119,1,'__Baptist'),(2120,1,'__Buddhist'),(2121,1,'__Caodaism'),(2122,1,'__Catholic'),(2123,1,'__Christian'),(2124,1,'__Hindu'),(2125,1,'__Iskcon'),(2126,1,'__Jainism'),(2127,1,'__Jewish'),(2128,1,'__Methodist'),(2129,1,'__Mormon'),(2130,1,'__Moslem'),(2131,1,'__Orthodox'),(2132,1,'__Pentecostal'),(2133,1,'__Protestant'),(2134,1,'__Quaker'),(2135,1,'__Scientology'),(2136,1,'__Shinto'),(2137,1,'__Sikhism'),(2138,1,'__Spiritual'),(2139,1,'__Taoism'),(2140,1,'__Wiccan'),(2141,1,'__Other'),(2142,1,'__No'),(2143,1,'__Rarely'),(2144,1,'__Often'),(2145,1,'__Very often'),(2146,2,'_sys_module_zipcodesearch'),(2147,2,'_bx_zip_administration'),(2148,2,'_bx_zip_admin_menu'),(2149,2,'_bx_zip'),(2150,2,'_bx_zip_help'),(2151,2,'_bx_zip_help_text'),(3412,32,'_FieldCaption_GeneralInfo_Join'),(3411,32,'_FieldCaption_To Join_Join'),(2189,4,'_sys_module_messenger'),(2190,4,'_messenger_page_caption'),(2191,4,'_messenger_actions_item'),(2192,4,'_messenger_err_not_logged_in'),(2193,4,'_messenger_invitation_title'),(2194,4,'_messenger_invitation_description'),(2195,4,'_messenger_invitation_accept'),(2196,4,'_messenger_invitation_decline'),(2197,4,'_messenger_invitation_block'),(2198,4,'_messenger_invitation_report'),(2199,4,'_mma_use_messenger'),(2200,5,'_sys_module_chat'),(2201,5,'_chat_page_caption'),(2202,5,'_chat_page_rules_caption'),(2203,5,'_chat_top_menu_item'),(2204,5,'_chat_home_top_menu_sitem'),(2205,5,'_chat_rules_top_menu_sitem'),(2206,5,'_chat_moderators_top_menu_sitem'),(2207,5,'_chat_box_caption'),(2208,5,'_chat_rules'),(2209,5,'_mma_use_chat'),(2210,6,'_sys_module_events'),(2211,6,'_bx_events'),(2212,6,'_bx_events_action_add_to_featured'),(2213,6,'_bx_events_action_create_event'),(2214,6,'_bx_events_action_manage_fans'),(2215,6,'_bx_events_action_my_events'),(2216,6,'_bx_events_action_remove_from_featured'),(2217,6,'_bx_events_action_title_broadcast'),(2218,6,'_bx_events_action_title_delete'),(2219,6,'_bx_events_action_title_edit'),(2220,6,'_bx_events_action_title_invite'),(2221,6,'_bx_events_action_title_join'),(2222,6,'_bx_events_action_title_leave'),(2223,6,'_bx_events_action_title_share'),(2224,6,'_bx_events_action_upload_files'),(2225,6,'_bx_events_action_upload_photos'),(2226,6,'_bx_events_action_upload_sounds'),(2227,6,'_bx_events_action_upload_videos'),(2228,6,'_bx_events_adm_stats'),(2229,6,'_bx_events_admin'),(2230,6,'_bx_events_admin_activate'),(2231,6,'_bx_events_admin_delete'),(2232,6,'_bx_events_admin_events'),(2233,6,'_bx_events_administration'),(2234,6,'_bx_events_administration_admin_events'),(2235,6,'_bx_events_administration_create_event'),(2236,6,'_bx_events_administration_settings'),(2237,6,'_bx_events_all_countries'),(2238,6,'_bx_events_block_actions'),(2239,6,'_bx_events_block_administration'),(2240,6,'_bx_events_block_calendar'),(2241,6,'_bx_events_block_comments'),(2242,6,'_bx_events_block_desc'),(2243,6,'_bx_events_block_files'),(2244,6,'_bx_events_block_home'),(2245,6,'_bx_events_block_info'),(2246,6,'_bx_events_block_joined_events'),(2247,6,'_bx_events_block_my_events'),(2248,6,'_bx_events_block_participants'),(2249,6,'_bx_events_block_participants_unconfirmed'),(2250,6,'_bx_events_block_past_list'),(2251,6,'_bx_events_block_photos'),(2252,6,'_bx_events_block_rate'),(2253,6,'_bx_events_block_recently_added_list'),(2254,6,'_bx_events_block_sounds'),(2255,6,'_bx_events_block_submenu_add'),(2256,6,'_bx_events_block_submenu_main'),(2257,6,'_bx_events_block_submenu_manage'),(2258,6,'_bx_events_block_submenu_pending'),(2259,6,'_bx_events_block_upcoming_list'),(2260,6,'_bx_events_block_upcoming_photo'),(2261,6,'_bx_events_block_user_events'),(2262,6,'_bx_events_block_videos'),(2263,6,'_bx_events_calendar'),(2264,6,'_bx_events_caption_add'),(2265,6,'_bx_events_caption_broadcast'),(2266,6,'_bx_events_caption_browse_by_author'),(2267,6,'_bx_events_caption_browse_by_author_joined_events'),(2268,6,'_bx_events_caption_browse_by_category'),(2269,6,'_bx_events_caption_browse_by_country'),(2270,6,'_bx_events_caption_browse_by_day'),(2271,6,'_bx_events_caption_browse_by_tag'),(2272,6,'_bx_events_caption_browse_featured'),(2273,6,'_bx_events_caption_browse_past'),(2274,6,'_bx_events_caption_browse_popular'),(2275,6,'_bx_events_caption_browse_recently_added'),(2276,6,'_bx_events_caption_browse_top_rated'),(2277,6,'_bx_events_caption_browse_upcoming'),(2278,6,'_bx_events_caption_city'),(2279,6,'_bx_events_caption_comments'),(2280,6,'_bx_events_caption_country'),(2281,6,'_bx_events_caption_desc'),(2282,6,'_bx_events_caption_edit'),(2283,6,'_bx_events_caption_event_end'),(2284,6,'_bx_events_caption_event_start'),(2285,6,'_bx_events_caption_files'),(2286,6,'_bx_events_caption_invite'),(2287,6,'_bx_events_caption_keyword'),(2288,6,'_bx_events_caption_manage_fans'),(2289,6,'_bx_events_caption_membership_filter'),(2290,6,'_bx_events_caption_participants'),(2291,6,'_bx_events_caption_photos'),(2292,6,'_bx_events_caption_place'),(2293,6,'_bx_events_caption_search'),(2294,6,'_bx_events_caption_search_results'),(2295,6,'_bx_events_caption_share_event'),(2296,6,'_bx_events_caption_sounds'),(2297,6,'_bx_events_caption_title'),(2298,6,'_bx_events_caption_upload_files'),(2299,6,'_bx_events_caption_upload_photos'),(2300,6,'_bx_events_caption_upload_sounds'),(2301,6,'_bx_events_caption_upload_videos'),(2302,6,'_bx_events_caption_videos'),(2303,6,'_bx_events_categories'),(2304,6,'_bx_events_err_city'),(2305,6,'_bx_events_err_country'),(2306,6,'_bx_events_err_desc'),(2307,6,'_bx_events_err_event_end'),(2308,6,'_bx_events_err_event_start'),(2309,6,'_bx_events_err_keyword'),(2310,6,'_bx_events_err_membership_filter'),(2311,6,'_bx_events_err_place'),(2312,6,'_bx_events_err_tags'),(2313,6,'_bx_events_err_title'),(2314,6,'_bx_events_event_is_in_process'),(2315,6,'_bx_events_event_join_success'),(2316,6,'_bx_events_event_join_success_pending'),(2317,6,'_bx_events_event_joined_already'),(2318,6,'_bx_events_event_joined_already_pending'),(2319,6,'_bx_events_event_leave_success'),(2320,6,'_bx_events_event_was_deleted'),(2321,6,'_bx_events_form_caption_broadcast_message'),(2322,6,'_bx_events_form_caption_broadcast_title'),(2323,6,'_bx_events_form_caption_file_title'),(2324,6,'_bx_events_form_caption_files_choice'),(2325,6,'_bx_events_form_caption_files_upload'),(2326,6,'_bx_events_form_caption_images_choice'),(2327,6,'_bx_events_form_caption_images_upload'),(2328,6,'_bx_events_form_caption_join_confirmation'),(2329,6,'_bx_events_form_caption_sounds_choice'),(2330,6,'_bx_events_form_caption_sounds_upload'),(2331,6,'_bx_events_form_caption_thumb_choice'),(2332,6,'_bx_events_form_caption_videos_choice'),(2333,6,'_bx_events_form_caption_videos_upload'),(2334,6,'_bx_events_form_err_broadcast_message'),(2335,6,'_bx_events_form_err_broadcast_title'),(2336,6,'_bx_events_form_header_files'),(2337,6,'_bx_events_form_header_images'),(2338,6,'_bx_events_form_header_info'),(2339,6,'_bx_events_form_header_privacy'),(2340,6,'_bx_events_form_header_sounds'),(2341,6,'_bx_events_form_header_videos'),(2342,6,'_bx_events_form_info_files_choice'),(2343,6,'_bx_events_form_info_files_upload'),(2344,6,'_bx_events_form_info_images_choice'),(2345,6,'_bx_events_form_info_images_upload'),(2346,6,'_bx_events_form_info_join_confirmation'),(2347,6,'_bx_events_form_info_sounds_choice'),(2348,6,'_bx_events_form_info_sounds_upload'),(2349,6,'_bx_events_form_info_thumb_choice'),(2350,6,'_bx_events_form_info_videos_choice'),(2351,6,'_bx_events_form_info_videos_upload'),(2352,6,'_bx_events_form_join_confirmation_disabled'),(2353,6,'_bx_events_form_join_confirmation_enabled'),(2354,6,'_bx_events_info_membership_filter'),(2355,6,'_bx_events_invitation_sent'),(2356,6,'_bx_events_main'),(2357,6,'_bx_events_membership_filter_none'),(2358,6,'_bx_events_menu_calendar'),(2359,6,'_bx_events_menu_categories'),(2360,6,'_bx_events_menu_featured'),(2361,6,'_bx_events_menu_main'),(2362,6,'_bx_events_menu_my_events_profile'),(2363,6,'_bx_events_menu_past_events'),(2364,6,'_bx_events_menu_popular'),(2365,6,'_bx_events_menu_recently_added'),(2366,6,'_bx_events_menu_root'),(2367,6,'_bx_events_menu_search'),(2368,6,'_bx_events_menu_tags'),(2369,6,'_bx_events_menu_top_rated'),(2370,6,'_bx_events_menu_upcoming_events'),(2371,6,'_bx_events_menu_view'),(2372,6,'_bx_events_menu_view_comments'),(2373,6,'_bx_events_menu_view_forum'),(2374,6,'_bx_events_menu_view_participants'),(2375,6,'_bx_events_msg_added_to_featured'),(2376,6,'_bx_events_msg_broadcast_message_sent'),(2377,6,'_bx_events_msg_broadcast_no_participants'),(2378,6,'_bx_events_msg_pending_approval'),(2379,6,'_bx_events_msg_removed_from_featured'),(2380,6,'_bx_events_msg_you_have_no_events'),(2381,6,'_bx_events_msg_you_have_pending_approval_events'),(2382,6,'_bx_events_msg_you_have_some_events'),(2383,6,'_bx_events_no_users_msg'),(2384,6,'_bx_events_pending_approval'),(2385,6,'_bx_events_plural'),(2386,6,'_bx_events_privacy_admins_only'),(2387,6,'_bx_events_privacy_comment'),(2388,6,'_bx_events_privacy_join'),(2389,6,'_bx_events_privacy_participants'),(2390,6,'_bx_events_privacy_participants_only'),(2391,6,'_bx_events_privacy_post_in_forum'),(2392,6,'_bx_events_privacy_rate'),(2393,6,'_bx_events_privacy_upload_files'),(2394,6,'_bx_events_privacy_upload_photos'),(2395,6,'_bx_events_privacy_upload_sounds'),(2396,6,'_bx_events_privacy_upload_videos'),(2397,6,'_bx_events_privacy_view_event'),(2398,6,'_bx_events_privacy_view_participants'),(2399,6,'_bx_events_sbs_change'),(2400,6,'_bx_events_sbs_comment'),(2401,6,'_bx_events_sbs_join'),(2402,6,'_bx_events_sbs_rate'),(2403,6,'_bx_events_single'),(2404,6,'_bx_events_spy_comment'),(2405,6,'_bx_events_spy_join'),(2406,6,'_bx_events_spy_post'),(2407,6,'_bx_events_spy_post_change'),(2408,6,'_bx_events_spy_rate'),(2409,6,'_bx_events_tab_featured'),(2410,6,'_bx_events_tab_popular'),(2411,6,'_bx_events_tab_recent'),(2412,6,'_bx_events_tab_top'),(2413,6,'_bx_events_tab_upcoming'),(2414,6,'_bx_events_tags'),(2415,6,'_bx_events_user_unknown'),(2416,6,'_bx_events_wall_added_new'),(2417,6,'_bx_events_wall_added_new_comment'),(2418,6,'_bx_events_wall_added_new_items'),(2419,6,'_bx_events_wall_object'),(2420,6,'_mma_events_add'),(2421,6,'_mma_events_approve'),(2422,6,'_mma_events_broadcast_message'),(2423,6,'_mma_events_browse'),(2424,6,'_mma_events_comments_delete_and_edit'),(2425,6,'_mma_events_delete_any_event'),(2426,6,'_mma_events_edit_any_event'),(2427,6,'_mma_events_mark_as_featured'),(2428,6,'_mma_events_search'),(2429,6,'_mma_events_view'),(2430,6,'_sbs_txt_title_bx_events'),(2431,7,'_sys_module_spy'),(2432,7,'_bx_spy'),(2433,7,'_bx_spy_module'),(2434,7,'_bx_spy_admin'),(2435,7,'_bx_spy_profile_has_joined'),(2436,7,'_bx_spy_profile_has_edited'),(2437,7,'_bx_spy_profile_has_edited_status_message'),(2438,7,'_bx_spy_profile_has_commented'),(2439,7,'_bx_spy_profile_has_rated'),(2440,7,'_bx_spy_profile_friend_accept'),(2441,7,'_bx_spy_all_activity'),(2442,7,'_bx_spy_content_updates'),(2443,7,'_bx_spy_profiles_updates'),(2444,7,'_bx_spy_notifications'),(2445,7,'_bx_spy_friends'),(2446,7,'_bx_spy_view_all'),(2447,7,'_bx_spy_chart'),(2448,8,'_sys_module_wall'),(2449,8,'_wall_pc_view'),(2450,8,'_wall_pc_view_account'),(2451,8,'_wall_pc_view_index'),(2452,8,'_wall_pc_post'),(2453,8,'_wall_pc_admin'),(2454,8,'_wall_bc_settings'),(2455,8,'_wall_added_new'),(2456,8,'_wall_edited_his_profile'),(2457,8,'_wall_edited_her_profile'),(2458,8,'_wall_edited_their_profile'),(2459,8,'_wall_edited_his_profile_status_message'),(2460,8,'_wall_edited_her_profile_status_message'),(2461,8,'_wall_edited_their_profile_status_message'),(2462,8,'_wall_added_new_comment_profile'),(2463,8,'_wall_object_profile'),(2464,8,'_wall_info'),(2465,8,'_wall_friends_with'),(2466,8,'_wall_today'),(2467,8,'_wall_1_days_ago'),(2468,8,'_wall_n_days_ago'),(2469,8,'_wall_n_comments'),(2470,8,'_wall_no_comments'),(2471,8,'_wall_write'),(2472,8,'_wall_share_link'),(2473,8,'_wall_add_photo'),(2474,8,'_wall_add_video'),(2475,8,'_wall_add_music'),(2476,8,'_wall_post'),(2477,8,'_wall_wrote'),(2478,8,'_wall_link_url'),(2479,8,'_Show N comments'),(2480,8,'_Hide N comments'),(2481,8,'_Comment to this comment'),(2482,8,'_wall_shared_link'),(2483,8,'_wall_added_photo'),(2484,8,'_wall_added_video'),(2485,8,'_wall_added_music'),(2486,8,'_wall_photo_album'),(2487,8,'_wall_sound_album'),(2488,8,'_wall_video_album'),(2489,8,'_wall_view_all'),(2490,8,'_wall_view_owner'),(2491,8,'_wall_view_other'),(2492,8,'_wall_top_smenu_item_wall'),(2493,8,'_wall_top_smenu_item_my_wall'),(2494,8,'_wall_page_caption'),(2495,8,'_wall_page_caption_my'),(2496,8,'_wall_anonymous'),(2497,8,'_wall_post_delete'),(2498,8,'_wall_msg_no_results'),(2499,8,'_wall_msg_page_not_found'),(2500,8,'_wall_get_rss'),(2501,8,'_wall_rss_caption'),(2502,8,'_wall_msg_failed_post'),(2503,8,'_wall_msg_not_allowed_post'),(2504,8,'_wall_msg_text_empty_message'),(2505,8,'_wall_msg_link_empty_link'),(2506,8,'_wall_admin_menu_sitem'),(2507,8,'_mma_timeline_post_comment'),(2508,8,'_mma_timeline_delete_comment'),(2509,8,'_sbs_txt_title_bx_wall'),(2510,8,'_wall_sbs_main'),(2511,8,'_wall_sbs_update'),(2512,8,'_wall_time_range'),(2513,8,'_wall_load_more'),(2514,8,'_wall_spy_post'),(2515,8,'_wall_spy_post_comment'),(2516,8,'_bx_wall_chart'),(2517,8,'_wall_alert_module_profile'),(2518,8,'_wall_alert_module_friend'),(2519,8,'_wall_alert_action_add'),(2520,8,'_wall_alert_action_create'),(2521,8,'_wall_alert_action_change'),(2522,8,'_wall_alert_action_edit'),(2523,8,'_wall_alert_action_delete'),(2524,8,'_wall_alert_action_commentPost'),(2525,8,'_wall_alert_action_edit_status_message'),(2526,8,'_wall_alert_action_accept'),(2527,9,'_sys_module_photos'),(2528,9,'_bx_photos_caption_browse_by_day'),(2529,9,'_bx_photos'),(2530,9,'_bx_photos_adm_stats'),(2531,9,'_bx_photos_access_denied'),(2532,9,'_bx_photos_action_view_original'),(2533,9,'_bx_photos_action_fave'),(2534,9,'_bx_photos_action_unfave'),(2535,9,'_bx_photos_action_report'),(2536,9,'_bx_photos_action_feature'),(2537,9,'_bx_photos_action_unfeature'),(2538,9,'_bx_photos_actions'),(2539,9,'_bx_photos_add'),(2540,9,'_bx_photos_add_info'),(2541,9,'_bx_photos_add_objects'),(2542,9,'_bx_photos_admin_title'),(2543,9,'_bx_photos_admin'),(2544,9,'_bx_photos_admin_activate'),(2545,9,'_bx_photos_admin_deactivate'),(2546,9,'_bx_photos_admin_delete'),(2547,9,'_bx_photos_admin_feature'),(2548,9,'_bx_photos_admin_main'),(2549,9,'_bx_photos_admin_settings'),(2550,9,'_bx_photos_admin_unfeature'),(2551,9,'_bx_photos_albums'),(2552,9,'_bx_photos_albums_add'),(2553,9,'_bx_photos_albums_admin'),(2554,9,'_bx_photos_albums_disapproved'),(2555,9,'_bx_photos_albums_my'),(2556,9,'_bx_photos_albums_count_info'),(2557,9,'_bx_photos_albums_add_info'),(2558,9,'_bx_photos_album_add'),(2559,9,'_bx_photos_album_add_objects'),(2560,9,'_bx_photos_album_delete'),(2561,9,'_bx_photos_album_delete_confirm'),(2562,9,'_bx_photos_album_delete_error'),(2563,9,'_bx_photos_album_delete_success'),(2564,9,'_bx_photos_album_delete_warning'),(2565,9,'_bx_photos_album_disapproved'),(2566,9,'_bx_photos_album_edit'),(2567,9,'_bx_photos_album_info'),(2568,9,'_bx_photos_album_main'),(2569,9,'_bx_photos_album_main_objects'),(2570,9,'_bx_photos_album_manage'),(2571,9,'_bx_photos_album_manage_objects'),(2572,9,'_bx_photos_album_manage_objects_disapproved'),(2573,9,'_bx_photos_album_manage_objects_pending'),(2574,9,'_bx_photos_album_objects'),(2575,9,'_bx_photos_album_organize'),(2576,9,'_bx_photos_album_organize_reverse'),(2577,9,'_bx_photos_album_save_redirect'),(2578,9,'_bx_photos_album_save_success'),(2579,9,'_bx_photos_album_view'),(2580,9,'_bx_photos_album_photos_rest'),(2581,9,'_bx_photos_alert_commented'),(2582,9,'_bx_photos_alert_rated'),(2583,9,'_bx_photos_all'),(2584,9,'_bx_photos_any'),(2585,9,'_bx_photos_approved'),(2586,9,'_bx_photos_author'),(2587,9,'_bx_photos_bcaption_all'),(2588,9,'_bx_photos_browse'),(2589,9,'_bx_photos_browse_by_album'),(2590,9,'_bx_photos_browse_by_tag'),(2591,9,'_bx_photos_browse_by_category'),(2592,9,'_bx_photos_browse_by_owner'),(2593,9,'_bx_photos_browse_file'),(2594,9,'_bx_photos_categories_all'),(2595,9,'_bx_photos_choose_uploader'),(2596,9,'_bx_photos_close'),(2597,9,'_bx_photos_comments'),(2598,9,'_bx_photos_count_info'),(2599,9,'_bx_photos_count_status_info'),(2600,9,'_bx_photos_couple_photo_block'),(2601,9,'_bx_photos_delete'),(2602,9,'_bx_photos_delete_from_album'),(2603,9,'_bx_photos_delete_error'),(2604,9,'_bx_photos_disapproved'),(2605,9,'_bx_photos_distribute'),(2606,9,'_bx_photos_embed'),(2607,9,'_bx_photos_Embed'),(2608,9,'_bx_photos_Embed_example'),(2609,9,'_bx_photos_fav_add'),(2610,9,'_bx_photos_fav_remove'),(2611,9,'_bx_photos_albums_owner'),(2612,9,'_bx_photos_favorited'),(2613,9,'_bx_photos_featured'),(2614,9,'_bx_photos_file_not_found'),(2615,9,'_bx_photos_file_was_uploaded'),(2616,9,'_bx_photos_forbidden'),(2617,9,'_bx_photos_home'),(2618,9,'_bx_photos_i_have_the_right_to_distribute'),(2619,9,'_bx_photos_info_main'),(2620,9,'_bx_photos_latest'),(2621,9,'_bx_photos_latest_file'),(2622,9,'_bx_photos_main'),(2623,9,'_bx_photos_menu_pending'),(2624,9,'_bx_photos_menu_profile'),(2625,9,'_bx_photos_my'),(2626,9,'_bx_photos_msg_page_not_found'),(2627,9,'_bx_photos_no_file_for_rate'),(2628,9,'_bx_photos_not_found'),(2629,9,'_bx_photos_organize_objects'),(2630,9,'_bx_photos_pending'),(2631,9,'_bx_photos_photo_block'),(2632,9,'_bx_photos_photo_album_block'),(2633,9,'_bx_photos_photo_switcher_block'),(2634,9,'_bx_photos_plural'),(2635,9,'_bx_photos_preview'),(2636,9,'_bx_photos_previous_rated'),(2637,9,'_bx_photos_profile_album_name'),(2638,9,'_bx_photos_profile_albums_with'),(2639,9,'_bx_photos_profile_items'),(2640,9,'_bx_photos_member_info_profile_photo'),(2641,9,'_bx_photos_member_info_profile_photo_icon'),(2642,9,'_bx_photos_public'),(2643,9,'_bx_photos_rate'),(2644,9,'_bx_photos_rate_header'),(2645,9,'_bx_photos_record'),(2646,9,'_bx_photos_regular'),(2647,9,'_bx_photos_related'),(2648,9,'_bx_photos_save_success'),(2649,9,'_bx_photos_sbs_comments'),(2650,9,'_bx_photos_set_as_avatar'),(2651,9,'_bx_photos_single'),(2652,9,'_bx_photos_size'),(2653,9,'_bx_photos_size_unit'),(2654,9,'_bx_photos_size_error'),(2655,9,'_bx_photos_special'),(2656,9,'_bx_photos_spy_added'),(2657,9,'_bx_photos_spy_comment_posted'),(2658,9,'_bx_photos_spy_rated'),(2659,9,'_bx_photos_submit'),(2660,9,'_bx_photos_top'),(2661,9,'_bx_photos_top_menu_albums'),(2662,9,'_bx_photos_top_menu_album'),(2663,9,'_bx_photos_top_menu_all'),(2664,9,'_bx_photos_top_menu_calendar'),(2665,9,'_bx_photos_top_menu_categories'),(2666,9,'_bx_photos_top_menu_category'),(2667,9,'_bx_photos_top_menu_favorited'),(2668,9,'_bx_photos_top_menu_featured'),(2669,9,'_bx_photos_top_menu_home'),(2670,9,'_bx_photos_top_menu_item'),(2671,9,'_bx_photos_top_menu_popular'),(2672,9,'_bx_photos_top_menu_profile'),(2673,9,'_bx_photos_top_menu_rate'),(2674,9,'_bx_photos_top_menu_search'),(2675,9,'_bx_photos_top_menu_tags'),(2676,9,'_bx_photos_top_menu_top'),(2677,9,'_bx_photos_undefined'),(2678,9,'_bx_photos_upl_err'),(2679,9,'_bx_photos_upl_file_err'),(2680,9,'_bx_photos_upl_succ'),(2681,9,'_bx_photos_upload'),(2682,9,'_bx_photos_upload_instance'),(2683,9,'_bx_photos_val_descr_err'),(2684,9,'_bx_photos_val_title_err'),(2685,9,'_bx_photos_view'),(2686,9,'_bx_photos_view_alt_fav'),(2687,9,'_bx_photos_view_alt_view'),(2688,9,'_bx_photos_flickr_key_not_exist'),(2689,9,'_bx_photos_emb_err'),(2690,9,'_bx_photos_wall_added_new'),(2691,9,'_bx_photos_wall_added_new_items'),(2692,9,'_bx_photos_wall_added_new_comment'),(2693,9,'_bx_photos_wall_object'),(2694,9,'_bx_photos_wall_photo_private'),(2695,9,'_sbs_txt_title_bx_photos'),(2696,9,'_mma_photos_add'),(2697,9,'_mma_photos_view'),(2698,9,'_mma_photos_delete'),(2699,9,'_mma_photos_download'),(2700,9,'_mma_photos_approve'),(2701,9,'_mma_photos_edit'),(2702,10,'_sys_module_feedback'),(2703,10,'_feedback_actions_delete'),(2704,10,'_feedback_admin_menu_sitem'),(2705,10,'_feedback_bcaption_index'),(2706,10,'_feedback_bcaption_post'),(2707,10,'_feedback_bcaption_settings'),(2708,10,'_feedback_bcaption_view_action'),(2709,10,'_feedback_bcaption_view_admin'),(2710,10,'_feedback_bcaption_view_all'),(2711,10,'_feedback_bcaption_view_comment'),(2712,10,'_feedback_bcaption_view_main'),(2713,10,'_feedback_bcaption_view_my'),(2714,10,'_feedback_bcaption_view_vote'),(2715,10,'_feedback_chart'),(2716,10,'_feedback_lcaption_approve'),(2717,10,'_feedback_lcaption_delete'),(2718,10,'_feedback_lcaption_edit'),(2719,10,'_feedback_lcaption_post'),(2720,10,'_feedback_lcaption_reject'),(2721,10,'_feedback_lcaption_search_object'),(2722,10,'_feedback_lcaption_tags_object'),(2723,10,'_feedback_msg_failed_delete'),(2724,10,'_feedback_msg_no_results'),(2725,10,'_feedback_msg_success_delete'),(2726,10,'_feedback_pcaption_admin'),(2727,10,'_feedback_pcaption_all'),(2728,10,'_feedback_pcaption_post'),(2729,10,'_feedback_psaction_comment'),(2730,10,'_feedback_psaction_vote'),(2731,10,'_feedback_sbs_commentPost'),(2732,10,'_feedback_sbs_main'),(2733,10,'_feedback_sitemap'),(2734,10,'_feedback_ss'),(2735,10,'_feedback_ss_adm_stats'),(2736,10,'_feedback_status_0'),(2737,10,'_feedback_status_1'),(2738,10,'_feedback_status_2'),(2739,10,'_feedback_top_menu_item'),(2740,10,'_feedback_top_menu_sitem'),(2741,10,'_sbs_txt_title_bx_feedback'),(2742,10,'_mma_Feedback_Delete'),(2743,11,'_sys_module_news'),(2744,11,'_news_actions_delete'),(2745,11,'_news_admin_menu_sitem'),(2746,11,'_news_archive_top_menu_sitem'),(2747,11,'_news_bcaption_all'),(2748,11,'_news_bcaption_all_tags'),(2749,11,'_news_bcaption_archive'),(2750,11,'_news_bcaption_calendar'),(2751,11,'_news_bcaption_calendar_browse'),(2752,11,'_news_bcaption_categories'),(2753,11,'_news_bcaption_category'),(2754,11,'_news_bcaption_featured'),(2755,11,'_news_bcaption_latest'),(2756,11,'_news_bcaption_member'),(2757,11,'_news_bcaption_popular'),(2758,11,'_news_bcaption_post'),(2759,11,'_news_bcaption_settings'),(2760,11,'_news_bcaption_tag'),(2761,11,'_news_bcaption_tags'),(2762,11,'_news_bcaption_top_rated'),(2763,11,'_news_bcaption_view_action'),(2764,11,'_news_bcaption_view_comment'),(2765,11,'_news_bcaption_view_main'),(2766,11,'_news_bcaption_view_vote'),(2767,11,'_news_calendar_top_menu_sitem'),(2768,11,'_news_categories_top_menu_sitem'),(2769,11,'_news_chart'),(2770,11,'_news_entry_plural'),(2771,11,'_news_entry_single'),(2772,11,'_news_featured'),(2773,11,'_news_featured_top_menu_sitem'),(2774,11,'_news_get_rss'),(2775,11,'_news_home_top_menu_sitem'),(2776,11,'_news_lcaption_categories'),(2777,11,'_news_lcaption_delete'),(2778,11,'_news_lcaption_edit'),(2779,11,'_news_lcaption_featured'),(2780,11,'_news_lcaption_publish'),(2781,11,'_news_lcaption_search_object'),(2782,11,'_news_lcaption_tags'),(2783,11,'_news_lcaption_unfeatured'),(2784,11,'_news_lcaption_unpublish'),(2785,11,'_news_msg_failed_delete'),(2786,11,'_news_msg_no_results'),(2787,11,'_news_msg_success_delete'),(2788,11,'_news_pcaption_admin'),(2789,11,'_news_pcaption_archive'),(2790,11,'_news_pcaption_calendar'),(2791,11,'_news_pcaption_categories'),(2792,11,'_news_pcaption_category'),(2793,11,'_news_pcaption_featured'),(2794,11,'_news_pcaption_home'),(2795,11,'_news_pcaption_popular'),(2796,11,'_news_pcaption_tag'),(2797,11,'_news_pcaption_tags'),(2798,11,'_news_pcaption_top_rated'),(2799,11,'_news_popular_top_menu_sitem'),(2800,11,'_news_rss_caption'),(2801,11,'_news_sbs_commentPost'),(2802,11,'_news_sbs_main'),(2803,11,'_news_search_top_menu_sitem'),(2804,11,'_news_sitemap'),(2805,11,'_news_ss'),(2806,11,'_news_ss_adm_stats'),(2807,11,'_news_status_0'),(2808,11,'_news_status_1'),(2809,11,'_news_status_2'),(2810,11,'_news_tags_top_menu_sitem'),(2811,11,'_news_top_menu_item'),(2812,11,'_news_top_top_menu_sitem'),(2813,11,'_news_view_top_menu_sitem'),(2814,11,'_sbs_txt_title_bx_news'),(2815,11,'_mma_News_Delete'),(2816,12,'_sys_module_pageac'),(2817,12,'_bx_pageac'),(2818,12,'_bx_pageac_note'),(2819,12,'_bx_pageac_note_text'),(2820,12,'_bx_pageac_new_rule'),(2821,12,'_bx_pageac_current_rules'),(2822,12,'_bx_pageac_forbidden_groups'),(2823,12,'_bx_pageac_add_rule'),(2824,12,'_bx_pageac_no_rules_admin'),(2825,12,'_bx_pageac_url'),(2826,12,'_bx_pageac_action'),(2827,12,'_bx_pageac_update'),(2828,12,'_bx_pageac_delete'),(2829,12,'_bx_pageac_visible_for'),(2830,12,'_bx_pageac_visible_for_all'),(2831,12,'_bx_pageac_access_denied'),(2832,12,'_bx_pageac_deny_text'),(2833,12,'_bx_pageac_rules_page'),(2834,12,'_bx_pageac_topmenu_page'),(2835,12,'_bx_pageac_membermenu_page'),(2836,12,'_bx_pageac_page_blocks_page'),(2837,12,'_bx_pageac_loading'),(2838,12,'_bx_pageac_page_url'),(2839,12,'_bx_pageac_page_url_empty'),(2840,12,'_bx_pageac_saved'),(2841,12,'_bx_pageac_deleted'),(2842,12,'_bx_pageac_page_url_descr'),(2843,12,'_bx_pageac_advanced'),(2844,12,'_bx_pageac_advanced_descr'),(2845,13,'_sys_module_poll'),(2846,13,'_bx_poll'),(2847,13,'_bx_poll_PH'),(2848,13,'_bx_poll_access_denied'),(2849,13,'_bx_poll_actions'),(2850,13,'_bx_poll_active'),(2851,13,'_bx_poll_add'),(2852,13,'_bx_poll_added'),(2853,13,'_bx_poll_administration'),(2854,13,'_bx_poll_all'),(2855,13,'_bx_poll_allow_comment'),(2856,13,'_bx_poll_allow_view'),(2857,13,'_bx_poll_allow_vote'),(2858,13,'_bx_poll_answer'),(2859,13,'_bx_poll_answer_length_required'),(2860,13,'_bx_poll_answered'),(2861,13,'_bx_poll_approve'),(2862,13,'_bx_poll_approved'),(2863,13,'_bx_poll_browse_by_day'),(2864,13,'_bx_poll_browse_category'),(2865,13,'_bx_poll_browse_tag'),(2866,13,'_bx_poll_by'),(2867,13,'_bx_poll_calendar'),(2868,13,'_bx_poll_categories'),(2869,13,'_bx_poll_close'),(2870,13,'_bx_poll_commented'),(2871,13,'_bx_poll_comments'),(2872,13,'_bx_poll_create'),(2873,13,'_bx_poll_created'),(2874,13,'_bx_poll_delete'),(2875,13,'_bx_poll_disapprove'),(2876,13,'_bx_poll_edit'),(2877,13,'_bx_poll_edit_poll'),(2878,13,'_bx_poll_featured'),(2879,13,'_bx_poll_featured_polls'),(2880,13,'_bx_poll_generate'),(2881,13,'_bx_poll_have_not_approval'),(2882,13,'_bx_poll_home'),(2883,13,'_bx_poll_keyword'),(2884,13,'_bx_poll_latest'),(2885,13,'_bx_poll_latest_public'),(2886,13,'_bx_poll_loading'),(2887,13,'_bx_poll_main'),(2888,13,'_bx_poll_make_it'),(2889,13,'_bx_poll_manage'),(2890,13,'_bx_poll_manage_poll'),(2891,13,'_bx_poll_max_reached'),(2892,13,'_bx_poll_moderation'),(2893,13,'_bx_poll_module'),(2894,13,'_bx_poll_my'),(2895,13,'_bx_poll_not_available'),(2896,13,'_bx_poll_owner'),(2897,13,'_bx_poll_pending'),(2898,13,'_bx_poll_pending_poll'),(2899,13,'_bx_poll_popular'),(2900,13,'_bx_poll_popular_polls'),(2901,13,'_bx_poll_privacy_comment_error'),(2902,13,'_bx_poll_privacy_vote_error'),(2903,13,'_bx_poll_private'),(2904,13,'_bx_poll_question'),(2905,13,'_bx_poll_question_length_required'),(2906,13,'_bx_poll_rated'),(2907,13,'_bx_poll_result'),(2908,13,'_bx_poll_save'),(2909,13,'_bx_poll_sbs_comment'),(2910,13,'_bx_poll_search'),(2911,13,'_bx_poll_select_all'),(2912,13,'_bx_poll_settings'),(2913,13,'_bx_poll_specify_least'),(2914,13,'_bx_poll_tags'),(2915,13,'_bx_poll_tags_premoderation'),(2916,13,'_bx_poll_tags_separeted'),(2917,13,'_bx_poll_unapproved'),(2918,13,'_bx_poll_unfeatured'),(2919,13,'_bx_poll_view'),(2920,13,'_bx_poll_view_category'),(2921,13,'_bx_poll_view_tag'),(2922,13,'_bx_poll_votings'),(2923,13,'_bx_poll_wall_added_new'),(2924,13,'_bx_poll_wall_added_new_comment'),(2925,13,'_bx_poll_wall_object'),(2926,13,'_bx_poll_was_deleted'),(2927,13,'_bx_poll_was_edited'),(2928,13,'_bx_polls'),(2929,13,'_bx_polls_adm_stats'),(2930,13,'_bx_polls_profile'),(2931,13,'_bx_polls_public'),(2932,13,'_mma_create_polls'),(2933,13,'_sbs_txt_title_bx_poll'),(2934,14,'_sys_module_simple_messenger'),(2935,14,'_simple_messenger_bcaption_settings'),(2936,14,'_simple_messenger_privacy_settings_caption'),(2937,14,'_simple_messenger_error_member_menu'),(2938,14,'_mma_use_simple_messenger'),(2939,14,'_simple_messenger_title'),(2940,14,'_simple_messenger_empty_message'),(2941,14,'_simple_messenger_wait'),(2942,14,'_simple_messenger_minimize_button'),(2943,14,'_simple_messenger_close_button'),(2944,14,'_simple_messenger_switch_to_video'),(2945,14,'_simple_messenger_max_allowed_windows'),(2946,14,'_simple_messenger_recipient_max_allowed_windows'),(2947,14,'_simple_messenger_chat_now'),(2948,14,'_simple_messenger_privacy_disallow'),(2949,14,'_simple_messenger_privacy_page_select_group'),(2950,14,'_simple_messenger_privacy_page_submit_value'),(2951,14,'_simple_messenger_privacy_page_group_created'),(2952,14,'_simple_messenger_privacy_settings'),(2953,14,'_simple_messenger_chart'),(2954,15,'_sys_module_sites'),(2955,15,'_bx_site_caption_edit'),(2956,15,'_bx_sites'),(2957,15,'_bx_sites_action_add_site'),(2958,15,'_bx_sites_action_add_to_featured'),(2959,15,'_bx_sites_action_my_sites'),(2960,15,'_bx_sites_action_remove_from_featured'),(2961,15,'_bx_sites_action_title_delete'),(2962,15,'_bx_sites_action_title_edit'),(2963,15,'_bx_sites_adm_stats'),(2964,15,'_bx_sites_admin'),(2965,15,'_bx_sites_admin_activate'),(2966,15,'_bx_sites_admin_clear_cache'),(2967,15,'_bx_sites_admin_delete'),(2968,15,'_bx_sites_admin_refresh_thumb'),(2969,15,'_bx_sites_admin_settings_info'),(2970,15,'_bx_sites_admin_stw_note'),(2971,15,'_bx_sites_admin_top_menu_sitem'),(2972,15,'_bx_sites_administration'),(2973,15,'_bx_sites_administration_add_site'),(2974,15,'_bx_sites_administration_admin_sites'),(2975,15,'_bx_sites_administration_settings'),(2976,15,'_bx_sites_administration_stw_acc_failed'),(2977,15,'_bx_sites_administration_stw_acc_no_data'),(2978,15,'_bx_sites_administration_stw_acc_success'),(2979,15,'_bx_sites_all_top_menu_sitem'),(2980,15,'_bx_sites_bcaption_actions'),(2981,15,'_bx_sites_bcaption_administration'),(2982,15,'_bx_sites_bcaption_all'),(2983,15,'_bx_sites_bcaption_comments'),(2984,15,'_bx_sites_bcaption_description'),(2985,15,'_bx_sites_bcaption_image'),(2986,15,'_bx_sites_bcaption_information'),(2987,15,'_bx_sites_bcaption_latest'),(2988,15,'_bx_sites_bcaption_owner_sites'),(2989,15,'_bx_sites_bcaption_previously'),(2990,15,'_bx_sites_bcaption_rate'),(2991,15,'_bx_sites_bcaption_site_add'),(2992,15,'_bx_sites_block_submenu_add_site'),(2993,15,'_bx_sites_block_submenu_main'),(2994,15,'_bx_sites_block_submenu_manage_sites'),(2995,15,'_bx_sites_block_submenu_pending_sites'),(2996,15,'_bx_sites_calendar_top_menu_sitem'),(2997,15,'_bx_sites_caption_allow_comments'),(2998,15,'_bx_sites_caption_allow_rate'),(2999,15,'_bx_sites_caption_allow_view'),(3000,15,'_bx_sites_caption_browse_add'),(3001,15,'_bx_sites_caption_browse_admin'),(3002,15,'_bx_sites_caption_browse_all'),(3003,15,'_bx_sites_caption_browse_by_category'),(3004,15,'_bx_sites_caption_browse_by_day'),(3005,15,'_bx_sites_caption_browse_by_tag'),(3006,15,'_bx_sites_caption_browse_by_user'),(3007,15,'_bx_sites_caption_browse_calendar'),(3008,15,'_bx_sites_caption_browse_categories'),(3009,15,'_bx_sites_caption_browse_featured'),(3010,15,'_bx_sites_caption_browse_manage'),(3011,15,'_bx_sites_caption_browse_my'),(3012,15,'_bx_sites_caption_browse_pending'),(3013,15,'_bx_sites_caption_browse_popular'),(3014,15,'_bx_sites_caption_browse_profile'),(3015,15,'_bx_sites_caption_browse_search'),(3016,15,'_bx_sites_caption_browse_tags'),(3017,15,'_bx_sites_caption_browse_top_rated'),(3018,15,'_bx_sites_caption_categories'),(3019,15,'_bx_sites_caption_home'),(3020,15,'_bx_sites_caption_keyword'),(3021,15,'_bx_sites_caption_public_feature'),(3022,15,'_bx_sites_caption_public_last_featured'),(3023,15,'_bx_sites_caption_public_latest'),(3024,15,'_bx_sites_caption_search_results'),(3025,15,'_bx_sites_caption_share_site'),(3026,15,'_bx_sites_caption_tags'),(3027,15,'_bx_sites_categories_top_menu_sitem'),(3028,15,'_bx_sites_err_edit_site'),(3029,15,'_bx_sites_err_keyword'),(3030,15,'_bx_sites_error_occured'),(3031,15,'_bx_sites_featured_top_menu_sitem'),(3032,15,'_bx_sites_form_description'),(3033,15,'_bx_sites_form_field_err'),(3034,15,'_bx_sites_form_other_thumbnail'),(3035,15,'_bx_sites_form_photo'),(3036,15,'_bx_sites_form_title'),(3037,15,'_bx_sites_form_url'),(3038,15,'_bx_sites_home_top_menu_sitem'),(3039,15,'_bx_sites_hon'),(3040,15,'_bx_sites_hon_top_menu_sitem'),(3041,15,'_bx_sites_menu_my_sites_profile'),(3042,15,'_bx_sites_msg_access_denied'),(3043,15,'_bx_sites_msg_add_more_sites'),(3044,15,'_bx_sites_msg_added_to_featured'),(3045,15,'_bx_sites_msg_no_sites'),(3046,15,'_bx_sites_msg_page_not_found'),(3047,15,'_bx_sites_msg_pending_approval'),(3048,15,'_bx_sites_msg_removed_from_featured'),(3049,15,'_bx_sites_msg_you_have_active_sites'),(3050,15,'_bx_sites_msg_you_have_pending_sites'),(3051,15,'_bx_sites_msg_you_have_sites'),(3052,15,'_bx_sites_pending_approval'),(3053,15,'_bx_sites_plural'),(3054,15,'_bx_sites_poll_add'),(3055,15,'_bx_sites_poll_change'),(3056,15,'_bx_sites_poll_commentPost'),(3057,15,'_bx_sites_poll_rate'),(3058,15,'_bx_sites_popular_top_menu_sitem'),(3059,15,'_bx_sites_privacy_comment'),(3060,15,'_bx_sites_privacy_view'),(3061,15,'_bx_sites_privacy_vote'),(3062,15,'_bx_sites_profile_top_menu_sitem'),(3063,15,'_bx_sites_sbs_comment'),(3064,15,'_bx_sites_search_top_menu_sitem'),(3065,15,'_bx_sites_single'),(3066,15,'_bx_sites_site'),(3067,15,'_bx_sites_site_link_error'),(3068,15,'_bx_sites_site_was_deleted'),(3069,15,'_bx_sites_tags_top_menu_sitem'),(3070,15,'_bx_sites_top_menu_item'),(3071,15,'_bx_sites_top_top_menu_sitem'),(3072,15,'_bx_sites_unit_comments'),(3073,15,'_bx_sites_unit_from'),(3074,15,'_bx_sites_wall_added_new'),(3075,15,'_bx_sites_wall_added_new_comment'),(3076,15,'_bx_sites_wall_added_new_items'),(3077,15,'_bx_sites_wall_object'),(3078,15,'_mma_sites_add'),(3079,15,'_mma_sites_approve'),(3080,15,'_mma_sites_browse'),(3081,15,'_mma_sites_delete_any_site'),(3082,15,'_mma_sites_edit_any_site'),(3083,15,'_mma_sites_mark_as_featured'),(3084,15,'_mma_sites_search'),(3085,15,'_mma_sites_view'),(3086,15,'_sbs_txt_title_bx_sites'),(3087,1,'_adm_pbuilder_PHP_Block'),(3088,1,'_adm_pbuilder_PHP_content'),(3089,1,'_PHP Block'),(3090,32,'_FieldCaption_Spiritual_Practice_Join'),(3091,32,'_FieldDesc_Spiritual_Practice_Join'),(3092,32,'_FieldCaption_Political_View_Join'),(3093,32,'_FieldValues_Ultra Conservative'),(3094,32,'_FieldValues_Conservative'),(3095,32,'_FieldValues_Middle of The Road'),(3096,32,'_FieldValues_Liberal'),(3097,32,'_FieldValues_Very Liberal'),(3098,32,'_FieldValues_Non-Conformist'),(3099,32,'_FieldValues_Other Point of View'),(3100,32,'_FieldValues_Non-Political'),(3101,32,'_FieldCaption_SpiritualPractice_Join'),(3102,32,'_FieldDesc_SpiritualPractice_Join'),(3103,32,'_FieldCaption_PoliticalView_Join'),(3104,32,'_FieldCaption_Education_Join'),(3105,32,'_FieldValues_Elementary School'),(3106,32,'_FieldValues_Some High School'),(3107,32,'_FieldValues_High School Graduate'),(3108,32,'_FieldValues_Some College'),(3109,32,'_FieldValues_Associates Degree'),(3110,32,'_FieldValues_Bachelors Degree'),(3111,32,'_FieldValues_Masters Degree'),(3112,32,'_FieldValues_PhD. '),(3113,32,'_FieldValues_Post Doc.'),(3114,32,'_FieldCaption_Hobbies_Join'),(3115,32,'_FieldValues_Alternative Health'),(3116,32,'_FieldValues_Beauty'),(3117,32,'_FieldValues_Cycling'),(3118,32,'_FieldValues_Dance'),(3119,32,'_FieldValues_Decor'),(3120,32,'_FieldValues_Fashion'),(3121,32,'_FieldValues_Gardening'),(3122,32,'_FieldValues_Golf'),(3123,32,'_FieldValues_Health'),(3124,32,'_FieldValues_Knitting'),(3125,32,'_FieldValues_Movies'),(3126,32,'_FieldValues_Play Sports'),(3127,32,'_FieldValues_Running'),(3128,32,'_FieldValues_Skiing'),(3129,32,'_FieldValues_Sewing'),(3130,32,'_FieldValues_Working Out'),(3131,32,'_FieldValues_Watching Sport'),(3132,32,'_FieldValues_Other'),(3133,32,'_FieldDesc_ProfilePhoto_Join'),(3134,32,'_FieldCaption_PersonalInterests_Join'),(3135,32,'_FieldCaption_AltHealing_Join'),(3136,32,'_FieldDesc_AltHealing_Join'),(3137,32,'_FieldValues_Acupuncture'),(3138,32,'_FieldValues_Bio Feedback'),(3139,32,'_FieldValues_Chiropractic'),(3140,32,'_FieldValues_Energy Therapies'),(3141,32,'_FieldValues_FeldenKrais'),(3142,32,'_FieldValues_Herbalism'),(3143,32,'_FieldValues_Homeopathy'),(3144,32,'_FieldValues_Meditation'),(3145,32,'_FieldCaption_InterestArt_Join'),(3146,32,'_FieldValues_Crafts'),(3147,32,'_FieldValues_Drawing'),(3148,32,'_FieldValues_Edging'),(3149,32,'_FieldValues_Jewelry Making'),(3150,32,'_FieldValues_Painting'),(3151,32,'_FieldValues_Photography'),(3152,32,'_FieldValues_Videography'),(3153,32,'_FieldValues_Galleries'),(3154,32,'_FieldValues_Museums'),(3155,32,'_FieldCaption_InterestsAltHealing_Join'),(3156,32,'_FieldCaption_InterestsArt_Join'),(3157,32,'_FieldCaption_Ethnicity_Join'),(3158,32,'_FieldValues_Asian'),(3159,32,'_FieldValues_Black/African Descent'),(3160,32,'_FieldValues_East Indian'),(3161,32,'_FieldValues_Latino/Hispanic'),(3162,32,'_FieldValues_Middle Eastern'),(3163,32,'_FieldValues_Native American'),(3164,32,'_FieldValues_Pacific Islander'),(3165,32,'_FieldValues_White/Caucasian'),(3166,32,'_FieldValues_Agnostic'),(3167,32,'_FieldValues_Atheist'),(3168,32,'_FieldValues_Bahai, '),(3169,32,'_FieldValues_Buddhist / Taoist'),(3170,32,'_FieldValues_Christian / Catholic'),(3171,32,'_FieldValues_Christian / LDS'),(3172,32,'_FieldValues_Christian / Protestant'),(3173,32,'_FieldValues_Hindi'),(3174,32,'_FieldValues_Jewish'),(3175,32,'_FieldValues_Muslim / Islam'),(3176,32,'_FieldValues_New Age'),(3177,32,'_FieldValues_Paganism'),(3178,32,'_FieldValues_Rastafarian'),(3179,32,'_FieldValues_Scientology'),(3180,32,'_FieldValues_Sikhism'),(3181,32,'_FieldValues_Spiritual, but not religious'),(3182,32,'_FieldValues_Taoism'),(3183,32,'_FieldValues_Unitarianism'),(3184,32,'_FieldValues_Wicca'),(3185,32,'_FieldValues_Christian / Other'),(3186,32,'_FieldCaption_ProfileInfo_Join'),(3187,32,'_FieldCaption_AboutYou_Join'),(3188,32,'_FieldValues_Bahai'),(3189,32,'_FieldDesc_WomanStatus_Join'),(3190,32,'_FieldError_WomanStatus_Mandatory'),(3191,32,'_FieldCaption_WomanStatus_Join'),(3192,32,'_FieldValues_Single Woman'),(3193,32,'_FieldValues_Single Mother'),(3194,32,'_FieldValues_Sponsor Woman'),(3195,1,'_FieldCaption_AboutYou_Search'),(3196,16,'_sys_module_ads'),(3197,16,'_bx_ads_Activate'),(3198,16,'_bx_ads_Ad'),(3199,16,'_bx_ads_Ad_fail_delete'),(3200,16,'_bx_ads_Ad_photos'),(3201,16,'_bx_ads_Ad_succ_added'),(3202,16,'_bx_ads_Ad_succ_deleted'),(3203,16,'_bx_ads_Ad_succ_updated'),(3204,16,'_bx_ads_Add'),(3205,16,'_bx_ads_Add_ad'),(3206,16,'_bx_ads_Administration'),(3207,16,'_bx_ads_Ads'),(3208,16,'_bx_ads_Ads_Home'),(3209,16,'_bx_ads_Ads_adm_stats'),(3210,16,'_bx_ads_All_ads'),(3211,16,'_bx_ads_Apply'),(3212,16,'_bx_ads_Back'),(3213,16,'_bx_ads_Browse_All_Ads'),(3214,16,'_bx_ads_BuyDetails1'),(3215,16,'_bx_ads_BuyMsg1'),(3216,16,'_bx_ads_BuyMsg2'),(3217,16,'_bx_ads_Buy_Now'),(3218,16,'_bx_ads_Calendar'),(3219,16,'_bx_ads_Caption_error'),(3220,16,'_bx_ads_Categories'),(3221,16,'_bx_ads_Custom_Values'),(3222,16,'_bx_ads_De-Feature_it'),(3223,16,'_bx_ads_Details'),(3224,16,'_bx_ads_Disapproved'),(3225,16,'_bx_ads_Existed_images'),(3226,16,'_bx_ads_Feature_it'),(3227,16,'_bx_ads_Featured'),(3228,16,'_bx_ads_Filter'),(3229,16,'_bx_ads_Filtered_ads'),(3230,16,'_bx_ads_Keywords'),(3231,16,'_bx_ads_Life_Time'),(3232,16,'_bx_ads_Main_category_failed_add'),(3233,16,'_bx_ads_Main_category_failed_delete'),(3234,16,'_bx_ads_Main_category_successfully_added'),(3235,16,'_bx_ads_Main_category_successfully_deleted'),(3236,16,'_bx_ads_Manage_ads'),(3237,16,'_bx_ads_Manage_main'),(3238,16,'_bx_ads_Manage_categories_form'),(3239,16,'_bx_ads_Moderating'),(3240,16,'_bx_ads_My_Ads'),(3241,16,'_bx_ads_Popular'),(3242,16,'_bx_ads_Posted_by'),(3243,16,'_bx_ads_RSS'),(3244,16,'_bx_ads_Sub_category_failed_add'),(3245,16,'_bx_ads_Sub_category_failed_deleted'),(3246,16,'_bx_ads_Sub_category_successfully_added'),(3247,16,'_bx_ads_Sub_category_successfully_delete'),(3248,16,'_bx_ads_Text_error'),(3249,16,'_bx_ads_Top_Rated'),(3250,16,'_bx_ads_Unit'),(3251,16,'_bx_ads_Users_other_listing'),(3252,16,'_bx_ads_Warn_max_file_size'),(3253,16,'_bx_ads_Warn_max_live_days'),(3254,16,'_bx_ads_add_main_category'),(3255,16,'_bx_ads_add_subcategory'),(3256,16,'_bx_ads_added_spy'),(3257,16,'_bx_ads_admin_box_desc'),(3258,16,'_bx_ads_caption_browse_by_day'),(3259,16,'_bx_ads_caption_city'),(3260,16,'_bx_ads_caption_country'),(3261,16,'_bx_ads_category_manager'),(3262,16,'_bx_ads_category_warn'),(3263,16,'_bx_ads_customFieldName1'),(3264,16,'_bx_ads_customFieldName2'),(3265,16,'_bx_ads_description_error_desc'),(3266,16,'_bx_ads_err_city'),(3267,16,'_bx_ads_err_country'),(3268,16,'_bx_ads_expired'),(3269,16,'_bx_ads_img_succ_deleted'),(3270,16,'_bx_ads_last_ads'),(3271,16,'_bx_ads_last_featured'),(3272,16,'_bx_ads_msg_access_denied'),(3273,16,'_bx_ads_parent_category'),(3274,16,'_bx_ads_pending_approval'),(3275,16,'_bx_ads_post_text'),(3276,16,'_bx_ads_privacy_comment'),(3277,16,'_bx_ads_privacy_rate'),(3278,16,'_bx_ads_privacy_view'),(3279,16,'_bx_ads_rated_spy'),(3280,16,'_bx_ads_commented_spy'),(3281,16,'_bx_ads_root'),(3282,16,'_bx_ads_sbs_comments'),(3283,16,'_bx_ads_search_results_by_tag'),(3284,16,'_bx_ads_someone_wants_to_purchase'),(3285,16,'_bx_ads_title_error_desc'),(3286,16,'_bx_ads_wall_added_new'),(3287,16,'_bx_ads_wall_added_new_comment'),(3288,16,'_bx_ads_wall_added_new_items'),(3289,16,'_bx_ads_wall_object'),(3290,16,'_bx_ads_wholesale'),(3291,16,'_bx_ads_you_have_purchased_an_item'),(3292,16,'_mma_ads_add'),(3293,16,'_mma_ads_approving'),(3294,16,'_mma_ads_browse'),(3295,16,'_mma_ads_delete_any_ad'),(3296,16,'_mma_ads_edit_any_ad'),(3297,16,'_mma_ads_search'),(3298,16,'_mma_ads_view'),(3299,16,'_sbs_txt_title_ads'),(3300,1,'_Sisters'),(3301,32,'_FieldCaption_InterestsBooks_Join'),(3302,32,'_FieldValues_Comedy'),(3303,32,'_FieldValues_Drama'),(3304,32,'_FieldValues_Erotica'),(3305,32,'_FieldValues_Fantasy'),(3306,32,'_FieldValues_Fiction'),(3307,32,'_FieldValues_Literary Fiction'),(3308,32,'_FieldValues_Mystery'),(3309,32,'_FieldValues_Non Fiction'),(3310,32,'_FieldValues_Romance'),(3311,32,'_FieldValues_Science'),(3312,32,'_FieldValues_Thrillers'),(3313,32,'_FieldValues_Westers'),(3315,32,'_FieldCaption_InterestsEntertainment_Join'),(3316,32,'_FieldValues_Animals'),(3317,32,'_FieldValues_Antiques'),(3318,32,'_FieldValues_Art'),(3319,32,'_FieldValues_Astrology'),(3320,32,'_FieldValues_Camping'),(3321,32,'_FieldValues_Concerts'),(3322,32,'_FieldValues_Computer/Video Games'),(3323,32,'_FieldValues_Cooking'),(3324,32,'_FieldValues_Dancing'),(3325,32,'_FieldValues_Decorating'),(3326,32,'_FieldValues_Hiking'),(3327,32,'_FieldValues_Kids Arts/Crafts'),(3328,32,'_FieldValues_Music'),(3329,32,'_FieldValues_Physical Exercise'),(3330,32,'_FieldValues_Singing'),(3331,32,'_FieldValues_Sowing'),(3332,32,'_FieldValues_Traveling'),(3333,32,'_FieldValues_Woodworking'),(3334,32,'_FieldValues_Writing'),(3335,32,'_FieldCaption_InterestsGeneral_Join'),(3336,32,'_FieldValues_Food/Cooking'),(3337,32,'_FieldValues_Housing'),(3338,32,'_FieldValues_News'),(3339,32,'_FieldValues_Politics'),(3340,32,'_FieldValues_Raising Children / Child Care'),(3341,32,'_FieldValues_Social Issues'),(3342,32,'_FieldValues_Spirituality'),(3343,32,'_FieldValues_Travel'),(3344,32,'_FieldCaption_NEW_ITEM_Join'),(3345,32,'_FieldDesc_NEW_ITEM_Join'),(3346,32,'_FieldValues_Aerobics'),(3347,32,'_FieldValues_Baseball'),(3348,32,'_FieldValues_Basketball'),(3349,32,'_FieldValues_Football'),(3350,32,'_FieldValues_Martial Arts'),(3351,32,'_FieldValues_Paddle Boarding'),(3352,32,'_FieldValues_Racquetball'),(3353,32,'_FieldValues_Snowboarding'),(3354,32,'_FieldValues_Soccer'),(3355,32,'_FieldValues_Surfing'),(3356,32,'_FieldValues_Swimming'),(3357,32,'_FieldValues_Tennis'),(3358,32,'_FieldValues_Volleyball'),(3359,32,'_FieldValues_Weight Lifting'),(3360,32,'_FieldValues_Workout'),(3361,32,'_FieldValues_Yoga'),(3362,32,'_FieldValues_Zumba'),(3363,32,'_FieldCaption_InterestsSports_Join'),(3364,32,'_FieldDesc_InterestsSports_Join'),(3365,32,'_FieldCaption_InterestsWomens_Join'),(3366,32,'_FieldValues_Abortion'),(3367,32,'_FieldValues_Balancing Mother/Work/Woman'),(3368,32,'_FieldValues_Baby Care'),(3369,32,'_FieldValues_Breastfeeding'),(3370,32,'_FieldValues_Childbirth'),(3371,32,'_FieldValues_Children\'s Disorders'),(3372,32,'_FieldValues_Children\'s Issues'),(3373,32,'_FieldValues_Equal Rights'),(3374,32,'_FieldValues_Feminism'),(3375,32,'_FieldValues_Hormones'),(3376,32,'_FieldValues_Menopause'),(3377,32,'_FieldValues_PreMenopausal'),(3378,32,'_FieldValues_PMS'),(3379,32,'_FieldValues_Pregnancy'),(3380,32,'_FieldCaption_InterestsMusic_Join'),(3381,32,'_FieldDesc_InterestsMusic_Join'),(3382,32,'_FieldCaption_Music_Join'),(3383,32,'_FieldDesc_Music_Join'),(3384,32,'_FieldValues_Banjo'),(3385,32,'_FieldValues_Guitar'),(3386,32,'_FieldValues_Bongo Drum'),(3387,32,'_FieldValues_Base'),(3388,32,'_FieldValues_Clarinet'),(3389,32,'_FieldValues_Djembe Drum'),(3390,32,'_FieldValues_Drums'),(3391,32,'_FieldValues_Flute'),(3392,32,'_FieldValues_Oboe'),(3393,32,'_FieldValues_Piano'),(3394,32,'_FieldValues_Recorder'),(3395,32,'_FieldValues_Saxophone'),(3396,32,'_FieldValues_Trumpet'),(3397,32,'_FieldValues_Tuba'),(3398,32,'_FieldValues_Ukulele'),(3399,32,'_FieldValues_Viola'),(3400,32,'_FieldValues_Violin'),(3401,32,'_FieldValues_Voice');

--
