-- Table structure for table `bx_wall_handlers`
--

CREATE TABLE `bx_wall_handlers` (
  `id` int(11) NOT NULL AUTO_INCREMENT,
  `alert_unit` varchar(64) COLLATE utf8_unicode_ci NOT NULL DEFAULT '',
  `alert_action` varchar(64) COLLATE utf8_unicode_ci NOT NULL DEFAULT '',
  `module_uri` varchar(64) COLLATE utf8_unicode_ci NOT NULL DEFAULT '',
  `module_class` varchar(64) COLLATE utf8_unicode_ci NOT NULL DEFAULT '',
  `module_method` varchar(64) COLLATE utf8_unicode_ci NOT NULL DEFAULT '',
  `groupable` tinyint(1) NOT NULL DEFAULT '0',
  `group_by` varchar(64) COLLATE utf8_unicode_ci NOT NULL DEFAULT '',
  `timeline` tinyint(1) NOT NULL DEFAULT '1',
  `outline` tinyint(1) NOT NULL DEFAULT '0',
  PRIMARY KEY (`id`),
  UNIQUE KEY `handler` (`alert_unit`,`alert_action`,`module_uri`,`module_class`,`module_method`)
) ENGINE=MyISAM AUTO_INCREMENT=39 DEFAULT CHARSET=utf8 COLLATE=utf8_unicode_ci;

--
-- Dumping data for table `bx_wall_handlers`
--

INSERT INTO `bx_wall_handlers` VALUES (1,'wall_common_text','','','','',0,'',1,0),(2,'wall_common_link','','','','',0,'',1,0),(3,'wall_common_photos','','','','',0,'',1,0),(4,'wall_common_sounds','','','','',0,'',1,0),(5,'wall_common_videos','','','','',0,'',1,0),(6,'profile','edit','','','',0,'',1,0),(7,'profile','edit_status_message','','','',0,'',1,0),(8,'profile','commentPost','','','',0,'',1,0),(9,'profile','delete','','','',0,'',1,0),(10,'friend','accept','','','',0,'',1,0),(13,'bx_events','add','events','Module','get_wall_post',0,'',1,1),(14,'bx_events','commentPost','events','Module','get_wall_post_comment',0,'',1,0),(15,'bx_photos','add','photos','Search','get_wall_post',1,'album',1,1),(16,'bx_photos','commentPost','photos','Search','get_wall_post_comment',0,'',1,0),(26,'bx_groups','commentPost','groups','Module','get_wall_post_comment',0,'',1,0),(25,'bx_groups','add','groups','Module','get_wall_post',0,'',1,1),(37,'ads','comment_add','ads','Module','get_wall_add_comment',0,'',1,0),(36,'ads','create','ads','Module','get_wall_post',0,'',1,1),(23,'bx_avatar','add','avatar','Module','get_wall_post',0,'',1,0),(24,'bx_avatar','change','avatar','Module','get_wall_post',0,'',1,0),(27,'wall_common_repost','','','','',0,'',1,0),(28,'profile','comment_add','','','',0,'',1,0),(29,'comment','add','','','',0,'',0,0),(38,'ads','commentPost','ads','Module','get_wall_post_comment',0,'',1,0),(33,'modzzz_articles','add','articles','Module','get_wall_post',0,'',1,1),(34,'modzzz_articles','comment_add','articles','Module','get_wall_add_comment',0,'',1,0),(35,'modzzz_articles','commentPost','articles','Module','get_wall_post_comment',0,'',1,0);

--
-- Table structure for table `bx_wall_repost_track`
--

CREATE TABLE `bx_wall_repost_track` (
  `event_id` int(11) NOT NULL DEFAULT '0',
  `author_id` int(11) NOT NULL DEFAULT '0',
  `author_nip` int(11) unsigned NOT NULL DEFAULT '0',
  `reposted_id` int(11) NOT NULL DEFAULT '0',
  `date` int(11) NOT NULL DEFAULT '0',
  UNIQUE KEY `event_id` (`event_id`),
  KEY `repost` (`reposted_id`,`author_nip`)
) ENGINE=MyISAM DEFAULT CHARSET=utf8;

--
-- Dumping data for table `bx_wall_repost_track`
--

INSERT INTO `bx_wall_repost_track` VALUES (72,12,2923395480,71,1462472766),(130,3,847959309,113,1468869798),(131,12,847959309,97,1468869808),(147,3,2923395480,30,1473872995),(184,24,1229237105,171,1478296824),(185,24,1229237105,172,1478296839),(194,3,2923395480,189,1479247660);

--
-- Table structure for table `bx_wall_voting`
--

CREATE TABLE `bx_wall_voting` (
  `wall_id` bigint(8) NOT NULL DEFAULT '0',
  `wall_rating_count` int(11) NOT NULL DEFAULT '0',
  `wall_rating_sum` int(11) NOT NULL DEFAULT '0',
  UNIQUE KEY `wall_id` (`wall_id`)
) ENGINE=MyISAM DEFAULT CHARSET=utf8;

--
-- Dumping data for table `bx_wall_voting`
--

INSERT INTO `bx_wall_voting` VALUES (97,1,5),(148,2,10),(150,1,5),(166,1,5),(168,1,5),(161,1,5),(154,1,5),(171,3,15),(172,1,5),(131,1,5);

--
-- Table structure for table `bx_wall_voting_track`
--

CREATE TABLE `bx_wall_voting_track` (
  `wall_id` bigint(8) NOT NULL DEFAULT '0',
  `wall_ip` varchar(20) DEFAULT NULL,
  `wall_date` datetime DEFAULT NULL,
  KEY `wall_ip` (`wall_ip`,`wall_id`)
) ENGINE=MyISAM DEFAULT CHARSET=utf8;

--
-- Dumping data for table `bx_wall_voting_track`
--

INSERT INTO `bx_wall_voting_track` VALUES (97,'174.63.121.152','2016-06-01 22:46:26'),(148,'174.63.121.152','2016-10-18 12:25:26'),(150,'65.34.5.210','2016-10-27 23:01:34'),(166,'65.34.5.210','2016-10-27 23:06:50'),(168,'65.34.5.210','2016-10-27 23:06:51'),(161,'65.34.5.210','2016-10-27 23:06:57'),(148,'65.34.5.210','2016-10-27 23:07:27'),(154,'65.34.5.210','2016-10-27 23:07:38'),(171,'174.63.121.152','2016-11-02 12:37:27'),(172,'73.68.171.113','2016-11-04 17:59:13'),(171,'73.68.171.113','2016-11-04 18:00:16'),(171,'174.63.121.152','2016-11-15 16:44:36'),(131,'50.187.190.254','2016-12-05 14:02:32');

--
-- Table structure for table `bx_wmap_locations`
--

CREATE TABLE `bx_wmap_locations` (
  `id` int(10) unsigned NOT NULL,
  `part` varchar(16) NOT NULL,
  `ts` int(10) unsigned NOT NULL,
  `lat` double NOT NULL,
  `lng` double NOT NULL,
  `zoom` tinyint(4) NOT NULL DEFAULT '-1',
  `type` char(16) NOT NULL,
  `address` varchar(255) NOT NULL,
  `city` varchar(255) NOT NULL,
  `country` varchar(2) NOT NULL,
  `title` varchar(255) NOT NULL,
  `uri` varchar(255) NOT NULL,
  `privacy` varchar(64) NOT NULL,
  `failed` tinyint(4) NOT NULL,
  PRIMARY KEY (`id`,`part`),
  KEY `lat` (`lat`),
  KEY `lng` (`lng`)
) ENGINE=InnoDB DEFAULT CHARSET=utf8;

--
-- Dumping data for table `bx_wmap_locations`
--

INSERT INTO `bx_wmap_locations` VALUES (3,'profiles',1546719382,0,0,-1,'','Amherst, US','Amherst','','persister1','3','4',1),(4,'ads',1476406365,42.3403799,-72.4968189,-1,'','01002, US','01002','US','baby crib','baby-crib','3',0),(5,'groups',1476468366,42.3403799,-72.4968189,-1,'','Amherst, US','Amherst','US','Bitchy over 50','Bitchy-over-50','3',0),(6,'groups',1476785074,42.3403799,-72.4968189,-1,'','Amherst, US','Amherst','US','Meditate with Moms','Meditate-with-Moms','3',0),(7,'ads',1546720203,0,0,-1,'','','','','Bike','Bike','5',1),(7,'events',1476468494,42.3920512,-72.5316611,-1,'','Amherst, MA 01002, US','Amherst, MA 01002','US','Canning my ass off','Canning-my-ass-off','3',0),(7,'groups',1478298037,42.3403799,-72.4968189,-1,'','Amherst, US','Amherst','US','Dog walkers unite','Dog-walkers-unite','3',0),(8,'events',1478297954,42.3732216,-72.5198537,-1,'','Amherst, MA 01002, US','Amherst, MA 01002','US','Walk the dogs','Walk-the-dogs','3',0),(9,'events',1479247487,42.3732216,-72.5198537,-1,'','amherst, MA 01002, US','amherst, MA 01002','US','Dog talk','Dog-talk','3',0),(11,'groups',1546721080,0,0,-1,'','','','','Women Against Sexual Abuse','Women-Against-Sexual-Abuse','3',1),(12,'profiles',1514397515,42.3403799,-72.4968189,-1,'','Amherst, US','Amherst','US','ericamlee','12','4',0),(14,'articles',1547059238,0,0,-1,'','','','','Hairdresser','Hairdresser','3',1),(21,'articles',1547055924,0,0,-1,'','','','','Naturopath Laila Tomsovic','Naturopath-Laila-Tomsovic','3',1),(23,'profiles',1476785457,42.3250492,-72.6411923,-1,'',', US','','US','9Jukj2dZdQ','23','3',0),(24,'profiles',1478297793,42.3250492,-72.6411923,-1,'',', US','','US','zBQpjhpCG8','24','4',0),(25,'profiles',1476394204,42.3250492,-72.6411923,-1,'',', US','','US','GhUZaRPUhU','25','3',0),(26,'profiles',1476461146,42.3403799,-72.4968189,-1,'',', US','','US','PbZPJm4S9Z','26','3',0),(27,'profiles',1477623852,42.3403799,-72.4968189,-1,'',', US','','US','dRVHThGtVA','27','3',0),(28,'profiles',1478109860,42.3403799,-72.4968189,-1,'',', US','','US','bQgGsccZ34','28','3',0),(29,'profiles',1479244602,42.3403799,-72.4968189,-1,'',', US','','US','A3EKaWGBHV','29','3',0),(37,'profiles',1546714984,0,0,-1,'',', US','','','86sHuX9XKv','37','3',1),(39,'profiles',1531077020,40.7645239,-73.9624327,-1,'',', US','','US','vkhjh8DNZp','39','3',0),(40,'profiles',1531077066,40.8624613,-73.9918181,-1,'',', US','','US','PgK5Lq9jDX','40','3',0),(42,'profiles',1546712712,0,0,-1,'','','','','cFLQz5hA6k','42','3',1),(43,'profiles',1546716538,0,0,-1,'','','','','Cp5u3vYzu2','43','3',1),(45,'profiles',1546746251,0,0,-1,'','','','','ckYFZcvt4h','45','3',1),(46,'profiles',1546861624,0,0,-1,'','','','','mVUjgXsesm','46','3',1),(47,'profiles',1546961631,0,0,-1,'','','','','bBXYfy2CpQ','47','3',1),(48,'profiles',1546985009,0,0,-1,'','','','','qKG9XqaXpL','48','3',1),(50,'profiles',1547829719,0,0,-1,'','','','','aR5qUuRMG7','50','3',1),(53,'profiles',1549232848,0,0,-1,'','','','','mZggQZa92Y','53','3',1),(54,'profiles',1549640149,0,0,-1,'','','','','ExHMAqpGcB','54','3',1),(55,'profiles',1549898985,0,0,-1,'','','','','TXv98icNqF','55','3',1),(56,'profiles',1550173740,0,0,-1,'','','','','XfBpxhgJ23','56','3',1),(57,'profiles',1550328820,0,0,-1,'','','','','D6qsBKWvXr','57','3',1),(58,'profiles',1552064238,0,0,-1,'','','','','wifVjLAaTv','58','3',1);

--
-- Table structure for table `bx_wmap_parts`
--

CREATE TABLE `bx_wmap_parts` (
  `id` int(10) unsigned NOT NULL AUTO_INCREMENT,
  `part` varchar(16) NOT NULL,
  `title` varchar(64) NOT NULL,
  `title_singular` varchar(64) NOT NULL,
  `icon` varchar(255) NOT NULL,
  `icon_site` varchar(255) NOT NULL,
  `join_table` varchar(64) NOT NULL,
  `join_where` varchar(255) NOT NULL,
  `join_field_id` varchar(64) NOT NULL,
  `join_field_country` varchar(64) NOT NULL,
  `join_field_city` varchar(64) NOT NULL,
  `join_field_state` varchar(64) NOT NULL,
  `join_field_zip` varchar(64) NOT NULL,
  `join_field_address` varchar(64) NOT NULL,
  `join_field_latitude` varchar(64) NOT NULL,
  `join_field_longitude` varchar(64) NOT NULL,
  `join_field_title` varchar(64) NOT NULL,
  `join_field_uri` varchar(64) NOT NULL,
  `join_field_author` varchar(64) NOT NULL,
  `join_field_privacy` varchar(64) NOT NULL,
  `permalink` varchar(64) NOT NULL,
  `enabled` tinyint(4) NOT NULL DEFAULT '1',
  PRIMARY KEY (`id`),
  UNIQUE KEY `part` (`part`)
) ENGINE=InnoDB AUTO_INCREMENT=7 DEFAULT CHARSET=utf8;

--
-- Dumping data for table `bx_wmap_parts`
--

INSERT INTO `bx_wmap_parts` VALUES (1,'profiles','_Profiles','_Profile','map_marker_profiles.png','user','Profiles','AND `p`.`Status` = \'Active\'','ID','Country','City','','zip','','','','NickName','ID','ID','allow_view_to','profile.php?ID=',1),(2,'events','_bx_events','_bx_events_single','modules/boonex/events/|map_marker.png','calendar','bx_events_main','AND `p`.`Status` = \'approved\'','ID','Country','City','','','Place','','','Title','EntryUri','ResponsibleID','allow_view_event_to','modules/?r=events/view/',1),(4,'groups','_bx_groups','_bx_events_single','modules/boonex/groups/|map_marker.png','users','bx_groups_main','AND `p`.`status` = \'approved\'','id','country','city','','zip','','','','title','uri','author_id','allow_view_group_to','modules/?r=groups/view/',1),(5,'ads','_bx_ads_Ads','_bx_ads_Ad','modules/boonex/ads/|map_marker.png','money','bx_ads_main','AND `p`.`Status` = \'active\' AND UNIX_TIMESTAMP() - `p`.`LifeTime`*24*60*60 < `p`.`DateTime`','ID','Country','City','','','','','','Subject','EntryUri','IDProfile','AllowView','modules/boonex/ads/classifieds.php?entryUri=',1),(6,'articles','_modzzz_articles','_modzzz_articles_single','modules/modzzz/articles/|map_marker.png','file','modzzz_articles_main','AND `p`.`status` = \'approved\'','id','country','city','state','zip','street','','','title','uri','author_id','allow_view_article_to','modules/?r=articles/view/',1);

--
-- Table structure for table `bx_zip_countries_geonames`
--

CREATE TABLE `bx_zip_countries_geonames` (
  `ISO2` varchar(2) NOT NULL DEFAULT '',
  PRIMARY KEY (`ISO2`)
) ENGINE=MyISAM DEFAULT CHARSET=utf8;

--
-- Dumping data for table `bx_zip_countries_geonames`
--


--
-- Table structure for table `bx_zip_countries_google`
--

CREATE TABLE `bx_zip_countries_google` (
  `ISO2` varchar(2) NOT NULL DEFAULT '',
  PRIMARY KEY (`ISO2`)
) ENGINE=MyISAM DEFAULT CHARSET=utf8;

--
-- Dumping data for table `bx_zip_countries_google`
--

INSERT INTO `bx_zip_countries_google` VALUES ('AR'),('AT'),('AU'),('BB'),('BE'),('BR'),('CA'),('CH'),('CL'),('CN'),('CZ'),('DE'),('DK'),('EE'),('EG'),('ES'),('FI'),('FR'),('GB'),('HK'),('HR'),('HU'),('IL'),('IN'),('IT'),('JP'),('KR'),('LI'),('LT'),('LU'),('LV'),('MO'),('MY'),('NL'),('NO'),('NZ'),('PL'),('PT'),('RU'),('SE'),('SG'),('SI'),('SK'),('TW'),('US');

--
-- Table structure for table `modzzz_articles_admins`
--

CREATE TABLE `modzzz_articles_admins` (
  `id_entry` int(10) unsigned NOT NULL,
  `id_profile` int(10) unsigned NOT NULL,
  `when` int(10) unsigned NOT NULL,
  PRIMARY KEY (`id_entry`,`id_profile`)
) ENGINE=MyISAM DEFAULT CHARSET=utf8;

--
-- Dumping data for table `modzzz_articles_admins`
--


--
-- Table structure for table `modzzz_articles_categ`
--

CREATE TABLE `modzzz_articles_categ` (
  `id` int(10) unsigned NOT NULL AUTO_INCREMENT,
  `parent` int(11) NOT NULL DEFAULT '0',
  `name` varchar(255) NOT NULL DEFAULT '',
  `uri` varchar(255) NOT NULL DEFAULT '',
  `icon` varchar(255) NOT NULL DEFAULT '',
  `active` int(11) NOT NULL DEFAULT '1',
  PRIMARY KEY (`id`)
) ENGINE=MyISAM AUTO_INCREMENT=136 DEFAULT CHARSET=utf8;

--
-- Dumping data for table `modzzz_articles_categ`
--

INSERT INTO `modzzz_articles_categ` VALUES (3,0,'Travel & Leisure','Travel-Leisure','',1),(134,0,'Child Care','child-care','',1),(135,0,'Spirituality','spirituality','',1),(8,1,'Accounting','Accounting','',1),(9,1,'Affiliate Programs','Affiliate-Programs','',1),(10,1,'Agriculture','Agriculture','',1),(11,1,'Architecture and Interior Design','Architecture-and-Interior-Design','',1),(12,1,'Branding','Branding','',1),(13,1,'Business Ideas','Business-Ideas','',1),(14,1,'Business Opporunity','Business-Opporunity','',1),(15,1,'Consulting','Consulting','',1),(16,1,'Customer Service','Customer-Service','',1),(17,1,'Ecommerce','Ecommerce','',1),(18,1,'Entrepreneurship','Entrepreneurship','',1),(19,1,'Ethics','Ethics','',1),(20,1,'Franchising','Franchising','',1),(21,1,'Fundraising','Fundraising','',1),(22,1,'Furnishings and Supplies','Furnishings-and-Supplies','',1),(23,1,'Human Resources','Human-Resources','',1),(24,1,'Industrial Mechanical','Industrial-Mechanical','',1),(25,1,'International Business','International-Business','',1),(26,1,'Leadership','Leadership','',1),(27,1,'Management','Management','',1),(28,1,'Marketing','Marketing','',1),(29,1,'Negotiation','Negotiation','',1),(30,1,'Networking','Networking','',1),(31,1,'Non Profit','Non-Profit','',1),(32,1,'Outsourcing','Outsourcing','',1),(33,1,'Presentation','Presentation','',1),(34,1,'Product Reviews','Product-Reviews','',1),(35,1,'Productivity','Productivity','',1),(36,1,'Retail','Retail','',1),(37,1,'Risk Management','Risk-Management','',1),(38,1,'Sales','Sales','',1),(39,1,'Sales Management','Sales-Management','',1),(40,1,'Sales Teleselling','Sales-Teleselling','',1),(41,1,'Sales Training','Sales-Training','',1),(42,1,'Security','Security','',1),(43,1,'Services Reviews','Services-Reviews','',1),(44,1,'Shipping','Shipping','',1),(45,1,'Small Business','Small-Business','',1),(46,1,'Strategic Planning','Strategic-Planning','',1),(47,1,'Team Building','Team-Building','',1),(48,1,'Venture Capital','Venture-Capital','',1),(49,1,'Workplace Communication','Workplace-Communication','',1),(50,1,'Workplace Safety','Workplace-Safety','',1),(51,2,'Career Management','Career-Management','',1),(52,2,'Interviews','Interviews','',1),(53,2,'Recruitment','Recruitment','',1),(54,2,'Resumes','Resumes','',1),(55,3,'Airline Travel','Airline-Travel','',1),(56,3,'Aviation Airplanes','Aviation-Airplanes','',1),(57,3,'Bed Breakfast Inns','Bed-Breakfast-Inns','',1),(58,3,'Budget Travel','Budget-Travel','',1),(59,3,'Camping','Camping','',1),(60,3,'Car Rentals','Car-Rentals','',1),(61,3,'Charter Jets','Charter-Jets','',1),(62,3,'City Guides and Information','City-Guides-and-Information','',1),(63,3,'Cruise Ship Reviews','Cruise-Ship-Reviews','',1),(64,3,'Cruising','Cruising','',1),(65,3,'Destination Tips','Destination-Tips','',1),(66,3,'Hotels and Lodging','Hotels-and-Lodging','',1),(67,3,'Outdoors','Outdoors','',1),(68,3,'Timeshare','Timeshare','',1),(69,3,'Travel Reviews','Travel-Reviews','',1),(70,3,'Travel Tips','Travel-Tips','',1),(71,3,'Vacation Rentals','Vacation-Rentals','',1),(72,4,'Astronomy','Astronomy','',1),(73,4,'Biology','Biology','',1),(74,4,'Childhood Education','Childhood-Education','',1),(75,4,'College University','College-University','',1),(76,4,'Continuing Education','Continuing-Education','',1),(77,4,'Financial Aid','Financial-Aid','',1),(78,4,'Homeschooling','Homeschooling','',1),(79,4,'International Studies','International-Studies','',1),(80,4,'Languages','Languages','',1),(81,4,'Mathematics','Mathematics','',1),(82,4,'Online Education','Online-Education','',1),(83,4,'Philosophy','Philosophy','',1),(84,4,'Science','Science','',1),(85,4,'Special Education','Special-Education','',1),(86,4,'Standardized Tests','Standardized-Tests','',1),(87,4,'Study Techniques','Study-Techniques','',1),(88,4,'Teaching','Teaching','',1),(89,4,'Tutoring','Tutoring','',1),(90,4,'Vocational Trade Schools','Vocational-Trade-Schools','',1),(91,5,'Accounting','Accounting','',1),(92,5,'Banking','Banking','',1),(93,5,'Bankruptcy','Bankruptcy','',1),(94,5,'Budgeting','Budgeting','',1),(95,5,'Credit','Credit','',1),(96,5,'Credit Counseling','Credit-Counseling','',1),(97,5,'Credit Tips','Credit-Tips','',1),(98,5,'Debt Consolidation','Debt-Consolidation','',1),(99,5,'Debt Management','Debt-Management','',1),(100,5,'Debt Relief','Debt-Relief','',1),(101,5,'Estate Plan Trusts','Estate-Plan-Trusts','',1),(102,5,'Insurance','Insurance','',1),(103,5,'Investing','Investing','',1),(104,5,'Loans','Loans','',1),(105,5,'Mortgage','Mortgage','',1),(106,5,'Personal Finance','Personal-Finance','',1),(107,5,'Taxes','Taxes','',1),(108,5,'Wealth Building','Wealth-Building','',1),(109,6,'Biotechnology','Biotechnology','',1),(110,6,'Cable and Satellite TV','Cable-and-Satellite-TV','',1),(111,6,'Cell Phones','Cell-Phones','',1),(112,6,'Communication','Communication','',1),(113,6,'Electronics','Electronics','',1),(114,6,'Gadgets and Gizmos','Gadgets-and-Gizmos','',1),(115,6,'GPS','GPS','',1),(116,6,'Information Technology','Information-Technology','',1),(117,6,'Video Conferencing','Video-Conferencing','',1),(118,6,'VoIP','VoIP','',1),(119,7,'Antiques','Antiques','',1),(120,7,'Arts','Arts','',1),(121,7,'Dance','Dance','',1),(122,7,'Humanities','Humanities','',1),(123,7,'Literature','Literature','',1),(124,7,'Movies','Movies','',1),(125,7,'Music','Music','',1),(126,7,'Painting','Painting','',1),(127,7,'Photography','Photography','',1),(128,7,'Poetry','Poetry','',1),(129,7,'Television','Television','',1),(130,7,'Visual Art','Visual-Art','',1),(131,0,'Helpful Tips','main','',1),(132,0,'Health','health','',1);

--
-- Table structure for table `modzzz_articles_cmts`
--

CREATE TABLE `modzzz_articles_cmts` (
  `cmt_id` int(11) NOT NULL AUTO_INCREMENT,
  `cmt_parent_id` int(11) NOT NULL DEFAULT '0',
  `cmt_object_id` int(12) NOT NULL DEFAULT '0',
  `cmt_author_id` int(10) unsigned NOT NULL DEFAULT '0',
  `cmt_text` text NOT NULL,
  `cmt_mood` tinyint(4) NOT NULL DEFAULT '0',
  `cmt_rate` int(11) NOT NULL DEFAULT '0',
  `cmt_rate_count` int(11) NOT NULL DEFAULT '0',
  `cmt_time` datetime NOT NULL DEFAULT '0000-00-00 00:00:00',
  `cmt_replies` int(11) NOT NULL DEFAULT '0',
  PRIMARY KEY (`cmt_id`),
  KEY `cmt_object_id` (`cmt_object_id`,`cmt_parent_id`)
) ENGINE=MyISAM DEFAULT CHARSET=utf8;

--
-- Dumping data for table `modzzz_articles_cmts`
--


--
-- Table structure for table `modzzz_articles_cmts_track`
--

CREATE TABLE `modzzz_articles_cmts_track` (
  `cmt_system_id` int(11) NOT NULL DEFAULT '0',
  `cmt_id` int(11) NOT NULL DEFAULT '0',
  `cmt_rate` tinyint(4) NOT NULL DEFAULT '0',
  `cmt_rate_author_id` int(10) unsigned NOT NULL DEFAULT '0',
  `cmt_rate_author_nip` int(11) unsigned NOT NULL DEFAULT '0',
  `cmt_rate_ts` int(11) NOT NULL DEFAULT '0',
  PRIMARY KEY (`cmt_system_id`,`cmt_id`,`cmt_rate_author_nip`)
) ENGINE=MyISAM DEFAULT CHARSET=utf8;

--
-- Dumping data for table `modzzz_articles_cmts_track`
--


--
-- Table structure for table `modzzz_articles_entries`
--

CREATE TABLE `modzzz_articles_entries` (
  `id` int(11) unsigned NOT NULL AUTO_INCREMENT,
  `author_id` int(11) unsigned NOT NULL DEFAULT '0',
  `caption` varchar(64) NOT NULL DEFAULT '',
  `snippet` text NOT NULL,
  `content` text NOT NULL,
  `when` int(11) NOT NULL DEFAULT '0',
  `uri` varchar(64) NOT NULL DEFAULT '',
  `tags` varchar(255) NOT NULL DEFAULT '',
  `categories` varchar(255) NOT NULL DEFAULT '',
  `comment` tinyint(4) NOT NULL DEFAULT '0',
  `vote` tinyint(4) NOT NULL DEFAULT '0',
  `date` int(11) NOT NULL DEFAULT '0',
  `status` tinyint(4) NOT NULL DEFAULT '0',
  `featured` tinyint(4) NOT NULL DEFAULT '0',
  `rate` int(11) NOT NULL DEFAULT '0',
  `rate_count` int(11) NOT NULL DEFAULT '0',
  `view_count` int(11) NOT NULL DEFAULT '0',
  `cmts_count` int(11) NOT NULL DEFAULT '0',
  PRIMARY KEY (`id`),
  UNIQUE KEY `uri` (`uri`),
  FULLTEXT KEY `search_group` (`caption`,`content`,`tags`,`categories`),
  FULLTEXT KEY `search_caption` (`caption`),
  FULLTEXT KEY `search_content` (`content`),
  FULLTEXT KEY `search_tags` (`tags`),
  FULLTEXT KEY `search_categories` (`categories`)
) ENGINE=MyISAM DEFAULT CHARSET=utf8;

--
-- Dumping data for table `modzzz_articles_entries`
--


--
-- Table structure for table `modzzz_articles_favorites`
--

CREATE TABLE `modzzz_articles_favorites` (
  `id_entry` int(10) unsigned NOT NULL,
  `id_profile` int(10) unsigned NOT NULL,
  `when` int(10) unsigned NOT NULL,
  PRIMARY KEY (`id_entry`,`id_profile`)
) ENGINE=MyISAM DEFAULT CHARSET=utf8;

--
-- Dumping data for table `modzzz_articles_favorites`
--


--
-- Table structure for table `modzzz_articles_files`
--

CREATE TABLE `modzzz_articles_files` (
  `entry_id` int(10) unsigned NOT NULL,
  `media_id` int(11) NOT NULL,
  UNIQUE KEY `entry_id` (`entry_id`,`media_id`)
) ENGINE=MyISAM DEFAULT CHARSET=utf8;

--
-- Dumping data for table `modzzz_articles_files`
--


--
-- Table structure for table `modzzz_articles_images`
--

CREATE TABLE `modzzz_articles_images` (
  `entry_id` int(10) unsigned NOT NULL,
  `media_id` int(10) unsigned NOT NULL,
  UNIQUE KEY `entry_id` (`entry_id`,`media_id`)
) ENGINE=MyISAM DEFAULT CHARSET=utf8;

--
-- Dumping data for table `modzzz_articles_images`
--


--
-- Table structure for table `modzzz_articles_main`
--

CREATE TABLE `modzzz_articles_main` (
  `id` int(10) unsigned NOT NULL AUTO_INCREMENT,
  `title` varchar(100) NOT NULL DEFAULT '',
  `uri` varchar(255) NOT NULL,
  `snippet` text NOT NULL,
  `desc` text NOT NULL,
  `country` varchar(2) NOT NULL,
  `city` varchar(64) NOT NULL,
  `state` varchar(10) NOT NULL DEFAULT '',
  `street` varchar(150) NOT NULL,
  `zip` varchar(16) NOT NULL,
  `status` enum('approved','pending','draft') NOT NULL DEFAULT 'approved',
  `thumb` int(11) NOT NULL,
  `created` int(11) NOT NULL,
  `author_id` int(10) unsigned NOT NULL DEFAULT '0',
  `letter` varchar(1) NOT NULL DEFAULT '',
  `tags` varchar(255) NOT NULL DEFAULT '',
  `category_id` int(11) NOT NULL DEFAULT '0',
  `parent_category_id` int(11) NOT NULL DEFAULT '0',
  `categories` text NOT NULL,
  `publish` int(11) NOT NULL DEFAULT '1',
  `when` int(11) NOT NULL DEFAULT '0',
  `views` int(11) NOT NULL,
  `rate` float NOT NULL,
  `rate_count` int(11) NOT NULL,
  `comments_count` int(11) NOT NULL,
  `featured` tinyint(4) NOT NULL,
  `article_membership_filter` varchar(100) NOT NULL DEFAULT '',
  `allow_view_article_to` int(11) NOT NULL,
  `allow_comment_to` int(11) NOT NULL,
  `allow_rate_to` int(11) NOT NULL,
  `allow_upload_photos_to` varchar(16) NOT NULL,
  `allow_upload_videos_to` varchar(16) NOT NULL,
  `allow_upload_sounds_to` varchar(16) NOT NULL,
  `allow_upload_files_to` varchar(16) NOT NULL,
  `anonymous` int(11) NOT NULL DEFAULT '0',
  `votes` int(11) NOT NULL DEFAULT '0',
  `video_embed` text NOT NULL,
  `website` varchar(255) DEFAULT NULL,
  `phone` varchar(255) DEFAULT NULL,
  `email` varchar(255) DEFAULT NULL,
  PRIMARY KEY (`id`),
  UNIQUE KEY `uri` (`uri`),
  KEY `author_id` (`author_id`),
  KEY `created` (`created`),
  FULLTEXT KEY `search` (`title`,`desc`,`tags`),
  FULLTEXT KEY `tags` (`tags`)
) ENGINE=MyISAM AUTO_INCREMENT=28 DEFAULT CHARSET=utf8;

--
-- Dumping data for table `modzzz_articles_main`
--

INSERT INTO `modzzz_articles_main` VALUES (21,'Naturopath Laila Tomsovic','Naturopath-Laila-Tomsovic','Approach in natural healing, and not symptomatic treatment in conventional healing. ','<p>Unfortunately MA does not recognize naturopathis doctors as doctors yet so you cannot see them using your insurance. VT does.</p>\r\n<p>1 413 665 1505</p>\r\n<p>http://drlaila.com</p>','US','Northampton, MA','','','01060','approved',0,1546882288,3,'n','',0,0,'',1,0,1,0,0,0,0,'',0,0,0,'','','','',0,0,'',NULL,NULL,NULL),(14,'Hairdresser','Hairdresser','Chameleons Hair Salon in Northampton, MA ','<p>Michael and Frankie are the best hairdressers there</p>\r\n<p>Phone number 413 586 2234</p>','US','Northampton','MA','2 Conz St # 64','01060','approved',0,1546719891,3,'h','',0,0,'',1,0,2,0,0,0,0,'',0,0,0,'','','','',0,0,'','https://www.facebook.com/Chameleons-Hair-Salon-63114030996','(413) 586-2234','');

--
-- Table structure for table `modzzz_articles_rating`
--

CREATE TABLE `modzzz_articles_rating` (
  `gal_id` smallint(6) NOT NULL DEFAULT '0',
  `gal_rating_count` int(11) NOT NULL DEFAULT '0',
  `gal_rating_sum` int(11) NOT NULL DEFAULT '0',
  UNIQUE KEY `gal_id` (`gal_id`)
) ENGINE=MyISAM DEFAULT CHARSET=utf8;

--
-- Dumping data for table `modzzz_articles_rating`
--


--
-- Table structure for table `modzzz_articles_rating_track`
--

CREATE TABLE `modzzz_articles_rating_track` (
  `gal_id` smallint(6) NOT NULL DEFAULT '0',
  `gal_ip` varchar(20) DEFAULT NULL,
  `gal_date` datetime DEFAULT NULL,
  KEY `gal_ip` (`gal_ip`,`gal_id`)
) ENGINE=MyISAM DEFAULT CHARSET=utf8;

--
-- Dumping data for table `modzzz_articles_rating_track`
--


--
-- Table structure for table `modzzz_articles_react_admin`
--

CREATE TABLE `modzzz_articles_react_admin` (
  `ID` int(11) NOT NULL AUTO_INCREMENT,
  `Name` varchar(255) NOT NULL DEFAULT '',
  `Active` int(11) NOT NULL,
  PRIMARY KEY (`ID`)
) ENGINE=MyISAM AUTO_INCREMENT=6 DEFAULT CHARSET=utf8;

--
-- Dumping data for table `modzzz_articles_react_admin`
--

INSERT INTO `modzzz_articles_react_admin` VALUES (1,'lol',1),(2,'wow',1),(3,'sorry, hugs',1),(4,'you rock',1),(5,'I understand',1);

--
-- Table structure for table `modzzz_articles_react_tracking`
--

CREATE TABLE `modzzz_articles_react_tracking` (
  `ReactID` int(11) NOT NULL,
  `ConfessID` int(11) NOT NULL,
  `MemberID` int(11) NOT NULL,
  PRIMARY KEY (`ReactID`,`ConfessID`,`MemberID`)
) ENGINE=MyISAM DEFAULT CHARSET=utf8;

--
-- Dumping data for table `modzzz_articles_react_tracking`
--


--
-- Table structure for table `modzzz_articles_sounds`
--

CREATE TABLE `modzzz_articles_sounds` (
  `entry_id` int(10) unsigned NOT NULL,
  `media_id` int(11) NOT NULL,
  UNIQUE KEY `entry_id` (`entry_id`,`media_id`)
) ENGINE=MyISAM DEFAULT CHARSET=utf8;

--
-- Dumping data for table `modzzz_articles_sounds`
--


--
-- Table structure for table `modzzz_articles_videos`
--

CREATE TABLE `modzzz_articles_videos` (
  `entry_id` int(10) unsigned NOT NULL,
  `media_id` int(11) NOT NULL,
  UNIQUE KEY `entry_id` (`entry_id`,`media_id`)
) ENGINE=MyISAM DEFAULT CHARSET=utf8;

--
-- Dumping data for table `modzzz_articles_videos`
--


--
-- Table structure for table `modzzz_articles_views_track`
--

CREATE TABLE `modzzz_articles_views_track` (
  `id` int(10) unsigned NOT NULL,
  `viewer` int(10) unsigned NOT NULL,
  `ip` int(10) unsigned NOT NULL,
  `ts` int(10) unsigned NOT NULL,
  KEY `id` (`id`,`viewer`,`ip`)
) ENGINE=MyISAM DEFAULT CHARSET=utf8;

--
-- Dumping data for table `modzzz_articles_views_track`
--

INSERT INTO `modzzz_articles_views_track` VALUES (21,12,1206626112,1546889585),(14,12,1206626112,1547049850);

--
-- Table structure for table `modzzz_articles_vote_tracking`
--

CREATE TABLE `modzzz_articles_vote_tracking` (
  `ID` int(11) NOT NULL,
  `OwnerID` int(11) NOT NULL,
  PRIMARY KEY (`ID`,`OwnerID`)
) ENGINE=MyISAM DEFAULT CHARSET=utf8;

--
-- Dumping data for table `modzzz_articles_vote_tracking`
--


--
-- Table structure for table `modzzz_articles_youtube`
--

CREATE TABLE `modzzz_articles_youtube` (
  `id` int(10) unsigned NOT NULL AUTO_INCREMENT,
  `id_entry` int(10) unsigned NOT NULL,
  `url` varchar(255) NOT NULL,
  `title` varchar(255) NOT NULL,
  PRIMARY KEY (`id`)
) ENGINE=MyISAM DEFAULT CHARSET=utf8;

--
-- Dumping data for table `modzzz_articles_youtube`
--


--
-- Table structure for table `modzzz_manager_archive`
--

CREATE TABLE `modzzz_manager_archive` (
  `ID` int(10) unsigned NOT NULL AUTO_INCREMENT,
  `Caption` varchar(100) NOT NULL,
  `Icon` varchar(100) NOT NULL,
  `Url` varchar(250) NOT NULL,
  `Script` varchar(250) NOT NULL,
  `Eval` text NOT NULL,
  `Order` int(5) NOT NULL,
  `Type` varchar(20) NOT NULL,
  `bDisplayInSubMenuHeader` tinyint(1) NOT NULL DEFAULT '0',
  `Date` int(5) NOT NULL,
  PRIMARY KEY (`ID`)
) ENGINE=MyISAM AUTO_INCREMENT=153 DEFAULT CHARSET=utf8;

--
-- Dumping data for table `modzzz_manager_archive`
--

INSERT INTO `modzzz_manager_archive` VALUES (82,'{cpt_feature}','asterisk','','getHtmlData(\'ajaxy_popup_result_div_{ID}\', \'list_pop.php?action={act_feature}&ID={ID}\', false, \'post\'); return false;','',15,'Profile',0,1482418819),(7,'{cpt_greet}','hand-o-right','','{evalResult}','if ({ID} == {member_id}) return;\r\n\r\nreturn \"$.post(\'greet.php\', { sendto: \'{ID}\' }, function(sData){ $(\'#ajaxy_popup_result_div_{ID}\').html(sData) } );return false;\";\r\n',5,'Profile',0,1482418890),(8,'{cpt_get_mail}','envelope-o','','{evalResult}','if ({ID} == {member_id}) return;\r\n\r\n$bAnonymousMode  = \'{anonym_mode}\';\r\n\r\nif ( !$bAnonymousMode ) {\r\n    return \"$.post(\'freemail.php\', { ID: \'{ID}\' }, function(sData){ $(\'#ajaxy_popup_result_div_{ID}\').html(sData) } );return false;\";\r\n}\r\n',6,'Profile',0,1482418899),(3,'{cpt_fave}','asterisk','','{evalResult}','return $GLOBALS[\'oTopMenu\']->getScriptFaveAdd({ID}, {member_id});',3,'Profile',0,1482418915),(4,'{cpt_remove_fave}','asterisk','','{evalResult}','return $GLOBALS[\'oTopMenu\']->getScriptFaveCancel({ID}, {member_id});',3,'Profile',0,1482418919),(10,'{cpt_report}','exclamation-circle','','{evalResult}','if ({ID} == {member_id}) return;\r\n\r\nreturn  \"$.post(\'list_pop.php?action=spam\', { ID: \'{ID}\' }, function(sData){ $(\'#ajaxy_popup_result_div_{ID}\').html(sData) } );return false;\";\r\n',8,'Profile',0,1482418940),(104,'{TitleSubscribe}','paperclip','','{ScriptSubscribe}','',13,'bx_groups',0,1482419173),(100,'{TitleUploadPhotos}','picture-o','{BaseUri}upload_photos/{URI}','','',9,'bx_groups',0,1482419195),(81,'{cpt_delete_spam}','times','','getHtmlData(\'ajaxy_popup_result_div_{ID}\', \'list_pop.php?action=delete_spam&ID={ID}\', false, \'post\', true); return false;','',12,'Profile',0,1482426964),(98,'{AddToFeatured}','star-o','','getHtmlData( \'ajaxy_popup_result_div_{ID}\', \'{evalResult}\', false, \'post\');return false;','$oConfig = $GLOBALS[\'oBxGroupsModule\']->_oConfig; return BX_DOL_URL_ROOT . $oConfig->getBaseUri() . \'mark_featured/{ID}\';',6,'bx_groups',0,1482419260),(152,'_bx_ads_RSS','rss','rss_factory.php?action=ads&pid={owner_id}','','',8,'bx_ads',0,1482419532),(80,'{cpt_delete}','times','','getHtmlData(\'ajaxy_popup_result_div_{ID}\', \'list_pop.php?action=delete&ID={ID}\', false, \'post\', true); return false;','',11,'Profile',0,1482426975),(79,'{cpt_ban}','exclamation-circle','','getHtmlData(\'ajaxy_popup_result_div_{ID}\', \'list_pop.php?action={act_ban}&ID={ID}\', false, \'post\'); return false;','',10,'Profile',0,1482427004),(78,'{cpt_activate}','check','','getHtmlData(\'ajaxy_popup_result_div_{ID}\', \'list_pop.php?action={act_activate}&ID={ID}\', false, \'post\'); return false;','',9,'Profile',0,1482427011);

--
-- Table structure for table `sys_account_custom_stat_elements`
--

CREATE TABLE `sys_account_custom_stat_elements` (
  `ID` int(2) NOT NULL AUTO_INCREMENT,
  `Label` varchar(128) NOT NULL,
  `Value` varchar(255) NOT NULL,
  PRIMARY KEY (`ID`)
) ENGINE=MyISAM AUTO_INCREMENT=11 DEFAULT CHARSET=utf8;

--
-- Dumping data for table `sys_account_custom_stat_elements`
--

INSERT INTO `sys_account_custom_stat_elements` VALUES (1,'_bx_events','__bx_events__ (<a href=\"modules/?r=events/browse/my&bx_events_filter=add_event\">__l_add__</a>)'),(2,'_bx_photos','__phs__ (<a href=\"modules/?r=photos/albums/my/main/\">__l_add__</a>)'),(7,'_bx_groups','__bx_groups__ (<a href=\"modules/?r=groups/browse/my&bx_groups_filter=add_group\">__l_add__</a>)'),(10,'_bx_ads_Ads','__mad__ (<a href=\"__site_url__ads/my_page/add/\">__l_add__</a>)'),(6,'_bx_forums','__mop__ (<a href=\"__site_url__forum/\">__l_add__</a>)'),(9,'_modzzz_articles','__modzzz_articles__ (<a href=\"modules/?r=articles/browse/my&filter=add_article\">__l_add__</a>)');

--
-- Table structure for table `sys_acl_actions`
--

CREATE TABLE `sys_acl_actions` (
  `ID` smallint(5) unsigned NOT NULL AUTO_INCREMENT,
  `Name` varchar(255) NOT NULL DEFAULT '',
  `AdditionalParamName` varchar(80) DEFAULT NULL,
  PRIMARY KEY (`ID`)
) ENGINE=MyISAM AUTO_INCREMENT=111 DEFAULT CHARSET=utf8;

--
-- Dumping data for table `sys_acl_actions`
--

INSERT INTO `sys_acl_actions` VALUES (1,'send greetings',NULL),(2,'view profiles',NULL),(3,'vote',NULL),(4,'send messages',NULL),(5,'get other members emails',NULL),(6,'comments post',NULL),(7,'comments vote',NULL),(8,'comments edit own',NULL),(9,'comments remove own',NULL),(15,'events view',NULL),(16,'events browse',NULL),(17,'events search',NULL),(18,'events add',NULL),(19,'events comments delete and edit',NULL),(20,'events edit any event',NULL),(21,'events delete any event',NULL),(22,'events mark as featured',NULL),(23,'events approve',NULL),(24,'events broadcast message',NULL),(25,'timeline post comment',''),(26,'timeline delete comment',''),(27,'photos view',NULL),(28,'photos add',NULL),(29,'photos delete',NULL),(30,'photos approve',NULL),(31,'photos edit',NULL),(32,'Feedback Delete',''),(33,'News Delete',''),(69,'groups view group',NULL),(35,'use simple messenger',NULL),(109,'ads delete any ad',NULL),(108,'ads edit any ad',NULL),(107,'ads add',NULL),(106,'ads search',NULL),(105,'ads browse',NULL),(104,'ads view',NULL),(51,'forum public read',NULL),(52,'forum public post',NULL),(53,'forum private read',NULL),(54,'forum private post',NULL),(55,'forum search',NULL),(56,'forum files download',NULL),(57,'forum edit all',NULL),(58,'forum delete all',NULL),(59,'forum make sticky',NULL),(60,'forum del topics',NULL),(61,'forum move topics',NULL),(62,'forum hide topics',NULL),(63,'forum unhide topics',NULL),(64,'forum hide posts',NULL),(65,'forum unhide posts',NULL),(66,'avatar upload',NULL),(67,'avatar edit any',NULL),(68,'avatar delete any',NULL),(70,'groups browse',NULL),(71,'groups search',NULL),(72,'groups add group',NULL),(73,'groups comments delete and edit',NULL),(74,'groups edit any group',NULL),(75,'groups delete any group',NULL),(76,'groups mark as featured',NULL),(77,'groups approve groups',NULL),(78,'groups broadcast message',NULL),(79,'timeline repost',''),(92,'articles mark as favorite',NULL),(110,'ads approving',NULL),(93,'articles autoapprove article',NULL),(94,'articles view article',NULL),(95,'articles browse',NULL),(96,'articles search',NULL),(97,'articles add article',NULL),(98,'articles comments delete and edit',NULL),(99,'articles edit any article',NULL),(100,'articles delete any article',NULL),(101,'articles mark as featured',NULL),(102,'articles approve articles',NULL),(103,'articles allow embed',NULL);

--
-- Table structure for table `sys_acl_actions_track`
--

CREATE TABLE `sys_acl_actions_track` (
  `IDAction` smallint(5) unsigned NOT NULL DEFAULT '0',
  `IDMember` int(10) unsigned NOT NULL DEFAULT '0',
  `ActionsLeft` smallint(5) unsigned NOT NULL DEFAULT '0',
  `ValidSince` datetime DEFAULT NULL,
  PRIMARY KEY (`IDAction`,`IDMember`)
) ENGINE=MyISAM DEFAULT CHARSET=utf8;

--
-- Dumping data for table `sys_acl_actions_track`
--

INSERT INTO `sys_acl_actions_track` VALUES (1,1,4,'2015-05-05 01:21:51'),(1,2,4,'2015-06-10 00:38:01'),(4,2,9,'2015-04-08 16:08:21'),(4,1,9,'2015-04-08 16:27:43'),(1,3,4,'2019-03-30 20:20:45'),(1,12,4,'2019-02-14 14:43:23'),(4,12,0,'2016-12-22 13:18:08'),(1,13,4,'2016-06-03 13:11:56'),(4,3,10,'2016-11-15 16:42:13'),(1,17,4,'2016-06-16 12:30:42'),(1,19,4,'2016-06-28 12:45:52'),(4,19,10,'2016-06-16 15:00:52'),(1,24,4,'2019-01-08 14:52:46'),(1,26,4,'2016-10-14 12:18:18'),(4,24,9,'2016-11-04 18:06:11'),(1,23,4,'2016-10-18 06:06:50'),(1,27,4,'2016-10-27 23:02:23'),(1,36,4,'2016-12-22 13:20:48'),(1,37,4,'2019-01-05 13:48:27'),(1,39,4,'2019-01-05 13:39:26'),(1,40,4,'2018-07-08 23:54:22'),(1,46,4,'2019-01-07 06:48:26'),(1,48,4,'2019-01-08 17:04:30'),(1,50,4,'2019-01-18 11:38:24'),(1,53,4,'2019-02-03 17:28:46'),(1,57,4,'2019-02-16 09:59:07'),(1,45,4,'2019-02-16 11:57:24'),(1,58,4,'2019-03-08 12:02:59');

--
-- Table structure for table `sys_acl_level_prices`
--

CREATE TABLE `sys_acl_level_prices` (
  `id` int(11) NOT NULL AUTO_INCREMENT,
  `IDLevel` smallint(5) unsigned NOT NULL DEFAULT '0',
  `Days` int(10) unsigned NOT NULL DEFAULT '1',
  `Price` float unsigned NOT NULL DEFAULT '1',
  PRIMARY KEY (`id`),
  UNIQUE KEY `type` (`IDLevel`,`Days`)
) ENGINE=MyISAM DEFAULT CHARSET=utf8;

--
-- Dumping data for table `sys_acl_level_prices`
--


--
-- Table structure for table `sys_acl_levels`
--

CREATE TABLE `sys_acl_levels` (
  `ID` int(11) NOT NULL AUTO_INCREMENT,
  `Name` varchar(100) NOT NULL DEFAULT '',
  `Icon` varchar(255) NOT NULL DEFAULT '',
  `Description` text NOT NULL,
  `Active` enum('yes','no') NOT NULL DEFAULT 'no',
  `Purchasable` enum('yes','no') NOT NULL DEFAULT 'yes',
  `Removable` enum('yes','no') NOT NULL DEFAULT 'yes',
  `Order` int(11) NOT NULL DEFAULT '0',
  PRIMARY KEY (`ID`),
  UNIQUE KEY `Name` (`Name`)
) ENGINE=MyISAM AUTO_INCREMENT=4 DEFAULT CHARSET=utf8;

--
-- Dumping data for table `sys_acl_levels`
--

INSERT INTO `sys_acl_levels` VALUES (1,'Non-member','non-member.png','','yes','no','no',0),(2,'Standard','member.png','','yes','no','no',0),(3,'Promotion','promotion.png','','yes','no','no',0);

--
-- Table structure for table `sys_acl_levels_members`
--

CREATE TABLE `sys_acl_levels_members` (
  `IDMember` int(10) unsigned NOT NULL DEFAULT '0',
  `IDLevel` smallint(5) unsigned NOT NULL DEFAULT '0',
  `DateStarts` datetime NOT NULL DEFAULT '0000-00-00 00:00:00',
  `DateExpires` datetime DEFAULT NULL,
  `TransactionID` varchar(16) NOT NULL DEFAULT '',
  `Expiring` tinyint(4) unsigned NOT NULL DEFAULT '0',
  PRIMARY KEY (`IDMember`,`IDLevel`,`DateStarts`)
) ENGINE=MyISAM DEFAULT CHARSET=utf8;

--
-- Dumping data for table `sys_acl_levels_members`
--


--
-- Table structure for table `sys_acl_matrix`
--

CREATE TABLE `sys_acl_matrix` (
  `IDLevel` smallint(5) unsigned NOT NULL DEFAULT '0',
  `IDAction` smallint(5) unsigned NOT NULL DEFAULT '0',
  `AllowedCount` smallint(5) unsigned DEFAULT NULL,
  `AllowedPeriodLen` smallint(5) unsigned DEFAULT NULL,
  `AllowedPeriodStart` datetime DEFAULT NULL,
  `AllowedPeriodEnd` datetime DEFAULT NULL,
  `AdditionalParamValue` varchar(255) DEFAULT NULL,
  PRIMARY KEY (`IDLevel`,`IDAction`)
) ENGINE=MyISAM DEFAULT CHARSET=utf8;

--
-- Dumping data for table `sys_acl_matrix`
--

INSERT INTO `sys_acl_matrix` VALUES (1,2,NULL,NULL,NULL,NULL,NULL),(1,3,NULL,NULL,NULL,NULL,NULL),(1,7,NULL,NULL,NULL,NULL,NULL),(2,1,4,24,NULL,NULL,NULL),(2,2,NULL,NULL,NULL,NULL,NULL),(2,3,NULL,NULL,NULL,NULL,NULL),(2,4,NULL,NULL,NULL,NULL,NULL),(2,6,NULL,NULL,NULL,NULL,NULL),(2,7,NULL,NULL,NULL,NULL,NULL),(2,8,NULL,NULL,NULL,NULL,NULL),(2,9,NULL,NULL,NULL,NULL,NULL),(3,1,NULL,NULL,NULL,NULL,NULL),(3,2,NULL,NULL,NULL,NULL,NULL),(3,3,NULL,NULL,NULL,NULL,NULL),(3,4,NULL,NULL,NULL,NULL,NULL),(3,6,NULL,NULL,NULL,NULL,NULL),(3,7,NULL,NULL,NULL,NULL,NULL),(3,8,NULL,NULL,NULL,NULL,NULL),(3,9,NULL,NULL,NULL,NULL,NULL),(1,13,NULL,NULL,NULL,NULL,NULL),(2,13,NULL,NULL,NULL,NULL,NULL),(3,13,NULL,NULL,NULL,NULL,NULL),(1,14,NULL,NULL,NULL,NULL,NULL),(2,14,NULL,NULL,NULL,NULL,NULL),(3,14,NULL,NULL,NULL,NULL,NULL),(1,15,NULL,NULL,NULL,NULL,NULL),(2,15,NULL,NULL,NULL,NULL,NULL),(3,15,NULL,NULL,NULL,NULL,NULL),(1,16,NULL,NULL,NULL,NULL,NULL),(2,16,NULL,NULL,NULL,NULL,NULL),(3,16,NULL,NULL,NULL,NULL,NULL),(1,17,NULL,NULL,NULL,NULL,NULL),(2,17,NULL,NULL,NULL,NULL,NULL),(3,17,NULL,NULL,NULL,NULL,NULL),(2,18,NULL,NULL,NULL,NULL,NULL),(3,18,NULL,NULL,NULL,NULL,NULL),(2,25,NULL,NULL,NULL,NULL,NULL),(3,25,NULL,NULL,NULL,NULL,NULL),(1,27,NULL,NULL,NULL,NULL,NULL),(2,27,NULL,NULL,NULL,NULL,NULL),(3,27,NULL,NULL,NULL,NULL,NULL),(2,28,NULL,NULL,NULL,NULL,NULL),(3,28,NULL,NULL,NULL,NULL,NULL),(2,69,NULL,NULL,NULL,NULL,NULL),(1,69,NULL,NULL,NULL,NULL,NULL),(2,35,NULL,NULL,NULL,NULL,NULL),(3,35,NULL,NULL,NULL,NULL,NULL),(2,39,NULL,NULL,NULL,NULL,NULL),(3,39,NULL,NULL,NULL,NULL,NULL),(3,107,NULL,NULL,NULL,NULL,NULL),(2,107,NULL,NULL,NULL,NULL,NULL),(3,106,NULL,NULL,NULL,NULL,NULL),(2,106,NULL,NULL,NULL,NULL,NULL),(1,106,NULL,NULL,NULL,NULL,NULL),(3,105,NULL,NULL,NULL,NULL,NULL),(2,105,NULL,NULL,NULL,NULL,NULL),(1,105,NULL,NULL,NULL,NULL,NULL),(3,104,NULL,NULL,NULL,NULL,NULL),(2,104,NULL,NULL,NULL,NULL,NULL),(1,104,NULL,NULL,NULL,NULL,NULL),(1,51,NULL,NULL,NULL,NULL,NULL),(2,51,NULL,NULL,NULL,NULL,NULL),(3,51,NULL,NULL,NULL,NULL,NULL),(2,52,NULL,NULL,NULL,NULL,NULL),(3,52,NULL,NULL,NULL,NULL,NULL),(3,53,NULL,NULL,NULL,NULL,NULL),(3,54,NULL,NULL,NULL,NULL,NULL),(1,55,NULL,NULL,NULL,NULL,NULL),(2,55,NULL,NULL,NULL,NULL,NULL),(3,55,NULL,NULL,NULL,NULL,NULL),(2,56,NULL,NULL,NULL,NULL,NULL),(3,56,NULL,NULL,NULL,NULL,NULL),(2,66,NULL,NULL,NULL,NULL,NULL),(3,66,NULL,NULL,NULL,NULL,NULL),(3,69,NULL,NULL,NULL,NULL,NULL),(1,70,NULL,NULL,NULL,NULL,NULL),(2,70,NULL,NULL,NULL,NULL,NULL),(3,70,NULL,NULL,NULL,NULL,NULL),(1,71,NULL,NULL,NULL,NULL,NULL),(2,71,NULL,NULL,NULL,NULL,NULL),(3,71,NULL,NULL,NULL,NULL,NULL),(2,72,NULL,NULL,NULL,NULL,NULL),(3,72,NULL,NULL,NULL,NULL,NULL),(2,79,NULL,NULL,NULL,NULL,NULL),(3,79,NULL,NULL,NULL,NULL,NULL),(2,84,NULL,NULL,NULL,NULL,NULL),(3,84,NULL,NULL,NULL,NULL,NULL),(1,91,NULL,NULL,NULL,NULL,NULL),(2,91,NULL,NULL,NULL,NULL,NULL),(3,91,NULL,NULL,NULL,NULL,NULL),(2,92,NULL,NULL,NULL,NULL,NULL),(3,92,NULL,NULL,NULL,NULL,NULL),(2,93,NULL,NULL,NULL,NULL,NULL),(3,93,NULL,NULL,NULL,NULL,NULL),(1,94,NULL,NULL,NULL,NULL,NULL),(2,94,NULL,NULL,NULL,NULL,NULL),(3,94,NULL,NULL,NULL,NULL,NULL),(1,95,NULL,NULL,NULL,NULL,NULL),(2,95,NULL,NULL,NULL,NULL,NULL),(3,95,NULL,NULL,NULL,NULL,NULL),(1,96,NULL,NULL,NULL,NULL,NULL),(2,96,NULL,NULL,NULL,NULL,NULL),(3,96,NULL,NULL,NULL,NULL,NULL),(2,97,NULL,NULL,NULL,NULL,NULL),(3,97,NULL,NULL,NULL,NULL,NULL),(2,103,NULL,NULL,NULL,NULL,NULL),(3,103,NULL,NULL,NULL,NULL,NULL),(1,4,NULL,NULL,NULL,NULL,NULL);

--
-- Table structure for table `sys_admin_ban_list`
--

CREATE TABLE `sys_admin_ban_list` (
  `ProfID` int(10) unsigned NOT NULL DEFAULT '0',
  `Time` int(10) unsigned NOT NULL DEFAULT '0',
  `DateTime` datetime NOT NULL DEFAULT '0000-00-00 00:00:00',
  PRIMARY KEY (`ProfID`)
) ENGINE=MyISAM DEFAULT CHARSET=utf8;

--
-- Dumping data for table `sys_admin_ban_list`
--


--
-- Table structure for table `sys_albums`
--

CREATE TABLE `sys_albums` (
  `ID` int(10) NOT NULL AUTO_INCREMENT,
  `Caption` varchar(128) NOT NULL DEFAULT '',
  `Uri` varchar(255) NOT NULL DEFAULT '',
  `Location` varchar(128) NOT NULL DEFAULT '',
  `Description` varchar(255) NOT NULL DEFAULT '',
  `Type` varchar(20) NOT NULL DEFAULT '',
  `Owner` int(10) NOT NULL DEFAULT '0',
  `Status` enum('active','passive') NOT NULL DEFAULT 'active',
  `Date` int(10) NOT NULL DEFAULT '0',
  `ObjCount` int(10) NOT NULL DEFAULT '0',
  `LastObjId` int(10) NOT NULL DEFAULT '0',
  `AllowAlbumView` int(10) NOT NULL DEFAULT '3',
  PRIMARY KEY (`ID`),
  UNIQUE KEY `Uri` (`Uri`,`Type`,`Owner`),
  KEY `Owner` (`Owner`)
) ENGINE=MyISAM AUTO_INCREMENT=67 DEFAULT CHARSET=utf8;

--
-- Dumping data for table `sys_albums`
--

INSERT INTO `sys_albums` VALUES (48,'Cover photos','Cover-photos','','','bx_photos',24,'active',1478297286,0,0,5),(49,'11.15.2016','11-15-2016','','','bx_photos',3,'active',1479245648,0,0,5),(50,'Hidden','Hidden','','','bx_photos',3,'active',1479247486,4,53,8),(4,'persister1\'s photos','persister1-s-photos','Undefined','','bx_photos',3,'active',1428638299,1,4,3),(47,'Profile photos','Profile-photos','','','bx_photos',27,'active',1477623743,0,0,5),(43,'Profile photos','Profile-photos','','','bx_photos',23,'active',1476785210,1,36,5),(12,'ericamlee\'s photos','ericamlee-s-photos','Undefined','','bx_photos',12,'active',1442344441,1,18,3),(14,'ericamlee\'s cover photos','ericamlee-s-cover-photos','Undefined','','bx_photos',12,'active',1443212884,0,0,3),(44,'Cover photos','Cover-photos','','','bx_photos',23,'active',1476785223,0,0,5),(16,'persister1\'s cover photos','persister1-s-cover-photos','Undefined','','bx_photos',3,'active',1443490279,0,0,3),(46,'Jennifer Sprung\'s timeline photos','Jennifer-Sprung-s-timeline-photos','','','bx_photos',27,'active',1477623582,3,39,5),(45,'10.18.2016','10-18-2016','','','bx_photos',23,'active',1476785384,0,0,5),(31,'Profile photos','Profile-photos','','','bx_photos',3,'active',1466271236,3,44,4),(32,'Monique Hillen\'s timeline photos','Monique-Hillen-s-timeline-photos','','','bx_photos',3,'active',1466271276,3,42,4),(23,'Erik Amlee\'s timeline photos','Erik-Amlee-s-timeline-photos','','','bx_photos',12,'active',1461688645,2,17,3),(24,'Profile photos','Profile-photos','','','bx_photos',12,'active',1466099065,1,22,4),(25,'Cover photos','Cover-photos','','','bx_photos',12,'active',1466099065,0,0,4),(40,'Robin Jaffin\'s timeline photos','Robin-Jaffin-s-timeline-photos','','','bx_photos',24,'active',1476396159,2,40,5),(33,'Cover photos','Cover-photos','','','bx_photos',3,'active',1466271310,0,0,4),(42,'Profile photos','Profile-photos','','','bx_photos',26,'active',1476461898,0,0,5),(35,'07.18.2016','07-18-2016','','','bx_photos',12,'active',1468869976,0,0,4),(41,'Profile photos','Profile-photos','','','bx_photos',24,'active',1476410071,1,41,5),(38,'Hidden','Hidden','','','bx_photos',12,'active',1471552439,0,0,8),(39,'Fanny Rothschild\'s timeline photos','Fanny-Rothschild-s-timeline-photos','','','bx_photos',23,'active',1476371181,1,34,5),(51,'Photos','Photos','','','bx_photos',12,'active',1482351504,0,0,5),(57,'Profile Photos','Profile-Photos','','','bx_photos',39,'active',1546713566,0,0,5),(53,'Jane Doe\'s timeline photos','Jane-Doe-s-timeline-photos','','','bx_photos',12,'active',1496244371,2,49,5),(54,'05.31.2017','05-31-2017','','','bx_photos',12,'active',1496275220,0,0,5),(55,'Profile Photos','Profile-Photos','','','bx_photos',37,'active',1529584420,1,50,5),(56,'Profile Photos','Profile-Photos','','','bx_photos',40,'active',1531108462,0,0,5),(58,'Cover photos','Cover-photos','','','bx_photos',37,'active',1546714127,0,0,5),(59,'Profile Photos','Profile-Photos','','','bx_photos',48,'active',1546985096,0,0,5),(60,'Profile Photos','Profile-Photos','','','bx_photos',50,'active',1547829504,0,0,5),(61,'Profile Photos','Profile-Photos','','','bx_photos',53,'active',1549232926,0,0,5),(62,'Profile Photos','Profile-Photos','','','bx_photos',45,'active',1550336244,1,55,5),(63,'Cover photos','Cover-photos','','','bx_photos',45,'active',1550336251,0,0,5),(64,'02.16.2019','02-16-2019','','','bx_photos',45,'active',1550336272,1,54,5),(65,'02.16.2019 (2)','02-16-2019-2','','','bx_photos',45,'active',1550336945,0,0,5),(66,'Profile Photos','Profile-Photos','','','bx_photos',58,'active',1552064579,0,0,5);

--
-- Table structure for table `sys_albums_objects`
--

CREATE TABLE `sys_albums_objects` (
  `id_album` int(10) NOT NULL,
  `id_object` int(10) NOT NULL,
  `obj_order` int(10) NOT NULL DEFAULT '0',
  UNIQUE KEY `id_album` (`id_album`,`id_object`),
  KEY `id_object` (`id_object`)
) ENGINE=MyISAM DEFAULT CHARSET=utf8;

--
-- Dumping data for table `sys_albums_objects`
--

INSERT INTO `sys_albums_objects` VALUES (32,42,0),(40,40,0),(41,41,0),(4,4,0),(12,18,0),(46,39,0),(46,38,0),(46,37,0),(23,16,0),(23,17,0),(43,36,0),(24,22,0),(32,24,0),(32,25,0),(31,26,26),(40,35,0),(50,46,0),(50,45,0),(31,44,0),(31,43,43),(64,54,0),(39,34,0),(53,48,0),(53,49,0),(55,50,0),(50,52,0),(50,53,0),(62,55,0);

--
-- Table structure for table `sys_alerts`
--

CREATE TABLE `sys_alerts` (
  `id` int(11) unsigned NOT NULL AUTO_INCREMENT,
  `unit` varchar(64) NOT NULL DEFAULT '',
  `action` varchar(64) NOT NULL DEFAULT 'none',
  `handler_id` int(11) NOT NULL DEFAULT '0',
  PRIMARY KEY (`id`),
  UNIQUE KEY `alert_handler` (`unit`,`action`,`handler_id`)
) ENGINE=MyISAM AUTO_INCREMENT=183 DEFAULT CHARSET=utf8;

--
-- Dumping data for table `sys_alerts`
--

INSERT INTO `sys_alerts` VALUES (1,'system','begin',1),(2,'profile','before_join',2),(3,'profile','join',2),(4,'profile','before_login',2),(5,'profile','login',2),(6,'profile','logout',2),(7,'profile','edit',2),(8,'profile','join',3),(9,'profile','edit',3),(10,'profile','delete',3),(11,'profile','join',4),(12,'profile','edit',4),(13,'profile','delete',4),(14,'profile','change_status',4),(15,'profile','commentRemoved',5),(17,'profile','delete',7),(18,'bx_photos','delete',8),(19,'bx_videos','delete',8),(20,'bx_sounds','delete',8),(21,'bx_files','delete',8),(22,'module','install',9),(38,'profile','edit',12),(39,'profile','edit_status_message',12),(116,'comment','add',12),(41,'profile','delete',12),(42,'friend','accept',12),(45,'bx_events','add',12),(46,'bx_events','commentPost',12),(47,'profile','delete',13),(48,'bx_photos','add',12),(49,'bx_photos','commentPost',12),(55,'system','design_included',14),(98,'bx_photos','delete',24),(97,'profile','delete',23),(65,'profile','delete',16),(177,'module','install',35),(176,'profile','delete',34),(78,'ads','commentPost',12),(88,'profile','edit',20),(89,'profile','delete',20),(90,'profile','delete',21),(91,'bx_avatar','add',12),(92,'bx_avatar','change',12),(99,'bx_videos','delete',24),(100,'bx_sounds','delete',24),(101,'bx_files','delete',24),(102,'module','install',25),(103,'bx_groups','add',12),(104,'bx_groups','commentPost',12),(120,'profile','delete',28),(117,'profile','delete',2),(121,'bx_photos','delete',29),(122,'bx_videos','delete',29),(123,'bx_sounds','delete',29),(124,'bx_files','delete',29),(125,'module','install',30),(126,'modzzz_articles','add',12),(178,'ads','create',12);

--
-- Table structure for table `sys_alerts_handlers`
--

CREATE TABLE `sys_alerts_handlers` (
  `id` int(11) unsigned NOT NULL AUTO_INCREMENT,
  `name` varchar(128) NOT NULL DEFAULT '',
  `class` varchar(128) NOT NULL DEFAULT '',
  `file` varchar(255) NOT NULL DEFAULT '',
  `eval` text NOT NULL,
  PRIMARY KEY (`id`),
  UNIQUE KEY `name` (`name`)
) ENGINE=MyISAM AUTO_INCREMENT=37 DEFAULT CHARSET=utf8;

--
-- Dumping data for table `sys_alerts_handlers`
--

INSERT INTO `sys_alerts_handlers` VALUES (1,'system','BxDolAlertsResponseSystem','inc/classes/BxDolAlertsResponseSystem.php',''),(2,'profile','BxDolAlertsResponseProfile','inc/classes/BxDolAlertsResponseProfile.php',''),(3,'membersData','BxDolUpdateMembersCache','inc/classes/BxDolUpdateMembersCache.php',''),(4,'profileMatch','BxDolAlertsResponceMatch','inc/classes/BxDolAlertsResponceMatch.php',''),(5,'bx_videos_comments_delete','BxDolVideoDeleteResponse','flash/modules/video_comments/inc/classes/BxDolVideoDeleteResponse.php',''),(7,'bx_events_profile_delete','','','BxDolService::call(\'events\', \'response_profile_delete\', array($this));'),(8,'bx_events_media_delete','','','BxDolService::call(\'events\', \'response_media_delete\', array($this));'),(9,'bx_events_map_install','','','if (\'wmap\' == $this->aExtras[\'uri\'] && $this->aExtras[\'res\'][\'result\']) BxDolService::call(\'events\', \'map_install\');'),(12,'bx_wall','','','BxDolService::call(\'wall\', \'response\', array($this));'),(13,'bx_photos_profile_delete','','','BxDolService::call(\'photos\', \'response_profile_delete\', array($this));'),(14,'bx_pageac','','','BxDolService::call(\'pageac\', \'responce_protect_URL\', array($_SERVER[\'REQUEST_URI\']));'),(16,'bx_simple_messenger','BxSimpleMessengerResponse','modules/boonex/simple_messenger/classes/BxSimpleMessengerResponse.php',''),(35,'bx_ads_map_install','','','if (\'wmap\' == $this->aExtras[\'uri\'] && $this->aExtras[\'res\'][\'result\']) BxDolService::call(\'ads\', \'map_install\');'),(34,'bx_ads_profile_delete','','','BxDolService::call(\'ads\', \'response_profile_delete\', array($this));'),(20,'bx_forum_profile','BxForumProfileResponse','modules/boonex/forum/profile_response.php',''),(21,'bx_avatar','BxAvaProfileDeleteResponse','modules/boonex/avatar/classes/BxAvaProfileDeleteResponse.php',''),(23,'bx_groups_profile_delete','','','BxDolService::call(\'groups\', \'response_profile_delete\', array($this));'),(24,'bx_groups_media_delete','','','BxDolService::call(\'groups\', \'response_media_delete\', array($this));'),(25,'bx_groups_map_install','','','if (\'wmap\' == $this->aExtras[\'uri\'] && $this->aExtras[\'res\'][\'result\']) BxDolService::call(\'groups\', \'map_install\');'),(28,'modzzz_articles_profile_delete','','','BxDolService::call(\'articles\', \'response_profile_delete\', array($this));'),(29,'modzzz_articles_media_delete','','','BxDolService::call(\'articles\', \'response_media_delete\', array($this));'),(30,'modzzz_articles_map_install','','','if (\'wmap\' == $this->aExtras[\'uri\'] && $this->aExtras[\'res\'][\'result\']) BxDolService::call(\'articles\', \'map_install\');');

--
-- Table structure for table `sys_antispam_block_log`
--

CREATE TABLE `sys_antispam_block_log` (
  `ip` int(10) unsigned NOT NULL,
  `member_id` int(10) unsigned NOT NULL,
  `type` varchar(32) NOT NULL,
  `extra` text NOT NULL,
  `added` int(11) NOT NULL,
  KEY `ip` (`ip`),
  KEY `member_id` (`member_id`)
) ENGINE=MyISAM DEFAULT CHARSET=utf8;

--
-- Dumping data for table `sys_antispam_block_log`
--

INSERT INTO `sys_antispam_block_log` VALUES (2706229731,0,'stopforumspam','join',1440640891),(2706229731,0,'stopforumspam','join',1440640903),(2706229731,0,'stopforumspam','join',1440640905),(2706229731,0,'stopforumspam','join',1440641029),(2706229731,0,'stopforumspam','join',1440641051),(1096872948,0,'stopforumspam','join',1448461642),(1096872948,0,'stopforumspam','join',1448461653),(1096872948,0,'stopforumspam','join',1448461657),(1096872948,0,'stopforumspam','join',1448461667),(1096872948,0,'stopforumspam','join',1448461676),(1096872948,0,'stopforumspam','join',1448461733),(1096872948,0,'stopforumspam','join',1448461828),(847959309,0,'stopforumspam','join',1469815364),(847959309,0,'stopforumspam','join',1469815381),(847959309,0,'stopforumspam','join',1469815389),(847959309,0,'stopforumspam','join',1469815402),(847959309,0,'stopforumspam','join',1469815417),(847959309,0,'stopforumspam','join',1469815433),(847959309,0,'stopforumspam','join',1469815526),(851164926,0,'stopforumspam','join',1476461021),(851164926,0,'stopforumspam','join',1476461041),(1240338797,0,'stopforumspam','join',1496161609),(1240338797,0,'stopforumspam','join',1496161618),(1206626112,0,'stopforumspam','join',1549644243),(1206626112,0,'stopforumspam','join',1549644253),(1206626112,0,'stopforumspam','join',1549644265),(1206626112,0,'stopforumspam','join',1549644274),(1206626112,0,'stopforumspam','join',1549644297),(1206626112,0,'stopforumspam','join',1549644316),(1206626112,0,'stopforumspam','join',1549644344),(1761303491,0,'stopforumspam','join',1550371891);

--
-- Table structure for table `sys_banners`
--

CREATE TABLE `sys_banners` (
  `ID` int(11) unsigned NOT NULL AUTO_INCREMENT,
  `Title` varchar(32) NOT NULL DEFAULT '',
  `Url` varchar(255) NOT NULL DEFAULT '',
  `Text` mediumtext NOT NULL,
  `Active` tinyint(4) NOT NULL DEFAULT '0',
  `Created` date NOT NULL DEFAULT '0000-00-00',
  `campaign_start` date NOT NULL DEFAULT '2005-01-01',
  `campaign_end` date NOT NULL DEFAULT '2007-01-01',
  `Position` varchar(10) NOT NULL DEFAULT '4',
  `lhshift` int(5) NOT NULL DEFAULT '-200',
  `lvshift` int(5) NOT NULL DEFAULT '-750',
  `rhshift` int(5) NOT NULL DEFAULT '100',
  `rvshift` int(5) NOT NULL DEFAULT '-750',
  PRIMARY KEY (`ID`)
) ENGINE=MyISAM DEFAULT CHARSET=utf8 PACK_KEYS=0;

--
-- Dumping data for table `sys_banners`
--


--
-- Table structure for table `sys_banners_clicks`
--

CREATE TABLE `sys_banners_clicks` (
  `ID` int(10) unsigned NOT NULL DEFAULT '0',
  `Date` int(10) NOT NULL DEFAULT '0',
  `IP` varchar(16) NOT NULL DEFAULT '',
  UNIQUE KEY `ID_2` (`ID`,`Date`,`IP`),
  KEY `ID` (`ID`)
) ENGINE=MyISAM DEFAULT CHARSET=utf8;

--
-- Dumping data for table `sys_banners_clicks`
--


--
-- Table structure for table `sys_banners_shows`
--

CREATE TABLE `sys_banners_shows` (
  `ID` int(10) unsigned NOT NULL DEFAULT '0',
  `Date` int(10) NOT NULL DEFAULT '0',
  `IP` varchar(16) NOT NULL DEFAULT '',
  KEY `ID` (`ID`)
) ENGINE=MyISAM DEFAULT CHARSET=utf8;

--
-- Dumping data for table `sys_banners_shows`
--


--
-- Table structure for table `sys_block_list`
--

CREATE TABLE `sys_block_list` (
  `ID` int(10) unsigned NOT NULL DEFAULT '0',
  `Profile` int(10) unsigned NOT NULL DEFAULT '0',
  `When` timestamp NOT NULL DEFAULT CURRENT_TIMESTAMP,
  UNIQUE KEY `BlockPair` (`ID`,`Profile`),
  KEY `ID` (`ID`),
  KEY `Profile` (`Profile`)
) ENGINE=MyISAM DEFAULT CHARSET=utf8;

--
-- Dumping data for table `sys_block_list`
--

INSERT INTO `sys_block_list` VALUES (3,24,'2016-10-31 13:40:19');

--
-- Table structure for table `sys_box_download`
--

CREATE TABLE `sys_box_download` (
  `id` int(11) NOT NULL AUTO_INCREMENT,
  `title` varchar(64) NOT NULL,
  `url` varchar(255) NOT NULL,
  `onclick` varchar(255) NOT NULL,
  `desc` text NOT NULL,
  `icon` varchar(255) NOT NULL,
  `order` int(11) NOT NULL,
  `disabled` tinyint(4) NOT NULL,
  PRIMARY KEY (`id`)
) ENGINE=MyISAM AUTO_INCREMENT=3 DEFAULT CHARSET=utf8;

--
-- Dumping data for table `sys_box_download`
--

INSERT INTO `sys_box_download` VALUES (1,'_sbd_iPhone_title','http://itunes.apple.com/us/app/oo/id345450186','','_sbd_iPhone_desc','apple',2,0),(2,'_sbd_Android_title','https://play.google.com/store/apps/details?id=com.boonex.oo','','_sbd_Android_desc','android',3,0);

--
-- Table structure for table `sys_categories`
--

CREATE TABLE `sys_categories` (
  `Category` varchar(32) NOT NULL DEFAULT '',
  `ID` int(10) unsigned NOT NULL DEFAULT '0',
  `Type` varchar(20) NOT NULL DEFAULT 'photo',
  `Owner` int(10) unsigned NOT NULL,
  `Status` enum('active','passive') NOT NULL DEFAULT 'active',
  `Date` timestamp NOT NULL DEFAULT CURRENT_TIMESTAMP,
  PRIMARY KEY (`Category`,`ID`,`Type`)
) ENGINE=MyISAM DEFAULT CHARSET=utf8;

--
-- Dumping data for table `sys_categories`
--

INSERT INTO `sys_categories` VALUES ('Party',0,'bx_events',0,'active','2015-04-08 16:05:08'),('Expedition',0,'bx_events',0,'active','2015-04-08 16:05:08'),('Presentation',0,'bx_events',0,'active','2015-04-08 16:05:08'),('Last Friday',0,'bx_events',0,'passive','2015-04-08 16:05:08'),('Birthday',0,'bx_events',0,'active','2015-04-08 16:05:08'),('Exhibition',0,'bx_events',0,'active','2015-04-08 16:05:08'),('Bushwalking',0,'bx_events',0,'passive','2015-04-08 16:05:08'),('Profile photos',0,'bx_photos',0,'active','2015-04-08 16:06:08'),('wall',0,'bx_sounds',0,'active','2015-04-08 16:05:09'),('wall',0,'bx_videos',0,'active','2015-04-08 16:05:09'),('Family',0,'bx_photos',0,'active','2015-04-08 16:06:08'),('Fun',0,'bx_photos',0,'active','2015-04-08 16:06:08'),('My portfolio',0,'bx_photos',0,'active','2015-04-08 16:06:08'),('Our cars',0,'bx_photos',0,'passive','2015-04-08 16:06:08'),('Other',0,'bx_photos',0,'active','2015-04-08 16:06:08'),('Default',0,'bx_news',0,'active','2015-04-08 16:21:07'),('BoonEx Products',0,'bx_news',0,'passive','2015-04-08 16:21:07'),('Some Useful Info',0,'bx_news',0,'passive','2015-04-08 16:21:07'),('Profile Photos',4,'bx_photos',3,'active','2015-04-10 03:58:19'),('Groups',0,'bx_photos',0,'passive','2015-10-30 01:34:31'),('Arts & Literature',0,'bx_groups',0,'active','2015-10-30 01:34:31'),('Animals & Pets',0,'bx_groups',0,'active','2015-10-30 01:34:31'),('Activities',0,'bx_groups',0,'active','2015-10-30 01:34:31'),('Automotive',0,'bx_groups',0,'passive','2015-10-30 01:34:31'),('Business & Money',0,'bx_groups',0,'passive','2015-10-30 01:34:31'),('Companies & Co-workers',0,'bx_groups',0,'passive','2015-10-30 01:34:31'),('Cultures & Nations',0,'bx_groups',0,'passive','2015-10-30 01:34:31'),('Dolphin Community',0,'bx_groups',0,'passive','2015-10-30 01:34:31'),('Family & Friends',0,'bx_groups',0,'active','2015-10-30 01:34:31'),('Fan Clubs',0,'bx_groups',0,'passive','2015-10-30 01:34:31'),('Fashion & Style',0,'bx_groups',0,'active','2015-10-30 01:34:31'),('Fitness & Body Building',0,'bx_groups',0,'passive','2015-10-30 01:34:31'),('Food & Drink',0,'bx_groups',0,'active','2015-10-30 01:34:31'),('Gay, Lesbian & Bi',0,'bx_groups',0,'active','2015-10-30 01:34:31'),('Health & Wellness',0,'bx_groups',0,'active','2015-10-30 01:34:31'),('Hobbies & Entertainment',0,'bx_groups',0,'active','2015-10-30 01:34:31'),('Internet & Computers',0,'bx_groups',0,'passive','2015-10-30 01:34:31'),('Love & Relationships',0,'bx_groups',0,'active','2015-10-30 01:34:31'),('Mass Media',0,'bx_groups',0,'passive','2015-10-30 01:34:31'),('Music & Cinema',0,'bx_groups',0,'active','2015-10-30 01:34:31'),('Places & Travel',0,'bx_groups',0,'active','2015-10-30 01:34:31'),('Politics',0,'bx_groups',0,'passive','2015-10-30 01:34:31'),('Recreation & Sports',0,'bx_groups',0,'passive','2015-10-30 01:34:31'),('Religion',0,'bx_groups',0,'active','2015-10-30 01:34:31'),('Science & Innovations',0,'bx_groups',0,'passive','2015-10-30 01:34:31'),('Sex',0,'bx_groups',0,'passive','2015-10-30 01:34:31'),('Teens & Schools',0,'bx_groups',0,'passive','2015-10-30 01:34:31'),('Other',0,'bx_groups',0,'active','2015-10-30 01:34:31'),('Groups',46,'bx_photos',3,'active','2016-11-15 22:12:37'),('Events',45,'bx_photos',3,'active','2016-11-15 22:04:46'),('Health & Wellness',11,'bx_groups',3,'active','2019-01-05 20:44:35'),('Online Only',0,'bx_groups',0,'active','2017-01-04 15:49:12'),('In Person',0,'bx_groups',0,'active','2017-01-04 15:49:24'),('Groups',52,'bx_photos',3,'active','2019-01-05 20:44:34'),('Groups',53,'bx_photos',3,'active','2019-01-05 20:44:35');

--
-- Table structure for table `sys_categories_bak`
--

CREATE TABLE `sys_categories_bak` (
  `Category` varchar(32) NOT NULL DEFAULT '',
  `ID` int(10) unsigned NOT NULL DEFAULT '0',
  `Type` varchar(20) NOT NULL DEFAULT 'photo',
  `Owner` int(10) unsigned NOT NULL,
  `Status` enum('active','passive') NOT NULL DEFAULT 'active',
  `Date` timestamp NOT NULL DEFAULT CURRENT_TIMESTAMP,
  PRIMARY KEY (`Category`,`ID`,`Type`)
) ENGINE=MyISAM DEFAULT CHARSET=utf8;

--
-- Dumping data for table `sys_categories_bak`
--

INSERT INTO `sys_categories_bak` VALUES ('BoonEx Products',0,'bx_articles',0,'active','2016-04-28 23:51:03'),('Default',0,'bx_articles',0,'active','2016-04-28 23:51:03'),('Some Useful Info',0,'bx_articles',0,'active','2016-04-28 23:51:03');

--
-- Table structure for table `sys_cmts_profile`
--

CREATE TABLE `sys_cmts_profile` (
  `cmt_id` int(11) NOT NULL AUTO_INCREMENT,
  `cmt_parent_id` int(11) NOT NULL DEFAULT '0',
  `cmt_object_id` int(11) NOT NULL DEFAULT '0',
  `cmt_author_id` int(10) unsigned NOT NULL DEFAULT '0',
  `cmt_text` text NOT NULL,
  `cmt_mood` tinyint(4) NOT NULL DEFAULT '0',
  `cmt_rate` int(11) NOT NULL DEFAULT '0',
  `cmt_rate_count` int(11) NOT NULL DEFAULT '0',
  `cmt_time` datetime NOT NULL DEFAULT '0000-00-00 00:00:00',
  `cmt_replies` int(11) NOT NULL DEFAULT '0',
  PRIMARY KEY (`cmt_id`),
  KEY `cmt_object_id` (`cmt_object_id`,`cmt_parent_id`)
) ENGINE=MyISAM DEFAULT CHARSET=utf8;

--
-- Dumping data for table `sys_cmts_profile`
--


--
-- Table structure for table `sys_cmts_track`
--

CREATE TABLE `sys_cmts_track` (
  `cmt_system_id` int(11) NOT NULL DEFAULT '0',
  `cmt_id` int(11) NOT NULL DEFAULT '0',
  `cmt_rate` tinyint(4) NOT NULL DEFAULT '0',
  `cmt_rate_author_id` int(10) unsigned NOT NULL DEFAULT '0',
  `cmt_rate_author_nip` int(11) unsigned NOT NULL DEFAULT '0',
  `cmt_rate_ts` int(11) NOT NULL DEFAULT '0',
  PRIMARY KEY (`cmt_system_id`,`cmt_id`,`cmt_rate_author_nip`)
) ENGINE=MyISAM DEFAULT CHARSET=utf8;

--
-- Dumping data for table `sys_cmts_track`
--

INSERT INTO `sys_cmts_track` VALUES (4,5,1,3,2923395480,1476807963);

--
-- Table structure for table `sys_color_base`
--

CREATE TABLE `sys_color_base` (
  `ColorName` varchar(20) NOT NULL DEFAULT '',
  `ColorCode` varchar(10) NOT NULL DEFAULT '',
  UNIQUE KEY `ColorName` (`ColorName`)
) ENGINE=MyISAM DEFAULT CHARSET=utf8;

--
-- Dumping data for table `sys_color_base`
--

INSERT INTO `sys_color_base` VALUES ('AliceBlue','#F0F8FF'),('AntiqueWhite','#FAEBD7'),('Aqua','#00FFFF'),('Aquamarine','#7FFFD4'),('Azure','#F0FFFF'),('Beige','#F5F5DC'),('Bisque','#FFE4C4'),('Black','#000000'),('BlanchedAlmond','#FFEBCD'),('Blue','#0000FF'),('BlueViolet','#8A2BE2'),('Brown','#A52A2A'),('BurlyWood','#DEB887'),('CadetBlue','#5F9EA0'),('Chartreuse','#7FFF00'),('Chocolate','#D2691E'),('Coral','#FF7F50'),('CornflowerBlue','#6495ED'),('Cornsilk','#FFF8DC'),('Crimson','#DC143C'),('Cyan','#00FFFF'),('DarkBlue','#00008B'),('DarkCyan','#008B8B'),('DarkGoldenRod','#B8860B'),('DarkGray','#A9A9A9'),('DarkGreen','#006400'),('DarkKhaki','#BDB76B'),('DarkMagenta','#8B008B'),('DarkOliveGreen','#556B2F'),('Darkorange','#FF8C00'),('DarkOrchid','#9932CC'),('DarkRed','#8B0000'),('DarkSalmon','#E9967A'),('DarkSeaGreen','#8FBC8F'),('DarkSlateBlue','#483D8B'),('DarkSlateGray','#2F4F4F'),('DarkTurquoise','#00CED1'),('DarkViolet','#9400D3'),('DeepPink','#FF1493'),('DeepSkyBlue','#00BFFF'),('DimGray','#696969'),('DodgerBlue','#1E90FF'),('Feldspar','#D19275'),('FireBrick','#B22222'),('FloralWhite','#FFFAF0'),('ForestGreen','#228B22'),('Fuchsia','#FF00FF'),('Gainsboro','#DCDCDC'),('GhostWhite','#F8F8FF'),('Gold','#FFD700'),('GoldenRod','#DAA520'),('Gray','#808080'),('Green','#008000'),('GreenYellow','#ADFF2F'),('HoneyDew','#F0FFF0'),('HotPink','#FF69B4'),('IndianRed','#CD5C5C'),('Indigo','#4B0082'),('Ivory','#FFFFF0'),('Khaki','#F0E68C'),('Lavender','#E6E6FA'),('LavenderBlush','#FFF0F5'),('LawnGreen','#7CFC00'),('LemonChiffon','#FFFACD'),('LightBlue','#ADD8E6'),('LightCoral','#F08080'),('LightCyan','#E0FFFF'),('LightGoldenRodYellow','#FAFAD2'),('LightGrey','#D3D3D3'),('LightGreen','#90EE90'),('LightPink','#FFB6C1'),('LightSalmon','#FFA07A'),('LightSeaGreen','#20B2AA'),('LightSkyBlue','#87CEFA'),('LightSlateBlue','#8470FF'),('LightSlateGray','#778899'),('LightSteelBlue','#B0C4DE'),('LightYellow','#FFFFE0'),('Lime','#00FF00'),('LimeGreen','#32CD32'),('Linen','#FAF0E6'),('Magenta','#FF00FF'),('Maroon','#800000'),('MediumAquaMarine','#66CDAA'),('MediumBlue','#0000CD'),('MediumOrchid','#BA55D3'),('MediumPurple','#9370D8'),('MediumSeaGreen','#3CB371'),('MediumSlateBlue','#7B68EE'),('MediumSpringGreen','#00FA9A'),('MediumTurquoise','#48D1CC'),('MediumVioletRed','#C71585'),('MidnightBlue','#191970'),('MintCream','#F5FFFA'),('MistyRose','#FFE4E1'),('Moccasin','#FFE4B5'),('NavajoWhite','#FFDEAD'),('Navy','#000080'),('OldLace','#FDF5E6'),('Olive','#808000'),('OliveDrab','#6B8E23'),('Orange','#FFA500'),('OrangeRed','#FF4500'),('Orchid','#DA70D6'),('PaleGoldenRod','#EEE8AA'),('PaleGreen','#98FB98'),('PaleTurquoise','#AFEEEE'),('PaleVioletRed','#D87093'),('PapayaWhip','#FFEFD5'),('PeachPuff','#FFDAB9'),('Peru','#CD853F'),('Pink','#FFC0CB'),('Plum','#DDA0DD'),('PowderBlue','#B0E0E6'),('Purple','#800080'),('Red','#FF0000'),('RosyBrown','#BC8F8F'),('RoyalBlue','#4169E1'),('SaddleBrown','#8B4513'),('Salmon','#FA8072'),('SandyBrown','#F4A460'),('SeaGreen','#2E8B57'),('SeaShell','#FFF5EE'),('Sienna','#A0522D'),('Silver','#C0C0C0'),('SkyBlue','#87CEEB'),('SlateBlue','#6A5ACD'),('SlateGray','#708090'),('Snow','#FFFAFA'),('SpringGreen','#00FF7F'),('SteelBlue','#4682B4'),('Tan','#D2B48C'),('Teal','#008080'),('Thistle','#D8BFD8'),('Tomato','#FF6347'),('Turquoise','#40E0D0'),('Violet','#EE82EE'),('VioletRed','#D02090'),('Wheat','#F5DEB3'),('White','#FFFFFF'),('WhiteSmoke','#F5F5F5'),('Yellow','#FFFF00'),('YellowGreen','#9ACD32');

--
-- Table structure for table `sys_countries`
--

CREATE TABLE `sys_countries` (
  `ISO2` varchar(2) NOT NULL DEFAULT '',
  `ISO3` varchar(3) NOT NULL DEFAULT '',
  `ISONo` smallint(3) NOT NULL DEFAULT '0',
  `Country` varchar(100) NOT NULL DEFAULT '',
  `Region` varchar(100) DEFAULT NULL,
  `Currency` varchar(100) DEFAULT NULL,
  `CurrencyCode` varchar(3) DEFAULT NULL,
  PRIMARY KEY (`ISO2`),
  KEY `CurrencyCode` (`CurrencyCode`)
) ENGINE=MyISAM DEFAULT CHARSET=utf8;

--
-- Dumping data for table `sys_countries`
--

INSERT INTO `sys_countries` VALUES ('AD','AND',20,'Andorra','Europe','Euro','EUR'),('AE','ARE',784,'United Arab Emirates','Middle East','UAE Dirham','AED'),('AF','AFG',4,'Afghanistan','Asia','Afghani','AFA'),('AG','ATG',28,'Antigua and Barbuda','Central America and the Caribbean','East Caribbean Dollar','XCD'),('AI','AIA',660,'Anguilla','Central America and the Caribbean','East Caribbean Dollar','XCD'),('AL','ALB',8,'Albania','Europe','Lek','ALL'),('AM','ARM',51,'Armenia','Commonwealth of Independent States','Armenian Dram','AMD'),('AN','ANT',530,'Netherlands Antilles','Central America and the Caribbean','Netherlands Antillean guilder','ANG'),('AO','AGO',24,'Angola','Africa','Kwanza','AOA'),('AQ','ATA',10,'Antarctica','Antarctic Region',NULL,NULL),('AR','ARG',32,'Argentina','South America','Argentine Peso','ARS'),('AS','ASM',16,'American Samoa','Oceania','US Dollar','USD'),('AT','AUT',40,'Austria','Europe','Euro','EUR'),('AU','AUS',36,'Australia','Oceania','Australian dollar','AUD'),('AW','ABW',533,'Aruba','Central America and the Caribbean','Aruban Guilder','AWG'),('AX','ALA',248,'Aland Islands','Europe','Euro','EUR'),('AZ','AZE',31,'Azerbaijan','Commonwealth of Independent States','Azerbaijani Manat','AZM'),('BA','BIH',70,'Bosnia and Herzegovina','Bosnia and Herzegovina, Europe','Convertible Marka','BAM'),('BB','BRB',52,'Barbados','Central America and the Caribbean','Barbados Dollar','BBD'),('BD','BGD',50,'Bangladesh','Asia','Taka','BDT'),('BE','BEL',56,'Belgium','Europe','Euro','EUR'),('BF','BFA',854,'Burkina Faso','Africa','CFA Franc BCEAO','XOF'),('BG','BGR',100,'Bulgaria','Europe','Lev','BGL'),('BH','BHR',48,'Bahrain','Middle East','Bahraini Dinar','BHD'),('BI','BDI',108,'Burundi','Africa','Burundi Franc','BIF'),('BJ','BEN',204,'Benin','Africa','CFA Franc BCEAO','XOF'),('BL','BLM',652,'Saint Barthelemy','Central America and the Caribbean','Euro','EUR'),('BM','BMU',60,'Bermuda','North America','Bermudian Dollar','BMD'),('BN','BRN',96,'Brunei Darussalam','Southeast Asia','Brunei Dollar','BND'),('BO','BOL',68,'Bolivia','South America','Boliviano','BOB'),('BR','BRA',76,'Brazil','South America','Brazilian Real','BRL'),('BS','BHS',44,'The Bahamas','Central America and the Caribbean','Bahamian Dollar','BSD'),('BT','BTN',64,'Bhutan','Asia','Ngultrum','BTN'),('BV','BVT',74,'Bouvet Island','Antarctic Region','Norwegian Krone','NOK'),('BW','BWA',72,'Botswana','Africa','Pula','BWP'),('BY','BLR',112,'Belarus','Commonwealth of Independent States','Belarussian Ruble','BYR'),('BZ','BLZ',84,'Belize','Central America and the Caribbean','Belize Dollar','BZD'),('CA','CAN',124,'Canada','North America','Canadian Dollar','CAD'),('CC','CCK',166,'Cocos (Keeling) Islands','Southeast Asia','Australian Dollar','AUD'),('CD','COD',180,'Congo, Democratic Republic of the','Africa','Franc Congolais','CDF'),('CF','CAF',140,'Central African Republic','Africa','CFA Franc BEAC','XAF'),('CG','COG',178,'Congo, Republic of the','Africa','CFA Franc BEAC','XAF'),('CH','CHE',756,'Switzerland','Europe','Swiss Franc','CHF'),('CI','CIV',384,'Cote d\'Ivoire','Africa','CFA Franc BCEAO','XOF'),('CK','COK',184,'Cook Islands','Oceania','New Zealand Dollar','NZD'),('CL','CHL',152,'Chile','South America','Chilean Peso','CLP'),('CM','CMR',120,'Cameroon','Africa','CFA Franc BEAC','XAF'),('CN','CHN',156,'China','Asia','Yuan Renminbi','CNY'),('CO','COL',170,'Colombia','South America, Central America and the Caribbean','Colombian Peso','COP'),('CR','CRI',188,'Costa Rica','Central America and the Caribbean','Costa Rican Colon','CRC'),('CU','CUB',192,'Cuba','Central America and the Caribbean','Cuban Peso','CUP'),('CV','CPV',132,'Cape Verde','World','Cape Verdean Escudo','CVE'),('CX','CXR',162,'Christmas Island','Southeast Asia','Australian Dollar','AUD'),('CY','CYP',196,'Cyprus','Middle East','Cyprus Pound','CYP'),('CZ','CZE',203,'Czech Republic','Europe','Czech Koruna','CZK'),('DE','DEU',276,'Germany','Europe','Euro','EUR'),('DJ','DJI',262,'Djibouti','Africa','Djibouti Franc','DJF'),('DK','DNK',208,'Denmark','Europe','Danish Krone','DKK'),('DM','DMA',212,'Dominica','Central America and the Caribbean','East Caribbean Dollar','XCD'),('DO','DOM',214,'Dominican Republic','Central America and the Caribbean','Dominican Peso','DOP'),('DZ','DZA',12,'Algeria','Africa','Algerian Dinar','DZD'),('EC','ECU',218,'Ecuador','South America','US dollar','USD'),('EE','EST',233,'Estonia','Europe','Kroon','EEK'),('EG','EGY',818,'Egypt','Africa','Egyptian Pound','EGP'),('EH','ESH',732,'Western Sahara','Africa','Moroccan Dirham','MAD'),('ER','ERI',232,'Eritrea','Africa','Nakfa','ERN'),('ES','ESP',724,'Spain','Europe','Euro','EUR'),('ET','ETH',231,'Ethiopia','Africa','Ethiopian Birr','ETB'),('FI','FIN',246,'Finland','Europe','Euro','EUR'),('FJ','FJI',242,'Fiji','Oceania','Fijian Dollar','FJD'),('FK','FLK',238,'Falkland Islands (Islas Malvinas)','South America','Falkland Islands Pound','FKP'),('FM','FSM',583,'Micronesia, Federated States of','Oceania','US dollar','USD'),('FO','FRO',234,'Faroe Islands','Europe','Danish Krone','DKK'),('FR','FRA',250,'France','Europe','Euro','EUR'),('GA','GAB',266,'Gabon','Africa','CFA Franc BEAC','XAF'),('GB','GBR',826,'United Kingdom','Europe','Pound Sterling','GBP'),('GD','GRD',308,'Grenada','Central America and the Caribbean','East Caribbean Dollar','XCD'),('GE','GEO',268,'Georgia','Commonwealth of Independent States','Lari','GEL'),('GF','GUF',254,'French Guiana','South America','Euro','EUR'),('GG','GGY',831,'Guernsey','Europe','Pound sterling','GBP'),('GH','GHA',288,'Ghana','Africa','Cedi','GHC'),('GI','GIB',292,'Gibraltar','Europe','Gibraltar Pound','GIP'),('GL','GRL',304,'Greenland','Arctic Region','Danish Krone','DKK'),('GM','GMB',270,'The Gambia','Africa','Dalasi','GMD'),('GN','GIN',324,'Guinea','Africa','Guinean Franc','GNF'),('GP','GLP',312,'Guadeloupe','Central America and the Caribbean','Euro','EUR'),('GQ','GNQ',226,'Equatorial Guinea','Africa','CFA Franc BEAC','XAF'),('GR','GRC',300,'Greece','Europe','Euro','EUR'),('GS','SGS',239,'South Georgia and the South Sandwich Islands','Antarctic Region','Pound Sterling','GBP'),('GT','GTM',320,'Guatemala','Central America and the Caribbean','Quetzal','GTQ'),('GU','GUM',316,'Guam','Oceania','US Dollar','USD'),('GW','GNB',624,'Guinea-Bissau','Africa','CFA Franc BCEAO','XOF'),('GY','GUY',328,'Guyana','South America','Guyana Dollar','GYD'),('HK','HKG',344,'Hong Kong (SAR)','Southeast Asia','Hong Kong Dollar','HKD'),('HM','HMD',334,'Heard Island and McDonald Islands','Antarctic Region','Australian Dollar','AUD'),('HN','HND',340,'Honduras','Central America and the Caribbean','Lempira','HNL'),('HR','HRV',191,'Croatia','Europe','Kuna','HRK'),('HT','HTI',332,'Haiti','Central America and the Caribbean','Gourde','HTG'),('HU','HUN',348,'Hungary','Europe','Forint','HUF'),('ID','IDN',360,'Indonesia','Southeast Asia','Rupiah','IDR'),('IE','IRL',372,'Ireland','Europe','Euro','EUR'),('IL','ISR',376,'Israel','Middle East','New Israeli Sheqel','ILS'),('IM','IMN',833,'Isle of Man','Europe','Pound sterling','GBP'),('IN','IND',356,'India','Asia','Indian Rupee','INR'),('IO','IOT',86,'British Indian Ocean Territory','World','US Dollar','USD'),('IQ','IRQ',368,'Iraq','Middle East','Iraqi Dinar','IQD'),('IR','IRN',364,'Iran','Middle East','Iranian Rial','IRR'),('IS','ISL',352,'Iceland','Arctic Region','Iceland Krona','ISK'),('IT','ITA',380,'Italy','Europe','Euro','EUR'),('JE','JEY',832,'Jersey','Europe','Pound sterling','GBP'),('JM','JAM',388,'Jamaica','Central America and the Caribbean','Jamaican dollar','JMD'),('JO','JOR',400,'Jordan','Middle East','Jordanian Dinar','JOD'),('JP','JPN',392,'Japan','Asia','Yen','JPY'),('KE','KEN',404,'Kenya','Africa','Kenyan shilling','KES'),('KG','KGZ',417,'Kyrgyzstan','Commonwealth of Independent States','Som','KGS'),('KH','KHM',116,'Cambodia','Southeast Asia','Riel','KHR'),('KI','KIR',296,'Kiribati','Oceania','Australian dollar','AUD'),('KM','COM',174,'Comoros','Africa','Comoro Franc','KMF'),('KN','KNA',659,'Saint Kitts and Nevis','Central America and the Caribbean','East Caribbean Dollar','XCD'),('KP','PRK',408,'Korea, North','Asia','North Korean Won','KPW'),('KR','KOR',410,'Korea, South','Asia','Won','KRW'),('KW','KWT',414,'Kuwait','Middle East','Kuwaiti Dinar','KWD'),('KY','CYM',136,'Cayman Islands','Central America and the Caribbean','Cayman Islands Dollar','KYD'),('KZ','KAZ',398,'Kazakhstan','Commonwealth of Independent States','Tenge','KZT'),('LA','LAO',418,'Laos','Southeast Asia','Kip','LAK'),('LB','LBN',422,'Lebanon','Middle East','Lebanese Pound','LBP'),('LC','LCA',662,'Saint Lucia','Central America and the Caribbean','East Caribbean Dollar','XCD'),('LI','LIE',438,'Liechtenstein','Europe','Swiss Franc','CHF'),('LK','LKA',144,'Sri Lanka','Asia','Sri Lanka Rupee','LKR'),('LR','LBR',430,'Liberia','Africa','Liberian Dollar','LRD'),('LS','LSO',426,'Lesotho','Africa','Loti','LSL'),('LT','LTU',440,'Lithuania','Europe','Lithuanian Litas','LTL'),('LU','LUX',442,'Luxembourg','Europe','Euro','EUR'),('LV','LVA',428,'Latvia','Europe','Latvian Lats','LVL'),('LY','LBY',434,'Libya','Africa','Libyan Dinar','LYD'),('MA','MAR',504,'Morocco','Africa','Moroccan Dirham','MAD'),('MC','MCO',492,'Monaco','Europe','Euro','EUR'),('MD','MDA',498,'Moldova','Commonwealth of Independent States','Moldovan Leu','MDL'),('ME','MNE',499,'Montenegro','Europe','Euro','EUR'),('MF','MAF',663,'Saint Martin (French part)','Central America and the Caribbean','Euro','EUR'),('MG','MDG',450,'Madagascar','Africa','Malagasy Franc','MGF'),('MH','MHL',584,'Marshall Islands','Oceania','US dollar','USD'),('MK','MKD',807,'Macedonia, The Former Yugoslav Republic of','Europe','Denar','MKD'),('ML','MLI',466,'Mali','Africa','CFA Franc BCEAO','XOF'),('MM','MMR',104,'Myanmar','Southeast Asia','kyat','MMK'),('MN','MNG',496,'Mongolia','Asia','Tugrik','MNT'),('MO','MAC',446,'Macao','Southeast Asia','Pataca','MOP'),('MP','MNP',580,'Northern Mariana Islands','Oceania','US Dollar','USD'),('MQ','MTQ',474,'Martinique','Central America and the Caribbean','Euro','EUR'),('MR','MRT',478,'Mauritania','Africa','Ouguiya','MRO'),('MS','MSR',500,'Montserrat','Central America and the Caribbean','East Caribbean Dollar','XCD'),('MT','MLT',470,'Malta','Europe','Maltese Lira','MTL'),('MU','MUS',480,'Mauritius','World','Mauritius Rupee','MUR'),('MV','MDV',462,'Maldives','Asia','Rufiyaa','MVR'),('MW','MWI',454,'Malawi','Africa','Kwacha','MWK'),('MX','MEX',484,'Mexico','North America','Mexican Peso','MXN'),('MY','MYS',458,'Malaysia','Southeast Asia','Malaysian Ringgit','MYR'),('MZ','MOZ',508,'Mozambique','Africa','Metical','MZM'),('NA','NAM',516,'Namibia','Africa','Namibian Dollar','NAD'),('NC','NCL',540,'New Caledonia','Oceania','CFP Franc','XPF'),('NE','NER',562,'Niger','Africa','CFA Franc BCEAO','XOF'),('NF','NFK',574,'Norfolk Island','Oceania','Australian Dollar','AUD'),('NG','NGA',566,'Nigeria','Africa','Naira','NGN'),('NI','NIC',558,'Nicaragua','Central America and the Caribbean','Cordoba Oro','NIO'),('NL','NLD',528,'Netherlands','Europe','Euro','EUR'),('NO','NOR',578,'Norway','Europe','Norwegian Krone','NOK'),('NP','NPL',524,'Nepal','Asia','Nepalese Rupee','NPR'),('NR','NRU',520,'Nauru','Oceania','Australian Dollar','AUD'),('NU','NIU',570,'Niue','Oceania','New Zealand Dollar','NZD'),('NZ','NZL',554,'New Zealand','Oceania','New Zealand Dollar','NZD'),('OM','OMN',512,'Oman','Middle East','Rial Omani','OMR'),('PA','PAN',591,'Panama','Central America and the Caribbean','balboa','PAB'),('PE','PER',604,'Peru','South America','Nuevo Sol','PEN'),('PF','PYF',258,'French Polynesia','Oceania','CFP Franc','XPF'),('PG','PNG',598,'Papua New Guinea','Oceania','Kina','PGK'),('PH','PHL',608,'Philippines','Southeast Asia','Philippine Peso','PHP'),('PK','PAK',586,'Pakistan','Asia','Pakistan Rupee','PKR'),('PL','POL',616,'Poland','Europe','Zloty','PLN'),('PM','SPM',666,'Saint Pierre and Miquelon','North America','Euro','EUR'),('PN','PCN',612,'Pitcairn Islands','Oceania','New Zealand Dollar','NZD'),('PR','PRI',630,'Puerto Rico','Central America and the Caribbean','US dollar','USD'),('PS','PSE',275,'Palestinian Territory, Occupied',NULL,NULL,NULL),('PT','PRT',620,'Portugal','Europe','Euro','EUR'),('PW','PLW',585,'Palau','Oceania','US dollar','USD'),('PY','PRY',600,'Paraguay','South America','Guarani','PYG'),('QA','QAT',634,'Qatar','Middle East','Qatari Rial','QAR'),('RE','REU',638,'Reunion','World','Euro','EUR'),('RO','ROU',642,'Romania','Europe','Leu','ROL'),('RS','SRB',688,'Serbia','Europe','Serbian Dinar','RSD'),('RU','RUS',643,'Russia','Asia','Russian Ruble','RUB'),('RW','RWA',646,'Rwanda','Africa','Rwanda Franc','RWF'),('SA','SAU',682,'Saudi Arabia','Middle East','Saudi Riyal','SAR'),('SB','SLB',90,'Solomon Islands','Oceania','Solomon Islands Dollar','SBD'),('SC','SYC',690,'Seychelles','Africa','Seychelles Rupee','SCR'),('SD','SDN',736,'Sudan','Africa','Sudanese Dinar','SDD'),('SE','SWE',752,'Sweden','Europe','Swedish Krona','SEK'),('SG','SGP',702,'Singapore','Southeast Asia','Singapore Dollar','SGD'),('SH','SHN',654,'Saint Helena','Africa','Saint Helenian Pound','SHP'),('SI','SVN',705,'Slovenia','Europe','Tolar','SIT'),('SJ','SJM',744,'Svalbard','Arctic Region','Norwegian Krone','NOK'),('SK','SVK',703,'Slovakia','Europe','Slovak Koruna','SKK'),('SL','SLE',694,'Sierra Leone','Africa','Leone','SLL'),('SM','SMR',674,'San Marino','Europe','Euro','EUR'),('SN','SEN',686,'Senegal','Africa','CFA Franc BCEAO','XOF'),('SO','SOM',706,'Somalia','Africa','Somali Shilling','SOS'),('SR','SUR',740,'Suriname','South America','Suriname Guilder','SRG'),('ST','STP',678,'Sao Tome and Principe','Africa','Dobra','STD'),('SV','SLV',222,'El Salvador','Central America and the Caribbean','El Salvador Colon','SVC'),('SY','SYR',760,'Syria','Middle East','Syrian Pound','SYP'),('SZ','SWZ',748,'Swaziland','Africa','Lilangeni','SZL'),('TC','TCA',796,'Turks and Caicos Islands','Central America and the Caribbean','US Dollar','USD'),('TD','TCD',148,'Chad','Africa','CFA Franc BEAC','XAF'),('TF','ATF',260,'French Southern and Antarctic Lands','Antarctic Region','Euro','EUR'),('TG','TGO',768,'Togo','Africa','CFA Franc BCEAO','XOF'),('TH','THA',764,'Thailand','Southeast Asia','Baht','THB'),('TJ','TJK',762,'Tajikistan','Commonwealth of Independent States','Somoni','TJS'),('TK','TKL',772,'Tokelau','Oceania','New Zealand Dollar','NZD'),('TL','TLS',626,'East Timor',NULL,'Timor Escudo','TPE'),('TM','TKM',795,'Turkmenistan','Commonwealth of Independent States','Manat','TMM'),('TN','TUN',788,'Tunisia','Africa','Tunisian Dinar','TND'),('TO','TON',776,'Tonga','Oceania','Pa\'anga','TOP'),('TR','TUR',792,'Turkey','Middle East','Turkish Lira','TRL'),('TT','TTO',780,'Trinidad and Tobago','Central America and the Caribbean','Trinidad and Tobago Dollar','TTD'),('TV','TUV',798,'Tuvalu','Oceania','Australian Dollar','AUD'),('TW','TWN',158,'Taiwan','Southeast Asia','New Taiwan Dollar','TWD'),('TZ','TZA',834,'Tanzania','Africa','Tanzanian Shilling','TZS'),('UA','UKR',804,'Ukraine','Commonwealth of Independent States','Hryvnia','UAH'),('UG','UGA',800,'Uganda','Africa','Uganda Shilling','UGX'),('UM','UMI',581,'United States Minor Outlying Islands',NULL,'US Dollar','USD'),('US','USA',840,'United States','North America','US Dollar','USD'),('UY','URY',858,'Uruguay','South America','Peso Uruguayo','UYU'),('UZ','UZB',860,'Uzbekistan','Commonwealth of Independent States','Uzbekistan Sum','UZS'),('VA','VAT',336,'Holy See (Vatican City)','Europe','Euro','EUR'),('VC','VCT',670,'Saint Vincent and the Grenadines','Central America and the Caribbean','East Caribbean Dollar','XCD'),('VE','VEN',862,'Venezuela','South America, Central America and the Caribbean','Bolivar','VEB'),('VG','VGB',92,'British Virgin Islands','Central America and the Caribbean','US dollar','USD'),('VI','VIR',850,'Virgin Islands','Central America and the Caribbean','US Dollar','USD'),('VN','VNM',704,'Vietnam','Southeast Asia','Dong','VND'),('VU','VUT',548,'Vanuatu','Oceania','Vatu','VUV'),('WF','WLF',876,'Wallis and Futuna','Oceania','CFP Franc','XPF'),('WS','WSM',882,'Samoa','Oceania','Tala','WST'),('YE','YEM',887,'Yemen','Middle East','Yemeni Rial','YER'),('YT','MYT',175,'Mayotte','Africa','Euro','EUR'),('ZA','ZAF',710,'South Africa','Africa','Rand','ZAR'),('ZM','ZWB',894,'Zambia','Africa','Kwacha','ZMK'),('ZW','ZWE',716,'Zimbabwe','Africa','Zimbabwe Dollar','ZWD');

--
-- Table structure for table `sys_cron_jobs`
--

CREATE TABLE `sys_cron_jobs` (
  `id` int(11) unsigned NOT NULL AUTO_INCREMENT,
  `name` varchar(128) NOT NULL DEFAULT '',
  `time` varchar(128) NOT NULL DEFAULT '*',
  `class` varchar(128) NOT NULL DEFAULT '',
  `file` varchar(255) NOT NULL DEFAULT '',
  `eval` text NOT NULL,
  PRIMARY KEY (`id`)
) ENGINE=MyISAM AUTO_INCREMENT=13 DEFAULT CHARSET=utf8;

--
-- Dumping data for table `sys_cron_jobs`
--

INSERT INTO `sys_cron_jobs` VALUES (1,'cmd','0 0 * * *','BxDolCronCmd','inc/classes/BxDolCronCmd.php',''),(2,'notifies','*/10 * * * *','BxDolCronNotifies','inc/classes/BxDolCronNotifies.php',''),(3,'video_comments','* * * * *','BxDolCronVideoComments','flash/modules/video_comments/inc/classes/BxDolCronVideoComments.php',''),(4,'sitemap','0 2 * * *','','','bx_import(\'BxDolSiteMaps\');\r\nBxDolSiteMaps::generateAllSiteMaps();'),(5,'modules','0 0 * * 0','BxDolCronModules','inc/classes/BxDolCronModules.php',''),(7,'bx_news','*/5 * * * *','BxNewsCron','modules/boonex/news/classes/BxNewsCron.php',''),(11,'modzzz_articles','*/5 * * * *','BxArticlesCron','modules/modzzz/articles/classes/BxArticlesCron.php','');

--
-- Table structure for table `sys_dnsbl_rules`
--

CREATE TABLE `sys_dnsbl_rules` (
  `id` int(11) NOT NULL AUTO_INCREMENT,
  `chain` enum('spammers','whitelist','uridns') NOT NULL,
  `zonedomain` varchar(255) NOT NULL,
  `postvresp` varchar(32) NOT NULL,
  `url` varchar(255) NOT NULL,
  `recheck` varchar(255) NOT NULL,
  `comment` varchar(255) NOT NULL,
  `added` int(11) NOT NULL,
  `active` tinyint(4) NOT NULL,
  PRIMARY KEY (`id`)
) ENGINE=MyISAM AUTO_INCREMENT=17 DEFAULT CHARSET=utf8;

--
-- Dumping data for table `sys_dnsbl_rules`
--

INSERT INTO `sys_dnsbl_rules` VALUES (1,'whitelist','au.countries.nerd.dk.','127.0.0.2','http://countries.nerd.dk/','','Country based zone, any ip from Australia is whitelisted',1287642420,0),(2,'spammers','sbl.spamhaus.org.','any','http://www.spamhaus.org/sbl/','http://www.spamhaus.org/query/bl?ip=%s','Any non-failure result from sbl.spamhaus.org is a positive match',1287642420,1),(4,'spammers','cn.countries.nerd.dk.','127.0.0.2','http://countries.nerd.dk/','','Country based zone, any ip from China is blocked',1287642420,0),(5,'uridns','multi.surbl.org.','any','http://www.surbl.org/','http://george.surbl.org/lookup.html','SURBLs are lists of web sites that have appeared in unsolicited messages. Unlike most lists, SURBLs are not lists of message senders.',1287642420,1),(6,'spammers','dnsbl.dronebl.org.','127.0.0.5','http://www.dronebl.org/','http://www.dronebl.org/lookup?ip=%s','Bottler',1368854835,1),(7,'spammers','dnsbl.dronebl.org.','127.0.0.6','http://www.dronebl.org/','http://www.dronebl.org/lookup?ip=%s','Unknown spambot or drone',1368854835,1),(8,'spammers','dnsbl.dronebl.org.','127.0.0.7','http://www.dronebl.org/','http://www.dronebl.org/lookup?ip=%s','DDOS Drone',1368854835,1),(9,'spammers','dnsbl.dronebl.org.','127.0.0.8','http://www.dronebl.org/','http://www.dronebl.org/lookup?ip=%s','SOCKS Proxy',1368854835,1),(10,'spammers','dnsbl.dronebl.org.','127.0.0.9','http://www.dronebl.org/','http://www.dronebl.org/lookup?ip=%s','HTTP Proxy',1368854835,1),(11,'spammers','dnsbl.dronebl.org.','127.0.0.10','http://www.dronebl.org/','http://www.dronebl.org/lookup?ip=%s','ProxyChain',1368854835,1),(12,'spammers','dnsbl.dronebl.org.','127.0.0.14','http://www.dronebl.org/','http://www.dronebl.org/lookup?ip=%s','Open Wingate Proxy',1368854835,1),(13,'spammers','dnsbl.dronebl.org.','127.0.0.15','http://www.dronebl.org/','http://www.dronebl.org/lookup?ip=%s','Compromised router / gateway',1368854835,1),(14,'spammers','dnsbl.tornevall.org.','230','http://dnsbl.tornevall.org/','','Block anonymous/elite proxies and abuse IPs',1369274751,1),(15,'spammers','uribl.swinog.ch.','127.0.0.3','http://antispam.imp.ch/06-dnsbl.php?lng=1','','ImproWare Antispam',1393336086,0),(16,'uridns','uribl.swinog.ch.','any','http://antispam.imp.ch/05-uribl.php?lng=1','','ImproWare Antispam',1393336170,0);

--
-- Table structure for table `sys_dnsbluri_zones`
--

CREATE TABLE `sys_dnsbluri_zones` (
  `level` tinyint(4) NOT NULL,
  `zone` varchar(64) NOT NULL
) ENGINE=MyISAM DEFAULT CHARSET=utf8;

--
-- Dumping data for table `sys_dnsbluri_zones`
--

INSERT INTO `sys_dnsbluri_zones` VALUES (2,'0.bg'),(2,'1.bg'),(2,'110mb.com'),(2,'150m.com'),(2,'163.to'),(2,'1blu.de'),(2,'2.bg'),(2,'2000.hu'),(2,'3.bg'),(2,'4.bg'),(2,'5.bg'),(2,'6.bg'),(2,'6a.org'),(2,'6bone.pl'),(2,'7.bg'),(2,'8.bg'),(2,'9.bg'),(2,'9k.com'),(2,'a.bg'),(2,'a.se'),(2,'aa.no'),(2,'aarborte.no'),(2,'ab.ca'),(2,'ab.se'),(2,'abo.pa'),(2,'ac.ae'),(2,'ac.am'),(2,'ac.at'),(2,'ac.bd'),(2,'ac.be'),(2,'ac.ci'),(2,'ac.cn'),(2,'ac.com'),(2,'ac.cr'),(2,'ac.cy'),(2,'ac.fj'),(2,'ac.fk'),(2,'ac.gg'),(2,'ac.gn'),(2,'ac.hu'),(2,'ac.id'),(2,'ac.il'),(2,'ac.im'),(2,'ac.in'),(2,'ac.ir'),(2,'ac.je'),(2,'ac.jp'),(2,'ac.ke'),(2,'ac.kr'),(2,'ac.lk'),(2,'ac.ma'),(2,'ac.me'),(2,'ac.mu'),(2,'ac.mw'),(2,'ac.ng'),(2,'ac.nz'),(2,'ac.om'),(2,'ac.pa'),(2,'ac.pg'),(2,'ac.pr'),(2,'ac.rs'),(2,'ac.ru'),(2,'ac.rw'),(2,'ac.se'),(2,'ac.sz'),(2,'ac.th'),(2,'ac.tj'),(2,'ac.tz'),(2,'ac.ug'),(2,'ac.uk'),(2,'ac.vn'),(2,'ac.yu'),(2,'ac.za'),(2,'ac.zm'),(2,'ac.zw'),(2,'aca.pro'),(2,'academy.museum'),(2,'accident-investigation.aero'),(2,'accident-prevention.aero'),(2,'act.au'),(2,'ad.jp'),(2,'addr.com'),(2,'adm.br'),(2,'adult.ht'),(2,'adv.br'),(2,'adygeya.ru'),(2,'ae.org'),(2,'aejrie.no'),(2,'aero.mv'),(2,'aero.tt'),(2,'aerobatic.aero'),(2,'aeroclub.aero'),(2,'aerodrome.aero'),(2,'aeroport.fr'),(2,'afjord.no'),(2,'ag.it'),(2,'agdenes.no'),(2,'agents.aero'),(2,'agr.br'),(2,'agrar.hu'),(2,'agriculture.museum'),(2,'agrigento.it'),(2,'agrinet.tn'),(2,'agro.pl'),(2,'ah.cn'),(2,'ah.no'),(2,'aichi.jp'),(2,'aid.pl'),(2,'aip.ee'),(2,'air-surveillance.aero'),(2,'air-traffic-control.aero'),(2,'air.museum'),(2,'aircraft.aero'),(2,'airguard.museum'),(2,'airline.aero'),(2,'airport.aero'),(2,'airtraffic.aero'),(2,'ak.us'),(2,'akita.jp'),(2,'aknoluokta.no'),(2,'akrehamn.no'),(2,'al.it'),(2,'al.no'),(2,'al.us'),(2,'alabama.museum'),(2,'alaheadju.no'),(2,'aland.fi'),(2,'alaska.museum'),(2,'alderney.gg'),(2,'alessandria.it'),(2,'alesund.no'),(2,'algard.no'),(2,'alstahaug.no'),(2,'alt.na'),(2,'alt.za'),(2,'alta.no'),(2,'altai.ru'),(2,'altervista.org'),(2,'alto-adige.it'),(2,'altoadige.it'),(2,'alvdal.no'),(2,'am.br'),(2,'amber.museum'),(2,'ambulance.aero'),(2,'ambulance.museum'),(2,'american.museum'),(2,'americana.museum'),(2,'americanantiques.museum'),(2,'americanart.museum'),(2,'amli.no'),(2,'amot.no'),(2,'amsterdam.museum'),(2,'amur.ru'),(2,'amursk.ru'),(2,'amusement.aero'),(2,'an.it'),(2,'ancona.it'),(2,'and.museum'),(2,'andasuolo.no'),(2,'andebu.no'),(2,'andoy.no'),(2,'angelfire.com'),(2,'annefrank.museum'),(2,'anthro.museum'),(2,'anthropology.museum'),(2,'antiques.museum'),(2,'ao.it'),(2,'aomori.jp'),(2,'aosta.it'),(2,'aoste.it'),(2,'ap.it'),(2,'appspot.com'),(2,'aq.it'),(2,'aquarium.museum'),(2,'aquila.it'),(2,'ar.com'),(2,'ar.it'),(2,'ar.us'),(2,'arboretum.museum'),(2,'archaeological.museum'),(2,'archaeology.museum'),(2,'architecture.museum'),(2,'ardal.no'),(2,'aremark.no'),(2,'arendal.no'),(2,'arezzo.it'),(2,'arkhangelsk.ru'),(2,'army.mil'),(2,'arna.no'),(2,'arq.br'),(2,'art.br'),(2,'art.do'),(2,'art.dz'),(2,'art.ht'),(2,'art.museum'),(2,'art.pl'),(2,'artanddesign.museum'),(2,'artcenter.museum'),(2,'artdeco.museum'),(2,'arteducation.museum'),(2,'artgallery.museum'),(2,'arts.co'),(2,'arts.museum'),(2,'arts.nf'),(2,'arts.ro'),(2,'arts.ve'),(2,'artsandcrafts.museum'),(2,'as.us'),(2,'ascoli-piceno.it'),(2,'ascolipiceno.it'),(2,'aseral.no'),(2,'asker.no'),(2,'askim.no'),(2,'askoy.no'),(2,'askvoll.no'),(2,'asmatart.museum'),(2,'asn.au'),(2,'asn.lv'),(2,'asnes.no'),(2,'ass.dz'),(2,'ass.km'),(2,'assassination.museum'),(2,'assedic.fr'),(2,'assisi.museum'),(2,'assn.lk'),(2,'asso.ci'),(2,'asso.dz'),(2,'asso.fr'),(2,'asso.gp'),(2,'asso.ht'),(2,'asso.km'),(2,'asso.ma'),(2,'asso.mc'),(2,'asso.re'),(2,'asso.ws'),(2,'association.aero'),(2,'association.museum'),(2,'asti.it'),(2,'astrakhan.ru'),(2,'astronomy.museum'),(2,'at.it'),(2,'at.lv'),(2,'at.pn'),(2,'at.tc'),(2,'at.tf'),(2,'at.tt'),(2,'ath.cx'),(2,'atlanta.museum'),(2,'atm.pl'),(2,'ato.br'),(2,'au.com'),(2,'au.ms'),(2,'au.pn'),(2,'au.tc'),(2,'au.tt'),(2,'audnedaln.no'),(2,'augustow.pl'),(2,'aukra.no'),(2,'aure.no'),(2,'aurland.no'),(2,'aurskog-holand.no'),(2,'austevoll.no'),(2,'austin.museum'),(2,'australia.museum'),(2,'austrheim.no'),(2,'author.aero'),(2,'auto.pl'),(2,'automotive.museum'),(2,'av.it'),(2,'av.tr'),(2,'avellino.it'),(2,'averoy.no'),(2,'aviation.museum'),(2,'avocat.fr'),(2,'avoues.fr'),(2,'axis.museum'),(2,'az.us'),(2,'a�roport.ci'),(2,'b.bg'),(2,'b.se'),(2,'ba.it'),(2,'babia-gora.pl'),(2,'badaddja.no'),(2,'badajoz.museum'),(2,'baghdad.museum'),(2,'bahcavuotna.no'),(2,'bahccavuotna.no'),(2,'bahn.museum'),(2,'baidar.no'),(2,'baikal.ru'),(2,'bajddar.no'),(2,'balat.no'),(2,'bale.museum'),(2,'balestrand.no'),(2,'ballangen.no'),(2,'ballooning.aero'),(2,'balsan.it'),(2,'balsfjord.no'),(2,'baltimore.museum'),(2,'bamble.no'),(2,'bar.pro'),(2,'barcelona.museum'),(2,'bardu.no'),(2,'bari.it'),(2,'barletta-andria-trani.it'),(2,'barlettaandriatrani.it'),(2,'barreau.fr'),(2,'barum.no'),(2,'baseball.museum'),(2,'basel.museum'),(2,'bashkiria.ru'),(2,'baths.museum'),(2,'batsfjord.no'),(2,'bauern.museum'),(2,'bbs.tr'),(2,'bc.ca'),(2,'bd.se'),(2,'be.tc'),(2,'be.tt'),(2,'bearalvahki.no'),(2,'beardu.no'),(2,'beauxarts.museum'),(2,'bedzin.pl'),(2,'beeldengeluid.museum'),(2,'beiarn.no'),(2,'bel.tr'),(2,'belau.pw'),(2,'belgie.be'),(2,'belgorod.ru'),(2,'bellevue.museum'),(2,'belluno.it'),(2,'benevento.it'),(2,'berg.no'),(2,'bergamo.it'),(2,'bergbau.museum'),(2,'bergen.no'),(2,'berkeley.museum'),(2,'berlevag.no'),(2,'berlin.museum'),(2,'bern.museum'),(2,'beskidy.pl'),(2,'bg.it'),(2,'bg.tc'),(2,'bg.tf'),(2,'bi.it'),(2,'bialowieza.pl'),(2,'bialystok.pl'),(2,'bib.ve'),(2,'bible.museum'),(2,'bielawa.pl'),(2,'biella.it'),(2,'bieszczady.pl'),(2,'bievat.no'),(2,'bilbao.museum'),(2,'bill.museum'),(2,'bindal.no'),(2,'bio.br'),(2,'bir.ru'),(2,'birdart.museum'),(2,'birkenes.no'),(2,'birthplace.museum'),(2,'biz.az'),(2,'biz.bh'),(2,'biz.cy'),(2,'biz.et'),(2,'biz.fj'),(2,'biz.ki'),(2,'biz.ly'),(2,'biz.mv'),(2,'biz.mw'),(2,'biz.nr'),(2,'biz.om'),(2,'biz.pk'),(2,'biz.pl'),(2,'biz.pr'),(2,'biz.tj'),(2,'biz.tm'),(2,'biz.tr'),(2,'biz.tt'),(2,'biz.ua'),(2,'biz.vn'),(2,'bj.cn'),(2,'bjarkoy.no'),(2,'bjerkreim.no'),(2,'bjugn.no'),(2,'bl.it'),(2,'bl.uk'),(2,'blog.br'),(2,'blog.com'),(2,'blog.ru'),(2,'blog4ever.com'),(2,'blogspot.com'),(2,'bmd.br'),(2,'bn.it'),(2,'bo.it'),(2,'bodo.no'),(2,'bokn.no'),(2,'boleslawiec.pl'),(2,'bologna.it'),(2,'bolt.hu'),(2,'bolzano.it'),(2,'bomlo.no'),(2,'bonn.museum'),(2,'boston.museum'),(2,'botanical.museum'),(2,'botanicalgarden.museum'),(2,'botanicgarden.museum'),(2,'botany.museum'),(2,'bourse.za'),(2,'bozen.it'),(2,'br.com'),(2,'br.it'),(2,'br.ms'),(2,'br.tc'),(2,'brand.se'),(2,'brandywinevalley.museum'),(2,'brasil.museum'),(2,'bravehost.com'),(2,'bravepages.com'),(2,'bremanger.no'),(2,'brescia.it'),(2,'brindisi.it'),(2,'bristol.museum'),(2,'british-library.uk'),(2,'british.museum'),(2,'britishcolumbia.museum'),(2,'broadcast.museum'),(2,'broker.aero'),(2,'bronnoy.no'),(2,'bronnoysund.no'),(2,'brumunddal.no'),(2,'brunel.museum'),(2,'brussel.museum'),(2,'brussels.museum'),(2,'bruxelles.museum'),(2,'bryansk.ru'),(2,'bryne.no'),(2,'bs.it'),(2,'bu.no'),(2,'budejju.no'),(2,'building.museum'),(2,'burghof.museum'),(2,'buryatia.ru'),(2,'bus.museum'),(2,'busan.kr'),(2,'bushey.museum'),(2,'by.ru'),(2,'bydgoszcz.pl'),(2,'bygland.no'),(2,'bykle.no'),(2,'bytom.pl'),(2,'bz.it'),(2,'c.bg'),(2,'c.la'),(2,'c.se'),(2,'ca.it'),(2,'ca.na'),(2,'ca.pn'),(2,'ca.tf'),(2,'ca.tt'),(2,'ca.us'),(2,'caa.aero'),(2,'cadaques.museum'),(2,'cagliari.it'),(2,'cahcesuolo.no'),(2,'california.museum'),(2,'caltanissetta.it'),(2,'cambridge.museum'),(2,'campobasso.it'),(2,'can.br'),(2,'can.museum'),(2,'canada.museum'),(2,'capebreton.museum'),(2,'cargo.aero'),(2,'carrier.museum'),(2,'cartoonart.museum'),(2,'casadelamoneda.museum'),(2,'caserta.it'),(2,'casino.hu'),(2,'castle.museum'),(2,'castres.museum'),(2,'catania.it'),(2,'catanzaro.it'),(2,'catering.aero'),(2,'cb.it'),(2,'cbg.ru'),(2,'cc.bh'),(2,'cc.cc'),(2,'cc.na'),(2,'cci.fr'),(2,'ce.it'),(2,'celtic.museum'),(2,'center.museum'),(2,'certification.aero'),(2,'ch.it'),(2,'ch.lv'),(2,'ch.pn'),(2,'ch.tc'),(2,'ch.tf'),(2,'ch.vu'),(2,'chambagri.fr'),(2,'championship.aero'),(2,'charter.aero'),(2,'chat.ru'),(2,'chattanooga.museum'),(2,'chel.ru'),(2,'cheltenham.museum'),(2,'chelyabinsk.ru'),(2,'cherkassy.ua'),(2,'chernigov.ua'),(2,'chernovtsy.ua'),(2,'chesapeakebay.museum'),(2,'chiba.jp'),(2,'chicago.museum'),(2,'chieti.it'),(2,'children.museum'),(2,'childrens.museum'),(2,'childrensgarden.museum'),(2,'chiropractic.museum'),(2,'chirurgiens-dentistes.fr'),(2,'chita.ru'),(2,'chocolate.museum'),(2,'christiansburg.museum'),(2,'chukotka.ru'),(2,'chungbuk.kr'),(2,'chungnam.kr'),(2,'chuvashia.ru'),(2,'cieszyn.pl'),(2,'cim.br'),(2,'cincinnati.museum'),(2,'cinema.museum'),(2,'circus.museum'),(2,'city.hu'),(2,'city.za'),(2,'civilaviation.aero'),(2,'civilisation.museum'),(2,'civilization.museum'),(2,'civilwar.museum'),(2,'cjb.net'),(2,'ck.ua'),(2,'cl.it'),(2,'clickbank.net'),(2,'clinton.museum'),(2,'clock.museum'),(2,'club.aero'),(2,'club.tw'),(2,'cmw.ru'),(2,'cn.com'),(2,'cn.it'),(2,'cn.ms'),(2,'cn.pn'),(2,'cn.ua'),(2,'cng.br'),(2,'cnt.br'),(2,'co.ae'),(2,'co.ag'),(2,'co.am'),(2,'co.ao'),(2,'co.at'),(2,'co.ba'),(2,'co.bi'),(2,'co.bw'),(2,'co.cc'),(2,'co.ci'),(2,'co.ck'),(2,'co.cr'),(2,'co.dk'),(2,'co.ee'),(2,'co.fk'),(2,'co.gg'),(2,'co.gy'),(2,'co.hu'),(2,'co.id'),(2,'co.il'),(2,'co.im'),(2,'co.in'),(2,'co.ir'),(2,'co.it'),(2,'co.je'),(2,'co.jp'),(2,'co.ke'),(2,'co.kg'),(2,'co.kr'),(2,'co.lc'),(2,'co.ls'),(2,'co.ma'),(2,'co.me'),(2,'co.mu'),(2,'co.mw'),(2,'co.mz'),(2,'co.na'),(2,'co.nz'),(2,'co.om'),(2,'co.pn'),(2,'co.pw'),(2,'co.rs'),(2,'co.rw'),(2,'co.sh'),(2,'co.st'),(2,'co.sz'),(2,'co.th'),(2,'co.tj'),(2,'co.tm'),(2,'co.tt'),(2,'co.tv'),(2,'co.tz'),(2,'co.ua'),(2,'co.ug'),(2,'co.uk'),(2,'co.us'),(2,'co.uz'),(2,'co.ve'),(2,'co.vi'),(2,'co.yu'),(2,'co.za'),(2,'co.zm'),(2,'co.zw'),(2,'coal.museum'),(2,'coastaldefence.museum'),(2,'cody.museum'),(2,'coldwar.museum'),(2,'collection.museum'),(2,'colonialwilliamsburg.museum'),(2,'coloradoplateau.museum'),(2,'columbia.museum'),(2,'columbus.museum'),(2,'com.ac'),(2,'com.ae'),(2,'com.af'),(2,'com.ag'),(2,'com.ai'),(2,'com.al'),(2,'com.am'),(2,'com.an'),(2,'com.ar'),(2,'com.au'),(2,'com.aw'),(2,'com.az'),(2,'com.ba'),(2,'com.bb'),(2,'com.bd'),(2,'com.bh'),(2,'com.bi'),(2,'com.bm'),(2,'com.bn'),(2,'com.bo'),(2,'com.br'),(2,'com.bs'),(2,'com.bt'),(2,'com.by'),(2,'com.bz'),(2,'com.cd'),(2,'com.ch'),(2,'com.ci'),(2,'com.cn'),(2,'com.co'),(2,'com.cu'),(2,'com.cy'),(2,'com.dm'),(2,'com.do'),(2,'com.dz'),(2,'com.ec'),(2,'com.ee'),(2,'com.eg'),(2,'com.er'),(2,'com.es'),(2,'com.et'),(2,'com.fj'),(2,'com.fk'),(2,'com.fr'),(2,'com.ge'),(2,'com.gh'),(2,'com.gi'),(2,'com.gn'),(2,'com.gp'),(2,'com.gr'),(2,'com.gt'),(2,'com.gu'),(2,'com.gy'),(2,'com.hk'),(2,'com.hn'),(2,'com.hr'),(2,'com.ht'),(2,'com.io'),(2,'com.iq'),(2,'com.is'),(2,'com.jm'),(2,'com.jo'),(2,'com.kg'),(2,'com.kh'),(2,'com.ki'),(2,'com.km'),(2,'com.kw'),(2,'com.ky'),(2,'com.kz'),(2,'com.la'),(2,'com.lb'),(2,'com.lc'),(2,'com.li'),(2,'com.lk'),(2,'com.lr'),(2,'com.lv'),(2,'com.ly'),(2,'com.mg'),(2,'com.mk'),(2,'com.ml'),(2,'com.mm'),(2,'com.mn'),(2,'com.mo'),(2,'com.mt'),(2,'com.mu'),(2,'com.mv'),(2,'com.mw'),(2,'com.mx'),(2,'com.my'),(2,'com.na'),(2,'com.nc'),(2,'com.nf'),(2,'com.ng'),(2,'com.ni'),(2,'com.np'),(2,'com.nr'),(2,'com.om'),(2,'com.pa'),(2,'com.pe'),(2,'com.pf'),(2,'com.pg'),(2,'com.ph'),(2,'com.pk'),(2,'com.pl'),(2,'com.pr'),(2,'com.ps'),(2,'com.pt'),(2,'com.py'),(2,'com.qa'),(2,'com.re'),(2,'com.ro'),(2,'com.ru'),(2,'com.rw'),(2,'com.sa'),(2,'com.sb'),(2,'com.sc'),(2,'com.sd'),(2,'com.sg'),(2,'com.sh'),(2,'com.sl'),(2,'com.st'),(2,'com.sv'),(2,'com.sy'),(2,'com.tj'),(2,'com.tm'),(2,'com.tn'),(2,'com.to'),(2,'com.tr'),(2,'com.tt'),(2,'com.tv'),(2,'com.tw'),(2,'com.ua'),(2,'com.uy'),(2,'com.uz'),(2,'com.vc'),(2,'com.ve'),(2,'com.vi'),(2,'com.vn'),(2,'com.vu'),(2,'com.ws'),(2,'com.ye'),(2,'communication.museum'),(2,'communications.museum'),(2,'community.museum'),(2,'como.it'),(2,'computer.museum'),(2,'computerhistory.museum'),(2,'conf.au'),(2,'conf.lv'),(2,'conference.aero'),(2,'congresodelalengua3.ar'),(2,'consulado.st'),(2,'consultant.aero'),(2,'consulting.aero'),(2,'contemporary.museum'),(2,'contemporaryart.museum'),(2,'control.aero'),(2,'convent.museum'),(2,'coop.br'),(2,'coop.ht'),(2,'coop.km'),(2,'coop.mv'),(2,'coop.mw'),(2,'coop.tt'),(2,'copenhagen.museum'),(2,'corp.st'),(2,'corporation.museum'),(2,'corvette.museum'),(2,'cosenza.it'),(2,'costume.museum'),(2,'council.aero'),(2,'countryestate.museum'),(2,'county.museum'),(2,'cpa.pro'),(2,'cq.cn'),(2,'cr.it'),(2,'crafts.museum'),(2,'cranbrook.museum'),(2,'creation.museum'),(2,'cremona.it'),(2,'crew.aero'),(2,'cri.nz'),(2,'crimea.ua'),(2,'crotone.it'),(2,'cs.it'),(2,'csiro.au'),(2,'ct.it'),(2,'ct.us'),(2,'cul.na'),(2,'cultural.museum'),(2,'culturalcenter.museum'),(2,'culture.museum'),(2,'cuneo.it'),(2,'cv.ua'),(2,'cyber.museum'),(2,'cymru.museum'),(2,'cz.it'),(2,'cz.tc'),(2,'cz.tf'),(2,'czeladz.pl'),(2,'czest.pl'),(2,'d.bg'),(2,'d.se'),(2,'daegu.kr'),(2,'daejeon.kr'),(2,'dagestan.ru'),(2,'dali.museum'),(2,'dallas.museum'),(2,'database.museum'),(2,'davvenjarga.no'),(2,'davvesiida.no'),(2,'dc.us'),(2,'ddr.museum'),(2,'de.com'),(2,'de.ki'),(2,'de.lv'),(2,'de.ms'),(2,'de.net'),(2,'de.pn'),(2,'de.tc'),(2,'de.tf'),(2,'de.tt'),(2,'de.us'),(2,'de.vu'),(2,'deatnu.no'),(2,'decorativearts.museum'),(2,'defense.tn'),(2,'delaware.museum'),(2,'delmenhorst.museum'),(2,'denmark.museum'),(2,'dep.no'),(2,'depot.museum'),(2,'design.aero'),(2,'design.museum'),(2,'detroit.museum'),(2,'dgca.aero'),(2,'dielddanuorri.no'),(2,'dinosaur.museum'),(2,'discovery.museum'),(2,'divtasvuodna.no'),(2,'divttasvuotna.no'),(2,'dk.org'),(2,'dk.tc'),(2,'dk.tt'),(2,'dlugoleka.pl'),(2,'dn.ua'),(2,'dnepropetrovsk.ua'),(2,'dni.us'),(2,'dns.be'),(2,'dolls.museum'),(2,'donetsk.ua'),(2,'donna.no'),(2,'donostia.museum'),(2,'dovre.no'),(2,'dp.ua'),(2,'dpn.br'),(2,'dr.na'),(2,'dr.tr'),(2,'drammen.no'),(2,'drangedal.no'),(2,'drobak.no'),(2,'dr�bak.no'),(2,'dudinka.ru'),(2,'durham.museum'),(2,'dyroy.no'),(2,'e-burg.ru'),(2,'e.bg'),(2,'e.se'),(2,'e12.ve'),(2,'e164.arpa'),(2,'eastafrica.museum'),(2,'eastcoast.museum'),(2,'ebiz.tw'),(2,'ecn.br'),(2,'ed.ao'),(2,'ed.ci'),(2,'ed.cr'),(2,'ed.jp'),(2,'ed.pw'),(2,'edu.ac'),(2,'edu.af'),(2,'edu.ai'),(2,'edu.al'),(2,'edu.am'),(2,'edu.an'),(2,'edu.ar'),(2,'edu.au'),(2,'edu.az'),(2,'edu.ba'),(2,'edu.bb'),(2,'edu.bd'),(2,'edu.bh'),(2,'edu.bi'),(2,'edu.bm'),(2,'edu.bn'),(2,'edu.bo'),(2,'edu.br'),(2,'edu.bs'),(2,'edu.bt'),(2,'edu.bz'),(2,'edu.ci'),(2,'edu.ck'),(2,'edu.cn'),(2,'edu.co'),(2,'edu.cu'),(2,'edu.dm'),(2,'edu.do'),(2,'edu.dz'),(2,'edu.ec'),(2,'edu.ee'),(2,'edu.eg'),(2,'edu.er'),(2,'edu.es'),(2,'edu.et'),(2,'edu.ge'),(2,'edu.gh'),(2,'edu.gi'),(2,'edu.gn'),(2,'edu.gp'),(2,'edu.gr'),(2,'edu.gt'),(2,'edu.gu'),(2,'edu.hk'),(2,'edu.hn'),(2,'edu.ht'),(2,'edu.hu'),(2,'edu.in'),(2,'edu.iq'),(2,'edu.is'),(2,'edu.it'),(2,'edu.jm'),(2,'edu.jo'),(2,'edu.kg'),(2,'edu.kh'),(2,'edu.ki'),(2,'edu.km'),(2,'edu.kn'),(2,'edu.kw'),(2,'edu.ky'),(2,'edu.kz'),(2,'edu.la'),(2,'edu.lb'),(2,'edu.lc'),(2,'edu.lk'),(2,'edu.lr'),(2,'edu.lv'),(2,'edu.ly'),(2,'edu.me'),(2,'edu.mg'),(2,'edu.mk'),(2,'edu.ml'),(2,'edu.mm'),(2,'edu.mn'),(2,'edu.mo'),(2,'edu.mt'),(2,'edu.mv'),(2,'edu.mw'),(2,'edu.mx'),(2,'edu.my'),(2,'edu.na'),(2,'edu.ng'),(2,'edu.ni'),(2,'edu.np'),(2,'edu.nr'),(2,'edu.om'),(2,'edu.pa'),(2,'edu.pe'),(2,'edu.pf'),(2,'edu.ph'),(2,'edu.pk'),(2,'edu.pl'),(2,'edu.pn'),(2,'edu.pr'),(2,'edu.ps'),(2,'edu.pt'),(2,'edu.py'),(2,'edu.qa'),(2,'edu.rs'),(2,'edu.ru'),(2,'edu.rw'),(2,'edu.sa'),(2,'edu.sb'),(2,'edu.sc'),(2,'edu.sd'),(2,'edu.sg'),(2,'edu.sh'),(2,'edu.sk'),(2,'edu.sl'),(2,'edu.st'),(2,'edu.sv'),(2,'edu.sy'),(2,'edu.tc'),(2,'edu.tf'),(2,'edu.tj'),(2,'edu.to'),(2,'edu.tr'),(2,'edu.tt'),(2,'edu.tw'),(2,'edu.ua'),(2,'edu.uk'),(2,'edu.uy'),(2,'edu.vc'),(2,'edu.ve'),(2,'edu.vi'),(2,'edu.vn'),(2,'edu.vu'),(2,'edu.ws'),(2,'edu.ye'),(2,'edu.yu'),(2,'edu.za'),(2,'educ.ar'),(2,'education.museum'),(2,'educational.museum'),(2,'educator.aero'),(2,'edunet.tn'),(2,'egersund.no'),(2,'egyptian.museum'),(2,'ehime.jp'),(2,'eid.no'),(2,'eidfjord.no'),(2,'eidsberg.no'),(2,'eidskog.no'),(2,'eidsvoll.no'),(2,'eigersund.no'),(2,'eisenbahn.museum'),(2,'ekloges.cy'),(2,'elblag.pl'),(2,'elburg.museum'),(2,'elk.pl'),(2,'elvendrell.museum'),(2,'elverum.no'),(2,'embaixada.st'),(2,'embroidery.museum'),(2,'emergency.aero'),(2,'en.it'),(2,'encyclopedic.museum'),(2,'enebakk.no'),(2,'eng.br'),(2,'eng.pro'),(2,'engerdal.no'),(2,'engine.aero'),(2,'engineer.aero'),(2,'england.museum'),(2,'enna.it'),(2,'ens.tn'),(2,'entertainment.aero'),(2,'entomology.museum'),(2,'environment.museum'),(2,'environmentalconservation.museum'),(2,'epilepsy.museum'),(2,'equipment.aero'),(2,'ernet.in'),(2,'erotica.hu'),(2,'erotika.hu'),(2,'es.kr'),(2,'es.pn'),(2,'es.tc'),(2,'es.tl'),(2,'es.tt'),(2,'esp.br'),(2,'essex.museum'),(2,'est.pr'),(2,'estate.museum'),(2,'etc.br'),(2,'ethnology.museum'),(2,'eti.br'),(2,'etne.no'),(2,'etnedal.no'),(2,'eu.com'),(2,'eu.im'),(2,'eu.int'),(2,'eu.org'),(2,'eu.tc'),(2,'eu.tf'),(2,'eu.tt'),(2,'eun.eg'),(2,'euro.tm'),(2,'evenassi.no'),(2,'evenes.no'),(2,'evje-og-hornnes.no'),(2,'exchange.aero'),(2,'exeter.museum'),(2,'exhibition.museum'),(2,'experts-comptables.fr'),(2,'express.aero'),(2,'extra.hu'),(2,'f.bg'),(2,'f.se'),(2,'fam.pk'),(2,'family.museum'),(2,'far.br'),(2,'fareast.ru'),(2,'farm.museum'),(2,'farmequipment.museum'),(2,'farmers.museum'),(2,'farmstead.museum'),(2,'farsund.no'),(2,'fauske.no'),(2,'fax.nr'),(2,'fc.it'),(2,'fe.it'),(2,'fed.us'),(2,'federation.aero'),(2,'fedje.no'),(2,'fermo.it'),(2,'ferrara.it'),(2,'fet.no'),(2,'fetsund.no'),(2,'fg.it'),(2,'fgov.be'),(2,'fh.se'),(2,'fhs.no'),(2,'fhsk.se'),(2,'fhv.se'),(2,'fi.cr'),(2,'fi.it'),(2,'fie.ee'),(2,'field.museum'),(2,'figueres.museum'),(2,'filatelia.museum'),(2,'film.hu'),(2,'film.museum'),(2,'fin.ec'),(2,'fin.tn'),(2,'fineart.museum'),(2,'finearts.museum'),(2,'finland.museum'),(2,'finnoy.no'),(2,'firenze.it'),(2,'firm.co'),(2,'firm.ht'),(2,'firm.in'),(2,'firm.nf'),(2,'firm.ro'),(2,'firm.ve'),(2,'fitjar.no'),(2,'fj.cn'),(2,'fjaler.no'),(2,'fjell.no'),(2,'fl.us'),(2,'fla.no'),(2,'flakstad.no'),(2,'flanders.museum'),(2,'flatanger.no'),(2,'flekkefjord.no'),(2,'flesberg.no'),(2,'flight.aero'),(2,'flog.br'),(2,'flora.no'),(2,'florence.it'),(2,'florida.museum'),(2,'floro.no'),(2,'fm.br'),(2,'fm.no'),(2,'fnd.br'),(2,'foggia.it'),(2,'folkebibl.no'),(2,'folldal.no'),(2,'force.museum'),(2,'forde.no'),(2,'forli-cesena.it'),(2,'forlicesena.it'),(2,'forsand.no'),(2,'fortmissoula.museum'),(2,'fortworth.museum'),(2,'forum.hu'),(2,'fosnes.no'),(2,'fot.br'),(2,'foundation.museum'),(2,'fr.it'),(2,'fr.ms'),(2,'fr.pn'),(2,'fr.tc'),(2,'fr.tt'),(2,'fr.vu'),(2,'frana.no'),(2,'francaise.museum'),(2,'frankfurt.museum'),(2,'franziskaner.museum'),(2,'fredrikstad.no'),(2,'free.fr'),(2,'freehostia.com'),(2,'freemasonry.museum'),(2,'freeservercity.com'),(2,'frei.no'),(2,'freiburg.museum'),(2,'freight.aero'),(2,'fribourg.museum'),(2,'frog.museum'),(2,'frogn.no'),(2,'froland.no'),(2,'from.hr'),(2,'front.ru'),(2,'frosinone.it'),(2,'frosta.no'),(2,'froya.no'),(2,'fst.br'),(2,'fuel.aero'),(2,'fukui.jp'),(2,'fukuoka.jp'),(2,'fukushima.jp'),(2,'fundacio.museum'),(2,'funpic.de'),(2,'fuoisku.no'),(2,'fuossko.no'),(2,'furniture.museum'),(2,'fusa.no'),(2,'fx.to'),(2,'fylkesbibl.no'),(2,'fyresdal.no'),(2,'g.bg'),(2,'g.se'),(2,'g12.br'),(2,'ga.us'),(2,'gaivuotna.no'),(2,'gallery.museum'),(2,'galsa.no'),(2,'game.tw'),(2,'games.hu'),(2,'gamvik.no'),(2,'gangaviika.no'),(2,'gangwon.kr'),(2,'garden.museum'),(2,'gateway.museum'),(2,'gaular.no'),(2,'gausdal.no'),(2,'gb.com'),(2,'gb.net'),(2,'gbr.me'),(2,'gc.ca'),(2,'gd.cn'),(2,'gda.pl'),(2,'gdansk.pl'),(2,'gdynia.pl'),(2,'ge.it'),(2,'geek.nz'),(2,'geelvinck.museum'),(2,'gemological.museum'),(2,'gen.in'),(2,'gen.nz'),(2,'gen.tr'),(2,'genoa.it'),(2,'genova.it'),(2,'geocities.com'),(2,'geocities.jp'),(2,'geology.museum'),(2,'geometre-expert.fr'),(2,'georgia.museum'),(2,'getmyip.com'),(2,'ggf.br'),(2,'giehtavuoatna.no'),(2,'giessen.museum'),(2,'gifu.jp'),(2,'gigazu.net'),(2,'gildeskal.no'),(2,'giske.no'),(2,'gjemnes.no'),(2,'gjerdrum.no'),(2,'gjerstad.no'),(2,'gjesdal.no'),(2,'gjovik.no'),(2,'glas.museum'),(2,'glass.museum'),(2,'gliding.aero'),(2,'gliwice.pl'),(2,'glogow.pl'),(2,'gloppen.no'),(2,'gmina.pl'),(2,'gmxhome.de'),(2,'gniezno.pl'),(2,'go.ci'),(2,'go.com'),(2,'go.cr'),(2,'go.id'),(2,'go.it'),(2,'go.jp'),(2,'go.ke'),(2,'go.kr'),(2,'go.pw'),(2,'go.ro'),(2,'go.th'),(2,'go.tj'),(2,'go.tz'),(2,'go.ug'),(2,'gob.bo'),(2,'gob.cl'),(2,'gob.do'),(2,'gob.es'),(2,'gob.gt'),(2,'gob.hn'),(2,'gob.mx'),(2,'gob.ni'),(2,'gob.pa'),(2,'gob.pe'),(2,'gob.pk'),(2,'gob.sv'),(2,'gob.ve'),(2,'gobiernoelectronico.ar'),(2,'gok.pk'),(2,'gol.no'),(2,'gon.pk'),(2,'googlegroups.com'),(2,'googlepages.com'),(2,'gop.pk'),(2,'gorge.museum'),(2,'gorizia.it'),(2,'gorlice.pl'),(2,'gos.pk'),(2,'gouv.ci'),(2,'gouv.fr'),(2,'gouv.ht'),(2,'gouv.km'),(2,'gouv.ml'),(2,'gouv.rw'),(2,'gov.ac'),(2,'gov.ae'),(2,'gov.af'),(2,'gov.ai'),(2,'gov.al'),(2,'gov.am'),(2,'gov.ar'),(2,'gov.as'),(2,'gov.au'),(2,'gov.az'),(2,'gov.ba'),(2,'gov.bb'),(2,'gov.bd'),(2,'gov.bf'),(2,'gov.bh'),(2,'gov.bm'),(2,'gov.bo'),(2,'gov.br'),(2,'gov.bs'),(2,'gov.bt'),(2,'gov.by'),(2,'gov.bz'),(2,'gov.cd'),(2,'gov.ch'),(2,'gov.ck'),(2,'gov.cl'),(2,'gov.cm'),(2,'gov.cn'),(2,'gov.co'),(2,'gov.cu'),(2,'gov.cx'),(2,'gov.cy'),(2,'gov.dm'),(2,'gov.do'),(2,'gov.dz'),(2,'gov.ec'),(2,'gov.ee'),(2,'gov.eg'),(2,'gov.er'),(2,'gov.et'),(2,'gov.fj'),(2,'gov.fk'),(2,'gov.ge'),(2,'gov.gg'),(2,'gov.gh'),(2,'gov.gi'),(2,'gov.gn'),(2,'gov.gr'),(2,'gov.gu'),(2,'gov.hk'),(2,'gov.hu'),(2,'gov.ie'),(2,'gov.il'),(2,'gov.im'),(2,'gov.in'),(2,'gov.io'),(2,'gov.iq'),(2,'gov.ir'),(2,'gov.is'),(2,'gov.it'),(2,'gov.je'),(2,'gov.jm'),(2,'gov.jo'),(2,'gov.jp'),(2,'gov.kg'),(2,'gov.kh'),(2,'gov.ki'),(2,'gov.km'),(2,'gov.kn'),(2,'gov.kw'),(2,'gov.ky'),(2,'gov.kz'),(2,'gov.la'),(2,'gov.lb'),(2,'gov.lc'),(2,'gov.li'),(2,'gov.lk'),(2,'gov.lr'),(2,'gov.lt'),(2,'gov.lu'),(2,'gov.lv'),(2,'gov.ly'),(2,'gov.ma'),(2,'gov.me'),(2,'gov.mg'),(2,'gov.mk'),(2,'gov.ml'),(2,'gov.mm'),(2,'gov.mn'),(2,'gov.mo'),(2,'gov.mr'),(2,'gov.mt'),(2,'gov.mu'),(2,'gov.mv'),(2,'gov.mw'),(2,'gov.my'),(2,'gov.ng'),(2,'gov.np'),(2,'gov.nr'),(2,'gov.om'),(2,'gov.ph'),(2,'gov.pk'),(2,'gov.pl'),(2,'gov.pn'),(2,'gov.pr'),(2,'gov.ps'),(2,'gov.pt'),(2,'gov.py'),(2,'gov.qa'),(2,'gov.rs'),(2,'gov.ru'),(2,'gov.rw'),(2,'gov.sa'),(2,'gov.sb'),(2,'gov.sc'),(2,'gov.sd'),(2,'gov.sg'),(2,'gov.sh'),(2,'gov.sk'),(2,'gov.sl'),(2,'gov.st'),(2,'gov.sy'),(2,'gov.tj'),(2,'gov.tl'),(2,'gov.tm'),(2,'gov.tn'),(2,'gov.to'),(2,'gov.tp'),(2,'gov.tr'),(2,'gov.tt'),(2,'gov.tv'),(2,'gov.tw'),(2,'gov.ua'),(2,'gov.uk'),(2,'gov.vc'),(2,'gov.ve'),(2,'gov.vi'),(2,'gov.vn'),(2,'gov.ws'),(2,'gov.ye'),(2,'gov.za'),(2,'gov.zm'),(2,'gov.zw'),(2,'government.aero'),(2,'government.pn'),(2,'govt.nz'),(2,'gr.it'),(2,'gr.jp'),(2,'grajewo.pl'),(2,'gran.no'),(2,'grandrapids.museum'),(2,'grane.no'),(2,'granvin.no'),(2,'gratangen.no'),(2,'gratishost.com'),(2,'graz.museum'),(2,'greta.fr'),(2,'grimstad.no'),(2,'grong.no'),(2,'grosseto.it'),(2,'groundhandling.aero'),(2,'group.aero'),(2,'grozny.ru'),(2,'grp.lk'),(2,'grue.no'),(2,'gs.cn'),(2,'gsm.pl'),(2,'gu.us'),(2,'gub.uy'),(2,'guernsey.gg'),(2,'guernsey.museum'),(2,'gulen.no'),(2,'gunma.jp'),(2,'guovdageaidnu.no'),(2,'gv.ao'),(2,'gv.at'),(2,'gwangju.kr'),(2,'gx.cn'),(2,'gyeongbuk.kr'),(2,'gyeonggi.kr'),(2,'gyeongnam.kr'),(2,'gz.cn'),(2,'h.bg'),(2,'h.se'),(2,'ha.cn'),(2,'ha.no'),(2,'habmer.no'),(2,'hadsel.no'),(2,'hagebostad.no'),(2,'halden.no'),(2,'halloffame.museum'),(2,'halsa.no'),(2,'hamar.no'),(2,'hamaroy.no'),(2,'hamburg.museum'),(2,'hammarfeasta.no'),(2,'hammerfest.no'),(2,'handson.museum'),(2,'hanggliding.aero'),(2,'hapmir.no'),(2,'haram.no'),(2,'hareid.no'),(2,'harstad.no'),(2,'harvestcelebration.museum'),(2,'hasvik.no'),(2,'hattfjelldal.no'),(2,'haugesund.no'),(2,'hawaii.museum'),(2,'hb.cn'),(2,'he.cn'),(2,'health.museum'),(2,'health.vn'),(2,'heimatunduhren.museum'),(2,'hellas.museum'),(2,'helloweb.eu'),(2,'helsinki.museum'),(2,'hembygdsforbund.museum'),(2,'hemne.no'),(2,'hemnes.no'),(2,'hemsedal.no'),(2,'herad.no'),(2,'heritage.museum'),(2,'hi.cn'),(2,'hi.us'),(2,'hiroshima.jp'),(2,'histoire.museum'),(2,'historical.museum'),(2,'historicalsociety.museum'),(2,'historichouses.museum'),(2,'historisch.museum'),(2,'historisches.museum'),(2,'history.museum'),(2,'historyofscience.museum'),(2,'hitra.no'),(2,'hjartdal.no'),(2,'hjelmeland.no'),(2,'hk.cn'),(2,'hk.ms'),(2,'hk.tc'),(2,'hl.cn'),(2,'hl.no'),(2,'hm.no'),(2,'hn.cn'),(2,'hobol.no'),(2,'hof.no'),(2,'hokkaido.jp'),(2,'hokksund.no'),(2,'hol.no'),(2,'hole.no'),(2,'holmestrand.no'),(2,'holtalen.no'),(2,'home.pl'),(2,'home.ro'),(2,'homebuilt.aero'),(2,'homeip.net'),(2,'honefoss.no'),(2,'hornindal.no'),(2,'horology.museum'),(2,'horten.no'),(2,'host.sk'),(2,'hostevo.com'),(2,'hotbox.ru'),(2,'hotel.hu'),(2,'hotel.lk'),(2,'hotmail.ru'),(2,'house.museum'),(2,'hoyanger.no'),(2,'hoylandet.no'),(2,'hs.kr'),(2,'hu.com'),(2,'hu.tc'),(2,'hu2.ru'),(2,'huissier-justice.fr'),(2,'humanities.museum'),(2,'hurdal.no'),(2,'hurum.no'),(2,'hut2.ru'),(2,'hvaler.no'),(2,'hyllestad.no'),(2,'hyogo.jp'),(2,'i.bg'),(2,'i.ph'),(2,'i.se'),(2,'ia.us'),(2,'ibaraki.jp'),(2,'ibelgique.com'),(2,'ibestad.no'),(2,'iblogger.org'),(2,'ic.cz'),(2,'icnet.uk'),(2,'id.au'),(2,'id.fj'),(2,'id.ir'),(2,'id.lv'),(2,'id.ly'),(2,'id.ru'),(2,'id.us'),(2,'idf.il'),(2,'idn.sg'),(2,'idoo.com'),(2,'idrett.no'),(2,'idv.hk'),(2,'idv.tw'),(2,'ie.tc'),(2,'iespana.es'),(2,'if.ua'),(2,'ifrance.com'),(2,'il.im'),(2,'il.us'),(2,'ilawa.pl'),(2,'illustration.museum'),(2,'im.it'),(2,'imageandsound.museum'),(2,'imb.br'),(2,'imperia.it'),(2,'in.na'),(2,'in.rs'),(2,'in.th'),(2,'in.ua'),(2,'in.us'),(2,'incheon.kr'),(2,'ind.br'),(2,'ind.er'),(2,'ind.gg'),(2,'ind.gt'),(2,'ind.in'),(2,'ind.je'),(2,'ind.tn'),(2,'inderoy.no'),(2,'indian.museum'),(2,'indiana.museum'),(2,'indianapolis.museum'),(2,'indianmarket.museum'),(2,'inf.br'),(2,'inf.cu'),(2,'inf.mk'),(2,'info.au'),(2,'info.az'),(2,'info.bh'),(2,'info.co'),(2,'info.cu'),(2,'info.cy'),(2,'info.ec'),(2,'info.et'),(2,'info.fj'),(2,'info.ht'),(2,'info.hu'),(2,'info.ki'),(2,'info.la'),(2,'info.ms'),(2,'info.mv'),(2,'info.na'),(2,'info.nf'),(2,'info.nr'),(2,'info.pk'),(2,'info.pl'),(2,'info.pr'),(2,'info.ro'),(2,'info.sd'),(2,'info.tn'),(2,'info.tr'),(2,'info.tt'),(2,'info.ve'),(2,'info.vn'),(2,'ing.pa'),(2,'ingatlan.hu'),(2,'inima.al'),(2,'insurance.aero'),(2,'int.am'),(2,'int.ar'),(2,'int.az'),(2,'int.bo'),(2,'int.ci'),(2,'int.co'),(2,'int.is'),(2,'int.la'),(2,'int.lk'),(2,'int.mv'),(2,'int.mw'),(2,'int.pt'),(2,'int.ru'),(2,'int.rw'),(2,'int.tc'),(2,'int.tf'),(2,'int.tj'),(2,'int.tt'),(2,'int.ve'),(2,'int.vn'),(2,'intelligence.museum'),(2,'interactive.museum'),(2,'interia.pl'),(2,'interii.pl'),(2,'intl.tn'),(2,'ip6.arpa'),(2,'iquebec.com'),(2,'iraq.museum'),(2,'irc.pl'),(2,'iris.arpa'),(2,'irkutsk.ru'),(2,'iron.museum'),(2,'is.it'),(2,'isa.us'),(2,'isernia.it'),(2,'ishikawa.jp'),(2,'isla.pr'),(2,'isleofman.museum'),(2,'isuisse.com'),(2,'it.ao'),(2,'it.pn'),(2,'it.tc'),(2,'it.tt'),(2,'its.me'),(2,'ivano-frankivsk.ua'),(2,'ivanovo.ru'),(2,'iveland.no'),(2,'ivgu.no'),(2,'iwate.jp'),(2,'iwebsource.com'),(2,'iwi.nz'),(2,'iz.hr'),(2,'izhevsk.ru'),(2,'j.bg'),(2,'jamal.ru'),(2,'jamison.museum'),(2,'jan-mayen.no'),(2,'jar.ru'),(2,'jaworzno.pl'),(2,'jefferson.museum'),(2,'jeju.kr'),(2,'jelenia-gora.pl'),(2,'jeonbuk.kr'),(2,'jeonnam.kr'),(2,'jersey.je'),(2,'jerusalem.museum'),(2,'jessheim.no'),(2,'jet.uk'),(2,'jevnaker.no'),(2,'jewelry.museum'),(2,'jewish.museum'),(2,'jewishart.museum'),(2,'jfk.museum'),(2,'jgora.pl'),(2,'jimdo.com'),(2,'jino-net.ru'),(2,'jl.cn'),(2,'jobs.tt'),(2,'jogasz.hu'),(2,'jolster.no'),(2,'jondal.no'),(2,'jor.br'),(2,'jorpeland.no'),(2,'joshkar-ola.ru'),(2,'journal.aero'),(2,'journalism.museum'),(2,'journalist.aero'),(2,'jp.pn'),(2,'jpn.com'),(2,'js.cn'),(2,'judaica.museum'),(2,'judygarland.museum'),(2,'juedisches.museum'),(2,'juif.museum'),(2,'jur.pro'),(2,'jus.br'),(2,'jx.cn'),(2,'k-uralsk.ru'),(2,'k.bg'),(2,'k.se'),(2,'k12.ec'),(2,'k12.il'),(2,'k12.tr'),(2,'k12.vi'),(2,'kafjord.no'),(2,'kagawa.jp'),(2,'kagoshima.jp'),(2,'kalisz.pl'),(2,'kalmykia.ru'),(2,'kaluga.ru'),(2,'kamchatka.ru'),(2,'kanagawa.jp'),(2,'kanazawa.jp'),(2,'karasjohka.no'),(2,'karasjok.no'),(2,'karate.museum'),(2,'karelia.ru'),(2,'karikatur.museum'),(2,'karlsoy.no'),(2,'karmoy.no'),(2,'karpacz.pl'),(2,'kartuzy.pl'),(2,'kaszuby.pl'),(2,'katowice.pl'),(2,'kautokeino.no'),(2,'kawasaki.jp'),(2,'kazan.ru'),(2,'kazimierz-dolny.pl'),(2,'kchr.ru'),(2,'kemerovo.ru'),(2,'kepno.pl'),(2,'ketrzyn.pl'),(2,'kg.kr'),(2,'kh.ua'),(2,'khabarovsk.ru'),(2,'khakassia.ru'),(2,'kharkov.ua'),(2,'kherson.ua'),(2,'khmelnitskiy.ua'),(2,'khv.ru'),(2,'kickme.to'),(2,'kids.museum'),(2,'kids.us'),(2,'kiev.ua'),(2,'kimsufi.com'),(2,'kirkenes.no'),(2,'kirov.ru'),(2,'kirovograd.ua'),(2,'kitakyushu.jp'),(2,'klabu.no'),(2,'klepp.no'),(2,'klodzko.pl'),(2,'km.ua'),(2,'kms.ru'),(2,'kobe.jp'),(2,'kobierzyce.pl'),(2,'kochi.jp'),(2,'koebenhavn.museum'),(2,'koeln.museum'),(2,'koenig.ru'),(2,'kolobrzeg.pl'),(2,'komforb.se'),(2,'komi.ru'),(2,'kommunalforbund.se'),(2,'kommune.no'),(2,'komvux.se'),(2,'kongsberg.no'),(2,'kongsvinger.no'),(2,'konin.pl'),(2,'konskowola.pl'),(2,'konyvelo.hu'),(2,'kopervik.no'),(2,'kostroma.ru'),(2,'kr.com'),(2,'kr.it'),(2,'kr.tc'),(2,'kr.ua'),(2,'kraanghke.no'),(2,'kragero.no'),(2,'krakow.pl'),(2,'krasnoyarsk.ru'),(2,'kristiansand.no'),(2,'kristiansund.no'),(2,'krodsherad.no'),(2,'krokstadelva.no'),(2,'ks.ua'),(2,'ks.us'),(2,'kuban.ru'),(2,'kumamoto.jp'),(2,'kunst.museum'),(2,'kunstsammlung.museum'),(2,'kunstunddesign.museum'),(2,'kurgan.ru'),(2,'kursk.ru'),(2,'kustanai.ru'),(2,'kutno.pl'),(2,'kuzbass.ru'),(2,'kv.ua'),(2,'kvafjord.no'),(2,'kvalsund.no'),(2,'kvam.no'),(2,'kvanangen.no'),(2,'kvinesdal.no'),(2,'kvinnherad.no'),(2,'kviteseid.no'),(2,'kvitsoy.no'),(2,'kwik.to'),(2,'ky.us'),(2,'kyonggi.kr'),(2,'kyoto.jp'),(2,'l.bg'),(2,'l.se'),(2,'la-spezia.it'),(2,'la.us'),(2,'laakesvuemie.no'),(2,'labor.museum'),(2,'labour.museum'),(2,'lahppi.no'),(2,'lajolla.museum'),(2,'lakas.hu'),(2,'lanarb.se'),(2,'lanbib.se'),(2,'lancashire.museum'),(2,'land.ru'),(2,'landes.museum'),(2,'langevag.no'),(2,'lans.museum'),(2,'lapy.pl'),(2,'laquila.it'),(2,'lardal.no'),(2,'larsson.museum'),(2,'larvik.no'),(2,'laspezia.it'),(2,'latina.it'),(2,'lavagis.no'),(2,'lavangen.no'),(2,'law.pro'),(2,'law.za'),(2,'lc.it'),(2,'le.it'),(2,'lea?gaviika.no'),(2,'leangaviika.no'),(2,'leasing.aero'),(2,'lebesby.no'),(2,'lebork.pl'),(2,'lecce.it'),(2,'lecco.it'),(2,'legnica.pl'),(2,'leikanger.no'),(2,'leirfjord.no'),(2,'leirvik.no'),(2,'leka.no'),(2,'leksvik.no'),(2,'lel.br'),(2,'lenvik.no'),(2,'lerdal.no'),(2,'lesja.no'),(2,'levanger.no'),(2,'lewismiller.museum'),(2,'lezajsk.pl'),(2,'lg.jp'),(2,'lg.ua'),(2,'li.it'),(2,'lib.ee'),(2,'lier.no'),(2,'lierne.no'),(2,'lillehammer.no'),(2,'lillesand.no'),(2,'limanowa.pl'),(2,'lincoln.museum'),(2,'lindas.no'),(2,'lindesnes.no'),(2,'linz.museum'),(2,'lipetsk.ru'),(2,'livejournal.com'),(2,'living.museum'),(2,'livinghistory.museum'),(2,'livorno.it'),(2,'ln.cn'),(2,'lo.it'),(2,'loabat.no'),(2,'localhistory.museum'),(2,'lodi.it'),(2,'lodingen.no'),(2,'lodz.pl'),(2,'logistics.aero'),(2,'lom.no'),(2,'lomza.pl'),(2,'london.museum'),(2,'loppa.no'),(2,'lorenskog.no'),(2,'losangeles.museum'),(2,'loten.no'),(2,'louvre.museum'),(2,'lowicz.pl'),(2,'loyalist.museum'),(2,'lt.it'),(2,'ltd.cy'),(2,'ltd.gg'),(2,'ltd.gi'),(2,'ltd.je'),(2,'ltd.lk'),(2,'ltd.uk'),(2,'lu.it'),(2,'lubin.pl'),(2,'lublin.pl'),(2,'lucca.it'),(2,'lucerne.museum'),(2,'lugansk.ua'),(2,'lukow.pl'),(2,'lund.no'),(2,'lunner.no'),(2,'luroy.no'),(2,'luster.no'),(2,'lutsk.ua'),(2,'luxembourg.museum'),(2,'luzern.museum'),(2,'lviv.ua'),(2,'lyngdal.no'),(2,'lyngen.no'),(2,'m.bg'),(2,'m.se'),(2,'ma.us'),(2,'macerata.it'),(2,'mad.museum'),(2,'madrid.museum'),(2,'magadan.ru'),(2,'magazine.aero'),(2,'magnitka.ru'),(2,'mail.pl'),(2,'mail.ru'),(2,'mail15.su'),(2,'mail2k.ru'),(2,'mail333.su'),(2,'maintenance.aero'),(2,'malatvuopmi.no'),(2,'malbork.pl'),(2,'mallorca.museum'),(2,'malopolska.pl'),(2,'malselv.no'),(2,'malvik.no'),(2,'manchester.museum'),(2,'mandal.no'),(2,'mansion.museum'),(2,'mansions.museum'),(2,'mantova.it'),(2,'manx.museum'),(2,'maori.nz'),(2,'marburg.museum'),(2,'mari-el.ru'),(2,'mari.ru'),(2,'marine.ru'),(2,'maritime.museum'),(2,'maritimo.museum'),(2,'marker.no'),(2,'marketplace.aero'),(2,'marnardal.no'),(2,'maryland.museum'),(2,'marylhurst.museum'),(2,'masfjorden.no'),(2,'masoy.no'),(2,'massa-carrara.it'),(2,'massacarrara.it'),(2,'mat.br'),(2,'matera.it'),(2,'matsuyama.jp'),(2,'matta-varjjat.no'),(2,'mazowsze.pl'),(2,'mazury.pl'),(2,'mb.ca'),(2,'mbone.pl'),(2,'mc.it'),(2,'md.ci'),(2,'md.us'),(2,'me.it'),(2,'me.uk'),(2,'me.us'),(2,'mecon.ar'),(2,'med.br'),(2,'med.ec'),(2,'med.ee'),(2,'med.ht'),(2,'med.ly'),(2,'med.om'),(2,'med.pa'),(2,'med.pl'),(2,'med.pro'),(2,'med.sa'),(2,'med.sd'),(2,'medecin.fr'),(2,'medecin.km'),(2,'media.aero'),(2,'media.hu'),(2,'media.museum'),(2,'media.pl'),(2,'medical.museum'),(2,'medizinhistorisches.museum'),(2,'meeres.museum'),(2,'meland.no'),(2,'meldal.no'),(2,'melhus.no'),(2,'meloy.no'),(2,'memorial.museum'),(2,'meraker.no'),(2,'mesaverde.museum'),(2,'messina.it'),(2,'mi.it'),(2,'mi.th'),(2,'mi.us'),(2,'miasta.pl'),(2,'michigan.museum'),(2,'microlight.aero'),(2,'midatlantic.museum'),(2,'midsund.no'),(2,'midtre-gauldal.no'),(2,'mie.jp'),(2,'mielec.pl'),(2,'mielno.pl'),(2,'mil.ac'),(2,'mil.ae'),(2,'mil.am'),(2,'mil.ar'),(2,'mil.az'),(2,'mil.ba'),(2,'mil.bd'),(2,'mil.bo'),(2,'mil.br'),(2,'mil.by'),(2,'mil.cn'),(2,'mil.co'),(2,'mil.do'),(2,'mil.ec'),(2,'mil.eg'),(2,'mil.er'),(2,'mil.fj'),(2,'mil.ge'),(2,'mil.gh'),(2,'mil.gt'),(2,'mil.gu'),(2,'mil.hn'),(2,'mil.id'),(2,'mil.in'),(2,'mil.io'),(2,'mil.iq'),(2,'mil.jo'),(2,'mil.kg'),(2,'mil.kh'),(2,'mil.km'),(2,'mil.kr'),(2,'mil.kw'),(2,'mil.kz'),(2,'mil.lb'),(2,'mil.lt'),(2,'mil.lu'),(2,'mil.lv'),(2,'mil.mg'),(2,'mil.mv'),(2,'mil.my'),(2,'mil.no'),(2,'mil.np'),(2,'mil.nz'),(2,'mil.om'),(2,'mil.pe'),(2,'mil.ph'),(2,'mil.pl'),(2,'mil.ru'),(2,'mil.rw'),(2,'mil.se'),(2,'mil.sh'),(2,'mil.sk'),(2,'mil.st'),(2,'mil.sy'),(2,'mil.tj'),(2,'mil.tm'),(2,'mil.to'),(2,'mil.tr'),(2,'mil.tw'),(2,'mil.uk'),(2,'mil.uy'),(2,'mil.vc'),(2,'mil.ve'),(2,'mil.ye'),(2,'mil.za'),(2,'milan.it'),(2,'milano.it'),(2,'military.museum'),(2,'mill.museum'),(2,'mincom.tn'),(2,'mine.nu'),(2,'miners.museum'),(2,'mining.museum'),(2,'minnesota.museum'),(2,'missile.museum'),(2,'missoula.museum'),(2,'miyagi.jp'),(2,'miyazaki.jp'),(2,'mjondalen.no'),(2,'mk.ua'),(2,'mn.it'),(2,'mn.us'),(2,'mo-i-rana.no'),(2,'mo.cn'),(2,'mo.it'),(2,'mo.us'),(2,'moareke.no'),(2,'mob.nr'),(2,'mobi.gp'),(2,'mobi.na'),(2,'mobi.tt'),(2,'mobil.nr'),(2,'mobile.nr'),(2,'mod.gi'),(2,'mod.om'),(2,'mod.uk'),(2,'modalen.no'),(2,'modelling.aero'),(2,'modena.it'),(2,'modern.museum'),(2,'modum.no'),(2,'molde.no'),(2,'moma.museum'),(2,'money.museum'),(2,'monmouth.museum'),(2,'monticello.museum'),(2,'montreal.museum'),(2,'monza.it'),(2,'mooo.com'),(2,'mordovia.ru'),(2,'moscow.museum'),(2,'mosjoen.no'),(2,'moskenes.no'),(2,'mosreg.ru'),(2,'moss.no'),(2,'mosvik.no'),(2,'motorcycle.museum'),(2,'mr.no'),(2,'mragowo.pl'),(2,'ms.it'),(2,'ms.kr'),(2,'ms.us'),(2,'msk.ru'),(2,'mt.it'),(2,'mt.us'),(2,'muenchen.museum'),(2,'muenster.museum'),(2,'mulhouse.museum'),(2,'muncie.museum'),(2,'muni.il'),(2,'muosat.no'),(2,'murmansk.ru'),(2,'mus.br'),(2,'museet.museum'),(2,'museum.mn'),(2,'museum.mv'),(2,'museum.mw'),(2,'museum.no'),(2,'museum.om'),(2,'museum.tt'),(2,'museumcenter.museum'),(2,'museumvereniging.museum'),(2,'music.mobi'),(2,'music.museum'),(2,'mx.na'),(2,'mx.tc'),(2,'mytis.ru'),(2,'myvnc.com'),(2,'n.bg'),(2,'n.se'),(2,'na.by'),(2,'na.it'),(2,'naamesjevuemie.no'),(2,'nacion.ar'),(2,'nagano.jp'),(2,'nagasaki.jp'),(2,'nagoya.jp'),(2,'nakhodka.ru'),(2,'naklo.pl'),(2,'nalchik.ru'),(2,'namdalseid.no'),(2,'name.ae'),(2,'name.az'),(2,'name.cy'),(2,'name.et'),(2,'name.fj'),(2,'name.hr'),(2,'name.jo'),(2,'name.mk'),(2,'name.mv'),(2,'name.my'),(2,'name.na'),(2,'name.pr'),(2,'name.tj'),(2,'name.tr'),(2,'name.tt'),(2,'name.vn'),(2,'namsos.no'),(2,'namsskogan.no'),(2,'nannestad.no'),(2,'naples.it'),(2,'napoli.it'),(2,'nara.jp'),(2,'narod.ru'),(2,'naroy.no'),(2,'narviika.no'),(2,'narvik.no'),(2,'nat.tn'),(2,'national-library-scotland.uk'),(2,'national.museum'),(2,'nationalfirearms.museum'),(2,'nationalheritage.museum'),(2,'nativeamerican.museum'),(2,'naturalhistory.museum'),(2,'naturalhistorymuseum.museum'),(2,'naturalsciences.museum'),(2,'naturbruksgymn.se'),(2,'nature.museum'),(2,'naturhistorisches.museum'),(2,'natuurwetenschappen.museum'),(2,'naumburg.museum'),(2,'naustdal.no'),(2,'naval.museum'),(2,'navigation.aero'),(2,'navuotna.no'),(2,'navy.mil'),(2,'nb.ca'),(2,'nc.us'),(2,'nd.us'),(2,'ne.jp'),(2,'ne.ke'),(2,'ne.kr'),(2,'ne.pw'),(2,'ne.tz'),(2,'ne.ug'),(2,'ne.us'),(2,'nebraska.museum'),(2,'nedre-eiker.no'),(2,'nel.uk'),(2,'nesna.no'),(2,'nesodden.no'),(2,'nesoddtangen.no'),(2,'nesseby.no'),(2,'nesset.no'),(2,'net.ac'),(2,'net.ae'),(2,'net.af'),(2,'net.ag'),(2,'net.ai'),(2,'net.al'),(2,'net.am'),(2,'net.an'),(2,'net.ar'),(2,'net.au'),(2,'net.az'),(2,'net.ba'),(2,'net.bb'),(2,'net.bd'),(2,'net.bh'),(2,'net.bm'),(2,'net.bn'),(2,'net.bo'),(2,'net.br'),(2,'net.bs'),(2,'net.bt'),(2,'net.bz'),(2,'net.cd'),(2,'net.ch'),(2,'net.ci'),(2,'net.ck'),(2,'net.cn'),(2,'net.co'),(2,'net.cu'),(2,'net.cy'),(2,'net.dm'),(2,'net.do'),(2,'net.dz'),(2,'net.ec'),(2,'net.eg'),(2,'net.er'),(2,'net.et'),(2,'net.fj'),(2,'net.fk'),(2,'net.ge'),(2,'net.gg'),(2,'net.gn'),(2,'net.gp'),(2,'net.gr'),(2,'net.gt'),(2,'net.gu'),(2,'net.gy'),(2,'net.hk'),(2,'net.hn'),(2,'net.ht'),(2,'net.id'),(2,'net.il'),(2,'net.im'),(2,'net.in'),(2,'net.io'),(2,'net.iq'),(2,'net.ir'),(2,'net.is'),(2,'net.je'),(2,'net.jm'),(2,'net.jo'),(2,'net.jp'),(2,'net.kg'),(2,'net.kh'),(2,'net.ki'),(2,'net.kn'),(2,'net.kw'),(2,'net.ky'),(2,'net.kz'),(2,'net.la'),(2,'net.lb'),(2,'net.lc'),(2,'net.li'),(2,'net.lk'),(2,'net.lr'),(2,'net.lu'),(2,'net.lv'),(2,'net.ly'),(2,'net.ma'),(2,'net.me'),(2,'net.mk'),(2,'net.ml'),(2,'net.mm'),(2,'net.mo'),(2,'net.ms'),(2,'net.mt'),(2,'net.mu'),(2,'net.mv'),(2,'net.mw'),(2,'net.mx'),(2,'net.my'),(2,'net.na'),(2,'net.nc'),(2,'net.nf'),(2,'net.ng'),(2,'net.ni'),(2,'net.np'),(2,'net.nr'),(2,'net.nz'),(2,'net.om'),(2,'net.pa'),(2,'net.pe'),(2,'net.pg'),(2,'net.ph'),(2,'net.pk'),(2,'net.pl'),(2,'net.pn'),(2,'net.pr'),(2,'net.ps'),(2,'net.pt'),(2,'net.py'),(2,'net.qa'),(2,'net.ru'),(2,'net.rw'),(2,'net.sa'),(2,'net.sb'),(2,'net.sc'),(2,'net.sd'),(2,'net.sg'),(2,'net.sh'),(2,'net.sl'),(2,'net.st'),(2,'net.sy'),(2,'net.tc'),(2,'net.tf'),(2,'net.th'),(2,'net.tj'),(2,'net.tm'),(2,'net.tn'),(2,'net.to'),(2,'net.tr'),(2,'net.tt'),(2,'net.tv'),(2,'net.tw'),(2,'net.ua'),(2,'net.uk'),(2,'net.uy'),(2,'net.uz'),(2,'net.vc'),(2,'net.ve'),(2,'net.vi'),(2,'net.vn'),(2,'net.vu'),(2,'net.ws'),(2,'net.ye'),(2,'net.za'),(2,'netfirms.com'),(2,'netsolhost.com'),(2,'neues.museum'),(2,'new.ke'),(2,'newhampshire.museum'),(2,'newjersey.museum'),(2,'newmail.ru'),(2,'newmexico.museum'),(2,'newport.museum'),(2,'news.hu'),(2,'newspaper.museum'),(2,'newyork.museum'),(2,'nextmail.ru'),(2,'nf.ca'),(2,'ngo.lk'),(2,'ngo.ph'),(2,'ngo.pl'),(2,'ngo.za'),(2,'nh.us'),(2,'nhs.uk'),(2,'nic.ar'),(2,'nic.im'),(2,'nic.in'),(2,'nic.tt'),(2,'nic.uk'),(2,'niepce.museum'),(2,'nieruchomosci.pl'),(2,'nightmail.ru'),(2,'niigata.jp'),(2,'nikolaev.ua'),(2,'ning.com'),(2,'nissedal.no'),(2,'nittedal.no'),(2,'nj.us'),(2,'nkz.ru'),(2,'nl.ca'),(2,'nl.no'),(2,'nls.uk'),(2,'nm.cn'),(2,'nm.ru'),(2,'nm.us'),(2,'nnov.ru'),(2,'no.com'),(2,'no.it'),(2,'no.tc'),(2,'nom.ad'),(2,'nom.ag'),(2,'nom.br'),(2,'nom.co'),(2,'nom.es'),(2,'nom.fk'),(2,'nom.fr'),(2,'nom.km'),(2,'nom.mg'),(2,'nom.ni'),(2,'nom.pa'),(2,'nom.pe'),(2,'nom.pl'),(2,'nom.re'),(2,'nom.ro'),(2,'nom.sh'),(2,'nom.ve'),(2,'nom.za'),(2,'nome.pt'),(2,'nord-aurdal.no'),(2,'nord-fron.no'),(2,'nord-odal.no'),(2,'norddal.no'),(2,'nordkapp.no'),(2,'nordre-land.no'),(2,'nordreisa.no'),(2,'nore-og-uvdal.no'),(2,'norfolk.museum'),(2,'norilsk.ru'),(2,'north.museum'),(2,'not.br'),(2,'notaires.fr'),(2,'notaires.km'),(2,'notlong.com'),(2,'notodden.no'),(2,'notteroy.no'),(2,'nov.ru'),(2,'novara.it'),(2,'novosibirsk.ru'),(2,'nowaruda.pl'),(2,'nrw.museum'),(2,'ns.ca'),(2,'nsk.ru'),(2,'nsn.us'),(2,'nsw.au'),(2,'nt.au'),(2,'nt.ca'),(2,'nt.no'),(2,'nt.ro'),(2,'ntr.br'),(2,'nu.ca'),(2,'nu.it'),(2,'nuernberg.museum'),(2,'nui.hu'),(2,'nuoro.it'),(2,'nuremberg.museum'),(2,'nv.us'),(2,'nx.cn'),(2,'ny.us'),(2,'nyc.museum'),(2,'nyny.museum'),(2,'nysa.pl'),(2,'o.bg'),(2,'o.se'),(2,'oceanographic.museum'),(2,'oceanographique.museum'),(2,'od.ua'),(2,'odda.no'),(2,'odessa.ua'),(2,'odo.br'),(2,'of.no'),(2,'off.ai'),(2,'og.ao'),(2,'oh.us'),(2,'oita.jp'),(2,'ok.us'),(2,'okayama.jp'),(2,'okinawa.jp'),(2,'oksnes.no'),(2,'ol.no'),(2,'olawa.pl'),(2,'olecko.pl'),(2,'olkusz.pl'),(2,'olsztyn.pl'),(2,'omaha.museum'),(2,'omasvuotna.no'),(2,'omsk.ru'),(2,'on.ca'),(2,'one.pl'),(2,'online.museum'),(2,'ontario.museum'),(2,'openair.museum'),(2,'opoczno.pl'),(2,'opole.pl'),(2,'oppdal.no'),(2,'oppegard.no'),(2,'or.at'),(2,'or.bi'),(2,'or.ci'),(2,'or.cr'),(2,'or.id'),(2,'or.it'),(2,'or.jp'),(2,'or.ke'),(2,'or.kr'),(2,'or.mu'),(2,'or.na'),(2,'or.pw'),(2,'or.th'),(2,'or.tz'),(2,'or.ug'),(2,'or.us'),(2,'oregon.museum'),(2,'oregontrail.museum'),(2,'orenburg.ru'),(2,'org.ac'),(2,'org.ae'),(2,'org.af'),(2,'org.ag'),(2,'org.ai'),(2,'org.al'),(2,'org.am'),(2,'org.an'),(2,'org.ar'),(2,'org.au'),(2,'org.az'),(2,'org.ba'),(2,'org.bb'),(2,'org.bd'),(2,'org.bh'),(2,'org.bi'),(2,'org.bm'),(2,'org.bn'),(2,'org.bo'),(2,'org.br'),(2,'org.bs'),(2,'org.bt'),(2,'org.bw'),(2,'org.bz'),(2,'org.cd'),(2,'org.ch'),(2,'org.ci'),(2,'org.ck'),(2,'org.cn'),(2,'org.co'),(2,'org.cu'),(2,'org.cy'),(2,'org.dm'),(2,'org.do'),(2,'org.dz'),(2,'org.ec'),(2,'org.ee'),(2,'org.eg'),(2,'org.er'),(2,'org.es'),(2,'org.et'),(2,'org.fj'),(2,'org.fk'),(2,'org.ge'),(2,'org.gg'),(2,'org.gh'),(2,'org.gi'),(2,'org.gn'),(2,'org.gp'),(2,'org.gr'),(2,'org.gt'),(2,'org.gu'),(2,'org.hk'),(2,'org.hn'),(2,'org.ht'),(2,'org.hu'),(2,'org.il'),(2,'org.im'),(2,'org.in'),(2,'org.io'),(2,'org.iq'),(2,'org.ir'),(2,'org.is'),(2,'org.je'),(2,'org.jm'),(2,'org.jo'),(2,'org.jp'),(2,'org.kg'),(2,'org.kh'),(2,'org.ki'),(2,'org.km'),(2,'org.kn'),(2,'org.kw'),(2,'org.ky'),(2,'org.kz'),(2,'org.la'),(2,'org.lb'),(2,'org.lc'),(2,'org.li'),(2,'org.lk'),(2,'org.lr'),(2,'org.ls'),(2,'org.lu'),(2,'org.lv'),(2,'org.ly'),(2,'org.ma'),(2,'org.me'),(2,'org.mg'),(2,'org.mk'),(2,'org.ml'),(2,'org.mm'),(2,'org.mn'),(2,'org.mo'),(2,'org.mt'),(2,'org.mu'),(2,'org.mv'),(2,'org.mw'),(2,'org.mx'),(2,'org.my'),(2,'org.na'),(2,'org.nc'),(2,'org.ng'),(2,'org.ni'),(2,'org.np'),(2,'org.nr'),(2,'org.nz'),(2,'org.om'),(2,'org.pa'),(2,'org.pe'),(2,'org.pf'),(2,'org.ph'),(2,'org.pk'),(2,'org.pl'),(2,'org.pn'),(2,'org.pr'),(2,'org.ps'),(2,'org.pt'),(2,'org.py'),(2,'org.qa'),(2,'org.ro'),(2,'org.rs'),(2,'org.ru'),(2,'org.rw'),(2,'org.sa'),(2,'org.sb'),(2,'org.sc'),(2,'org.sd'),(2,'org.se'),(2,'org.sg'),(2,'org.sh'),(2,'org.sl'),(2,'org.st'),(2,'org.sv'),(2,'org.sy'),(2,'org.sz'),(2,'org.tj'),(2,'org.tm'),(2,'org.tn'),(2,'org.to'),(2,'org.tr'),(2,'org.tt'),(2,'org.tv'),(2,'org.tw'),(2,'org.ua'),(2,'org.uk'),(2,'org.uy'),(2,'org.uz'),(2,'org.vc'),(2,'org.ve'),(2,'org.vi'),(2,'org.vn'),(2,'org.vu'),(2,'org.ws'),(2,'org.ye'),(2,'org.yu'),(2,'org.za'),(2,'org.zm'),(2,'org.zw'),(2,'oristano.it'),(2,'orkanger.no'),(2,'orkdal.no'),(2,'orland.no'),(2,'orskog.no'),(2,'orsta.no'),(2,'oryol.ru'),(2,'osaka.jp'),(2,'osen.no'),(2,'oskol.ru'),(2,'oslo.no'),(2,'osoyro.no'),(2,'osteroy.no'),(2,'oster�y.no'),(2,'ostre-toten.no'),(2,'ostroda.pl'),(2,'ostroleka.pl'),(2,'ostrowiec.pl'),(2,'ostrowwlkp.pl'),(2,'otago.museum'),(2,'otc.au'),(2,'other.nf'),(2,'overhalla.no'),(2,'ovh.net'),(2,'ovre-eiker.no'),(2,'oxford.museum'),(2,'oyer.no'),(2,'oygarden.no'),(2,'oystre-slidre.no'),(2,'oz.au'),(2,'p.bg'),(2,'p.se'),(2,'pa.it'),(2,'pa.us'),(2,'pacific.museum'),(2,'paderborn.museum'),(2,'padova.it'),(2,'padua.it'),(2,'page.tl'),(2,'palace.museum'),(2,'palana.ru'),(2,'paleo.museum'),(2,'palermo.it'),(2,'palmsprings.museum'),(2,'panama.museum'),(2,'parachuting.aero'),(2,'paragliding.aero'),(2,'paris.museum'),(2,'parliament.cy'),(2,'parliament.uk'),(2,'parma.it'),(2,'parti.se'),(2,'pasadena.museum'),(2,'passenger-association.aero'),(2,'pavia.it'),(2,'pb.ao'),(2,'pc.it'),(2,'pc.pl'),(2,'pd.it'),(2,'pe.ca'),(2,'pe.it'),(2,'pe.kr'),(2,'penza.ru'),(2,'per.kh'),(2,'per.la'),(2,'per.nf'),(2,'per.sg'),(2,'perm.ru'),(2,'perso.ht'),(2,'perso.tc'),(2,'perso.tn'),(2,'perugia.it'),(2,'pesaro-urbino.it'),(2,'pesarourbino.it'),(2,'pescara.it'),(2,'pg.it'),(2,'ph.tc'),(2,'pharmacien.fr'),(2,'pharmaciens.km'),(2,'pharmacy.museum'),(2,'philadelphia.museum'),(2,'philadelphiaarea.museum'),(2,'philately.museum'),(2,'phoenix.museum'),(2,'photography.museum'),(2,'pi.it'),(2,'piacenza.it'),(2,'pila.pl'),(2,'pilot.aero'),(2,'pilots.museum'),(2,'pisa.it'),(2,'pisem.su'),(2,'pistoia.it'),(2,'pisz.pl'),(2,'pittsburgh.museum'),(2,'pl.tc'),(2,'pl.tf'),(2,'pl.ua'),(2,'planetarium.museum'),(2,'plantation.museum'),(2,'plants.museum'),(2,'plaza.museum'),(2,'plc.ly'),(2,'plc.uk'),(2,'plo.ps'),(2,'pn.it'),(2,'po.it'),(2,'pochta.ru'),(2,'pochtamt.ru'),(2,'podhale.pl'),(2,'podlasie.pl'),(2,'pol.dz'),(2,'pol.ht'),(2,'pol.tr'),(2,'police.uk'),(2,'polkowice.pl'),(2,'poltava.ua'),(2,'pomorskie.pl'),(2,'pomorze.pl'),(2,'pop3.ru'),(2,'pordenone.it'),(2,'porsanger.no'),(2,'porsangu.no'),(2,'porsgrunn.no'),(2,'port.fr'),(2,'portal.museum'),(2,'portland.museum'),(2,'portlligat.museum'),(2,'posts-and-telecommunications.museum'),(2,'potenza.it'),(2,'powiat.pl'),(2,'poznan.pl'),(2,'pp.az'),(2,'pp.ru'),(2,'pp.se'),(2,'pp.ua'),(2,'ppg.br'),(2,'pr.it'),(2,'pr.us'),(2,'prato.it'),(2,'prd.fr'),(2,'prd.km'),(2,'prd.mg'),(2,'preservation.museum'),(2,'presidio.museum'),(2,'press.aero'),(2,'press.cy'),(2,'press.ma'),(2,'press.museum'),(2,'press.se'),(2,'presse.ci'),(2,'presse.fr'),(2,'presse.km'),(2,'pri.ee'),(2,'principe.st'),(2,'priv.at'),(2,'priv.hu'),(2,'priv.me'),(2,'priv.no'),(2,'priv.pl'),(2,'pro.ae'),(2,'pro.az'),(2,'pro.br'),(2,'pro.cy'),(2,'pro.ec'),(2,'pro.fj'),(2,'pro.ht'),(2,'pro.mv'),(2,'pro.na'),(2,'pro.om'),(2,'pro.pr'),(2,'pro.tc'),(2,'pro.tt'),(2,'pro.vn'),(2,'proboards.com'),(2,'prochowice.pl'),(2,'production.aero'),(2,'prof.pr'),(2,'project.museum'),(2,'promocion.ar'),(2,'prserv.net'),(2,'pruszkow.pl'),(2,'przeworsk.pl'),(2,'psc.br'),(2,'psi.br'),(2,'pskov.ru'),(2,'pt.it'),(2,'ptz.ru'),(2,'pu.it'),(2,'pub.sa'),(2,'publ.pt'),(2,'public.museum'),(2,'pubol.museum'),(2,'pulawy.pl'),(2,'pv.it'),(2,'pvt.ge'),(2,'pyatigorsk.ru'),(2,'pz.it'),(2,'q.bg'),(2,'qc.ca'),(2,'qc.com'),(2,'qh.cn'),(2,'qld.au'),(2,'qsl.br'),(2,'quebec.museum'),(2,'r.bg'),(2,'r.se'),(2,'ra.it'),(2,'rade.no'),(2,'radikal.ru'),(2,'radom.pl'),(2,'radoy.no'),(2,'ragusa.it'),(2,'rahkkeravju.no'),(2,'raholt.no'),(2,'railroad.museum'),(2,'railway.museum'),(2,'raisa.no'),(2,'rakkestad.no'),(2,'ralingen.no'),(2,'rana.no'),(2,'randaberg.no'),(2,'rauma.no'),(2,'ravenna.it'),(2,'rawa-maz.pl'),(2,'rbcmail.ru'),(2,'rc.it'),(2,'re.it'),(2,'re.kr'),(2,'realestate.pl'),(2,'rec.br'),(2,'rec.co'),(2,'rec.nf'),(2,'rec.ro'),(2,'rec.ve'),(2,'recreation.aero'),(2,'red.sv'),(2,'redirectme.net'),(2,'reggio-calabria.it'),(2,'reggio-emilia.it'),(2,'reggiocalabria.it'),(2,'reggioemilia.it'),(2,'reklam.hu'),(2,'rel.ht'),(2,'rel.pl'),(2,'rendalen.no'),(2,'rennebu.no'),(2,'rennesoy.no'),(2,'repbody.aero'),(2,'republika.pl'),(2,'res.aero'),(2,'res.in'),(2,'research.aero'),(2,'research.museum'),(2,'resistance.museum'),(2,'retina.ar'),(2,'rg.it'),(2,'ri.it'),(2,'ri.us'),(2,'rieti.it'),(2,'riik.ee'),(2,'rimini.it'),(2,'rindal.no'),(2,'ringebu.no'),(2,'ringerike.no'),(2,'ringsaker.no'),(2,'riodejaneiro.museum'),(2,'risor.no'),(2,'rissa.no'),(2,'rl.no'),(2,'rm.it'),(2,'rm.ru'),(2,'rn.it'),(2,'rnd.ru'),(2,'rnrt.tn'),(2,'rns.tn'),(2,'rnu.tn'),(2,'ro.im'),(2,'ro.it'),(2,'roan.no'),(2,'rochester.museum'),(2,'rockart.museum'),(2,'rodoy.no'),(2,'rollag.no'),(2,'roma.it'),(2,'roma.museum'),(2,'rome.it'),(2,'romsa.no'),(2,'romskog.no'),(2,'roros.no'),(2,'rost.no'),(2,'rotorcraft.aero'),(2,'rovigo.it'),(2,'rovno.ua'),(2,'royken.no'),(2,'royrvik.no'),(2,'rs.ba'),(2,'ru.com'),(2,'ru.tc'),(2,'ru.tf'),(2,'rubtsovsk.ru'),(2,'ruovat.no'),(2,'russia.museum'),(2,'rv.ua'),(2,'ryazan.ru'),(2,'rybnik.pl'),(2,'rygge.no'),(2,'rzeszow.pl'),(2,'s.bg'),(2,'s.se'),(2,'sa.au'),(2,'sa.com'),(2,'sa.cr'),(2,'sa.it'),(2,'safety.aero'),(2,'saga.jp'),(2,'saintlouis.museum'),(2,'saitama.jp'),(2,'sakhalin.ru'),(2,'salangen.no'),(2,'salat.no'),(2,'salem.museum'),(2,'salerno.it'),(2,'saltdal.no'),(2,'salvadordali.museum'),(2,'salzburg.museum'),(2,'samara.ru'),(2,'samnanger.no'),(2,'sandefjord.no'),(2,'sandiego.museum'),(2,'sandnes.no'),(2,'sandnessjoen.no'),(2,'sandoy.no'),(2,'sanfrancisco.museum'),(2,'sanok.pl'),(2,'santabarbara.museum'),(2,'santacruz.museum'),(2,'santafe.museum'),(2,'saotome.st'),(2,'sapo.pt'),(2,'sapporo.jp'),(2,'saratov.ru'),(2,'sark.gg'),(2,'sarpsborg.no'),(2,'saskatchewan.museum'),(2,'sassari.it'),(2,'satx.museum'),(2,'sauda.no'),(2,'sauherad.no'),(2,'savannahga.museum'),(2,'savona.it'),(2,'sc.cn'),(2,'sc.ke'),(2,'sc.kr'),(2,'sc.ug'),(2,'sc.us'),(2,'sch.ae'),(2,'sch.gg'),(2,'sch.id'),(2,'sch.ir'),(2,'sch.je'),(2,'sch.jo'),(2,'sch.lk'),(2,'sch.ly'),(2,'sch.ng'),(2,'sch.om'),(2,'sch.sa'),(2,'sch.sd'),(2,'sch.uk'),(2,'sch.zm'),(2,'schlesisches.museum'),(2,'schoenbrunn.museum'),(2,'schokoladen.museum'),(2,'school.fj'),(2,'school.museum'),(2,'school.na'),(2,'school.nz'),(2,'school.za'),(2,'schweiz.museum'),(2,'sci.eg'),(2,'science-fiction.museum'),(2,'science.museum'),(2,'scienceandhistory.museum'),(2,'scienceandindustry.museum'),(2,'sciencecenter.museum'),(2,'sciencecenters.museum'),(2,'sciencehistory.museum'),(2,'sciences.museum'),(2,'sciencesnaturelles.museum'),(2,'scientist.aero'),(2,'scotland.museum'),(2,'sd.cn'),(2,'sd.us'),(2,'se.com'),(2,'se.net'),(2,'se.tc'),(2,'se.tt'),(2,'seaport.museum'),(2,'sebastopol.ua'),(2,'sec.ps'),(2,'sejny.pl'),(2,'sel.no'),(2,'selbu.no'),(2,'selfip.com'),(2,'selfip.net'),(2,'selje.no'),(2,'seljord.no'),(2,'sendai.jp'),(2,'seoul.kr'),(2,'servebbs.com'),(2,'serveftp.com'),(2,'services.aero'),(2,'settlement.museum'),(2,'settlers.museum'),(2,'sex.hu'),(2,'sex.pl'),(2,'sf.no'),(2,'sg.tf'),(2,'sh.cn'),(2,'shell.museum'),(2,'sherbrooke.museum'),(2,'shiga.jp'),(2,'shimane.jp'),(2,'shizuoka.jp'),(2,'shop.ht'),(2,'shop.hu'),(2,'shop.ms'),(2,'shop.pl'),(2,'shop.tc'),(2,'show.aero'),(2,'shutterfly.com'),(2,'si.it'),(2,'sibenik.museum'),(2,'siellak.no'),(2,'siena.it'),(2,'sigdal.no'),(2,'siljan.no'),(2,'silk.museum'),(2,'simbirsk.ru'),(2,'siracusa.it'),(2,'sirdal.no'),(2,'site.tc'),(2,'sk.ca'),(2,'skanit.no'),(2,'skanland.no'),(2,'skaun.no'),(2,'skedsmo.no'),(2,'skedsmokorset.no'),(2,'ski.museum'),(2,'ski.no'),(2,'skien.no'),(2,'skierva.no'),(2,'skiptvet.no'),(2,'skjak.no'),(2,'skjervoy.no'),(2,'sklep.pl'),(2,'skoczow.pl'),(2,'skodje.no'),(2,'skole.museum'),(2,'skydiving.aero'),(2,'slask.pl'),(2,'slattum.no'),(2,'sld.do'),(2,'sld.pa'),(2,'slg.br'),(2,'slupsk.pl'),(2,'smola.no'),(2,'smolensk.ru'),(2,'smtp.ru'),(2,'sn.cn'),(2,'snaase.no'),(2,'snasa.no'),(2,'snillfjord.no'),(2,'snoasa.no'),(2,'snz.ru'),(2,'so.it'),(2,'soc.lk'),(2,'societe.st'),(2,'society.museum'),(2,'software.aero'),(2,'sogndal.no'),(2,'sogne.no'),(2,'sokndal.no'),(2,'sol.ru'),(2,'sola.no'),(2,'sologne.museum'),(2,'solund.no'),(2,'somna.no'),(2,'sondre-land.no'),(2,'sondrio.it'),(2,'songdalen.no'),(2,'sopot.pl'),(2,'sor-aurdal.no'),(2,'sor-fron.no'),(2,'sor-odal.no'),(2,'sor-varanger.no'),(2,'sorfold.no'),(2,'soros.al'),(2,'sorreisa.no'),(2,'sortland.no'),(2,'sorum.no'),(2,'sos.pl'),(2,'sosblog.com'),(2,'sosnowiec.pl'),(2,'soundandvision.museum'),(2,'southcarolina.museum'),(2,'southwest.museum'),(2,'sp.it'),(2,'space.museum'),(2,'spb.ru'),(2,'spjelkavik.no'),(2,'sport.hu'),(2,'spy.museum'),(2,'spydeberg.no'),(2,'square.museum'),(2,'sr.it'),(2,'srv.br'),(2,'ss.it'),(2,'sshn.se'),(2,'st.no'),(2,'stadt.museum'),(2,'stalbans.museum'),(2,'stalowa-wola.pl'),(2,'stange.no'),(2,'starachowice.pl'),(2,'stargard.pl'),(2,'starnberg.museum'),(2,'stat.no'),(2,'state.museum'),(2,'stateofdelaware.museum'),(2,'stathelle.no'),(2,'station.museum'),(2,'stavanger.no'),(2,'stavern.no'),(2,'stavropol.ru'),(2,'steam.museum'),(2,'steiermark.museum'),(2,'steigen.no'),(2,'steinkjer.no'),(2,'stjohn.museum'),(2,'stjordal.no'),(2,'stjordalshalsen.no'),(2,'stockholm.museum'),(2,'stokke.no'),(2,'stor-elvdal.no'),(2,'stord.no'),(2,'stordal.no'),(2,'store.co'),(2,'store.nf'),(2,'store.ro'),(2,'store.st'),(2,'store.ve'),(2,'storfjord.no'),(2,'stpetersburg.museum'),(2,'strand.no'),(2,'stranda.no'),(2,'stryn.no'),(2,'student.aero'),(2,'stuttgart.museum'),(2,'stv.ru'),(2,'suedtirol.it'),(2,'suisse.museum'),(2,'sula.no'),(2,'suldal.no'),(2,'suli.hu'),(2,'sumy.ua'),(2,'sund.no'),(2,'sunndal.no'),(2,'surgeonshall.museum'),(2,'surgut.ru'),(2,'surnadal.no'),(2,'surrey.museum'),(2,'suwalki.pl'),(2,'sv.it'),(2,'svalbard.no'),(2,'sveio.no'),(2,'svelvik.no'),(2,'svizzera.museum'),(2,'sweden.museum'),(2,'swidnica.pl'),(2,'swiebodzin.pl'),(2,'swinoujscie.pl'),(2,'sx.cn'),(2,'sydney.museum'),(2,'sykkylven.no'),(2,'syzran.ru'),(2,'szczecin.pl'),(2,'szczytno.pl'),(2,'szex.hu'),(2,'szkola.pl'),(2,'szm.com'),(2,'t.bg'),(2,'t.se'),(2,'t3.to'),(2,'t35.com'),(2,'t35.net'),(2,'ta.it'),(2,'takamatsu.jp'),(2,'tambov.ru'),(2,'tana.no'),(2,'tananger.no'),(2,'tank.museum'),(2,'taranto.it'),(2,'targi.pl'),(2,'tarnobrzeg.pl'),(2,'tas.au'),(2,'tatarstan.ru'),(2,'taxi.aero'),(2,'tcm.museum'),(2,'te.it'),(2,'te.ua'),(2,'tec.ve'),(2,'technology.museum'),(2,'tel.no'),(2,'tel.nr'),(2,'tel.tr'),(2,'telecom.na'),(2,'telekommunikation.museum'),(2,'telememo.au'),(2,'television.museum'),(2,'teramo.it'),(2,'terni.it'),(2,'ternopil.ua'),(2,'test.ru'),(2,'texas.museum'),(2,'textile.museum'),(2,'tgory.pl'),(2,'th.tc'),(2,'theater.museum'),(2,'time.museum'),(2,'time.no'),(2,'timekeeping.museum'),(2,'tingvoll.no'),(2,'tinn.no'),(2,'tirana.al'),(2,'tj.cn'),(2,'tjeldsund.no'),(2,'tjome.no'),(2,'tld.am'),(2,'tlf.nr'),(2,'tm.cy'),(2,'tm.fr'),(2,'tm.hu'),(2,'tm.km'),(2,'tm.mc'),(2,'tm.mg'),(2,'tm.mt'),(2,'tm.no'),(2,'tm.pl'),(2,'tm.ro'),(2,'tm.se'),(2,'tm.za'),(2,'tmp.br'),(2,'tn.it'),(2,'tn.us'),(2,'to.it'),(2,'tochigi.jp'),(2,'tokke.no'),(2,'tokushima.jp'),(2,'tokyo.jp'),(2,'tolga.no'),(2,'tom.ru'),(2,'tomsk.ru'),(2,'tonsberg.no'),(2,'topology.museum'),(2,'torino.it'),(2,'torino.museum'),(2,'torsken.no'),(2,'torun.pl'),(2,'tottori.jp'),(2,'touch.museum'),(2,'tourism.pl'),(2,'tourism.tn'),(2,'town.museum'),(2,'toyama.jp'),(2,'tozsde.hu'),(2,'tp.it'),(2,'tr.it'),(2,'tr.no'),(2,'trader.aero'),(2,'trading.aero'),(2,'trainer.aero'),(2,'trana.no'),(2,'tranby.no'),(2,'tranoy.no'),(2,'transport.museum'),(2,'trapani.it'),(2,'travel.pl'),(2,'travel.tt'),(2,'trd.br'),(2,'tree.museum'),(2,'trentino.it'),(2,'trento.it'),(2,'treviso.it'),(2,'trieste.it'),(2,'tripod.com'),(2,'troandin.no'),(2,'trogstad.no'),(2,'trolley.museum'),(2,'tromsa.no'),(2,'tromso.no'),(2,'trondheim.no'),(2,'trust.museum'),(2,'trustee.museum'),(2,'trysil.no'),(2,'ts.it'),(2,'tsaritsyn.ru'),(2,'tsk.ru'),(2,'tula.ru'),(2,'tur.br'),(2,'turek.pl'),(2,'turen.tn'),(2,'turin.it'),(2,'turystyka.pl'),(2,'tuva.ru'),(2,'tv.bo'),(2,'tv.br'),(2,'tv.it'),(2,'tv.na'),(2,'tv.sd'),(2,'tvedestrand.no'),(2,'tver.ru'),(2,'tw.cn'),(2,'tx.us'),(2,'tychy.pl'),(2,'tydal.no'),(2,'tynset.no'),(2,'tysfjord.no'),(2,'tysnes.no'),(2,'tysvar.no'),(2,'tysv�r.no'),(2,'tyumen.ru'),(2,'u.bg'),(2,'u.se'),(2,'ua.tc'),(2,'uba.ar'),(2,'ucoz.ru'),(2,'ud.it'),(2,'udine.it'),(2,'udm.ru'),(2,'udmurtia.ru'),(2,'uhren.museum'),(2,'uk.com'),(2,'uk.net'),(2,'uk.pn'),(2,'uk.tc'),(2,'uk.to'),(2,'uk.tt'),(2,'ulan-ude.ru'),(2,'ullensaker.no'),(2,'ullensvang.no'),(2,'ulm.museum'),(2,'ulsan.kr'),(2,'ulvik.no'),(2,'unam.na'),(2,'unbi.ba'),(2,'unblog.fr'),(2,'undersea.museum'),(2,'union.aero'),(2,'uniti.al'),(2,'university.museum'),(2,'unjarga.no'),(2,'unj�rga.no'),(2,'unlugar.com'),(2,'unsa.ba'),(2,'upt.al'),(2,'uri.arpa'),(2,'url.st'),(2,'urn.arpa'),(2,'us.com'),(2,'us.ms'),(2,'us.na'),(2,'us.tc'),(2,'us.tf'),(2,'us.to'),(2,'us.tt'),(2,'usa.museum'),(2,'usantiques.museum'),(2,'usarts.museum'),(2,'uscountryestate.museum'),(2,'usculture.museum'),(2,'usdecorativearts.museum'),(2,'usenet.pl'),(2,'usgarden.museum'),(2,'ushistory.museum'),(2,'ushuaia.museum'),(2,'uslivinghistory.museum'),(2,'ustka.pl'),(2,'ut.us'),(2,'utah.museum'),(2,'utazas.hu'),(2,'utsira.no'),(2,'utsunomiya.jp'),(2,'uu.mt'),(2,'uvic.museum'),(2,'uy.com'),(2,'uz.ua'),(2,'uzhgorod.ua'),(2,'v.bg'),(2,'va.it'),(2,'va.no'),(2,'va.us'),(2,'vaapste.no'),(2,'vadso.no'),(2,'vaga.no'),(2,'vagan.no'),(2,'vagsoy.no'),(2,'vaksdal.no'),(2,'valle.no'),(2,'valley.museum'),(2,'vang.no'),(2,'vantaa.museum'),(2,'vanylven.no'),(2,'vardo.no'),(2,'varese.it'),(2,'varggat.no'),(2,'varoy.no'),(2,'vatican.va'),(2,'vb.it'),(2,'vc.it'),(2,'vdonsk.ru'),(2,'ve.it'),(2,'vefsn.no'),(2,'vega.no'),(2,'vegarshei.no'),(2,'veg�rshei.no'),(2,'venezia.it'),(2,'venice.it'),(2,'vennesla.no'),(2,'verbania.it'),(2,'vercelli.it'),(2,'verdal.no'),(2,'verona.it'),(2,'verran.no'),(2,'versailles.museum'),(2,'vestby.no'),(2,'vestnes.no'),(2,'vestre-slidre.no'),(2,'vestre-toten.no'),(2,'vestvagoy.no'),(2,'vet.br'),(2,'veterinaire.fr'),(2,'veterinaire.km'),(2,'vevelstad.no'),(2,'vf.no'),(2,'vgs.no'),(2,'vi.it'),(2,'vi.us'),(2,'vibo-valentia.it'),(2,'vibovalentia.it'),(2,'vic.au'),(2,'vicenza.it'),(2,'video.hu'),(2,'vik.no'),(2,'viking.museum'),(2,'vikna.no'),(2,'village.museum'),(2,'vindafjord.no'),(2,'vinnica.ua'),(2,'virginia.museum'),(2,'virtual.museum'),(2,'virtuel.museum'),(2,'viterbo.it'),(2,'vlaanderen.museum'),(2,'vladikavkaz.ru'),(2,'vladimir.ru'),(2,'vladivostok.ru'),(2,'vlog.br'),(2,'vn.ua'),(2,'voagat.no'),(2,'volda.no'),(2,'volgograd.ru'),(2,'volkenkunde.museum'),(2,'vologda.ru'),(2,'voronezh.ru'),(2,'voss.no'),(2,'vossevangen.no'),(2,'vr.it'),(2,'vrn.ru'),(2,'vt.it'),(2,'vt.us'),(2,'vv.it'),(2,'vyatka.ru'),(2,'w.bg'),(2,'w.se'),(2,'wa.au'),(2,'wa.us'),(2,'wakayama.jp'),(2,'walbrzych.pl'),(2,'wales.museum'),(2,'wallonie.museum'),(2,'war.museum'),(2,'warmia.pl'),(2,'warszawa.pl'),(2,'washingtondc.museum'),(2,'watch-and-clock.museum'),(2,'watchandclock.museum'),(2,'waw.pl'),(2,'we.bs'),(2,'weather.mobi'),(2,'web-soft.ru'),(2,'web.co'),(2,'web.do'),(2,'web.id'),(2,'web.lk'),(2,'web.nf'),(2,'web.pk'),(2,'web.tj'),(2,'web.tr'),(2,'web.ve'),(2,'web.za'),(2,'webcindario.com'),(2,'webs.com'),(2,'weebly.com'),(2,'wegrow.pl'),(2,'western.museum'),(2,'westfalen.museum'),(2,'whaling.museum'),(2,'whsites.net'),(2,'wi.us'),(2,'wielun.pl'),(2,'wiki.br'),(2,'wildlife.museum'),(2,'williamsburg.museum'),(2,'windmill.museum'),(2,'wlocl.pl'),(2,'wloclawek.pl'),(2,'wodzislaw.pl'),(2,'wolomin.pl'),(2,'wordpress.com'),(2,'workinggroup.aero'),(2,'works.aero'),(2,'workshop.museum'),(2,'wroc.pl'),(2,'wroclaw.pl'),(2,'ws.na'),(2,'wv.us'),(2,'www.ro'),(2,'wy.us'),(2,'wz.cz'),(2,'x.bg'),(2,'x.se'),(2,'xanga.com'),(2,'xf.cz'),(2,'xj.cn'),(2,'xorg.pl'),(2,'xz.cn'),(2,'y.bg'),(2,'y.se'),(2,'yakutia.ru'),(2,'yamagata.jp'),(2,'yamaguchi.jp'),(2,'yamal.ru'),(2,'yamanashi.jp'),(2,'yaroslavl.ru'),(2,'yekaterinburg.ru'),(2,'yk.ca'),(2,'yn.cn'),(2,'yokohama.jp'),(2,'york.museum'),(2,'yorkshire.museum'),(2,'yosemite.museum'),(2,'youth.museum'),(2,'yuzhno-sakhalinsk.ru'),(2,'z.bg'),(2,'z.se'),(2,'z8.ru'),(2,'za.com'),(2,'za.net'),(2,'za.org'),(2,'za.pl'),(2,'zachpomor.pl'),(2,'zagan.pl'),(2,'zakopane.pl'),(2,'zaporizhzhe.ua'),(2,'zarow.pl'),(2,'zgora.pl'),(2,'zgorzelec.pl'),(2,'zgrad.ru'),(2,'zhitomir.ua'),(2,'zj.cn'),(2,'zlg.br'),(2,'zmail.ru'),(2,'zoological.museum'),(2,'zoology.museum'),(2,'zp.ua'),(2,'zt.ua'),(3,'act.edu.au'),(3,'act.gov.au'),(3,'bay.livefilestore.com'),(3,'blog.friendster.com'),(3,'blu.livefilestore.com'),(3,'bo.nordland.no'),(3,'bo.telemark.no'),(3,'city.chiba.jp'),(3,'city.fukuoka.jp'),(3,'city.hiroshima.jp'),(3,'city.kawasaki.jp'),(3,'city.kitakyushu.jp'),(3,'city.kobe.jp'),(3,'city.kyoto.jp'),(3,'city.nagoya.jp'),(3,'city.niigata.jp'),(3,'city.okayama.jp'),(3,'city.osaka.jp'),(3,'city.saitama.jp'),(3,'city.sapporo.jp'),(3,'city.sendai.jp'),(3,'city.shizuoka.jp'),(3,'city.yokohama.jp'),(3,'cloud.prohosting.com'),(3,'co.at.lv'),(3,'co.at.pn'),(3,'co.at.tc'),(3,'co.uk.pn'),(3,'co.uk.tc'),(3,'com.au.ms'),(3,'com.au.pn'),(3,'com.au.tc'),(3,'com.sapo.pt'),(3,'do.sapo.pt'),(3,'docs.google.com'),(3,'groups.live.com'),(3,'gs.aa.no'),(3,'gs.ah.no'),(3,'gs.bu.no'),(3,'gs.fm.no'),(3,'gs.hl.no'),(3,'gs.hm.no'),(3,'gs.jan-mayen.no'),(3,'gs.mr.no'),(3,'gs.nl.no'),(3,'gs.nt.no'),(3,'gs.of.no'),(3,'gs.ol.no'),(3,'gs.oslo.no'),(3,'gs.rl.no'),(3,'gs.sf.no'),(3,'gs.st.no'),(3,'gs.svalbard.no'),(3,'gs.tm.no'),(3,'gs.tr.no'),(3,'gs.va.no'),(3,'gs.vf.no'),(3,'heroy.more-og-romsdal.no'),(3,'heroy.nordland.no'),(3,'home.sapo.pt'),(3,'homepage.t-online.de'),(3,'lkd.co.im'),(3,'ltd.co.im'),(3,'me.uk.tc'),(3,'metro.tokyo.jp'),(3,'nes.akershus.no'),(3,'nes.buskerud.no'),(3,'no.sapo.pt'),(3,'nsw.edu.au'),(3,'nsw.gov.au'),(3,'nt.edu.au'),(3,'nt.gov.au'),(3,'or.at.lv'),(3,'org.uk.tc'),(3,'os.hedmark.no'),(3,'os.hordaland.no'),(3,'pa.gov.pl'),(3,'paginas.sapo.pt'),(3,'plc.co.im'),(3,'po.gov.pl'),(3,'pref.aichi.jp'),(3,'pref.akita.jp'),(3,'pref.aomori.jp'),(3,'pref.chiba.jp'),(3,'pref.ehime.jp'),(3,'pref.fukui.jp'),(3,'pref.fukuoka.jp'),(3,'pref.fukushima.jp'),(3,'pref.gifu.jp'),(3,'pref.gunma.jp'),(3,'pref.hiroshima.jp'),(3,'pref.hokkaido.jp'),(3,'pref.hyogo.jp'),(3,'pref.ibaraki.jp'),(3,'pref.ishikawa.jp'),(3,'pref.iwate.jp'),(3,'pref.kagawa.jp'),(3,'pref.kagoshima.jp'),(3,'pref.kanagawa.jp'),(3,'pref.kochi.jp'),(3,'pref.kumamoto.jp'),(3,'pref.kyoto.jp'),(3,'pref.mie.jp'),(3,'pref.miyagi.jp'),(3,'pref.miyazaki.jp'),(3,'pref.nagano.jp'),(3,'pref.nagasaki.jp'),(3,'pref.nara.jp'),(3,'pref.niigata.jp'),(3,'pref.oita.jp'),(3,'pref.okayama.jp'),(3,'pref.okinawa.jp'),(3,'pref.osaka.jp'),(3,'pref.saga.jp'),(3,'pref.saitama.jp'),(3,'pref.shiga.jp'),(3,'pref.shimane.jp'),(3,'pref.shizuoka.jp'),(3,'pref.tochigi.jp'),(3,'pref.tokushima.jp'),(3,'pref.tottori.jp'),(3,'pref.toyama.jp'),(3,'pref.wakayama.jp'),(3,'pref.yamagata.jp'),(3,'pref.yamaguchi.jp'),(3,'pref.yamanashi.jp'),(3,'profile.live.com'),(3,'qld.edu.au'),(3,'qld.gov.au'),(3,'sa.edu.au'),(3,'sa.gov.au'),(3,'sakura.ne.jp'),(3,'sande.more-og-romsdal.no'),(3,'sande.vestfold.no'),(3,'skydrive.live.com'),(3,'so.gov.pl'),(3,'spaces.live.com'),(3,'spaces.msn.com'),(3,'sr.gov.pl'),(3,'starostwo.gov.pl'),(3,'tas.edu.au'),(3,'tas.gov.au'),(3,'ug.gov.pl'),(3,'um.gov.pl'),(3,'upow.gov.pl'),(3,'uw.gov.pl'),(3,'valer.hedmark.no'),(3,'valer.ostfold.no'),(3,'vic.edu.au'),(3,'vic.gov.au'),(3,'wa.edu.au'),(3,'wa.gov.au'),(3,'web.aplus.net'),(3,'web.fc2.com'),(3,'web.officelive.com');

--
-- Table structure for table `sys_email_templates`
--

CREATE TABLE `sys_email_templates` (
  `ID` int(11) unsigned NOT NULL AUTO_INCREMENT,
  `Name` varchar(255) NOT NULL,
  `Subject` varchar(255) NOT NULL,
  `Body` text NOT NULL,
  `Desc` varchar(255) NOT NULL,
  `LangID` tinyint(4) unsigned NOT NULL DEFAULT '1',
  PRIMARY KEY (`ID`),
  KEY `Name` (`Name`,`LangID`)
) ENGINE=MyISAM AUTO_INCREMENT=71 DEFAULT CHARSET=utf8;

--
-- Dumping data for table `sys_email_templates`
--

INSERT INTO `sys_email_templates` VALUES (1,'t_Activation','Your Profile Is Now Active','<bx_include_auto:_email_header.html />\r\n\r\n<p><b>Dear <RealName></b>,</p>\r\n\r\n<p>Your profile was reviewed and activated!</p>\r\n\r\n<p>Your Account: <a href=\"<Domain>member.php\"><Domain>member.php</a></p>\r\n\r\n<p>Member ID: <b><recipientID></b></p>\r\n\r\n<p>Your E-mail: <span style=\"color:#FF6633\"><Email></span></p>\r\n\r\n<bx_include_auto:_email_footer.html />','Profile activation notification.',0),(2,'t_AdminEmail','<SiteName> Admin: <MessageSubject>','<bx_include_auto:_email_header.html />\r\n\r\n<p><b>Dear <RealName></b>,</p>\r\n\r\n<p><a href=\"<Domain>\"><SiteName></a> Admin sent you a message:</p>\r\n\r\n<hr>\r\n<p style=\"color:#3B5C8E\"><MessageText></p>\r\n<hr>\r\n\r\n<bx_include_auto:_email_footer.html />','Message from the site Admin.',0),(3,'t_AdminStats','Content Pending Admin Review','<bx_include_auto:_email_header.html />\r\n\r\n<p><b>Dear <RealName></b>,</p>\r\n\r\n<p><MessageText></p>\r\n\r\n<p>Go to <a href=\"<ViewLink>\">administration panel</a> to review pending content.</p>\r\n\r\n<bx_include_auto:_email_footer.html />','Message to admin about content pending review',0),(4,'t_Compose','You\'ve Got A New Message','<bx_include_auto:_email_header.html />\r\n\r\n<p><b>Hello <RealName></b>,</p>\r\n\r\n<p>You have received a message from <a href=\"<ProfileUrl>\"><ProfileReference></a>!</p>\r\n\r\n<p>Go to your account to read and reply: <a href=\"<Domain>member.php\"><Domain>member.php</a></p>\r\n\r\n<bx_include_auto:_email_footer.html />','New message notification without message text',0),(5,'t_Confirmation','Email Confirmation Request','<bx_include_auto:_email_header.html />\r\n\r\n<p><b>Dear <RealName></b>,</p>\r\n\r\n<p>Thank you for registering at <SiteName>!</p>\r\n\r\n<p>Click to confirm your email:\r\n<a href=\"<ConfirmationLink>\"><ConfirmationLink></a></p>\r\n\r\n<p>CONFIRMATION CODE: <ConfCode></p>\r\n\r\n<bx_include_auto:_email_footer.html />','Email confirmation message.',0),(6,'t_CupidMail','Your Matches','<bx_include_auto:_email_header.html />\r\n\r\n<p><b>Hello <RealName></b>,</p>\r\n\r\n<p>Check out some <SiteName> members that may be a good match with you:</p>\r\n\r\n<p><a href=\"<MatchProfileLink>\"><MatchProfileLink></a></p>\r\n\r\n\r\n<bx_include_auto:_email_footer.html />','Matching profiles notification.',0),(7,'t_Forgot','Your Account Password','<bx_include_auto:_email_header.html />\r\n\r\n<p><b>Dear <RealName></b>,</p>\r\n\r\n<p>Your member ID: <b><recipientID></b></p>\r\n\r\n<p>Your password: <b><Password></b></p>\r\n\r\n<p>You may login here: <a href=\"<Domain>member.php\"><Domain>member.php</a></p>\r\n\r\n\r\n<bx_include_auto:_email_footer.html />','Password retrieval',0),(8,'t_FreeEmail','Member Email Address','<bx_include_auto:_email_header.html />\r\n\r\n<p><b>Dear <RealName></b>,</p>\r\n\r\n<p><profileNickName>\'s contact info:</p> \r\n\r\n<p><profileContactInfo></p>\r\n\r\n\r\n<bx_include_auto:_email_footer.html />','Requested Member Email Address',0),(9,'t_MemExpiration','Your Membership Is About To Expire','<bx_include_auto:_email_header.html />\r\n\r\n<p><b>Hello <RealName></b>,</p>\r\n\r\n<p>Your <SiteName> <MembershipName> membership will expire in <ExpireDays> days.</p>\r\n\r\n<p>NOTE: -1 means it has already expired</p>\r\n\r\n\r\n<p><a href=\"<Domain>modules/?r=membership/index/\">Renew Membership</a></p>\r\n<bx_include_auto:_email_footer.html />','Membership expiration notice',0),(10,'t_MemChanged','Your Membership Changed','<bx_include_auto:_email_header.html />\r\n\r\n<p><b>Hello <RealName></b>,</p>\r\n\r\n<p>Your membership level was changed to: <b><a href=\"<Domain>modules/?r=membership/index/\"><MembershipLevel></a></b></p>\r\n\r\n\r\n<bx_include_auto:_email_footer.html />','Membership change',0),(11,'t_Message','You\'ve Got A New Message','<bx_include_auto:_email_header.html />\r\n\r\n<p><b>Dear <RealName></b>,</p>\r\n\r\n<p><a href=\"<ProfileUrl>\"><ProfileReference></a> sent you a message: </p>\r\n\r\n<hr>\r\n<p><MessageText></p>\r\n<hr>\r\n\r\n<p>Go to your account to reply: <a href=\"<Domain>member.php\"><Domain>member.php</a></p>\r\n\r\n<bx_include_auto:_email_footer.html />','New message notification with message text',0),(12,'t_UserJoined','New Member Joined','<bx_include_auto:_email_header.html />\r\n\r\n<p>New user: <RealName></p> \r\n<p>Email: <Email></p> \r\n\r\n<bx_include_auto:_email_footer.html />','Admin notification about new member',0),(13,'t_UserConfirmed','User Confirmed Email','<bx_include_auto:_email_header.html />\r\n\r\n<p>User: <RealName></p> \r\n<p>Email: <Email></p> \r\n\r\n<bx_include_auto:_email_footer.html />','Admin notification - user confirmed email',0),(14,'t_SpamReport','Profile Spam Report','<bx_include_auto:_email_header.html />\r\n\r\n<p><a href=\"<Domain>profile.php?ID=<reporterID>\"><reporterNick></a> reported Profile SPAM:  <a href=\"<Domain>profile.php?ID=<spamerID>\"><b><spamerNick></b></a></p>\r\n\r\n<bx_include_auto:_email_footer.html />','Profile Spam Report',0),(15,'t_TellFriend','Check This Out!','<bx_include_auto:_email_header.html />\r\n\r\n\r\n<p>I thought you\'d be interested: <a href=\"<Link>\"><Link></a><br />\r\n---<br />\r\n<a href=\"<SenderLink>\"><SenderName></a>\r\n</p>\r\n\r\n<bx_include_auto:_email_footer.html />','Friend Invitation',0),(16,'t_TellFriendProfile','Look At This Profile','<bx_include_auto:_email_header.html />\r\n\r\n\r\n\r\n<p>Check out this profile: <a href=\"<Link>\"><Link></a><br />\r\n---<br />\r\n<a href=\"<SenderLink>\"><SenderName></a>\r\n</p>\r\n\r\n<bx_include_auto:_email_footer.html />','Email profile to a friend',0),(17,'t_VKiss','Greeting notification','<bx_include_auto:_email_header.html />\r\n\r\n<p><b>Dear <RealName></b>,</p>\r\n\r\n<p><ProfileReference> sent you a greeting!</p>\r\n\r\n<p><ProfileReference> may be interested in you or maybe just wants to say Hello!\r\n</p>\r\n\r\n<bx_include_auto:_email_footer.html />','Greeting notification ',0),(18,'t_VKiss_visitor','Greeting notification','<bx_include_auto:_email_header.html />\r\n\r\n<p><b>Dear <RealName></b>,</p>\r\n\r\n<p>Our site visitor sent you a greeting!</p>\r\n\r\n\r\n<bx_include_auto:_email_footer.html />','Greeting from visitor notification',0),(19,'t_MessageCopy','Copy Of Your Message : <your subject here>','<bx_include_auto:_email_header.html />\r\n\r\n<p>You wrote:</p>\r\n<hr>\r\n<p><your message here></p>\r\n<hr>\r\n\r\n<bx_include_auto:_email_footer.html />','Message copy',0),(20,'t_Subscription','Your Subscription','<bx_include_auto:_email_header.html />\r\n\r\n<p><b>Dear <RealName></b>,</p>\r\n\r\n<p>You subscribed to <a href=\"<ViewLink>\"><Subscription></a></p>\r\n\r\n<p>You may cancel the subscription here: <a href=\"<SysUnsubscribeLink>\"><SysUnsubscribeLink></a></p>\r\n\r\n<bx_include_auto:_email_footer.html />','Subscription confirmation',0),(21,'t_sbsProfileComments','New Profile Comments','<bx_include_auto:_email_header.html />\r\n\r\n <p><b>Dear <RealName></b>,</p>\r\n\r\n<p>Profile you subscribed to got <a href=\"<ViewLink>\">new comments</a>.</p>\r\n\r\n<bx_include_auto:_email_footer.html />','New comments to profile subscription',0),(22,'t_sbsProfileEdit','Subscription: Profile Edited','<bx_include_auto:_email_header.html />\r\n\r\n<p><b>Dear <RealName></b>,</p>\r\n\r\n<p><a href=\"<ViewLink>\">Profile you subscribed to</a> has been updated.</p>\r\n\r\n<bx_include_auto:_email_footer.html />','Profile info subscription.',0),(23,'t_FriendRequest','Friendship Request','<bx_include_auto:_email_header.html />\r\n\r\n    <p><b>Dear <Recipient></b>,</p>\r\n   \r\n    <p><a href=\"<SenderLink>\"><Sender></a> wants to be friends with you. <a href=\"<RequestLink>\">Respond</a>.</p>\r\n    <br /> \r\n    <bx_include_auto:_email_footer.html />','Friendship Request',0),(24,'t_FriendRequestAccepted','Friendship Request Accepted','<bx_include_auto:_email_header.html />\r\n\r\n    <p><b>Dear <Recipient></b>,</p>\r\n    \r\n    <p><a href=\"<SenderLink>\"><Sender></a> accepted your friendship request.</p>\r\n    <br /> \r\n    <bx_include_auto:_email_footer.html />','Friendship Request Accepted',0),(25,'t_SpamReportAuto','<SiteName> Automatic Spam Report','<bx_include_auto:_email_header.html />\r\n\r\n\r\n<b>Profile:</b> <a href=\"<SpammerUrl>\"><SpammerNickName></a><br />\r\n\r\n<b>Page:</b> <Page><br />\r\n\r\n<b>GET variables:</b>\r\n<pre>\r\n<Get>\r\n</pre>\r\n\r\n<b>Spam Content:</b>\r\n<pre>\r\n<SpamContent>\r\n</pre>\r\n\r\n\r\n<bx_include_auto:_email_footer.html />','Automatic spam report',0),(26,'t_ModulesUpdates','<SiteName> Automatic modules updates checker','<bx_include_auto:_email_header.html />\r\n\r\n\r\n<p><b>Dear <RealName></b>,</p>\r\n\r\n<p>The following updates are available:</p>\r\n\r\n<p><MessageText></p>\r\n\r\n<p>If you want to install any of them you need to go to your site\'s admin panel -> Modules -> Add & Manage and click Check For Updates button in Installed Modules block. It will load all available updates.</p>\r\n\r\n\r\n<bx_include_auto:_email_footer.html />','Message to admin about modules updates',0),(27,'bx_events_invitation','Invitation To Event: <EventName>','<bx_include_auto:_email_header.html />\r\n\r\n<p>Hello <NickName>,</p> \r\n\r\n<p><a href=\"<InviterUrl>\"><InviterNickName></a> invited you to this event:</p>\r\n\r\n<hr>\r\n<pre>\r\n<InvitationText>\r\n</pre>\r\n<hr>  \r\n\r\n<p>\r\nEvent Information:<br /> \r\nName: <EventName><br /> \r\nLocation: <EventLocation><br /> \r\nTime: <EventStart><br /> <br />\r\n\r\n<a href=\"<EventUrl>\">More details</a>\r\n</p> \r\n\r\n<bx_include_auto:_email_footer.html />','Event invitation',0),(28,'bx_events_broadcast','<BroadcastTitle>','<bx_include_auto:_email_header.html />\r\n\r\n<p>Hello <NickName>,</p> \r\n\r\n<p><a href=\"<EntryUrl>\"><EntryTitle></a> event admin message:</p> <hr><BroadcastMessage><hr> \r\n\r\n<bx_include_auto:_email_footer.html />','Event Broadcast',0),(29,'bx_events_sbs','Subscription: Event Details Changed','<bx_include_auto:_email_header.html />\r\n\r\n<p>Hello <NickName>,</p> \r\n\r\n<p><a href=\"<ViewLink>\"><EntryTitle></a> event details changed: <br /> <ActionName> </p> \r\n<hr>\r\n<p>Cancel this subscription: <a href=\"<UnsubscribeLink>\"><UnsubscribeLink></a></p>\r\n\r\n<bx_include_auto:_email_footer.html />','Event Subscription',0),(30,'bx_events_join_request','New Request To Join Your Event','<bx_include_auto:_email_header.html />\r\n\r\n<p>Hello <NickName>,</p> \r\n\r\n<p>New request to join your event: <a href=\"<EntryUrl>\"><EntryTitle></a>.</p>\r\n\r\n<bx_include_auto:_email_footer.html />','New join request to an event',0),(31,'bx_events_join_reject','Your Request To Join Event Was Rejected','<bx_include_auto:_email_header.html />\r\n\r\n <p>Hello <NickName>,</p> \r\n\r\n<p>Your request to join <a href=\"<EntryUrl>\"><EntryTitle></a> event was rejected by event admin.</p>\r\n\r\n<bx_include_auto:_email_footer.html />','Request To Join Event Was Rejected',0),(32,'bx_events_join_confirm','Your Request To Join Event Was Approved','<bx_include_auto:_email_header.html />\r\n\r\n<p>Hello <NickName>,</p> \r\n\r\n<p>Congratulations! Your request to join <a href=\"<EntryUrl>\"><EntryTitle></a> event was approved by the event admin.</p>\r\n \r\n<bx_include_auto:_email_footer.html />','Request To Join Event Approved',0),(33,'bx_events_fan_remove','You Were Removed From Event Participants','<bx_include_auto:_email_header.html />\r\n\r\n <p>Hello <NickName>,</p> <p>You were removed from participants of <a href=\"<EntryUrl>\"><EntryTitle></a> event by the event admin.</p> \r\n\r\n<bx_include_auto:_email_footer.html />','Removed From Event Participants',0),(34,'bx_events_fan_become_admin','You Are The Event Admin Now','<bx_include_auto:_email_header.html />\r\n\r\n <p>Hello <NickName>,</p> \r\n<p>You are an admin of <a href=\"<EntryUrl>\"><EntryTitle></a> event now.\r\n</p>\r\n\r\n<bx_include_auto:_email_footer.html />','Event Admin Status Granted',0),(35,'bx_events_admin_become_fan','You Are No Longer The Event Admin','<bx_include_auto:_email_header.html />\r\n\r\n <p>Hello <NickName>,</p> <p>Your admin status was revoked from <a href=\"<EntryUrl>\"><EntryTitle></a> event by the event creator.</p> \r\n\r\n<bx_include_auto:_email_footer.html />','Event admin status revoked.',0),(36,'t_sbsWallUpdates','Subscription: New Timeline Event','<bx_include_auto:_email_header.html />\r\n\r\n<p><b>Dear <RealName></b>,</p>\r\n\r\n<p>\r\nThere was a new update of the Timeline you subscribed to!\r\n</p>\r\n\r\n<p>\r\n<a href=\"<ViewLink>\">View it now</a>\r\n</p>\r\n\r\n<bx_include_auto:_email_footer.html />','Subscription: New Timeline Event',0),(37,'t_bx_photos_share','Check This Out!','<bx_include_auto:_email_header.html />\r\n\r\n<p><b>Hello</b>,</p>\r\n\r\n<p><SenderNickName> shared a <a href=\"<MediaUrl>\"><MediaType></a> with you!</p>\r\n\r\n<hr>\r\n\r\n<UserExplanation>\r\n\r\n<hr>\r\n\r\n<bx_include_auto:_email_footer.html />','Photo sharing',0),(38,'t_bx_photos_report','<SenderNickName> Reported A Photo','<bx_include_auto:_email_header.html />\r\n\r\n<p><a href=\"<MediaUrl>\">Reported <MediaType></a></p>\r\n\r\n<hr>\r\n\r\n<UserExplanation>\r\n\r\n<hr>\r\n\r\n<bx_include_auto:_email_footer.html />','Photo report',0),(39,'t_sbs_bx_photos_comments','New Comments To A Photo','<bx_include_auto:_email_header.html />\r\n\r\n<p><b>Dear <RealName></b>,</p>\r\n\r\n<br /><p>The <a href=\"<ViewLink>\">photo you subscribed to got new comments!</a></p>\r\n\r\n<bx_include_auto:_email_footer.html />','Subscription: new comments to photo',0),(40,'t_sbsFeedbackComments','New Comments To A Feedback Post','<bx_include_auto:_email_header.html />\r\n\r\n<p><b>Dear <RealName></b>,</p>\r\n\r\n<p>The <a href=\"<ViewLink>\">feedback post you subscribed to got new comments</a>!</p>\r\n\r\n<bx_include_auto:_email_footer.html />','Subscription: new comments to feedback',0),(41,'t_sbsNewsComments','New Comments To A News Post','<bx_include_auto:_email_header.html />\r\n\r\n<p><b>Dear <RealName></b>,</p>\r\n\r\n<br /><p>The <a href=\"<ViewLink>\">news post you subscribed to got new comments!</a></p>\r\n\r\n<bx_include_auto:_email_footer.html />','Subscription: new comments to file',0),(67,'t_sbsAdsComments','New Comments To An Ad','<bx_include_auto:_email_header.html />\r\n\r\n<p><b>Dear <RealName></b>,</p>\r\n\r\n<p>The <a href=\"<ViewLink>\">ad you subscribed to got new comments</a>!</p>\r\n\r\n<bx_include_auto:_email_footer.html />','Subscription: new comments to ad',0),(68,'t_BuyNow','Your Purchase','<bx_include_auto:_email_header.html />\r\n\r\nItem: <a href=\"<ShowAdvLnk>\"><Subject></a><br/><br/>\r\n\r\nSeller name: <NickName><br/>\r\nSeller email: <EmailS><br/><br/>\r\n\r\nBuyer name: <NickNameB><br/>\r\nBuyer email: <EmailB><br/><br/>\r\n\r\nPrice details: <sCustDetails><br/><br/>\r\n\r\nContact the <Who> directly to arrange payment and delivery. \r\n\r\n<bx_include_auto:_email_footer.html />','Purchase notification',0),(69,'t_BuyNowS','Your Item Was Purchased','<bx_include_auto:_email_header.html />\r\n\r\nItem: <a href=\"<ShowAdvLnk>\"><Subject></a><br/><br/>\r\n\r\nSeller name: <NickName><br/>\r\nSeller email: <EmailS><br/><br/>\r\n\r\nBuyer name: <NickNameB><br/>\r\nBuyer email: <EmailB><br/><br/><br/>\r\n\r\nPrice details: <sCustDetails><br/><br/>\r\n\r\nContact the <Who> directly to arrange payment and delivery. \r\n\r\n<bx_include_auto:_email_footer.html />','Seller notification about a purchase',0),(47,'bx_forum_notifier','New Post In: <TopicTitle>','<bx_include_auto:_email_header.html />\r\n\r\n    <p>Hello <Recipient>,</p> \r\n    <p><a href=\"<PosterUrl>\"><PosterNickName></a> has posted a new reply in \"<TopicTitle>\" topic:</p> \r\n    <hr> <ReplyText> <hr> \r\n    \r\n <bx_include_auto:_email_footer.html />','Notification about new post in flagged topic',0),(49,'bx_groups_broadcast','<BroadcastTitle>','<bx_include_auto:_email_header.html />\r\n\r\n<p>Hello <NickName>,</p> \r\n<p>Message from <a href=\"<EntryUrl>\"><EntryTitle></a> group admin:</p> <pre><hr><BroadcastMessage></pre> <hr> \r\n\r\n<bx_include_auto:_email_footer.html />','Groups broadcast message',0),(50,'bx_groups_join_request','Request To Join Your Group','<bx_include_auto:_email_header.html />\r\n\r\n<p>Hello <NickName>,</p> \r\n\r\n<p>New request to join your group: <a href=\"<EntryUrl>\"><EntryTitle></a>.</p> \r\n\r\n<bx_include_auto:_email_footer.html />','Join request to a group',0),(51,'bx_groups_join_reject','Request To Join A Group Was Rejected','<bx_include_auto:_email_header.html />\r\n\r\n <p>Hello <NickName>,</p> <p>Your request to join <a href=\"<EntryUrl>\"><EntryTitle></a> group was rejected by group admin.</p> \r\n<bx_include_auto:_email_footer.html />','Join group request was rejected',0),(52,'bx_groups_join_confirm','Your Request To Join A Group Was Confirmed','<bx_include_auto:_email_header.html />\r\n\r\n<p>Hello <NickName>,</p> \r\n<p>Your request to join <a href=\"<EntryUrl>\"><EntryTitle></a> group was confirmed by the group admin.</p> \r\n\r\n<bx_include_auto:_email_footer.html />','Join group request confirmed',0),(53,'bx_groups_fan_remove','Your Profile Removed From Group Fans','<bx_include_auto:_email_header.html /> \r\n\r\n<p>Hello <NickName>,</p> <p>Your profile was removed fans list of <a href=\"<EntryUrl>\"><EntryTitle></a> group by the group admin.</p> \r\n\r\n<bx_include_auto:_email_footer.html />','Profile Removed From Group Fans',0),(54,'bx_groups_fan_become_admin','You Are A Group Admin Now','<bx_include_auto:_email_header.html />\r\n\r\n<p>Hello <NickName>,</p> \r\n\r\n<p>You are an admin of <a href=\"<EntryUrl>\"><EntryTitle></a> group now.</p>\r\n\r\n<bx_include_auto:_email_footer.html />','Group admin status granted',0),(55,'bx_groups_admin_become_fan','Your Group Admin Status Was Revoked','<bx_include_auto:_email_header.html />\r\n\r\n<p>Hello <NickName>,</p> \r\n\r\n<p>Your admin status was revoked from <a href=\"<EntryUrl>\"><EntryTitle></a> group by the group creator.</p> \r\n\r\n<bx_include_auto:_email_footer.html />','Group admin status revoked',0),(56,'bx_groups_invitation','Invitation to <GroupName> Group','<bx_include_auto:_email_header.html />\r\n\r\n<p>Hello <NickName>,</p> \r\n\r\n<p><a href=\"<InviterUrl>\"><InviterNickName></a> invited you to <a href=\"<GroupUrl>\"><GroupName> group</a>.</p> \r\n\r\n<p>\r\n<hr><InvitationText><hr> \r\n</p>\r\n\r\n<bx_include_auto:_email_footer.html />','Invitation to group',0),(57,'bx_groups_sbs','Subscription: Group Details Changed','<bx_include_auto:_email_header.html />\r\n\r\n<p>Hello <NickName>,</p> \r\n\r\n<p><a href=\"<ViewLink>\"><EntryTitle></a> group details changed: <br /> <ActionName> </p> \r\n<hr>\r\n<p>Cancel this subscription: <a href=\"<UnsubscribeLink>\"><UnsubscribeLink></a></p>\r\n\r\n<bx_include_auto:_email_footer.html />','Subscription: group changes',0),(59,'t_UserMemChanged','Member Membership Changed','<bx_include_auto:_email_header.html />\r\n\r\n<p><RealName>\'s membership level was changed to: <b><MembershipLevel></b></p>\r\n\r\n\r\n<bx_include_auto:_email_footer.html />','Admin notification about membership change',0),(60,'t_UserUnregistered','Member Unregistered','<bx_include_auto:_email_header.html />\r\n\r\n<p>User: <NickName></p> \r\n<p>Email: <Email></p> \r\n<p>was unregistered.</p> \r\n\r\n<bx_include_auto:_email_footer.html />','Admin notification about unregistered member',0),(65,'modzzz_articles_sbs','Article was changed','<bx_include_auto:_email_header.html />\r\n\r\n <p>Hello <NickName>,</p> <p><a href=\"<ViewLink>\"><EntryTitle></a> article was changed: <br /> <ActionName> </p> <p>You may cancel the subscription by clicking the following link: <a href=\"<UnsubscribeLink>\"><UnsubscribeLink></a></p> <p>--</p> <bx_include_auto:_email_footer.html />','Article subscription template',0);

--
-- Table structure for table `sys_fave_list`
--

CREATE TABLE `sys_fave_list` (
  `ID` int(10) unsigned NOT NULL DEFAULT '0',
  `Profile` int(10) unsigned NOT NULL DEFAULT '0',
  `When` timestamp NOT NULL DEFAULT CURRENT_TIMESTAMP ON UPDATE CURRENT_TIMESTAMP,
  UNIQUE KEY `HotPair` (`ID`,`Profile`),
  KEY `ID` (`ID`),
  KEY `Profile` (`Profile`)
) ENGINE=MyISAM DEFAULT CHARSET=utf8;

--
-- Dumping data for table `sys_fave_list`
--

INSERT INTO `sys_fave_list` VALUES (3,24,'2016-10-31 13:39:49'),(24,27,'2016-11-04 22:01:03');

--
-- Table structure for table `sys_friend_list`
--

CREATE TABLE `sys_friend_list` (
  `ID` int(10) unsigned NOT NULL DEFAULT '0',
  `Profile` int(10) unsigned NOT NULL DEFAULT '0',
  `Check` tinyint(2) NOT NULL DEFAULT '0',
  `When` timestamp NOT NULL DEFAULT CURRENT_TIMESTAMP ON UPDATE CURRENT_TIMESTAMP,
  UNIQUE KEY `FriendPair` (`ID`,`Profile`),
  KEY `Profile` (`Profile`)
) ENGINE=MyISAM DEFAULT CHARSET=utf8;

--
-- Dumping data for table `sys_friend_list`
--

INSERT INTO `sys_friend_list` VALUES (3,23,1,'2019-02-16 18:13:17'),(3,26,0,'2016-10-18 15:11:42'),(3,27,1,'2016-10-31 14:36:53'),(3,24,1,'2019-01-08 19:53:46'),(50,3,1,'2019-01-18 22:36:14'),(57,24,0,'2019-02-16 14:59:20'),(57,45,1,'2019-02-16 16:55:34'),(57,23,1,'2019-02-16 18:13:16'),(57,3,0,'2019-02-16 15:01:29');

--
-- Table structure for table `sys_greetings`
--

CREATE TABLE `sys_greetings` (
  `ID` int(10) unsigned NOT NULL DEFAULT '0',
  `Profile` int(10) unsigned NOT NULL DEFAULT '0',
  `Number` smallint(5) unsigned NOT NULL DEFAULT '0',
  `When` date NOT NULL DEFAULT '0000-00-00',
  `New` enum('0','1') NOT NULL DEFAULT '1',
  PRIMARY KEY (`ID`,`Profile`)
) ENGINE=MyISAM DEFAULT CHARSET=utf8;

--
-- Dumping data for table `sys_greetings`
--

INSERT INTO `sys_greetings` VALUES (24,27,2,'2016-11-04','1');

--
-- Table structure for table `sys_injections`
--

CREATE TABLE `sys_injections` (
  `id` int(11) unsigned NOT NULL AUTO_INCREMENT,
  `name` varchar(128) NOT NULL DEFAULT '',
  `page_index` int(11) NOT NULL DEFAULT '0',
  `key` varchar(128) NOT NULL DEFAULT '',
  `type` enum('text','php') NOT NULL DEFAULT 'text',
  `data` text NOT NULL,
  `replace` tinyint(4) NOT NULL DEFAULT '0',
  `active` tinyint(4) NOT NULL DEFAULT '1',
  PRIMARY KEY (`id`)
) ENGINE=MyISAM AUTO_INCREMENT=20 DEFAULT CHARSET=utf8;

--
-- Dumping data for table `sys_injections`
--

INSERT INTO `sys_injections` VALUES (1,'flash_integration',0,'injection_header','php','return getRayIntegrationJS(true);',0,1),(12,'sys_confirm_popup',0,'injection_footer','php','return $GLOBALS[\'oSysTemplate\']->parseHtmlByName(\'transBoxConfirm.html\', array());',0,1),(4,'banner_bottom',0,'banner_bottom','php','return banner_put_nv(4);',0,1),(5,'banner_right',0,'banner_right','php','return banner_put_nv(3);',0,1),(6,'banner_top',0,'banner_top','php','return banner_put_nv(1);',0,1),(7,'banner_left',0,'banner_left','php','return banner_put_nv(2);',0,1),(9,'bx_simple_messenger_core_init',0,'injection_header','php','return BxDolService::call(\'simple_messenger\', \'get_messenger_core\');',0,1),(10,'bx_logo_tagline',0,'injection_between_logo_top_menu','text','<div>Online Regional Social Network for Single Mothers/Women</div>',0,0),(11,'avatar',5,'injection_logo_after_avatar','php','$aInfo = getProfileInfo();\r\nreturn \'<div class=\"label_thumbnail\">\' . get_member_thumbnail($aInfo[\'ID\'], \"left\", false) . \'</div><div class=\"label_thumb\">\' . _t(\'_Hello member\', $aInfo[\'NickName\']) . \'</div><div class=\"clear_both\"></div>\';',0,1),(13,'sys_prompt_popup',0,'injection_footer','php','return $GLOBALS[\'oSysTemplate\']->parseHtmlByName(\'transBoxPrompt.html\', array());',0,1),(14,'sys_head',0,'injection_head','text','',0,1),(15,'sys_body',0,'injection_footer','text','',0,1);

--
-- Table structure for table `sys_injections_admin`
--

CREATE TABLE `sys_injections_admin` (
  `id` int(11) unsigned NOT NULL AUTO_INCREMENT,
  `name` varchar(128) NOT NULL DEFAULT '',
  `page_index` int(11) NOT NULL DEFAULT '0',
  `key` varchar(128) NOT NULL DEFAULT '',
  `type` enum('text','php') NOT NULL DEFAULT 'text',
  `data` text NOT NULL,
  `replace` tinyint(4) NOT NULL DEFAULT '0',
  `active` tinyint(4) NOT NULL DEFAULT '1',
  PRIMARY KEY (`id`)
) ENGINE=MyISAM AUTO_INCREMENT=5 DEFAULT CHARSET=utf8;

--
-- Dumping data for table `sys_injections_admin`
--

INSERT INTO `sys_injections_admin` VALUES (1,'flash_integration',0,'injection_header','php','return getRayIntegrationJS();',0,1),(2,'lfa',0,'injection_header','php','return lfa();',0,1),(3,'sys_confirm_popup',0,'injection_footer','php','return $GLOBALS[\'oSysTemplate\']->parseHtmlByName(\'transBoxConfirm.html\', array());',0,1),(4,'sys_prompt_popup',0,'injection_footer','php','return $GLOBALS[\'oSysTemplate\']->parseHtmlByName(\'transBoxPrompt.html\', array());',0,1);

--
-- Table structure for table `sys_ip_list`
--

CREATE TABLE `sys_ip_list` (
  `ID` int(11) NOT NULL AUTO_INCREMENT,
  `From` int(10) unsigned NOT NULL,
  `To` int(10) unsigned NOT NULL,
  `Type` enum('allow','deny') NOT NULL DEFAULT 'deny',
  `LastDT` int(11) unsigned NOT NULL,
  `Desc` varchar(128) NOT NULL,
  PRIMARY KEY (`ID`),
  KEY `From` (`From`),
  KEY `To` (`To`)
) ENGINE=MyISAM DEFAULT CHARSET=utf8;

--
-- Dumping data for table `sys_ip_list`
--


--
-- Table structure for table `sys_ip_members_visits`
--

CREATE TABLE `sys_ip_members_visits` (
  `ID` int(11) NOT NULL AUTO_INCREMENT,
  `MemberID` int(10) unsigned NOT NULL,
  `From` int(10) unsigned NOT NULL,
  `DateTime` datetime NOT NULL,
  PRIMARY KEY (`ID`),
  KEY `From` (`From`)
) ENGINE=MyISAM AUTO_INCREMENT=413 DEFAULT CHARSET=utf8;

--
-- Dumping data for table `sys_ip_members_visits`
--

INSERT INTO `sys_ip_members_visits` VALUES (1,1,2903073612,'2015-04-07 14:29:02'),(2,2,2722637885,'2015-04-08 15:18:45'),(3,2,2722637885,'2015-04-08 15:23:40'),(4,2,2722637885,'2015-04-08 15:26:05'),(5,2,2722637885,'2015-04-09 14:38:42'),(6,3,2923395480,'2015-04-10 03:58:19'),(7,2,2722637885,'2015-04-13 16:11:24'),(8,2,404930803,'2015-04-15 14:53:05'),(9,3,2923395480,'2015-04-16 14:24:37'),(10,2,2923395480,'2015-04-16 14:30:46'),(11,3,2923395480,'2015-04-18 04:25:14'),(12,1,2722637885,'2015-05-05 01:20:55'),(13,2,2722637885,'2015-05-05 01:24:26'),(14,2,2722637885,'2015-05-05 01:26:39'),(15,2,3478595606,'2015-05-05 19:49:17'),(16,2,2796403229,'2015-05-11 21:17:09'),(17,2,2722637885,'2015-05-13 13:48:36'),(18,2,2706229665,'2015-05-19 14:27:23'),(19,4,2706229665,'2015-05-21 14:22:49'),(20,5,2706229665,'2015-05-21 15:03:08'),(21,6,2706229665,'2015-05-21 15:47:04'),(22,2,2706229665,'2015-05-26 15:39:12'),(23,2,2706229665,'2015-05-26 16:15:16'),(24,3,2923395480,'2015-06-01 13:59:04'),(25,2,2923395480,'2015-06-01 14:06:02'),(26,7,2923395480,'2015-06-01 14:25:50'),(27,8,1222881933,'2015-06-01 23:04:22'),(28,9,404930803,'2015-06-04 17:44:40'),(29,10,404930803,'2015-06-04 17:47:22'),(30,3,2923395480,'2015-07-03 19:33:50'),(31,2,2923395480,'2015-07-03 19:34:06'),(32,11,2923395480,'2015-07-09 19:24:44'),(33,11,2923395480,'2015-07-09 19:26:16'),(34,3,2923395480,'2015-07-10 13:58:59'),(35,11,1222881933,'2015-07-10 17:17:09'),(36,2,2706229731,'2015-07-27 23:27:49'),(37,3,2923395480,'2015-08-11 15:32:02'),(38,3,2923395480,'2015-08-25 17:30:35'),(39,2,2706229731,'2015-08-27 01:38:45'),(40,2,2706229731,'2015-08-27 02:05:00'),(41,12,2706229731,'2015-08-27 02:07:34'),(42,12,2706229731,'2015-08-27 02:11:07'),(43,12,2923333906,'2015-09-02 02:05:40'),(44,3,2923395480,'2015-09-03 14:45:26'),(45,3,2923395480,'2015-09-03 22:59:27'),(46,3,2923395480,'2015-09-04 15:45:54'),(47,12,2923333906,'2015-09-09 19:52:19'),(48,12,2923333906,'2015-09-09 19:59:37'),(49,3,2923395480,'2015-09-10 00:00:12'),(50,3,2923395480,'2015-09-10 15:52:56'),(51,3,2923395480,'2015-09-10 22:09:35'),(52,3,2923395480,'2015-09-11 16:22:30'),(53,12,2923333906,'2015-09-15 21:05:10'),(54,12,2923333906,'2015-09-15 21:06:44'),(55,3,2923395480,'2015-09-16 19:28:33'),(56,13,2923333906,'2015-09-21 21:26:28'),(57,13,2923333906,'2015-09-21 21:26:56'),(58,13,2923333906,'2015-09-21 21:36:55'),(59,13,2923333906,'2015-09-22 01:20:26'),(60,3,2923395480,'2015-09-22 03:06:58'),(61,13,2923333906,'2015-09-22 16:50:30'),(62,12,1206566245,'2015-09-25 20:02:42'),(63,13,1206566245,'2015-09-25 20:35:52'),(64,12,1206566245,'2015-09-25 20:40:21'),(65,13,1206566245,'2015-09-25 20:41:11'),(66,13,2923333906,'2015-09-28 01:21:46'),(67,13,2923333906,'2015-09-28 01:29:04'),(68,13,2923333906,'2015-09-28 01:31:43'),(69,13,2923333906,'2015-09-28 23:30:20'),(70,3,2923395480,'2015-09-29 01:26:56'),(71,13,2923333906,'2015-09-29 21:12:09'),(72,13,2923333906,'2015-09-29 23:21:30'),(73,11,1165308677,'2015-09-30 17:40:38'),(74,13,2923395480,'2015-10-02 14:11:07'),(75,3,2923395480,'2015-10-02 14:11:53'),(76,14,2923395480,'2015-10-02 14:16:15'),(77,12,2923395480,'2015-10-02 14:16:37'),(78,3,2923395480,'2015-10-02 15:55:52'),(79,12,2923333906,'2015-10-06 02:10:16'),(80,12,1096872948,'2015-10-09 20:56:23'),(81,13,1096872948,'2015-10-09 20:59:45'),(82,12,2923333906,'2015-10-12 18:41:33'),(83,12,2923333906,'2015-10-13 02:20:53'),(84,13,2923333906,'2015-10-21 01:35:15'),(85,3,2923395480,'2015-10-22 19:08:16'),(86,13,2923333906,'2015-10-27 21:15:56'),(87,13,2923333906,'2015-10-30 01:12:09'),(88,13,2923333906,'2015-10-30 02:34:32'),(89,3,2923395480,'2015-11-09 01:41:40'),(90,13,1096872948,'2015-11-25 14:00:34'),(91,3,1096872948,'2015-11-25 14:26:13'),(92,3,1096872948,'2015-11-25 14:32:10'),(93,13,1096872948,'2015-11-25 15:22:40'),(94,13,2923333906,'2015-12-08 17:22:30'),(95,13,2923333906,'2015-12-22 20:17:39'),(96,13,2923333906,'2015-12-22 20:17:54'),(97,13,2923333906,'2015-12-22 20:19:05'),(98,13,2923333906,'2016-01-13 20:17:05'),(99,3,2923395480,'2016-01-15 15:05:47'),(100,13,2923333906,'2016-01-18 15:15:01'),(101,13,2923333906,'2016-01-18 16:14:31'),(102,13,2923333906,'2016-01-18 16:19:13'),(103,13,2923333906,'2016-01-18 15:46:38'),(104,13,2923333906,'2016-01-18 16:05:18'),(105,3,2923395480,'2016-02-04 13:07:15'),(106,12,1096872948,'2016-02-24 12:29:11'),(107,13,2923333906,'2016-02-26 12:55:10'),(108,13,2923333906,'2016-02-26 12:55:28'),(109,15,2923333906,'2016-02-26 13:07:21'),(110,15,2923333906,'2016-02-26 13:10:02'),(111,15,2923333906,'2016-02-26 13:14:49'),(112,15,2923333906,'2016-02-26 13:17:15'),(113,15,2923333906,'2016-02-26 13:24:30'),(114,16,2923333906,'2016-02-26 14:16:17'),(115,16,2923333906,'2016-02-26 14:16:34'),(116,17,2923333906,'2016-02-26 14:43:53'),(117,17,2923333906,'2016-02-26 14:44:00'),(118,17,2923333906,'2016-02-26 15:10:46'),(119,3,2923395480,'2016-02-28 16:28:49'),(120,12,851164926,'2016-03-08 12:31:23'),(121,17,851164926,'2016-03-08 14:13:28'),(122,17,851164926,'2016-03-24 11:09:29'),(123,12,851164926,'2016-03-24 11:13:47'),(124,12,851164926,'2016-04-01 09:19:29'),(125,12,851164926,'2016-04-04 10:52:12'),(126,12,851164926,'2016-04-04 11:50:34'),(127,12,851164926,'2016-04-04 11:52:06'),(128,3,2923395480,'2016-04-05 10:39:30'),(129,12,2923395480,'2016-04-05 10:44:34'),(130,12,851164926,'2016-04-07 10:51:53'),(131,12,851164926,'2016-04-18 13:55:24'),(132,12,851164926,'2016-04-19 13:48:43'),(133,12,851164926,'2016-04-19 14:52:10'),(134,12,851164926,'2016-04-19 15:00:09'),(135,12,851164926,'2016-04-21 11:30:32'),(136,12,851164926,'2016-04-21 11:52:49'),(137,12,851164926,'2016-04-21 13:20:55'),(138,12,851164926,'2016-04-21 13:29:00'),(139,3,2923395480,'2016-05-05 13:11:52'),(140,12,2923395480,'2016-05-05 14:39:28'),(141,12,851164926,'2016-05-13 09:16:25'),(142,12,851164926,'2016-05-13 09:30:46'),(143,12,851164926,'2016-05-13 09:31:07'),(144,12,851164926,'2016-05-16 12:22:49'),(145,12,851164926,'2016-05-16 12:25:17'),(146,12,851164926,'2016-06-01 15:56:55'),(147,12,851164926,'2016-06-01 18:53:15'),(148,12,851164926,'2016-06-01 18:57:39'),(149,12,851164926,'2016-06-01 18:57:50'),(150,3,2923395480,'2016-06-01 22:42:45'),(151,12,851164926,'2016-06-01 22:59:36'),(152,12,851164926,'2016-06-02 09:29:31'),(153,13,851164926,'2016-06-03 13:11:52'),(154,12,851164926,'2016-06-07 11:05:54'),(155,11,1222881933,'2016-06-14 15:21:36'),(156,11,1222881933,'2016-06-14 15:59:38'),(157,3,1222881933,'2016-06-14 16:00:22'),(158,11,1222881933,'2016-06-14 16:07:10'),(159,17,851164926,'2016-06-16 12:30:29'),(160,18,851164926,'2016-06-16 14:18:17'),(161,18,851164926,'2016-06-16 14:19:21'),(162,19,851164926,'2016-06-16 14:47:02'),(163,19,851164926,'2016-06-16 14:47:30'),(164,3,2923395480,'2016-06-18 15:09:19'),(165,19,851164926,'2016-06-28 14:24:41'),(166,3,2923395480,'2016-07-02 06:05:33'),(167,12,851164926,'2016-07-03 09:50:14'),(168,12,851164926,'2016-07-03 12:36:35'),(169,3,2923395480,'2016-07-18 10:45:13'),(170,20,847959309,'2016-07-18 15:32:37'),(171,12,847959309,'2016-07-18 15:38:50'),(172,3,847959309,'2016-07-18 15:38:58'),(173,12,851164926,'2016-07-26 10:56:05'),(174,12,851164926,'2016-07-26 19:51:48'),(175,12,851164926,'2016-07-28 11:27:26'),(176,12,851164926,'2016-07-28 15:19:41'),(177,21,2923395480,'2016-07-29 14:25:16'),(178,21,2923395480,'2016-07-29 14:26:54'),(179,12,851164926,'2016-08-02 11:35:07'),(180,12,851164926,'2016-08-02 12:04:49'),(181,22,851164926,'2016-08-02 12:06:56'),(182,12,851164926,'2016-08-02 13:25:01'),(183,12,851164926,'2016-08-08 12:47:08'),(184,12,851164926,'2016-08-17 11:02:42'),(185,3,2923395480,'2016-08-17 15:47:32'),(186,12,847959309,'2016-09-12 11:17:50'),(187,3,2923395480,'2016-09-14 11:31:10'),(188,12,851164926,'2016-09-19 11:56:58'),(189,3,2923395480,'2016-09-26 16:48:54'),(190,12,851164926,'2016-09-30 16:50:27'),(191,23,1343186466,'2016-10-13 10:56:29'),(192,23,1343186466,'2016-10-13 11:05:14'),(193,24,1229237105,'2016-10-13 15:01:38'),(194,25,408625119,'2016-10-13 17:20:46'),(195,24,1229237105,'2016-10-13 18:01:07'),(196,24,1229237105,'2016-10-14 08:52:33'),(197,26,1677914599,'2016-10-14 12:05:45'),(198,26,1677914599,'2016-10-14 12:06:46'),(199,12,851164926,'2016-10-14 12:27:12'),(200,3,2923395480,'2016-10-14 19:40:26'),(201,27,1092748754,'2016-10-14 20:22:03'),(202,23,1316146488,'2016-10-18 05:51:10'),(203,27,1092748754,'2016-10-27 22:53:32'),(204,27,1092748754,'2016-10-31 10:36:24'),(205,28,135577090,'2016-11-02 14:04:20'),(206,24,1229237105,'2016-11-04 17:57:47'),(207,29,2923395480,'2016-11-15 16:16:42'),(208,3,2923395480,'2016-11-15 16:26:17'),(209,12,851164926,'2016-11-23 17:03:49'),(210,12,851164926,'2016-11-28 10:47:22'),(211,12,851164926,'2016-11-29 13:31:39'),(212,12,851164926,'2016-11-29 13:37:13'),(213,12,851164926,'2016-11-29 13:39:47'),(214,12,851164926,'2016-12-05 13:57:57'),(215,12,851164926,'2016-12-05 14:00:26'),(216,12,851164926,'2016-12-22 09:58:11'),(217,30,851164926,'2016-12-22 11:53:20'),(218,31,851164926,'2016-12-22 12:10:42'),(219,32,851164926,'2016-12-22 12:12:56'),(220,33,851164926,'2016-12-22 12:19:18'),(221,33,851164926,'2016-12-22 12:19:49'),(222,34,851164926,'2016-12-22 12:27:05'),(223,35,851164926,'2016-12-22 12:42:18'),(224,36,851164926,'2016-12-22 12:43:54'),(225,36,851164926,'2016-12-22 13:20:40'),(226,12,851164926,'2016-12-22 14:05:26'),(227,12,851164926,'2017-01-04 10:39:05'),(228,3,2923395480,'2017-01-08 11:43:21'),(229,3,2923395480,'2017-03-10 10:41:54'),(230,3,2923395480,'2017-03-10 10:47:22'),(231,37,2923395480,'2017-03-10 10:56:33'),(232,37,2923395480,'2017-03-10 10:56:56'),(233,37,1222881933,'2017-03-10 10:57:11'),(234,3,2923395480,'2017-05-07 14:02:43'),(235,3,2923395480,'2017-05-07 14:40:44'),(236,12,1240338797,'2017-05-24 14:00:16'),(237,12,1240338797,'2017-05-27 12:28:12'),(238,12,1240338797,'2017-05-27 12:28:25'),(239,12,1240338797,'2017-05-27 12:28:39'),(240,12,1240338797,'2017-05-27 12:56:43'),(241,12,1240338797,'2017-05-27 13:27:54'),(242,12,1240338797,'2017-05-27 13:45:00'),(243,12,1240338797,'2017-05-28 11:11:20'),(244,12,1240338797,'2017-05-30 11:55:44'),(245,12,1240338797,'2017-05-30 12:23:48'),(246,12,1240338797,'2017-05-30 12:31:43'),(247,12,1240338797,'2017-05-30 12:34:07'),(248,12,1240338797,'2017-05-30 18:51:58'),(249,12,1240338797,'2017-05-31 09:51:22'),(250,12,1240338797,'2017-05-31 11:10:05'),(251,12,1240338797,'2017-06-01 14:15:53'),(252,12,1240338797,'2017-06-02 10:15:14'),(253,12,1240338797,'2017-06-02 10:47:45'),(254,3,2923395480,'2017-06-17 16:24:42'),(255,12,1188201694,'2017-07-25 17:40:54'),(256,3,404104552,'2017-07-25 17:52:38'),(257,3,2923395480,'2017-08-20 10:55:47'),(258,12,1240338797,'2017-09-13 11:27:48'),(259,12,1240338797,'2017-09-13 11:28:55'),(260,12,1240338797,'2017-09-13 11:37:59'),(261,12,1240338797,'2017-09-13 12:35:36'),(262,3,1240338797,'2017-10-09 18:58:17'),(263,3,1240338797,'2017-10-09 19:00:04'),(264,3,1240338797,'2017-10-09 19:01:12'),(265,3,1240338797,'2017-10-09 19:03:33'),(266,3,1240338797,'2017-10-09 19:04:37'),(267,3,1240338797,'2017-10-10 09:11:16'),(268,3,2923395480,'2017-10-10 15:22:49'),(269,3,1800265826,'2017-11-02 19:56:24'),(270,3,2923395480,'2017-11-13 14:42:32'),(271,12,404104552,'2017-12-27 12:58:12'),(272,12,2933922944,'2017-12-27 12:58:52'),(273,3,1800266295,'2017-12-27 14:53:24'),(274,3,2923395480,'2017-12-30 09:57:13'),(275,12,404104552,'2017-12-30 16:32:14'),(276,37,404104552,'2017-12-30 16:36:22'),(277,3,2923395480,'2018-01-05 10:34:39'),(278,12,1206625181,'2018-01-17 12:58:09'),(279,37,1206625181,'2018-01-17 12:59:20'),(280,37,2923395480,'2018-01-17 13:35:41'),(281,3,2923395480,'2018-01-17 13:42:00'),(282,3,2923395480,'2018-02-21 11:37:54'),(283,12,1206626112,'2018-04-02 13:18:27'),(284,12,1206626112,'2018-04-02 13:19:32'),(285,12,1206626112,'2018-04-02 13:23:09'),(286,12,1206626112,'2018-04-02 13:31:26'),(287,12,1206626112,'2018-04-02 13:31:49'),(288,12,1206626112,'2018-04-09 13:35:24'),(289,12,1206626112,'2018-04-09 13:57:16'),(290,12,1206626112,'2018-04-09 14:44:52'),(291,12,1206626112,'2018-04-09 15:53:49'),(292,12,1206626112,'2018-04-09 19:17:20'),(293,3,2923395480,'2018-04-12 22:10:40'),(294,3,1800265641,'2018-04-12 22:30:48'),(295,3,1800266198,'2018-05-27 19:45:05'),(296,3,2923395480,'2018-06-07 17:14:19'),(297,37,1396557002,'2018-06-21 08:31:49'),(298,37,1396557002,'2018-06-21 09:11:20'),(299,38,1206626112,'2018-06-25 14:11:15'),(300,38,1206626112,'2018-06-25 14:11:28'),(301,37,1430862140,'2018-07-08 14:24:13'),(302,37,1430862140,'2018-07-08 14:25:48'),(303,37,1430862140,'2018-07-08 14:57:35'),(304,39,1430862140,'2018-07-08 15:10:20'),(305,39,1430862140,'2018-07-08 15:10:40'),(306,40,1678306852,'2018-07-08 15:11:05'),(307,40,1678306852,'2018-07-08 15:11:33'),(308,37,1222881933,'2018-07-10 15:31:18'),(309,3,1800257985,'2018-07-16 14:01:40'),(310,3,1074201241,'2018-07-16 14:56:32'),(311,3,2923395480,'2018-07-18 16:27:40'),(312,3,2923395480,'2018-08-22 21:17:28'),(313,3,1800265567,'2018-09-18 14:23:16'),(314,12,1206626112,'2018-09-18 14:27:11'),(315,3,2923395480,'2018-09-19 11:08:19'),(316,12,1206626112,'2018-10-10 16:06:26'),(317,3,2923395480,'2018-10-18 17:22:11'),(318,3,1800265855,'2018-10-18 18:44:19'),(319,12,1206626112,'2018-10-31 14:45:15'),(320,3,2923395480,'2018-11-04 12:32:16'),(321,12,1206626112,'2019-01-02 11:42:25'),(322,12,1206626112,'2019-01-04 14:36:20'),(323,3,2923395480,'2019-01-05 11:49:54'),(324,12,1206626112,'2019-01-05 12:38:49'),(325,41,1206626112,'2019-01-05 12:46:50'),(326,41,1206626112,'2019-01-05 12:47:12'),(327,12,1206626112,'2019-01-05 13:19:33'),(328,42,1206626112,'2019-01-05 13:24:47'),(329,42,1206626112,'2019-01-05 13:25:24'),(330,39,1222881933,'2019-01-05 13:39:02'),(331,37,1222881933,'2019-01-05 13:47:24'),(332,43,2924694075,'2019-01-05 14:27:45'),(333,43,2924694075,'2019-01-05 14:29:12'),(334,12,1206626112,'2019-01-05 14:57:40'),(335,12,1206626112,'2019-01-05 14:58:31'),(336,3,1206626112,'2019-01-05 15:00:01'),(337,42,1206626112,'2019-01-05 15:02:48'),(338,3,2923395480,'2019-01-05 15:15:01'),(339,12,1206626112,'2019-01-05 15:24:39'),(340,3,2923395480,'2019-01-05 15:59:17'),(341,3,2923395480,'2019-01-05 16:06:33'),(342,44,1230601281,'2019-01-05 22:13:57'),(343,45,2808220213,'2019-01-05 22:43:46'),(344,45,2808220213,'2019-01-05 22:45:05'),(345,43,2924694075,'2019-01-05 23:54:31'),(346,46,415373043,'2019-01-07 06:19:40'),(347,46,415373043,'2019-01-07 06:47:20'),(348,12,1206626112,'2019-01-07 13:11:07'),(349,3,2923395480,'2019-01-07 20:52:32'),(350,3,2923395480,'2019-01-07 20:53:00'),(351,3,2923395480,'2019-01-07 20:54:25'),(352,3,2923395480,'2019-01-07 20:55:30'),(353,12,1206626112,'2019-01-07 21:00:13'),(354,12,1206626112,'2019-01-07 21:00:42'),(355,12,1206626112,'2019-01-07 21:02:18'),(356,12,1206626112,'2019-01-07 21:08:39'),(357,12,1206626112,'2019-01-07 21:08:48'),(358,12,1206626112,'2019-01-07 21:25:03'),(359,12,1206626112,'2019-01-07 21:29:04'),(360,12,1206626112,'2019-01-07 21:29:10'),(361,12,1206626112,'2019-01-07 21:29:16'),(362,47,1203824999,'2019-01-08 10:31:27'),(363,12,1206626112,'2019-01-08 11:26:57'),(364,12,1206626112,'2019-01-08 11:27:13'),(365,12,1206626112,'2019-01-08 11:27:22'),(366,24,1229237105,'2019-01-08 14:52:16'),(367,48,3635313828,'2019-01-08 17:02:17'),(368,48,3635313828,'2019-01-08 17:03:54'),(369,49,1834739914,'2019-01-10 06:36:52'),(370,12,1206626112,'2019-01-10 13:06:31'),(371,12,1206626112,'2019-01-10 15:42:09'),(372,12,1206626112,'2019-01-17 09:49:16'),(373,3,2923395480,'2019-01-17 11:18:35'),(374,12,1206626112,'2019-01-17 13:03:41'),(375,3,2923395480,'2019-01-17 13:12:16'),(376,50,1153103000,'2019-01-18 11:31:41'),(377,50,1153103000,'2019-01-18 11:33:27'),(378,51,1230621175,'2019-01-18 21:57:48'),(379,3,2923395480,'2019-01-27 16:08:32'),(380,37,1222881933,'2019-01-31 13:21:34'),(381,52,1096855008,'2019-02-03 17:24:30'),(382,53,1096855008,'2019-02-03 17:27:22'),(383,53,1096855008,'2019-02-03 17:27:46'),(384,46,2932279996,'2019-02-07 20:51:05'),(385,3,2923395480,'2019-02-08 09:09:58'),(386,3,855109973,'2019-02-08 10:00:06'),(387,54,855109973,'2019-02-08 10:10:19'),(388,3,855109973,'2019-02-08 10:11:33'),(389,3,1800265942,'2019-02-08 10:50:45'),(390,3,855605729,'2019-02-08 13:01:10'),(391,55,1170987434,'2019-02-11 10:22:13'),(392,55,1170987434,'2019-02-11 10:30:16'),(393,12,1206626112,'2019-02-11 10:56:41'),(394,12,1206626112,'2019-02-14 14:38:39'),(395,56,1206626112,'2019-02-14 14:48:35'),(396,56,1206626112,'2019-02-14 14:49:21'),(397,56,294874357,'2019-02-14 15:03:23'),(398,56,298322732,'2019-02-14 21:52:38'),(399,12,1206626112,'2019-02-15 12:08:56'),(400,57,1206563701,'2019-02-16 09:32:18'),(401,57,1206563701,'2019-02-16 09:54:14'),(402,45,404886946,'2019-02-16 11:54:40'),(403,23,1113029908,'2019-02-16 13:12:26'),(404,56,298322732,'2019-02-19 19:56:52'),(405,56,299790441,'2019-03-02 19:59:51'),(406,43,2924694075,'2019-03-05 16:47:45'),(407,58,1225000661,'2019-03-08 11:54:47'),(408,58,1225000661,'2019-03-08 11:59:09'),(409,3,1800257679,'2019-03-08 12:08:58'),(410,59,1227251734,'2019-03-10 17:50:21'),(411,3,1800257922,'2019-03-14 18:43:44'),(412,12,1206626112,'2019-04-02 14:24:43');

--
-- Table structure for table `sys_localization_categories`
--

CREATE TABLE `sys_localization_categories` (
  `ID` int(6) unsigned NOT NULL AUTO_INCREMENT,
  `Name` varchar(255) NOT NULL DEFAULT '',
  PRIMARY KEY (`ID`),
  UNIQUE KEY `Name` (`Name`)
) ENGINE=MyISAM AUTO_INCREMENT=44 DEFAULT CHARSET=utf8;

--
-- Dumping data for table `sys_localization_categories`
--

INSERT INTO `sys_localization_categories` VALUES (1,'System'),(2,'ZIP Code Search'),(26,'Boonex Site Search'),(6,'Boonex Events'),(27,'World Map'),(8,'Boonex Timeline'),(9,'Boonex Photos'),(10,'Boonex Feedback'),(11,'Boonex News'),(12,'Boonex Page Access Control'),(14,'Simple messenger'),(40,'Boonex Ads'),(18,'BoonEx Forum'),(19,'Boonex Avatars'),(24,'Boonex Groups'),(29,'AQB Advanced Search Form'),(35,'Articles'),(41,'Boonex Profiler'),(42,'Modzzz Manager');

--
-- Table structure for table `sys_localization_keys`
--

CREATE TABLE `sys_localization_keys` (
  `ID` int(10) unsigned NOT NULL AUTO_INCREMENT,
  `IDCategory` int(6) unsigned NOT NULL DEFAULT '0',
  `Key` varchar(255) CHARACTER SET utf8 COLLATE utf8_bin NOT NULL DEFAULT '',
  PRIMARY KEY (`ID`),
  UNIQUE KEY `Key` (`Key`)
) ENGINE=MyISAM AUTO_INCREMENT=5300 DEFAULT CHARSET=utf8;

--
-- Dumping data for table `sys_localization_keys`
--

INSERT INTO `sys_localization_keys` VALUES (1,1,'_ABOUT_US'),(2,1,'_ABOUT_US_H'),(3,1,'_ACTION_EVERY_PERIOD'),(4,1,'_ACTION_LIMIT_REACHED'),(5,1,'_ACTION_NOT_ACTIVE'),(6,1,'_ACTION_NOT_ALLOWED'),(7,1,'_ACTION_NOT_ALLOWED_AFTER'),(8,1,'_ACTION_NOT_ALLOWED_BEFORE'),(9,1,'_ACTIVATION_EMAIL_H'),(10,1,'_ACTIVATION_EMAIL_H1'),(11,1,'_ADM_PROFILE_SEND_MSG'),(12,1,'_ADVICE'),(13,1,'_ADVICE_H'),(14,1,'_ADVICE_H1'),(15,1,'_ALREADY_ACTIVATED'),(16,1,'_ATT_ACTIVE'),(17,1,'_ATT_ACTIVE_E'),(18,1,'_ATT_APPROVAL'),(19,1,'_ATT_APPROVAL_E'),(20,1,'_ATT_REJECTED'),(21,1,'_ATT_REJECTED_E'),(22,1,'_ATT_SUSPENDED'),(23,1,'_ATT_SUSPENDED_E'),(24,1,'_ATT_UNCONFIRMED'),(25,1,'_ATT_UNCONFIRMED_E'),(26,1,'_About'),(27,1,'_About Us'),(28,1,'_Access denied'),(29,1,'_Account'),(30,1,'_Account Home'),(31,1,'_Account Info'),(32,1,'_Action'),(33,1,'_Actions'),(34,1,'_Activate account'),(35,1,'_Active'),(36,1,'_Activity'),(37,1,'_Add Category'),(38,1,'_Add Post'),(39,1,'_Add Your Comment'),(40,1,'_Added'),(41,1,'_Added by'),(42,1,'_Additional information'),(43,1,'_Admin'),(44,1,'_Admin Panel'),(45,1,'_Advice'),(46,1,'_All'),(47,1,'_All Members'),(48,1,'_Allowed Since'),(49,1,'_Allowed Until'),(50,1,'_Allowed actions'),(51,1,'_Anonymous'),(52,1,'_Any'),(53,1,'_Approve'),(54,1,'_April'),(55,1,'_Archive'),(3438,1,'_adm_dblinks_manage_members'),(57,1,'_August'),(58,1,'_Auth type'),(59,1,'_Author'),(60,1,'_Away'),(61,1,'_Back'),(62,1,'_Back Invite'),(63,1,'_Basic'),(64,1,'_Befriend'),(65,1,'_Birthdays'),(66,1,'_Block'),(67,1,'_Block list'),(68,1,'_Bookmark'),(69,1,'_BoonEx News'),(70,1,'_Bottom'),(71,1,'_Browse'),(72,1,'_Browse Profiles'),(73,1,'_Busy'),(74,1,'_By'),(75,1,'_By Age'),(76,1,'_By Country'),(77,1,'_By Female'),(78,1,'_By Male'),(79,1,'_By Sex'),(80,1,'_CHANGE_STATUS_H'),(81,1,'_CHANGE_STATUS_H1'),(82,1,'_COMPOSE_H'),(83,1,'_COMPOSE_H1'),(84,1,'_CONTACT'),(85,1,'_CONTACT_H'),(86,1,'_CONTACT_H1'),(87,1,'_Can not delete comments with replies'),(88,1,'_Cancel'),(89,1,'_Cancel_Uploads'),(90,1,'_Captcha check failed'),(91,1,'_Caption'),(92,1,'_Categories'),(93,1,'_CategoriesSettings'),(94,1,'_Category'),(95,1,'_Chat'),(96,1,'_Choose'),(97,1,'_City'),(98,1,'_Click here'),(99,1,'_Click to sort'),(100,1,'_Close'),(101,1,'_Comment Negative'),(102,1,'_Comment Neutral'),(103,1,'_Comment Positive'),(104,1,'_Comments'),(105,1,'_Compose'),(106,1,'_Compose new letter'),(107,1,'_Confirm password'),(108,1,'_Confirm password descr'),(109,1,'_Confirmation code'),(110,1,'_Contact'),(111,1,'_Contact information not sent'),(112,1,'_Contact information sent'),(113,1,'_Contacted'),(114,1,'_Content'),(115,1,'_Continue'),(116,1,'_Control Panel'),(117,1,'_Count'),(118,1,'_Counter'),(119,1,'_Country'),(120,1,'_Couple'),(121,1,'_Couple profile not found'),(122,1,'_Customize'),(123,1,'_DELETE_SUCCESS'),(124,1,'_DELETE_TEXT'),(125,1,'_Dashboard'),(126,1,'_Database Error'),(127,1,'_Date'),(128,1,'_De-Feature it'),(129,1,'_December'),(130,1,'_Delete'),(131,1,'_Delete account'),(132,1,'_Delete image'),(133,1,'_Description'),(134,1,'_Disapprove'),(135,1,'_Download'),(136,1,'_Duplicate vote'),(137,1,'_E-mail'),(138,1,'_E-mail or ID'),(139,1,'_EMAIL_CONF_FAILED_EX'),(140,1,'_EMAIL_CONF_NOT_SENT'),(141,1,'_EMAIL_CONF_SENT'),(142,1,'_EMAIL_CONF_SUCCEEDED'),(143,1,'_ENTER_CONF_CODE'),(144,1,'_ERROR_WHILE_PROCESSING'),(145,1,'_EXPLANATION_H'),(146,1,'_Edit'),(147,1,'_Edit Profile'),(148,1,'_EditProfile'),(149,1,'_Edit_profile_and_settings'),(150,1,'_Email'),(151,1,'_Email confirmation'),(152,1,'_Email confirmation Ex'),(153,1,'_Email sent failed'),(154,1,'_Email was successfully sent'),(155,1,'_Embed'),(156,1,'_Empty'),(157,1,'_Enter Captcha'),(158,1,'_Enter email(s)'),(159,1,'_Enter new URL'),(160,1,'_Enter what you see'),(161,1,'_Error'),(162,1,'_Error Occured'),(163,1,'_Error occured'),(164,1,'_Errors in join form'),(165,1,'_Expiration date'),(166,1,'_Extended'),(167,1,'_FAILED_TO_SEND_MESSAGE'),(168,1,'_FAILED_TO_SEND_MESSAGE_BLOCK'),(169,1,'_FAILED_TO_SEND_MESSAGE_MEMBERSHIP_DISALLOW'),(170,1,'_FAILED_TO_SEND_MESSAGE_NOT_ACTIVE'),(171,1,'_FAQ'),(172,1,'_FAQ_H'),(173,1,'_FAQ_H1'),(174,1,'_FAQ_INFO'),(175,1,'_FORGOT'),(176,1,'_FREEMAIL_ALREADY_SENT'),(177,1,'_FREEMAIL_BLOCK'),(178,1,'_FREEMAIL_ERROR'),(179,1,'_FREEMAIL_H'),(180,1,'_FREEMAIL_NOT_ALLOWED'),(181,1,'_FREEMAIL_NOT_KISSED'),(182,1,'_FREEMAIL_SENT'),(183,1,'_Failed to apply changes'),(184,1,'_Fave'),(185,1,'_Remove Fave'),(186,1,'_Faves'),(187,1,'_Feature it'),(188,1,'_Featured'),(189,1,'_February'),(190,1,'_Female'),(191,1,'_FieldCaption_Admin Controls_View'),(192,1,'_FieldCaption_DateReg_View'),(193,1,'_FieldCaption_General Info_View'),(194,1,'_FieldCaption_Misc_View'),(195,1,'_FieldCaption_Sex_Join'),(196,1,'_FieldCaption_Admin Controls_Edit'),(197,1,'_FieldCaption_Admin Controls_Join'),(198,1,'_FieldCaption_Age_View'),(199,1,'_FieldCaption_Captcha_Join'),(200,1,'_FieldCaption_City_Edit'),(201,1,'_FieldCaption_City_Join'),(202,1,'_FieldCaption_City_Search'),(203,1,'_FieldCaption_City_View'),(204,1,'_FieldCaption_Country_Edit'),(205,1,'_FieldCaption_Country_Join'),(206,1,'_FieldCaption_Country_Search'),(207,1,'_FieldCaption_Country_View'),(208,1,'_FieldCaption_Couple_Join'),(209,1,'_FieldCaption_Couple_Search'),(210,1,'_FieldCaption_DateLastEdit_View'),(211,1,'_FieldCaption_DateLastLogin_View'),(212,1,'_FieldCaption_DateOfBirth_Edit'),(213,1,'_FieldCaption_DateOfBirth_Join'),(214,1,'_FieldCaption_DateOfBirth_Search'),(215,1,'_FieldCaption_DateOfBirth_View'),(216,1,'_FieldCaption_DescriptionMe_Edit'),(217,1,'_FieldCaption_DescriptionMe_Join'),(218,1,'_FieldCaption_DescriptionMe_View'),(219,1,'_FieldCaption_Description_Join'),(220,1,'_FieldCaption_Description_View'),(221,1,'_FieldCaption_Education_Edit'),(222,1,'_FieldCaption_Education_View'),(223,1,'_FieldCaption_EmailNotify_Edit'),(224,1,'_FieldCaption_EmailNotify_Join'),(225,1,'_FieldCaption_Email_Edit'),(226,1,'_FieldCaption_Email_Join'),(227,1,'_FieldCaption_Email_View'),(228,1,'_FieldCaption_Ethnicity_Edit'),(229,1,'_FieldCaption_Ethnicity_View'),(230,1,'_FieldCaption_FavoriteBooks_Edit'),(231,1,'_FieldCaption_FavoriteBooks_View'),(232,1,'_FieldCaption_FavoriteFilms_Edit'),(233,1,'_FieldCaption_FavoriteFilms_View'),(234,1,'_FieldCaption_FavoriteMusic_Edit'),(235,1,'_FieldCaption_FavoriteMusic_View'),(236,1,'_FieldCaption_FavoriteSites_Edit'),(237,1,'_FieldCaption_FavoriteSites_View'),(238,1,'_FieldCaption_Featured_Edit'),(3437,1,'_adm_dblinks_manage_languages'),(3436,1,'_adm_dblinks_host_tools'),(3435,1,'_adm_dblinks_builders'),(242,1,'_FieldCaption_General Info_Edit'),(243,1,'_FieldCaption_General Info_Join'),(244,1,'_FieldCaption_General Info_Search'),(245,1,'_FieldCaption_Headline_Edit'),(246,1,'_FieldCaption_Headline_Join'),(247,1,'_FieldCaption_Headline_View'),(248,1,'_FieldCaption_Height_Edit'),(249,1,'_FieldCaption_Height_View'),(250,1,'_FieldCaption_Hobbies_Edit'),(251,1,'_FieldCaption_Hobbies_View'),(252,1,'_FieldCaption_ID_Search'),(253,1,'_FieldCaption_ID_View'),(254,1,'_FieldCaption_Income_Edit'),(255,1,'_FieldCaption_Income_View'),(256,1,'_FieldCaption_Interests_Edit'),(257,1,'_FieldCaption_Interests_View'),(258,1,'_FieldCaption_Keyword_Search'),(3434,1,'_adm_dblinks_backup'),(3433,1,'_adm_dblinks_antispam'),(3432,1,'_adm_box_cpt_links'),(262,1,'_FieldCaption_Location_Search'),(263,1,'_FieldCaption_LookingFor_Edit'),(264,1,'_FieldCaption_LookingFor_Join'),(265,1,'_FieldCaption_LookingFor_Search'),(266,1,'_FieldCaption_LookingFor_View'),(267,1,'_FieldCaption_Membership_Edit'),(268,1,'_FieldCaption_Misc Info_Edit'),(269,1,'_FieldCaption_Misc Info_Join'),(270,1,'_FieldCaption_Misc Info_Search'),(271,1,'_FieldCaption_Misc Info_View'),(272,1,'_FieldCaption_NickName_Edit'),(273,1,'_FieldCaption_NickName_Join'),(274,1,'_FieldCaption_NickName_Search'),(275,1,'_FieldCaption_NickName_View'),(276,1,'_FieldCaption_Occupation_Edit'),(277,1,'_FieldCaption_Occupation_View'),(278,1,'_FieldCaption_Password_Edit'),(279,1,'_FieldCaption_Password_Join'),(280,1,'_FieldCaption_Profile Type_Join'),(281,1,'_FieldCaption_ProfilePhoto_Join'),(282,1,'_FieldCaption_RelationshipStatus_Edit'),(283,1,'_FieldCaption_RelationshipStatus_View'),(284,1,'_FieldCaption_Religion_Edit'),(285,1,'_FieldCaption_Religion_View'),(286,1,'_FieldCaption_Religious_Edit'),(3431,1,'_add_other'),(288,1,'_FieldCaption_Sex_Edit'),(289,1,'_FieldCaption_Sex_Search'),(290,1,'_FieldCaption_Sex_View'),(291,1,'_FieldCaption_Status_Edit'),(292,1,'_FieldCaption_Status_View'),(293,1,'_FieldCaption_Tags_Join'),(294,1,'_FieldCaption_Tags_Search'),(295,1,'_FieldCaption_Tags_View'),(296,1,'_FieldCaption_TermsOfUse_Join'),(297,1,'_FieldCaption_Weight_Edit'),(298,1,'_FieldCaption_Weight_View'),(299,1,'_FieldCaption_allow_view_to_Edit'),(300,1,'_FieldCaption_zip_Edit'),(301,1,'_FieldCaption_zip_Join'),(302,1,'_FieldDesc_Sex_Join'),(303,1,'_FieldDesc_Captcha_Join'),(304,1,'_FieldDesc_City_Join'),(305,1,'_FieldDesc_Country_Join'),(306,1,'_FieldDesc_Couple_Join'),(307,1,'_FieldDesc_DateLastEdit_View'),(308,1,'_FieldDesc_DateLastLogin_View'),(309,1,'_FieldDesc_DateOfBirth_Join'),(310,1,'_FieldDesc_DescriptionMe_Join'),(311,1,'_FieldDesc_Education_Edit'),(312,1,'_FieldDesc_Email_Join'),(313,1,'_FieldDesc_Ethnicity_Edit'),(314,1,'_FieldDesc_FavoriteBooks_Edit'),(315,1,'_FieldDesc_FavoriteFilms_Edit'),(316,1,'_FieldDesc_FavoriteMusic_Edit'),(317,1,'_FieldDesc_FavoriteSites_Edit'),(318,1,'_FieldDesc_Featured_Edit'),(3430,1,'_Selectively'),(320,1,'_FieldDesc_Headline_Join'),(321,1,'_FieldDesc_Height_Edit'),(322,1,'_FieldDesc_Hobbies_Edit'),(323,1,'_FieldDesc_ID_View'),(324,1,'_FieldDesc_Income_Edit'),(325,1,'_FieldDesc_Interests_Edit'),(3429,1,'_Previous_item'),(327,1,'_FieldDesc_LookingFor_Join'),(328,1,'_FieldDesc_Membership_Edit'),(329,1,'_FieldDesc_NickName_Join'),(330,1,'_FieldDesc_Occupation_Edit'),(331,1,'_FieldDesc_Password_Edit'),(332,1,'_FieldDesc_Password_Join'),(333,1,'_FieldDesc_RelationshipStatus_Edit'),(334,1,'_FieldDesc_Religion_Edit'),(335,1,'_FieldDesc_Religious_Edit'),(336,1,'_FieldDesc_Status_Edit'),(337,1,'_FieldDesc_Tags_Join'),(338,1,'_FieldDesc_Weight_Edit'),(339,1,'_FieldDesc_zip_Edit'),(340,1,'_FieldDesc_zip_Join'),(341,1,'_FieldError_City_Mandatory'),(342,1,'_FieldError_City_Max'),(343,1,'_FieldError_City_Min'),(344,1,'_FieldError_Country_Mandatory'),(345,1,'_FieldError_DateOfBirth_Mandatory'),(346,1,'_FieldError_DateOfBirth_Max'),(347,1,'_FieldError_DateOfBirth_Min'),(348,1,'_FieldError_DescriptionMe_Mandatory'),(349,1,'_FieldError_DescriptionMe_Min'),(350,1,'_FieldError_Email_Check'),(351,1,'_FieldError_Email_Mandatory'),(352,1,'_FieldError_Email_Min'),(353,1,'_FieldError_Email_Unique'),(3428,1,'_Open'),(3427,1,'_Next_item'),(3426,1,'_Member_Login'),(357,1,'_FieldError_Headline_Mandatory'),(358,1,'_FieldError_Headline_Max'),(359,1,'_FieldError_Headline_Min'),(3425,1,'_MEMBERSHIP_EXPIRES'),(3424,1,'_LookinIntersex'),(3423,1,'_Join_now'),(363,1,'_FieldError_NickName_Check'),(364,1,'_FieldError_NickName_Mandatory'),(365,1,'_FieldError_NickName_Max'),(366,1,'_FieldError_NickName_Min'),(367,1,'_FieldError_NickName_Unique'),(368,1,'_FieldError_Password_Mandatory'),(369,1,'_FieldError_Password_Max'),(370,1,'_FieldError_Password_Min'),(371,1,'_FieldError_Sex_Mandatory'),(372,1,'_FieldError_zip_Mandatory'),(373,1,'_FieldError_zip_Max'),(374,1,'_FieldError_zip_Min'),(375,1,'_FieldValues_Active'),(376,1,'_FieldValues_Approval'),(377,1,'_FieldValues_Engaged'),(378,1,'_FieldValues_In a Relationship'),(379,1,'_FieldValues_In an Open Relationship'),(380,1,'_FieldValues_It\'s Complicated'),(381,1,'_FieldValues_Married'),(382,1,'_FieldValues_Rejected'),(383,1,'_FieldValues_Single'),(384,1,'_FieldValues_Suspended'),(385,1,'_FieldValues_Unconfirmed'),(386,1,'_File info was sent'),(387,1,'_First'),(388,1,'_First Person'),(389,1,'_First page'),(390,1,'_First value must be bigger'),(391,1,'_Forgot password?'),(392,1,'_Friend Requests'),(393,1,'_Friend email'),(394,1,'_Friend list'),(395,1,'_Friend was removed'),(396,1,'_FriendRequest'),(397,1,'_Friends'),(398,1,'_Friends of'),(399,1,'_From'),(400,1,'_Get E-mail'),(401,1,'_Go admin panel'),(402,1,'_Greet'),(403,1,'_Greetings'),(404,1,'_Guest'),(405,1,'_HELP'),(406,1,'_HELP_H'),(407,1,'_HELP_H1'),(408,1,'_HTML Block'),(409,1,'_Header'),(410,1,'_Hello member'),(411,1,'_Hide'),(412,1,'_Hide N replies'),(413,1,'_Home'),(414,1,'_I am'),(415,1,'_ID'),(416,1,'_INVALID_PASSWD'),(417,1,'_INVALID_ROLE'),(418,1,'_In'),(419,1,'_Inbox'),(420,1,'_Incorrect Captcha'),(421,1,'_Incorrect Email'),(422,1,'_Info'),(423,1,'_Invite a friend'),(424,1,'_January'),(425,1,'_JOIN_H'),(426,1,'_Join'),(427,1,'_Join complete'),(428,1,'_Join failed'),(3422,1,'_Intersex'),(430,1,'_July'),(431,1,'_June'),(432,1,'_Keyword'),(433,1,'_Keyword_Search'),(434,1,'_LOGIN_OBSOLETE'),(435,1,'_LOGIN_REQUIRED_AE1'),(436,1,'_LOGIN_REQUIRED_AE2'),(437,1,'_Language'),(438,1,'_Last'),(439,1,'_Last login'),(440,1,'_Last page'),(441,1,'_Latest'),(442,1,'_Latest activity'),(443,1,'_Location'),(444,1,'_Log In'),(445,1,'_Log Out'),(446,1,'_Login'),(447,1,'_LookinFemale'),(448,1,'_LookinMale'),(3421,1,'_FieldError_FullName_Min'),(450,1,'_MEMBERSHIP_EXPIRES_NEVER'),(452,1,'_MEMBERSHIP_UPGRADE_FROM_STANDARD'),(453,1,'_MEMBERS_INVITE_YOU_FRIENDLIST'),(454,1,'_MEMBERS_YOU_BLOCKLISTED'),(455,1,'_MEMBERS_YOU_BLOCKLISTED_BY'),(456,1,'_MEMBERS_YOU_HOTLISTED'),(457,1,'_MEMBERS_YOU_HOTLISTED_BY'),(458,1,'_MEMBERS_YOU_INVITED_FRIENDLIST'),(459,1,'_MEMBERS_YOU_KISSED'),(460,1,'_MEMBERS_YOU_KISSED_BY'),(461,1,'_MEMBER_NOT_RECOGNIZED'),(462,1,'_MEMBER_RECOGNIZED_MAIL_NOT_SENT'),(463,1,'_MEMBER_RECOGNIZED_MAIL_SENT'),(464,1,'_MESSAGE_SENT'),(465,1,'_Mail'),(466,1,'_Mail box'),(467,1,'_Mailbox'),(468,1,'_Mailbox description empty'),(469,1,'_Mailbox recipient empty'),(470,1,'_Mailbox title empty'),(471,1,'_Main'),(472,1,'_Male'),(473,1,'_Map'),(474,1,'_March'),(475,1,'_Mark as New'),(476,1,'_Mark as old'),(477,1,'_Match'),(478,1,'_May'),(479,1,'_Member'),(480,1,'_Member Friends'),(481,1,'_Member Friends Mutual'),(482,1,'_Member Friends Requests'),(3420,1,'_FieldError_FullName_Max'),(484,1,'_Member Profile'),(485,1,'_Member menu position'),(486,1,'_Members'),(487,1,'_Members_adm_stats'),(488,1,'_Membership2'),(489,1,'_Membership_current'),(490,1,'_Membership_days'),(491,1,'_Membership_days_info'),(492,1,'_Membership_name'),(493,1,'_Membership_name_err_empty'),(494,1,'_Membership_save'),(495,1,'_Membership_save_err_saved'),(496,1,'_Membership_save_msg_saved'),(497,1,'_Membership_starts'),(498,1,'_Message'),(499,1,'_Message text'),(500,1,'_Messages'),(501,1,'_More actions'),(502,1,'_Mutual Friends'),(503,1,'_My Account'),(504,1,'_My Email'),(505,1,'_My Friends'),(506,1,'_My contacts'),(507,1,'_N point'),(508,1,'_N points'),(509,1,'_N times'),(510,1,'_NO_NEED_TO_CONFIRM_EMAIL'),(511,1,'_Name'),(512,1,'_Name is required'),(513,1,'_New Post'),(514,1,'_News'),(515,1,'_Next'),(516,1,'_Next page'),(517,1,'_NickName'),(518,1,'_No'),(519,1,'_No member specified'),(520,1,'_No such comment'),(521,1,'_None'),(522,1,'_Notify by e-mail'),(523,1,'_November'),(524,1,'_Now online'),(525,1,'_OUR_SERV'),(526,1,'_October'),(527,1,'_Offline'),(528,1,'_Online'),(529,1,'_Online Friends'),(530,1,'_Order by'),(531,1,'_Outbox'),(532,1,'_Overview'),(533,1,'_PRIVACY'),(534,1,'_PRIVACY_H'),(535,1,'_PRIVACY_H1'),(536,1,'_PROFILE_CANT_ACTIVATE/SUSPEND'),(537,1,'_PROFILE_CAN_ACTIVATE'),(538,1,'_PROFILE_CAN_SUSPEND'),(539,1,'_PROFILE_CONFIRM'),(540,1,'_PROFILE_ERR'),(541,1,'_PROFILE_NOT_AVAILABLE'),(542,1,'_Page'),(543,1,'_Page URI'),(544,1,'_Page title'),(545,1,'_Password'),(546,1,'_Password confirmation failed'),(547,1,'_Password retrieval'),(548,1,'_People'),(549,1,'_People_Calendar'),(550,1,'_People_Search'),(551,1,'_Period_hours'),(552,1,'_Phone'),(553,1,'_Picture'),(554,1,'_Please Wait'),(555,1,'_Please enter 3-2048 characters'),(556,1,'_Please specify image file'),(557,1,'_Please, select at least one message'),(558,1,'_Please_Select_'),(559,1,'_Popular'),(560,1,'_Post'),(561,1,'_Presence'),(562,1,'_Preview'),(563,1,'_Previous page'),(564,1,'_Privacy'),(565,1,'_Profile'),(566,1,'_Profile NA'),(567,1,'_Profile Not found'),(568,1,'_Profile Not found Ex'),(569,1,'_Profile activation failed'),(570,1,'_Profile info'),(571,1,'_Profile not found'),(572,1,'_Profile not specified'),(573,1,'_Profile status'),(574,1,'_ProfilePhotos'),(575,1,'_Profiles'),(576,1,'_Quick Links'),(577,1,'_Quick Search'),(578,1,'_RECOGNIZED'),(579,1,'_RESULT-1_A'),(580,1,'_RESULT-1_D'),(581,1,'_RESULT-1_H'),(582,1,'_RESULT0'),(583,1,'_RESULT0_H'),(584,1,'_RESULT1000'),(585,1,'_RESULT1_DESC'),(586,1,'_RESULT1_H'),(587,1,'_RESULT1_THANK'),(588,1,'_RESULT2DESC'),(589,1,'_RSS'),(590,1,'_RSS Feed'),(591,1,'_RSS_Feed_Title_Common'),(592,1,'_RSS_Feed_Title_Profile'),(593,1,'_Random'),(594,1,'_Rate'),(595,1,'_Read'),(596,1,'_Read more'),(597,1,'_Recipient'),(598,1,'_Recognized'),(599,1,'_Record Your Comment'),(600,1,'_Refresh'),(601,1,'_Registration'),(602,1,'_Remember password'),(603,1,'_Remove'),(604,1,'_Remove friend'),(605,1,'_Reply'),(606,1,'_Reply as text'),(607,1,'_Reply as video'),(608,1,'_Reply to this comment'),(609,1,'_Report'),(610,1,'_Report Spam'),(611,1,'_Report about spam failed to sent'),(612,1,'_Report about spam was sent'),(613,1,'_Reset'),(614,1,'_Restore'),(615,1,'_Results'),(616,1,'_Results per page'),(617,1,'_Retrieve my information'),(618,1,'_SEARCH_RESULT_H'),(619,1,'_SEND_MESSAGE'),(620,1,'_SEND_MSG_TO'),(621,1,'_SERV_DESC'),(622,1,'_SUBSCRIBE_TEXT'),(623,1,'_Save'),(624,1,'_Save Changes'),(625,1,'_Save profile successful'),(626,1,'_Saved'),(627,1,'_Search'),(628,1,'_Search...'),(629,1,'_Search profiles'),(630,1,'_Search result'),(631,1,'_Search_Home'),(632,1,'_Second Person'),(633,1,'_Section'),(634,1,'_Select'),(635,1,'_Select all'),(636,1,'_Select file'),(637,1,'_Select_all'),(638,1,'_Send'),(639,1,'_Send Letter'),(640,1,'_Send Message'),(641,1,'_Send copy to my personal email'),(642,1,'_Send copy to personal email'),(643,1,'_Send virtual kiss'),(644,1,'_SendLetter'),(645,1,'_Sent'),(646,1,'_Sent you a'),(647,1,'_September'),(648,1,'_Settings'),(649,1,'_Share'),(650,1,'_Show'),(651,1,'_Show N replies'),(652,1,'_Simple'),(653,1,'_Single'),(654,1,'_Site Stats'),(655,1,'_Sorry, your IP been banned'),(656,1,'_Spam report'),(657,1,'_Start date'),(658,1,'_Static'),(659,1,'_Status'),(660,1,'_Status Message'),(661,1,'_SubCategory is required'),(662,1,'_Subject'),(663,1,'_Submit'),(664,1,'_Submit Comment'),(665,1,'_Subscribe'),(666,1,'_Subscribe_block_caption'),(667,1,'_Subscribers'),(668,1,'_Success'),(669,1,'_Suspend account'),(670,1,'_Suspended'),(671,1,'_TELLAFRIEND'),(672,1,'_TELLAFRIEND2'),(673,1,'_TERMS_OF_USE'),(674,1,'_TERMS_OF_USE_H'),(675,1,'_TERMS_OF_USE_H1'),(676,1,'_Tag'),(677,1,'_Tags'),(678,1,'_Tags_desc'),(679,1,'_Tell a friend'),(680,1,'_Template'),(681,1,'_Terms_of_use'),(682,1,'_Text'),(683,1,'_There are no comments yet'),(684,1,'_Thumb Down'),(685,1,'_Thumb Up'),(686,1,'_Times allowed'),(687,1,'_Title'),(688,1,'_To'),(689,1,'_Top'),(690,1,'_Top Rated'),(691,1,'_Trash'),(692,1,'_Type'),(693,1,'_URL'),(694,1,'_USER_ACTIVATION_SUCCEEDED'),(695,1,'_USER_CONF_SUCCEEDED'),(696,1,'_Unconfirmed'),(697,1,'_Unblock'),(698,1,'_Unread'),(699,1,'_Unregister'),(700,1,'_User was added to block list'),(701,1,'_User was added to favourites'),(702,1,'_User was removed from favourites'),(703,1,'_User was added to friend list'),(704,1,'_User was invited to friend list'),(705,1,'_User was removed from block list'),(706,1,'_VIEW_MEMBERSHIP_ACTIONS'),(707,1,'_VKISS_BAD'),(708,1,'_VKISS_BAD_COUSE_A3'),(709,1,'_VKISS_BAD_COUSE_B'),(710,1,'_VKISS_BAD_COUSE_C'),(711,1,'_VKISS_BAD_COUSE_X'),(712,1,'_VKISS_BAD_COUSE_Y'),(713,1,'_VKISS_OK'),(714,1,'_Vacant'),(715,1,'_View'),(716,1,'_View All'),(717,1,'_View friends'),(718,1,'_Views'),(719,1,'_Visitor'),(720,1,'_Why join'),(721,1,'_With photos only'),(722,1,'_With status'),(723,1,'_World_Map'),(724,1,'_XX match'),(725,1,'_YOUR PROFILE_IS_NOT_ACTIVE'),(726,1,'_Yes'),(727,1,'_You are'),(728,1,'_You cannot edit this profile'),(729,1,'_You have blocked by this profile'),(730,1,'_You have to wait for PERIOD minutes before you can write another message!'),(731,1,'_You must agree with terms of use'),(732,1,'_You need to select the mood'),(733,1,'_Your email'),(734,1,'_Your name'),(735,1,'_add'),(736,1,'_adm_admtools_Audit'),(737,1,'_adm_admtools_Bad_files'),(738,1,'_adm_admtools_Current_level'),(739,1,'_adm_admtools_Desired_level'),(740,1,'_adm_admtools_Directories'),(741,1,'_adm_admtools_Elements'),(742,1,'_adm_admtools_Executable'),(743,1,'_adm_admtools_Files'),(744,1,'_adm_admtools_Flash'),(745,1,'_adm_admtools_modules_dirs'),(746,1,'_adm_admtools_modules_files'),(747,1,'_adm_admtools_Non_Executable'),(748,1,'_adm_admtools_Non_Writable'),(749,1,'_adm_admtools_Not_Exists'),(750,1,'_adm_admtools_Only_bad_files'),(751,1,'_adm_admtools_Perm_description'),(752,1,'_adm_admtools_Permissions'),(753,1,'_adm_admtools_Writable'),(754,1,'_adm_admtools_cache_engines'),(755,1,'_adm_admtools_phpinfo'),(756,1,'_adm_admtools_title'),(757,1,'_adm_ambuilder_Big_Icon'),(758,1,'_adm_ambuilder_Check'),(759,1,'_adm_ambuilder_Check_desc'),(760,1,'_adm_ambuilder_Icon'),(761,1,'_adm_ambuilder_Small_Icon'),(762,1,'_adm_ambuilder_title'),(763,1,'_adm_at_title'),(764,1,'_adm_bann_Bottom'),(765,1,'_adm_bann_HShift'),(766,1,'_adm_bann_Insert_as_new'),(767,1,'_adm_bann_Left'),(768,1,'_adm_bann_Position_on_the_page'),(769,1,'_adm_bann_Right'),(770,1,'_adm_bann_Top'),(771,1,'_adm_bann_VShift'),(772,1,'_adm_bann_clicks'),(773,1,'_adm_bann_clicks_chart'),(774,1,'_adm_bann_impressions'),(775,1,'_adm_bann_title'),(776,1,'_adm_bmbuilder_box_title'),(777,1,'_adm_bmbuilder_page_title'),(778,1,'_adm_box_cpt_admin_password'),(779,1,'_adm_box_cpt_available_updates'),(780,1,'_adm_box_cpt_boonex_news'),(781,1,'_adm_box_cpt_charts'),(782,1,'_adm_box_cpt_content'),(783,1,'_adm_box_cpt_design_templates'),(784,1,'_adm_box_cpt_email_templates'),(785,1,'_adm_box_cpt_help'),(786,1,'_adm_box_cpt_fapps'),(787,1,'_adm_box_cpt_featured_modules'),(788,1,'_adm_box_cpt_installed_modules'),(789,1,'_adm_box_cpt_lang_available'),(790,1,'_adm_box_cpt_lang_edit_language'),(791,1,'_adm_box_cpt_lang_files'),(792,1,'_adm_box_cpt_lang_key'),(793,1,'_adm_box_cpt_license'),(794,1,'_adm_box_cpt_logo'),(795,1,'_adm_box_cpt_mlevel_action'),(796,1,'_adm_box_cpt_mlevel_actions'),(797,1,'_adm_box_cpt_mlevel_memberships'),(798,1,'_adm_box_cpt_mlevel_prices'),(799,1,'_adm_box_cpt_mp_controls'),(800,1,'_adm_box_cpt_mp_members'),(801,1,'_adm_box_cpt_not_installed_modules'),(802,1,'_adm_box_cpt_operation_results'),(803,1,'_adm_box_cpt_pvalues_manage'),(804,1,'_adm_box_cpt_settings_advanced'),(805,1,'_adm_box_cpt_settings_main'),(806,1,'_adm_box_cpt_splash'),(807,1,'_adm_box_cpt_upload'),(808,1,'_adm_btn_Column'),(809,1,'_adm_btn_Create_page'),(810,1,'_adm_btn_Go'),(811,1,'_adm_btn_add_column'),(812,1,'_adm_btn_add_page'),(813,1,'_adm_btn_email_save'),(814,1,'_adm_btn_lang_import'),(815,1,'_adm_btn_lang_save'),(816,1,'_adm_btn_login_login'),(817,1,'_adm_btn_mlevels_add'),(818,1,'_adm_btn_mlevels_add_price'),(819,1,'_adm_btn_mlevels_delete'),(820,1,'_adm_btn_mlevels_disable'),(821,1,'_adm_btn_mlevels_enable'),(822,1,'_adm_btn_mlevels_save'),(823,1,'_adm_btn_modules_delete'),(824,1,'_adm_btn_modules_install'),(825,1,'_adm_btn_modules_recompile_languages'),(826,1,'_adm_btn_modules_uninstall'),(827,1,'_adm_btn_modules_update'),(828,1,'_adm_btn_mp_activate'),(829,1,'_adm_btn_mp_ban'),(830,1,'_adm_btn_mp_browse'),(831,1,'_adm_btn_mp_calendar'),(832,1,'_adm_btn_mp_confirm'),(833,1,'_adm_btn_mp_deactivate'),(834,1,'_adm_btn_mp_delete'),(835,1,'_adm_btn_mp_delete_spammer'),(836,1,'_adm_btn_mp_extended'),(837,1,'_adm_btn_mp_geeky'),(838,1,'_adm_btn_mp_qlinks'),(839,1,'_adm_btn_mp_search'),(840,1,'_adm_btn_mp_simple'),(841,1,'_adm_btn_mp_tags'),(842,1,'_adm_btn_mp_unban'),(843,1,'_adm_btn_ms_delete'),(844,1,'_adm_btn_settings_save'),(845,1,'_adm_btn_settings_upload'),(846,1,'_adm_btn_settings_delete'),(847,1,'_adm_charts_date_from'),(848,1,'_adm_charts_date_to'),(849,1,'_adm_charts_select'),(850,1,'_adm_dbtools_Backup_content'),(851,1,'_adm_dbtools_Backup_database'),(852,1,'_adm_dbtools_Backup_structure'),(853,1,'_adm_dbtools_Backup_structure_content'),(854,1,'_adm_dbtools_Backup_table'),(855,1,'_adm_dbtools_Choose_operation'),(856,1,'_adm_dbtools_Choose_operation_and_table'),(857,1,'_adm_dbtools_Data_succefully_restored_from_PC'),(858,1,'_adm_dbtools_Data_succefully_restored_from_dump'),(859,1,'_adm_dbtools_Database_backup_tools'),(860,1,'_adm_dbtools_Database_restore'),(861,1,'_adm_dbtools_Database_restore_from_your_PC'),(862,1,'_adm_dbtools_Delete_dump_from_server'),(863,1,'_adm_dbtools_Dump_file_succefully_deleted'),(864,1,'_adm_dbtools_Please_select_correct_dump_file'),(865,1,'_adm_dbtools_Please_select_dump_file'),(866,1,'_adm_dbtools_Restore_data_from_dump'),(867,1,'_adm_dbtools_Save_to_server'),(868,1,'_adm_dbtools_Save_to_your_PC'),(869,1,'_adm_dbtools_Show_on_the_screen'),(870,1,'_adm_dbtools_Tables_backup_tools'),(871,1,'_adm_dbtools_succ_dumped_into_file'),(872,1,'_adm_dbtools_title'),(873,1,'_adm_dsc_settings_splash_editor'),(874,1,'_adm_fields_admin'),(875,1,'_adm_fields_advanced'),(876,1,'_adm_fields_advanced_search'),(877,1,'_adm_fields_box_cpt_field'),(878,1,'_adm_fields_box_title'),(879,1,'_adm_fields_caption_desc'),(880,1,'_adm_fields_check_error_message'),(881,1,'_adm_fields_check_error_message_desc'),(882,1,'_adm_fields_default_value'),(883,1,'_adm_fields_default_value_desc'),(884,1,'_adm_fields_delete_item_desc'),(885,1,'_adm_fields_description_desc'),(886,1,'_adm_fields_edit_profile'),(887,1,'_adm_fields_error_field_cannot_be_deleted'),(888,1,'_adm_fields_error_field_not_found'),(889,1,'_adm_fields_error_i_dont_know_this_control_type'),(890,1,'_adm_fields_error_i_dont_know_this_type'),(891,1,'_adm_fields_error_name_already_exists'),(892,1,'_adm_fields_error_name_latin'),(893,1,'_adm_fields_error_you_entered_incorrect_link'),(894,1,'_adm_fields_error_you_entered_incorrect_value'),(895,1,'_adm_fields_error_you_must_enter_caption'),(896,1,'_adm_fields_error_you_must_enter_name'),(897,1,'_adm_fields_error_you_must_enter_values'),(898,1,'_adm_fields_general'),(899,1,'_adm_fields_join_form'),(900,1,'_adm_fields_join_page'),(901,1,'_adm_fields_loading'),(902,1,'_adm_fields_mandatory'),(903,1,'_adm_fields_mandatory_desc'),(904,1,'_adm_fields_mandatory_error_message'),(905,1,'_adm_fields_mandatory_error_message_desc'),(906,1,'_adm_fields_match_percent'),(907,1,'_adm_fields_match_percent_desc'),(908,1,'_adm_fields_match_with_field'),(909,1,'_adm_fields_match_with_field_desc'),(910,1,'_adm_fields_matching'),(911,1,'_adm_fields_maximum_exceed_error_message'),(912,1,'_adm_fields_maximum_exceed_error_message_desc'),(913,1,'_adm_fields_maximum_value'),(914,1,'_adm_fields_maximum_value_desc'),(915,1,'_adm_fields_member'),(916,1,'_adm_fields_messages'),(917,1,'_adm_fields_minimum_exceed_error_message'),(918,1,'_adm_fields_minimum_exceed_error_message_desc'),(919,1,'_adm_fields_minimum_value'),(920,1,'_adm_fields_minimum_value_desc'),(921,1,'_adm_fields_multiple_selector_control'),(922,1,'_adm_fields_multiple_selector_control_desc'),(923,1,'_adm_fields_mutual_couple_fields'),(924,1,'_adm_fields_mutual_couple_fields_desc'),(925,1,'_adm_fields_name_desc'),(926,1,'_adm_fields_non_unique_error_message'),(927,1,'_adm_fields_non_unique_error_message_desc'),(928,1,'_adm_fields_owner'),(929,1,'_adm_fields_possible_values'),(930,1,'_adm_fields_possible_values_desc'),(931,1,'_adm_fields_quick_search'),(932,1,'_adm_fields_search_in_fields'),(933,1,'_adm_fields_search_in_fields_desc'),(934,1,'_adm_fields_search_profiles'),(935,1,'_adm_fields_selector_control'),(936,1,'_adm_fields_selector_control_desc'),(937,1,'_adm_fields_simple_search'),(938,1,'_adm_fields_title'),(939,1,'_adm_fields_unique'),(940,1,'_adm_fields_unique_desc'),(941,1,'_adm_fields_used_lang_key'),(942,1,'_adm_fields_used_lang_key_desc'),(943,1,'_adm_fields_view_profile'),(944,1,'_adm_fields_visitor'),(945,1,'_adm_fields_warning_field_not_found'),(946,1,'_adm_fields_warning_item_not_found'),(947,1,'_adm_ipbl_Date_of_finish'),(948,1,'_adm_ipbl_IP_Role'),(949,1,'_adm_ipbl_Stored_members_caption'),(950,1,'_adm_ipbl_manage'),(951,1,'_adm_ipbl_sample'),(952,1,'_adm_ipbl_title'),(953,1,'_adm_ipbl_Type0_desc'),(954,1,'_adm_ipbl_Type1_desc'),(955,1,'_adm_ipbl_Type2_desc'),(956,1,'_adm_license_trial_copy_login_text'),(957,1,'_adm_license_note_permanent'),(958,1,'_adm_license_note_unregistered'),(959,1,'_adm_license_continue'),(960,1,'_adm_license_popup_continue'),(961,1,'_adm_license_popup_license'),(962,1,'_adm_license_popup_note'),(963,1,'_adm_license_popup_or'),(964,1,'_adm_license_popup_register'),(965,1,'_adm_license_register'),(966,1,'_adm_license_register_new'),(967,1,'_adm_license_unregistered'),(968,1,'_adm_license_warning'),(969,1,'_adm_mbuilder_All_Items'),(970,1,'_adm_mbuilder_Could_not_delete_the_item'),(971,1,'_adm_mbuilder_Default_Name'),(972,1,'_adm_mbuilder_Item_ID_not_specified'),(973,1,'_adm_mbuilder_Item_is_non_deletable'),(974,1,'_adm_mbuilder_Item_is_non_editable'),(975,1,'_adm_mbuilder_Item_not_found'),(976,1,'_adm_mbuilder_Language_Key'),(977,1,'_adm_mbuilder_New'),(978,1,'_adm_mbuilder_Quick_Link'),(979,1,'_adm_mbuilder_Same'),(980,1,'_adm_mbuilder_Sorry_could_not_insert_object'),(981,1,'_adm_mbuilder_System_Name'),(982,1,'_adm_mbuilder_Target_Window'),(983,1,'_adm_mbuilder_This_items_are_non_editable'),(984,1,'_adm_mbuilder_Visible_for'),(985,1,'_adm_mbuilder_active_items'),(986,1,'_adm_mbuilder_all_items'),(987,1,'_adm_mbuilder_edit_item'),(988,1,'_adm_mbuilder_icon'),(989,1,'_adm_mbuilder_inactive_items'),(990,1,'_adm_mbuilder_legend'),(991,1,'_adm_mbuilder_legend_custom'),(992,1,'_adm_mbuilder_legend_inact'),(993,1,'_adm_mbuilder_legend_system'),(994,1,'_adm_mbuilder_legend_top'),(995,1,'_adm_mbuilder_script'),(996,1,'_adm_mbuilder_title'),(997,1,'_adm_mbuilder_title_box'),(998,1,'_adm_mmail_Age'),(999,1,'_adm_mmail_All_Messages'),(1000,1,'_adm_mmail_Body'),(1001,1,'_adm_mmail_Cupid_mails_status'),(1002,1,'_adm_mmail_Email_message'),(1003,1,'_adm_mmail_Email_not_added_to_queue_X'),(1004,1,'_adm_mmail_Empty_Queue'),(1005,1,'_adm_mmail_Failed_to_queue_emails_X'),(1006,1,'_adm_mmail_Message_was_deleted'),(1007,1,'_adm_mmail_Message_was_not_deleted'),(1008,1,'_adm_mmail_Queue_empty'),(1009,1,'_adm_mmail_Queue_emptying_failed'),(1010,1,'_adm_mmail_Queue_message'),(1011,1,'_adm_mmail_Queue_status'),(1012,1,'_adm_mmail_Send_to_members'),(1013,1,'_adm_mmail_Send_to_members_info'),(1014,1,'_adm_mmail_Send_to_subscribers'),(1015,1,'_adm_mmail_Text_email_body'),(1016,1,'_adm_mmail_X_emails_was_succ_added_to_queue'),(1017,1,'_adm_mmail_emails'),(1018,1,'_adm_mmail_mails_in_queue'),(1019,1,'_adm_mmail_no_emails_in_queue'),(1020,1,'_adm_mmail_title'),(1021,1,'_adm_mmi_admin_menu'),(1022,1,'_adm_mmi_admin_password'),(1023,1,'_adm_mmi_advanced_settings'),(1024,1,'_adm_mmi_antispam'),(1025,1,'_adm_mmi_banners'),(1026,1,'_adm_mmi_basic_settings'),(1027,1,'_adm_mmi_bottom_menu'),(1028,1,'_adm_mmi_builders'),(1029,1,'_adm_mmi_cache'),(1030,1,'_adm_mmi_categories_settings'),(1031,1,'_adm_mmi_dashboard'),(1032,1,'_adm_mmi_database_backup'),(1033,1,'_adm_mmi_email_templates'),(1034,1,'_adm_mmi_flash_apps'),(1035,1,'_adm_mmi_host_tools'),(1036,1,'_adm_mmi_ip_blacklist'),(1037,1,'_adm_mmi_languages_settings'),(1038,1,'_adm_mmi_license'),(1039,1,'_adm_mmi_manage_modules'),(1040,1,'_adm_mmi_mass_mailer'),(1041,1,'_adm_mmi_member_menu'),(1042,1,'_adm_mmi_membership_levels'),(1043,1,'_adm_mmi_mobile_pages'),(1044,1,'_adm_mmi_modules'),(1045,1,'_adm_mmi_navigation_menu'),(1046,1,'_adm_mmi_pages_blocks'),(1047,1,'_adm_mmi_predefined_values'),(1048,1,'_adm_mmi_profile_fields'),(1049,1,'_adm_mmi_service_menu'),(1050,1,'_adm_mmi_settings'),(1051,1,'_adm_mmi_sitemap'),(1052,1,'_adm_mmi_templates'),(1053,1,'_adm_mmi_tools'),(1054,1,'_adm_mmi_users'),(1055,1,'_adm_mmi_watermark'),(1056,1,'_adm_mobile_builder_cont_active'),(1057,1,'_adm_mobile_builder_cont_inactive'),(1058,1,'_adm_mobile_builder_title'),(1059,1,'_adm_mobile_page_homepage'),(1060,1,'_adm_mobile_page_profile'),(1061,1,'_adm_mobile_page_search'),(1062,1,'_adm_page_cpt_dashboard'),(1063,1,'_adm_page_cpt_email_templates'),(1064,1,'_adm_page_cpt_fapps'),(1065,1,'_adm_page_cpt_lang_file'),(1066,1,'_adm_page_cpt_license'),(1067,1,'_adm_page_cpt_login'),(1068,1,'_adm_page_cpt_manage_members'),(1069,1,'_adm_page_cpt_manage_modules'),(1070,1,'_adm_page_cpt_manage_subscribers'),(1071,1,'_adm_page_cpt_memb_levels'),(1072,1,'_adm_page_cpt_pvalues_manage'),(1073,1,'_adm_page_cpt_settings'),(1074,1,'_adm_page_cpt_settings_advanced'),(1075,1,'_adm_page_cpt_settings_basic'),(1076,1,'_adm_pbuilder_Add_column'),(1077,1,'_adm_pbuilder_Block'),(1079,1,'_adm_pbuilder_Caption_Lang_Key'),(1080,1,'_adm_pbuilder_Column_delete_confirmation'),(1081,1,'_adm_pbuilder_Column_non_enough_width_warn'),(1082,1,'_adm_pbuilder_Create_new_page'),(1083,1,'_adm_pbuilder_HTML_Block'),(3419,1,'_FieldError_FullName_Mandatory'),(1085,1,'_adm_pbuilder_Number_RSS_items'),(1086,1,'_adm_pbuilder_Profile_Fields'),(1087,1,'_adm_pbuilder_RSS_Feed'),(1088,1,'_adm_pbuilder_Reset_page_warning'),(1089,1,'_adm_pbuilder_Special_Block'),(1090,1,'_adm_pbuilder_This_block_has_no_properties'),(1091,1,'_adm_pbuilder_Url_of_RSS_feed'),(1092,1,'_adm_pbuilder_Want_to_delete'),(1093,1,'_adm_pbuilder_XML_Block'),(1094,1,'_adm_pbuilder_XML_path'),(1095,1,'_adm_pbuilder_box_title'),(1096,1,'_adm_pbuilder_title'),(1097,1,'_adm_pbuilder_title_info'),(1098,1,'_adm_pbuilder_uri_info'),(1099,1,'_adm_pvalues_help_value'),(1100,1,'_adm_pvalues_help_lkey'),(1101,1,'_adm_pvalues_help_lkey2'),(1102,1,'_adm_pvalues_help_lkey3'),(1103,1,'_adm_pvalues_help_extra'),(1104,1,'_adm_pvalues_help_extra2'),(1105,1,'_adm_pvalues_help_extra3'),(1106,1,'_adm_pvalues_msg_enter_list_name'),(1107,1,'_adm_pvalues_msg_enter_correct_name'),(1108,1,'_adm_pvalues_txt_select_list'),(1109,1,'_adm_pvalues_txt_move_up'),(1110,1,'_adm_pvalues_txt_move_down'),(1111,1,'_adm_pvalues_txt_create_new'),(1112,1,'_adm_pvalues_txt_add_record'),(1113,1,'_adm_smbuilder_box_title'),(1114,1,'_adm_smbuilder_page_title'),(1115,1,'_adm_tmi_extensions'),(1116,1,'_adm_tmi_home'),(1117,1,'_adm_tmi_info'),(1118,1,'_adm_tmi_logout'),(1119,1,'_adm_txt_cache'),(1120,1,'_adm_txt_clear_cache'),(1121,1,'_adm_txt_dashboard_cache'),(1122,1,'_adm_txt_dashboard_cache_all'),(1123,1,'_adm_txt_dashboard_cache_clean_failed'),(1124,1,'_adm_txt_dashboard_cache_clean_success'),(1125,1,'_adm_txt_dashboard_cache_css'),(1126,1,'_adm_txt_dashboard_cache_db'),(1127,1,'_adm_txt_dashboard_cache_js'),(1128,1,'_adm_txt_dashboard_cache_member_menu'),(1129,1,'_adm_txt_dashboard_cache_pb'),(1130,1,'_adm_txt_dashboard_cache_template'),(1131,1,'_adm_txt_dashboard_cache_users'),(1132,1,'_adm_txt_dashboard_help'),(1133,1,'_adm_txt_dashboard_help_dont_show'),(1134,1,'_adm_txt_dashboard_update_now'),(1135,1,'_adm_txt_dashboard_update_to'),(1136,1,'_adm_txt_default'),(1137,1,'_adm_txt_email_body'),(1138,1,'_adm_txt_email_language'),(1139,1,'_adm_txt_email_list'),(1140,1,'_adm_txt_email_nothing_changed'),(1141,1,'_adm_txt_email_settings'),(1142,1,'_adm_txt_email_subject'),(1143,1,'_adm_txt_email_success_save'),(1144,1,'_adm_txt_get_new_modules'),(1145,1,'_adm_txt_hosting_text'),(1146,1,'_adm_txt_hosting_title'),(1147,1,'_adm_txt_keys_category'),(1148,1,'_adm_txt_keys_name'),(1149,1,'_adm_txt_keys_string_for'),(1150,1,'_adm_txt_langs_add_key'),(1151,1,'_adm_txt_langs_already_exists'),(1152,1,'_adm_txt_langs_cannot_add_string'),(1153,1,'_adm_txt_langs_cannot_compile'),(1154,1,'_adm_txt_langs_cannot_create'),(1155,1,'_adm_txt_langs_cannot_delete'),(1156,1,'_adm_txt_langs_cannot_delete_default'),(1157,1,'_adm_txt_langs_cannot_upload_file'),(1158,1,'_adm_txt_langs_code'),(1159,1,'_adm_txt_langs_compile'),(1160,1,'_adm_txt_langs_copy_from'),(1161,1,'_adm_txt_langs_def_lang'),(1162,1,'_adm_txt_langs_default'),(1163,1,'_adm_txt_langs_delete'),(1164,1,'_adm_txt_langs_edit'),(1165,1,'_adm_txt_langs_empty_name'),(1166,1,'_adm_txt_langs_empty_title'),(1167,1,'_adm_txt_langs_export'),(1168,1,'_adm_txt_langs_file'),(1169,1,'_adm_txt_langs_flag'),(1170,1,'_adm_txt_langs_keys'),(1171,1,'_adm_txt_langs_languages'),(1172,1,'_adm_txt_langs_languages_add'),(1173,1,'_adm_txt_langs_languages_import'),(1174,1,'_adm_txt_langs_settings'),(1175,1,'_adm_txt_langs_success_compile'),(1176,1,'_adm_txt_langs_success_create'),(1177,1,'_adm_txt_langs_success_delete'),(1178,1,'_adm_txt_langs_success_import'),(1179,1,'_adm_txt_langs_success_key_save'),(1180,1,'_adm_txt_langs_success_updated'),(1181,1,'_adm_txt_langs_title'),(1182,1,'_adm_txt_list'),(1183,1,'_adm_txt_login_password'),(1184,1,'_adm_txt_login_username'),(1185,1,'_adm_txt_make_default'),(1186,1,'_adm_txt_manage'),(1187,1,'_adm_txt_mlevels_action_cannot_save'),(1188,1,'_adm_txt_mlevels_action_saved'),(1189,1,'_adm_txt_mlevels_actions'),(1190,1,'_adm_txt_mlevels_actions_avail_desc'),(1191,1,'_adm_txt_mlevels_actions_avail_end'),(1192,1,'_adm_txt_mlevels_actions_avail_start'),(1193,1,'_adm_txt_mlevels_actions_number'),(1194,1,'_adm_txt_mlevels_actions_number_desc'),(1195,1,'_adm_txt_mlevels_actions_reset'),(1196,1,'_adm_txt_mlevels_actions_reset_desc'),(1197,1,'_adm_txt_mlevels_cannot_remove'),(1198,1,'_adm_txt_mlevels_custom'),(1199,1,'_adm_txt_mlevels_description'),(1200,1,'_adm_txt_mlevels_edit'),(1201,1,'_adm_txt_mlevels_icon'),(1202,1,'_adm_txt_mlevels_icon_err'),(1203,1,'_adm_txt_mlevels_is_used'),(1204,1,'_adm_txt_mlevels_levels'),(1205,1,'_adm_txt_mlevels_levels_add'),(1206,1,'_adm_txt_mlevels_name'),(1207,1,'_adm_txt_mlevels_name_err'),(1208,1,'_adm_txt_mlevels_not_found'),(1209,1,'_adm_txt_mlevels_order'),(1210,1,'_adm_txt_mlevels_order_err'),(1211,1,'_adm_txt_mlevels_price'),(1212,1,'_adm_txt_mlevels_price_add_days'),(1213,1,'_adm_txt_mlevels_price_add_price'),(1214,1,'_adm_txt_mlevels_price_exists'),(1215,1,'_adm_txt_mlevels_price_info'),(1216,1,'_adm_txt_mlevels_price_info_lifetime'),(1217,1,'_adm_txt_mlevels_settings'),(1218,1,'_adm_txt_mlevels_system'),(1219,1,'_adm_txt_modules_already_installed'),(1220,1,'_adm_txt_modules_already_uninstalled'),(1221,1,'_adm_txt_modules_cannot_connect_to_ftp'),(1222,1,'_adm_txt_modules_cannot_recompile_lang'),(1223,1,'_adm_txt_modules_cannot_remove_package'),(1224,1,'_adm_txt_modules_cannot_unzip_package'),(1225,1,'_adm_txt_modules_cannot_upload_package'),(1226,1,'_adm_txt_modules_cannot_download_package'),(1227,1,'_adm_txt_modules_cannot_write_package'),(1228,1,'_adm_txt_modules_change_permissions'),(1229,1,'_adm_txt_modules_check_dependencies'),(1230,1,'_adm_txt_modules_check_module_exists'),(1231,1,'_adm_txt_modules_check_module_hash'),(1232,1,'_adm_txt_modules_check_module_version'),(1233,1,'_adm_txt_modules_check_script_version'),(1234,1,'_adm_txt_modules_clear_db_cache'),(1235,1,'_adm_txt_modules_destination_not_valid'),(1236,1,'_adm_txt_modules_executable'),(1237,1,'_adm_txt_modules_execute_sql'),(1238,1,'_adm_txt_modules_ftp_access'),(1239,1,'_adm_txt_modules_ftp_copy_failed'),(1240,1,'_adm_txt_modules_has_dependents'),(1241,1,'_adm_txt_modules_login'),(1242,1,'_adm_txt_modules_module'),(1243,1,'_adm_txt_modules_module_config_not_found'),(1244,1,'_adm_txt_modules_module_not_found'),(1245,1,'_adm_txt_modules_module_was_modified'),(1246,1,'_adm_txt_modules_no_ftp_info'),(1247,1,'_adm_txt_modules_operation_install'),(1248,1,'_adm_txt_modules_operation_recompile'),(1249,1,'_adm_txt_modules_operation_uninstall'),(1250,1,'_adm_txt_modules_operation_update'),(1251,1,'_adm_txt_modules_package_to_upload'),(1252,1,'_adm_txt_modules_params_used'),(1253,1,'_adm_txt_modules_path_to_dolphin'),(1254,1,'_adm_txt_modules_process_action_failed'),(1255,1,'_adm_txt_modules_process_action_success'),(1256,1,'_adm_txt_modules_process_failed'),(1257,1,'_adm_txt_modules_process_operation_failed'),(1258,1,'_adm_txt_modules_process_success'),(1259,1,'_adm_txt_modules_recompile_alerts'),(1260,1,'_adm_txt_modules_recompile_categories'),(1261,1,'_adm_txt_modules_recompile_comments'),(1262,1,'_adm_txt_modules_recompile_global_paramaters'),(1263,1,'_adm_txt_modules_recompile_injections'),(1264,1,'_adm_txt_modules_recompile_main_menu'),(1265,1,'_adm_txt_modules_recompile_member_actions'),(1266,1,'_adm_txt_modules_recompile_member_menu'),(1267,1,'_adm_txt_modules_recompile_page_builder'),(1268,1,'_adm_txt_modules_recompile_permalinks'),(1269,1,'_adm_txt_modules_recompile_profile_fields'),(1270,1,'_adm_txt_modules_recompile_search'),(1271,1,'_adm_txt_modules_recompile_site_stats'),(1272,1,'_adm_txt_modules_recompile_tags'),(1273,1,'_adm_txt_modules_recompile_votes'),(1274,1,'_adm_txt_modules_show_conclusion'),(1275,1,'_adm_txt_modules_show_introduction'),(1276,1,'_adm_txt_modules_success_delete'),(1277,1,'_adm_txt_modules_success_upload'),(1278,1,'_adm_txt_modules_title_module'),(1279,1,'_adm_txt_modules_title_update'),(1280,1,'_adm_txt_modules_update_download_success'),(1281,1,'_adm_txt_modules_update_files'),(1282,1,'_adm_txt_modules_update_languages'),(1283,1,'_adm_txt_modules_update_latest'),(1284,1,'_adm_txt_modules_update_text'),(1285,1,'_adm_txt_modules_update_text_ext'),(1286,1,'_adm_txt_modules_writable'),(1287,1,'_adm_txt_modules_wrong_dependency_uninstall'),(1288,1,'_adm_txt_modules_wrong_dependency_install'),(1289,1,'_adm_txt_modules_wrong_mysql_query'),(1290,1,'_adm_txt_modules_wrong_mysql_query_msg'),(1291,1,'_adm_txt_modules_wrong_package_format'),(3418,1,'_FieldDesc_FullName_Join'),(1293,1,'_adm_txt_modules_wrong_permissions_msg'),(1294,1,'_adm_txt_modules_wrong_version'),(1295,1,'_adm_txt_modules_wrong_version_script'),(1296,1,'_adm_txt_modules_zip_not_available'),(1297,1,'_adm_txt_mp_active'),(1298,1,'_adm_txt_mp_admins'),(1299,1,'_adm_txt_mp_all'),(1300,1,'_adm_txt_mp_approval'),(1301,1,'_adm_txt_mp_banned'),(1302,1,'_adm_txt_mp_couple'),(1303,1,'_adm_txt_mp_featured'),(1304,1,'_adm_txt_mp_female'),(1305,1,'_adm_txt_mp_male'),(1306,1,'_adm_txt_mp_promotion'),(1307,1,'_adm_txt_mp_rejected'),(1308,1,'_adm_txt_mp_single'),(1309,1,'_adm_txt_mp_suspended'),(1310,1,'_adm_txt_mp_unconfirmed'),(1311,1,'_adm_txt_mp_activation_sent'),(1312,1,'_adm_txt_mp_email'),(1313,1,'_adm_txt_mp_filter'),(1314,1,'_adm_txt_mp_last_activity'),(1315,1,'_adm_txt_mp_mlevel'),(1316,1,'_adm_txt_mp_order_by'),(1317,1,'_adm_txt_mp_order_last_activity'),(1318,1,'_adm_txt_mp_order_last_join'),(1319,1,'_adm_txt_mp_order_none'),(1320,1,'_adm_txt_mp_order_user_name'),(1321,1,'_adm_txt_mp_registration'),(1322,1,'_adm_txt_mp_username'),(1323,1,'_adm_txt_pb_active_blocks'),(1324,1,'_adm_txt_pb_inactive_blocks'),(1325,1,'_adm_txt_pb_loading'),(1326,1,'_adm_txt_pb_other_pages_width'),(1327,1,'_adm_txt_pb_page'),(1328,1,'_adm_txt_pb_page_width'),(1329,1,'_adm_txt_pb_samples'),(1330,1,'_adm_txt_pb_select_page'),(1331,1,'_adm_txt_pb_view_page'),(1332,1,'_adm_txt_settings_conf_password'),(1333,1,'_adm_txt_settings_error'),(1334,1,'_adm_txt_settings_file_cannot_move'),(1335,1,'_adm_txt_settings_file_not_image'),(1336,1,'_adm_txt_settings_file_wrong_format'),(1337,1,'_adm_txt_settings_image_cannot_resize'),(1338,1,'_adm_txt_settings_logo_header'),(1339,1,'_adm_txt_settings_logo_upload'),(1340,1,'_adm_txt_settings_logo_wrong_size'),(1341,1,'_adm_txt_settings_new_password'),(1342,1,'_adm_txt_settings_old_password'),(1343,1,'_adm_txt_settings_resize_enable'),(1344,1,'_adm_txt_settings_resize_header'),(1345,1,'_adm_txt_settings_resize_height'),(1346,1,'_adm_txt_settings_resize_width'),(1347,1,'_adm_txt_settings_splash_editor'),(1348,1,'_adm_txt_settings_splash_logged'),(1349,1,'_adm_txt_settings_splash_visibility'),(1350,1,'_adm_txt_settings_splash_visibility_all'),(1351,1,'_adm_txt_settings_splash_visibility_disable'),(1352,1,'_adm_txt_settings_splash_visibility_index'),(1353,1,'_adm_txt_settings_splash_warning'),(1354,1,'_adm_txt_settings_success'),(1355,1,'_adm_txt_settings_wrong_conf_pasword'),(1356,1,'_adm_txt_settings_wrong_new_pasword'),(1357,1,'_adm_txt_settings_wrong_old_pasword'),(1358,1,'_adm_txt_templ_alt_desc'),(1359,1,'_adm_txt_templ_uni_desc'),(1360,1,'_adm_txt_template_preview_na'),(1361,1,'_adm_txt_templates'),(1362,1,'_all'),(1363,1,'_all_tags'),(1364,1,'_allow_view_to'),(1365,1,'_already_in_friend_list'),(1367,1,'_associated_image'),(1368,1,'_bad comment parent id'),(1369,1,'_categ_admin_pending'),(1370,1,'_categ_admin_settings'),(1371,1,'_categ_all'),(1372,1,'_categ_btn_activate'),(1373,1,'_categ_btn_delete'),(1374,1,'_categ_btn_disable'),(1375,1,'_categ_by_day'),(1376,1,'_categ_caption_all'),(1377,1,'_categ_caption_calendar'),(1378,1,'_categ_caption_common'),(1379,1,'_categ_caption_day'),(1380,1,'_categ_caption_founded'),(1381,1,'_categ_caption_keyword'),(1382,1,'_categ_caption_search_form'),(1383,1,'_categ_caption_users'),(1384,1,'_categ_err_keyword'),(1385,1,'_categ_exist_err'),(1386,1,'_categ_form_add'),(1387,1,'_categ_form_field_name_err'),(1388,1,'_categ_form_name'),(1389,1,'_categ_form_type'),(1390,1,'_categ_modules'),(1391,1,'_categ_order_none'),(1392,1,'_categ_order_order_by'),(1393,1,'_categ_order_popular'),(1394,1,'_categ_order_recent'),(1395,1,'_categ_plural'),(1396,1,'_categ_single'),(1397,1,'_categ_users'),(1398,1,'_chars_to_chars'),(1399,1,'_comments'),(1400,1,'_contact_us'),(1401,1,'_copyright'),(1402,1,'_created'),(1403,1,'_days'),(1404,1,'_delete'),(1405,1,'_download'),(1406,1,'_edit_available_for_N_seconds'),(1407,1,'_edit_profile_info'),(1408,1,'_edit_profile_membership'),(1409,1,'_edit_profile_privacy'),(1410,1,'_edit_profile_privacy_save'),(1411,1,'_expand all'),(1412,1,'_failed_to_delete_post'),(1413,1,'_featured members'),(1414,1,'_female'),(1415,1,'_forgot_your_password'),(1416,1,'_from'),(1417,1,'_from zip/postal code'),(1418,1,'_greeting'),(1419,1,'_help'),(1420,1,'_hidden_comment'),(1421,1,'_in_x_days'),(1422,1,'_in_x_hour'),(1423,1,'_in_x_hours'),(3417,1,'_FieldCaption_Tags_Edit'),(1425,1,'_in_x_minutes'),(1426,1,'_item'),(1427,1,'_items'),(1428,1,'_kilometers'),(1429,1,'_letter'),(1430,1,'_living within'),(1431,1,'_loading ...'),(1432,1,'_login_form_description2join'),(1433,1,'_male'),(1434,1,'_media_flash_warning'),(1435,1,'_member_banned'),(1436,1,'_membership'),(1437,1,'_message_subject'),(1438,1,'_miles'),(1439,1,'_mma_comments_edit_own'),(1440,1,'_mma_comments_post'),(1441,1,'_mma_comments_remove_own'),(1442,1,'_mma_comments_vote'),(1443,1,'_mma_get_other_members_emails'),(1444,1,'_mma_send_greetings'),(1445,1,'_mma_send_messages'),(1446,1,'_mma_view_profiles'),(1447,1,'_mma_vote'),(1448,1,'_mmbuilder_box_title'),(1449,1,'_mmbuilder_page_title'),(1450,1,'_month_next'),(1451,1,'_month_next_mini'),(1452,1,'_month_prev'),(1453,1,'_month_prev_mini'),(1454,1,'_more'),(1455,1,'_new'),(1456,1,'_newest first'),(1457,1,'_no limit'),(1458,1,'_not_a_member'),(1459,1,'_of'),(1460,1,'_oldest first'),(1461,1,'_online only'),(1462,1,'_or'),(1463,1,'_pending_friend_request'),(1464,1,'_pending_friend_request_answer'),(1465,1,'_pfm_unlimited'),(1466,1,'_please_fill_next_fields_first'),(1467,1,'_popular_tags'),(1468,1,'_post_successfully_deleted'),(1469,1,'_powered_by_Dolphin'),(1470,1,'_prof_status'),(1471,1,'_profile_comments'),(1472,1,'_profile_info'),(1473,1,'_ps_bcpt_add_members'),(1474,1,'_ps_bcpt_block_privacy'),(1475,1,'_ps_bcpt_create_group'),(1476,1,'_ps_bcpt_default_group'),(1477,1,'_ps_bcpt_default_values'),(1478,1,'_ps_bcpt_delete_members'),(1479,1,'_ps_bcpt_my_groups'),(1480,1,'_ps_btncpt_add'),(1481,1,'_ps_btncpt_create'),(1482,1,'_ps_btncpt_delete'),(1483,1,'_ps_btncpt_save'),(1484,1,'_ps_btncpt_search'),(1485,1,'_ps_cpt_extended'),(1486,1,'_ps_cpt_none'),(1487,1,'_ps_fcpt_extends'),(1488,1,'_ps_fcpt_groups'),(1489,1,'_ps_fcpt_keyword'),(1490,1,'_ps_fcpt_title'),(1491,1,'_ps_ferr_incorrect_length'),(1492,1,'_ps_ferr_incorrect_select'),(1493,1,'_ps_fnote_default_group'),(1494,1,'_ps_group_1_title'),(1495,1,'_ps_group_2_title'),(1496,1,'_ps_group_3_title'),(1497,1,'_ps_group_4_title'),(1498,1,'_ps_group_5_title'),(1499,1,'_ps_group_6_title'),(1500,1,'_ps_group_7_title'),(1501,1,'_ps_lcpt_add'),(1502,1,'_ps_lcpt_delete'),(1503,1,'_ps_pcpt_privacy_settings'),(1504,1,'_ps_tmenu_privacy_settings'),(1505,1,'_ps_view_block'),(1506,1,'_public'),(1507,1,'_rate profile'),(1508,1,'_registration by invitation only'),(1509,1,'_sbd_Android_desc'),(1510,1,'_sbd_Android_title'),(1511,1,'_sbd_iPhone_desc'),(1512,1,'_sbd_iPhone_title'),(1513,1,'_sbs_tmenu_my_subscriptions'),(1514,1,'_sbs_txt_sbs_mass_mailer'),(1515,1,'_sbs_txt_sbs_profile'),(1516,1,'_sbs_txt_sbs_profile_comments'),(1517,1,'_sbs_txt_sbs_profile_edit'),(1518,1,'_sbs_txt_title_profile'),(1519,1,'_sbs_txt_title_system'),(1520,1,'_sbs_wrn_email_notify_disabled'),(1521,1,'_sbs_wrn_unsubscribe'),(1522,1,'_search_tab_Adv'),(1523,1,'_search_tab_quick'),(1524,1,'_search_tab_simple'),(1525,1,'_services'),(1526,1,'_show_replacement'),(1527,1,'_sys_add_content'),(1528,1,'_sys_adm_akismet_key_empty'),(1529,1,'_sys_adm_akismet_key_invalid'),(1530,1,'_sys_adm_akismet_key_valid'),(1531,1,'_sys_adm_available'),(1532,1,'_sys_adm_btn_dnsbl_activate'),(1533,1,'_sys_adm_btn_dnsbl_add'),(1534,1,'_sys_adm_btn_dnsbl_deactivate'),(1535,1,'_sys_adm_btn_dnsbl_delete'),(1536,1,'_sys_adm_btn_dnsbl_help'),(1537,1,'_sys_adm_btn_dnsbl_help_text'),(1538,1,'_sys_adm_btn_dnsbl_log'),(1539,1,'_sys_adm_btn_dnsbl_recheck'),(1540,1,'_sys_adm_btn_dnsbluri_help_text'),(1541,1,'_sys_adm_cache_support'),(1542,1,'_sys_adm_disabled'),(1543,1,'_sys_adm_dnsbl_failed'),(1544,1,'_sys_adm_dnsbl_listed'),(1545,1,'_sys_adm_dnsbl_not_listed'),(1546,1,'_sys_adm_enabled'),(1547,1,'_sys_adm_fld_dnsbl_active'),(1548,1,'_sys_adm_fld_dnsbl_chain'),(1549,1,'_sys_adm_fld_dnsbl_comment'),(1550,1,'_sys_adm_fld_dnsbl_postvresp'),(1551,1,'_sys_adm_fld_dnsbl_recheck'),(1552,1,'_sys_adm_fld_dnsbl_recheck_url'),(1553,1,'_sys_adm_fld_dnsbl_url'),(1554,1,'_sys_adm_fld_dnsbl_zonedomain'),(1555,1,'_sys_adm_fld_dnsbluri_recheck'),(1556,1,'_sys_adm_form_err_required_field'),(1557,1,'_sys_adm_installed'),(1558,1,'_sys_adm_page_cpt_akismet'),(1559,1,'_sys_adm_page_cpt_dnsbl'),(1560,1,'_sys_adm_page_cpt_stopforumspam'),(1561,1,'_sys_adm_page_cpt_uridnsbl'),(1562,1,'_sys_adm_stopforumspam_key_empty'),(1563,1,'_sys_adm_stopforumspam_key_specified'),(1564,1,'_sys_adm_title_akismet_log'),(1565,1,'_sys_adm_title_dnsbl_log'),(1566,1,'_sys_adm_title_dnsbl_recheck'),(1567,1,'_sys_adm_title_dnsbluri_log'),(1568,1,'_sys_adm_title_dnsbluri_recheck'),(1569,1,'_sys_adm_title_stopforumspam_log'),(1570,1,'_sys_admin_apply'),(1571,1,'_sys_admin_filter'),(1572,1,'_sys_album'),(1573,1,'_sys_album_add'),(1574,1,'_sys_album_cancel'),(1575,1,'_sys_album_caption_capt'),(1576,1,'_sys_album_caption_desc'),(1577,1,'_sys_album_caption_loc'),(1578,1,'_sys_album_caption_new'),(1579,1,'_sys_album_create'),(1580,1,'_sys_album_create_new'),(1581,1,'_sys_album_delete'),(1582,1,'_sys_album_edit_info'),(1583,1,'_sys_album_edit_items'),(1584,1,'_sys_album_err_desc'),(1585,1,'_sys_album_move_to_another'),(1586,1,'_sys_album_organize'),(1587,1,'_sys_album_privacy_me_info'),(1588,1,'_sys_album_private'),(1589,1,'_sys_album_save_changes'),(1590,1,'_sys_am_account_profile_page'),(1591,1,'_sys_am_mailbox_compose'),(1592,1,'_sys_am_profile_account_page'),(1593,1,'_sys_am_profile_friend_accept'),(1594,1,'_sys_am_profile_friend_add'),(1595,1,'_sys_am_profile_friend_cancel'),(1596,1,'_sys_am_profile_message'),(1597,1,'_sys_bcpt_member_account_control'),(1598,1,'_sys_bcpt_member_friend_requests'),(1599,1,'_sys_bcpt_member_new_messages'),(1600,1,'_sys_bcpt_my_subscriptions'),(1601,1,'_sys_bcpt_subscribe'),(1602,1,'_sys_block_title_social_sharing'),(1603,1,'_sys_block_title_forum_feed'),(1604,1,'_sys_bm_design'),(1605,1,'_sys_bm_language'),(1606,1,'_sys_bm_popup_cpt_design'),(1607,1,'_sys_bm_popup_cpt_language'),(1608,1,'_sys_box_title_download'),(1609,1,'_sys_box_title_search_keyword'),(1610,1,'_sys_box_title_search_people'),(1611,1,'_sys_btn_fans_add_to_admins'),(1612,1,'_sys_btn_fans_confirm'),(1613,1,'_sys_btn_fans_move_admins_to_fans'),(1614,1,'_sys_btn_fans_reject'),(1615,1,'_sys_btn_fans_remove'),(1616,1,'_sys_btn_sbs_send'),(1617,1,'_sys_btn_sbs_subscribe'),(1618,1,'_sys_btn_sbs_unsubscribe'),(1619,1,'_sys_bx_attr'),(1620,1,'_sys_calendar'),(1621,1,'_sys_city_country_format'),(1622,1,'_sys_cnts_bcpt_connections'),(1623,1,'_sys_cnts_bcpt_fave'),(1624,1,'_sys_cnts_bcpt_fave_remove'),(1625,1,'_sys_cnts_bcpt_friend_requests'),(1626,1,'_sys_cnts_btn_fave'),(1627,1,'_sys_cnts_btn_fr_accept'),(1628,1,'_sys_cnts_btn_fr_reject'),(1629,1,'_sys_cnts_msg_fr_empty'),(1630,1,'_sys_cnts_txt_blocked'),(1631,1,'_sys_cnts_txt_favorites'),(1632,1,'_sys_cnts_txt_frients'),(1633,1,'_sys_cnts_txt_mf_no'),(1634,1,'_sys_cnts_txt_mutual_friends'),(1635,1,'_sys_email_footer_info'),(1636,1,'_sys_err_categories'),(1637,1,'_sys_invitation_step_additional_emails'),(1638,1,'_sys_invitation_step_additional_emails_info'),(1639,1,'_sys_invitation_step_invitation_text'),(1640,1,'_sys_invitation_step_invitation_text_info'),(1641,1,'_sys_invitation_step_select_users'),(1642,1,'_sys_invitation_step_select_users_info'),(1643,1,'_sys_member_info_username'),(3416,1,'_FieldCaption_FullName_View'),(3415,1,'_FieldCaption_FullName_Join'),(3414,1,'_FieldCaption_FullName_Edit'),(1647,1,'_sys_member_info_headline'),(1648,1,'_sys_member_info_status_message'),(1649,1,'_sys_member_info_age_sex'),(1650,1,'_sys_member_info_location'),(1651,1,'_sys_member_thumb_avatar'),(1652,1,'_sys_member_thumb_icon_avatar'),(1653,1,'_sys_mobile_friends'),(1654,1,'_sys_mobile_info'),(1655,1,'_sys_mobile_mail'),(1656,1,'_sys_mobile_profile_contact'),(1657,1,'_sys_mobile_profile_friends'),(1658,1,'_sys_mobile_profile_info'),(1659,1,'_sys_mobile_search'),(1660,1,'_sys_mobile_search_by_keyword'),(1661,1,'_sys_mobile_search_by_location'),(1662,1,'_sys_mobile_status'),(1663,1,'_sys_outdated_browser'),(1664,1,'_sys_outdated_browser_explain'),(1665,1,'_sys_pcpt_my_subscriptions'),(1666,1,'_sys_private'),(1667,1,'_sys_profile'),(1668,1,'_sys_profile_private_text'),(1669,1,'_sys_profile_private_text_title'),(1670,1,'_sys_profiles'),(1671,1,'_sys_profiles_caption_browse_by_day'),(1672,1,'_sys_request_method_not_found_cnt'),(1673,1,'_sys_request_method_not_found_cpt'),(1674,1,'_sys_request_module_not_found_cnt'),(1675,1,'_sys_request_module_not_found_cpt'),(1676,1,'_sys_request_page_not_found_cnt'),(1677,1,'_sys_request_page_not_found_cpt'),(1678,1,'_sys_save_nothing'),(1679,1,'_sys_search_main_title'),(1680,1,'_sys_sitemap'),(1681,1,'_sys_sitemap_desc'),(1682,1,'_sys_sitemap_form_caption'),(1683,1,'_sys_sitemap_form_caption_sitemap_generated'),(1684,1,'_sys_sitemap_list'),(1685,1,'_sys_sitemap_pages'),(1686,1,'_sys_sitemap_profiles'),(1687,1,'_sys_sitemap_profiles_info'),(1688,1,'_sys_sitemap_system'),(1689,1,'_sys_sm_account'),(1690,1,'_sys_sm_join'),(1691,1,'_sys_sm_login'),(1692,1,'_sys_sm_logout'),(1693,1,'_sys_sm_profile'),(1694,1,'_sys_spam_detected'),(1695,1,'_sys_status_default'),(1696,1,'_sys_status_update'),(1697,1,'_sys_sucess_result'),(1698,1,'_sys_tags_note'),(1699,1,'_sys_top_menu_more'),(1700,1,'_sys_txt_ac_manage_subscriptions'),(1701,1,'_sys_txt_btn_loading'),(1702,1,'_sys_txt_captcha_not_available'),(1703,1,'_sys_txt_cmt_loading'),(1704,1,'_sys_txt_cmt_mood_negative'),(1705,1,'_sys_txt_cmt_mood_neutral'),(1706,1,'_sys_txt_cmt_mood_positive'),(1707,1,'_sys_txt_form_toggle_html_editor'),(1708,1,'_sys_txt_sbs_already_subscribed'),(1709,1,'_sys_txt_sbs_already_unsubscribed'),(1710,1,'_sys_txt_sbs_cannot_find_subscription'),(1711,1,'_sys_txt_sbs_cannot_save_visitor'),(1712,1,'_sys_txt_sbs_email'),(1713,1,'_sys_txt_sbs_empty_name_email'),(1714,1,'_sys_txt_sbs_error_occured'),(1715,1,'_sys_txt_sbs_name'),(1716,1,'_sys_txt_sbs_success_subscribe'),(1717,1,'_sys_txt_sbs_success_unsubscribe'),(1718,1,'_sys_upload'),(1719,1,'_sys_media_disapproved'),(1720,1,'_sys_media_processing'),(1721,1,'_sys_media_not_found'),(1722,1,'_sys_x_byte'),(1723,1,'_sys_x_gigabyte'),(1724,1,'_sys_x_kilobyte'),(1725,1,'_sys_x_megabyte'),(1726,1,'_sys_x_terabyte'),(1727,1,'_tags_by_day'),(1728,1,'_tags_calendar'),(1729,1,'_tags_caption_keyword'),(1730,1,'_tags_caption_module'),(1731,1,'_tags_err_keyword'),(1732,1,'_tags_founded_tags'),(1733,1,'_tags_plural'),(1734,1,'_tags_recent'),(1735,1,'_tags_search_form'),(1736,1,'_tags_single'),(1737,1,'_td_caption'),(1738,1,'_td_content'),(1739,1,'_td_date'),(1740,1,'_td_edit'),(1741,1,'_td_err_empty_value'),(1742,1,'_td_err_incorrect_length'),(1743,1,'_td_post'),(1744,1,'_td_snippet'),(1745,1,'_td_tags'),(1746,1,'_title_min_lenght'),(1747,1,'_to'),(1748,1,'_tomorrow'),(1749,1,'_top'),(1750,1,'_top_extra'),(1751,1,'_uknown'),(1752,1,'_undefined'),(1753,1,'_votes'),(1754,1,'_week_fri'),(1755,1,'_week_mon'),(1756,1,'_week_sat'),(1757,1,'_week_sun'),(1758,1,'_week_thu'),(1759,1,'_week_tue'),(1760,1,'_week_wed'),(1761,1,'_week_fri_mini'),(1762,1,'_week_mon_mini'),(1763,1,'_week_sat_mini'),(1764,1,'_week_sun_mini'),(1765,1,'_week_thu_mini'),(1766,1,'_week_tue_mini'),(1767,1,'_week_wed_mini'),(1768,1,'_x_days_ago'),(1769,1,'_x_hour_ago'),(1770,1,'_x_hours_ago'),(3413,1,'_Are_you_sure'),(1772,1,'_x_minutes_ago'),(1773,1,'_y/o'),(1774,1,'_yesterday'),(1775,1,'__$10,000-$30,000/year'),(1776,1,'__$10,000/year and less'),(1777,1,'__$30,000-$50,000/year'),(1778,1,'__$50,000-$70,000/year'),(1779,1,'__$70,000/year and more'),(1780,1,'__Average'),(1781,1,'__Ample'),(1782,1,'__Athletic'),(1783,1,'__Cuddly'),(1784,1,'__Slim'),(1785,1,'__Very Cuddly'),(1786,1,'__Afghanistan'),(1787,1,'__Albania'),(1788,1,'__Algeria'),(1789,1,'__American Samoa'),(1790,1,'__Andorra'),(1791,1,'__Angola'),(1792,1,'__Anguilla'),(1793,1,'__Antarctica'),(1794,1,'__Antigua and Barbuda'),(1795,1,'__Argentina'),(1796,1,'__Armenia'),(1797,1,'__Aruba'),(1798,1,'__Australia'),(1799,1,'__Austria'),(1800,1,'__Azerbaijan'),(1801,1,'__Bahrain'),(1802,1,'__Bangladesh'),(1803,1,'__Barbados'),(1804,1,'__Belarus'),(1805,1,'__Belgium'),(1806,1,'__Belize'),(1807,1,'__Benin'),(1808,1,'__Bermuda'),(1809,1,'__Bhutan'),(1810,1,'__Bolivia'),(1811,1,'__Botswana'),(1812,1,'__Bouvet Island'),(1813,1,'__Brazil'),(1814,1,'__Brunei Darussalam'),(1815,1,'__Bulgaria'),(1816,1,'__Burkina Faso'),(1817,1,'__Burma'),(1818,1,'__Burundi'),(1819,1,'__Cambodia'),(1820,1,'__Cameroon'),(1821,1,'__Cape Verde'),(1822,1,'__Cayman Islands'),(1823,1,'__Chad'),(1824,1,'__Canada'),(1825,1,'__Chile'),(1826,1,'__China'),(1827,1,'__Christmas Island'),(1828,1,'__Cote d\'Ivoire'),(1829,1,'__Colombia'),(1830,1,'__Comoros'),(1831,1,'__Cook Islands'),(1832,1,'__Costa Rica'),(1833,1,'__Croatia'),(1834,1,'__Cuba'),(1835,1,'__Cyprus'),(1836,1,'__Czech Republic'),(1837,1,'__Denmark'),(1838,1,'__Djibouti'),(1839,1,'__Dominica'),(1840,1,'__Dominican Republic'),(1841,1,'__East Timor'),(1842,1,'__Ecuador'),(1843,1,'__Egypt'),(1844,1,'__El Salvador'),(1845,1,'__Equatorial Guinea'),(1846,1,'__Eritrea'),(1847,1,'__Estonia'),(1848,1,'__Ethiopia'),(1849,1,'__Faroe Islands'),(1850,1,'__Fiji'),(1851,1,'__Finland'),(1852,1,'__Falkland Islands (Islas Malvinas)'),(1853,1,'__France'),(1854,1,'__Gabon'),(1855,1,'__Georgia'),(1856,1,'__Germany'),(1857,1,'__Ghana'),(1858,1,'__Gibraltar'),(1859,1,'__Greece'),(1860,1,'__Greenland'),(1861,1,'__Grenada'),(1862,1,'__Guadeloupe'),(1863,1,'__Guam'),(1864,1,'__Guatemala'),(1865,1,'__Guinea'),(1866,1,'__Guinea-Bissau'),(1867,1,'__Guyana'),(1868,1,'__Haiti'),(1869,1,'__Holy See (Vatican City)'),(1870,1,'__Hong Kong (SAR)'),(1871,1,'__Honduras'),(1872,1,'__Hungary'),(1873,1,'__Iceland'),(1874,1,'__India'),(1875,1,'__Indonesia'),(1876,1,'__Iran'),(1877,1,'__Iraq'),(1878,1,'__Ireland'),(1879,1,'__Israel'),(1880,1,'__Italy'),(1881,1,'__Jamaica'),(1882,1,'__Japan'),(1883,1,'__Jordan'),(1884,1,'__Kazakhstan'),(1885,1,'__Kenya'),(1886,1,'__Kiribati'),(1887,1,'__Kuwait'),(1888,1,'__Kyrgyzstan'),(1889,1,'__Latvia'),(1890,1,'__Lebanon'),(1891,1,'__Lesotho'),(1892,1,'__Liberia'),(1893,1,'__Liechtenstein'),(1894,1,'__Lithuania'),(1895,1,'__Luxembourg'),(1896,1,'__Madagascar'),(1897,1,'__Malawi'),(1898,1,'__Malaysia'),(1899,1,'__Maldives'),(1900,1,'__Mali'),(1901,1,'__Malta'),(1902,1,'__Marshall Islands'),(1903,1,'__Martinique'),(1904,1,'__Mauritania'),(1905,1,'__Mauritius'),(1906,1,'__Mayotte'),(1907,1,'__Mexico'),(1908,1,'__Moldova'),(1909,1,'__Monaco'),(1910,1,'__Mongolia'),(1911,1,'__Montserrat'),(1912,1,'__Morocco'),(1913,1,'__Mozambique'),(1914,1,'__Namibia'),(1915,1,'__Nauru'),(1916,1,'__Nepal'),(1917,1,'__Netherlands'),(1918,1,'__New Caledonia'),(1919,1,'__New Zealand'),(1920,1,'__Nicaragua'),(1921,1,'__Niger'),(1922,1,'__Nigeria'),(1923,1,'__Niue'),(1924,1,'__Norfolk Island'),(1925,1,'__Norway'),(1926,1,'__Oman'),(1927,1,'__Pakistan'),(1928,1,'__Palau'),(1929,1,'__Panama'),(1930,1,'__Papua New Guinea'),(1931,1,'__Paraguay'),(1932,1,'__Peru'),(1933,1,'__Philippines'),(1934,1,'__Poland'),(1935,1,'__Portugal'),(1936,1,'__Puerto Rico'),(1937,1,'__Qatar'),(1938,1,'__Reunion'),(1939,1,'__Romania'),(1940,1,'__Russia'),(1941,1,'__Rwanda'),(1942,1,'__Saint Lucia'),(1943,1,'__Samoa'),(1944,1,'__San Marino'),(1945,1,'__Saudi Arabia'),(1946,1,'__Senegal'),(1947,1,'__Seychelles'),(1948,1,'__Sierra Leone'),(1949,1,'__Singapore'),(1950,1,'__Slovakia'),(1951,1,'__Solomon Islands'),(1952,1,'__Somalia'),(1953,1,'__South Africa'),(1954,1,'__Spain'),(1955,1,'__Sri Lanka'),(1956,1,'__Sudan'),(1957,1,'__Suriname'),(1958,1,'__Swaziland'),(1959,1,'__Sweden'),(1960,1,'__Switzerland'),(1961,1,'__Syria'),(1962,1,'__Taiwan'),(1963,1,'__Tajikistan'),(1964,1,'__Tanzania'),(1965,1,'__Thailand'),(1966,1,'__Togo'),(1967,1,'__Tokelau'),(1968,1,'__Tonga'),(1969,1,'__Trinidad and Tobago'),(1970,1,'__Tunisia'),(1971,1,'__Turkey'),(1972,1,'__Turkmenistan'),(1973,1,'__Tuvalu'),(1974,1,'__Uganda'),(1975,1,'__Ukraine'),(1976,1,'__United Arab Emirates'),(1977,1,'__United Kingdom'),(1978,1,'__Uruguay'),(1979,1,'__Uzbekistan'),(1980,1,'__Vanuatu'),(1981,1,'__Venezuela'),(1982,1,'__Virgin Islands'),(1983,1,'__Western Sahara'),(1984,1,'__Yemen'),(1985,1,'__Zambia'),(1986,1,'__Zimbabwe'),(1987,1,'__Netherlands Antilles'),(1988,1,'__Bosnia and Herzegovina'),(1989,1,'__The Bahamas'),(1990,1,'__Cocos (Keeling) Islands'),(1991,1,'__Congo, Democratic Republic of the'),(1992,1,'__Central African Republic'),(1993,1,'__Congo, Republic of the'),(1994,1,'__Micronesia, Federated States of'),(1995,1,'__French Guiana'),(1996,1,'__The Gambia'),(1997,1,'__South Georgia and the South Sandwich Islands'),(1998,1,'__Heard Island and McDonald Islands'),(1999,1,'__British Indian Ocean Territory'),(2000,1,'__Saint Kitts and Nevis'),(2001,1,'__Korea, North'),(2002,1,'__Korea, South'),(2003,1,'__Laos'),(2004,1,'__Libya'),(2005,1,'__Macedonia, The Former Yugoslav Republic of'),(2006,1,'__Macao'),(2007,1,'__Northern Mariana Islands'),(2008,1,'__French Polynesia'),(2009,1,'__Saint Pierre and Miquelon'),(2010,1,'__Pitcairn Islands'),(2011,1,'__Palestinian Territory, Occupied'),(2012,1,'__Saint Helena'),(2013,1,'__Slovenia'),(2014,1,'__Svalbard'),(2015,1,'__Sao Tome and Principe'),(2016,1,'__Turks and Caicos Islands'),(2017,1,'__French Southern and Antarctic Lands'),(2018,1,'__United States Minor Outlying Islands'),(2019,1,'__United States'),(2020,1,'__Saint Vincent and the Grenadines'),(2021,1,'__British Virgin Islands'),(2022,1,'__Vietnam'),(2023,1,'__Aland_Islands'),(2024,1,'__Saint_Barthelemy'),(2025,1,'__Guernsey'),(2026,1,'__Isle_of_Man'),(2027,1,'__Jersey'),(2028,1,'__Montenegro'),(2029,1,'__Saint_Martin_French_part'),(2030,1,'__Serbia'),(2031,1,'__Wallis and Futuna'),(2032,1,'__All'),(2033,1,'__Active'),(2034,1,'__Approval'),(2035,1,'__Suspended'),(2036,1,'__Unconfirmed'),(2037,1,'__AA (2 years college)'),(2038,1,'__BA/BS (4 years college)'),(2039,1,'__High School graduate'),(2040,1,'__Some college'),(2041,1,'__College student'),(2042,1,'__Some grad school'),(2043,1,'__Grad school student'),(2044,1,'__MA/MS/MBA'),(2045,1,'__PhD/Post doctorate'),(2046,1,'__JD'),(2047,1,'__African'),(2048,1,'__African American'),(2049,1,'__Asian'),(2050,1,'__Caucasian'),(2051,1,'__East Indian'),(2052,1,'__Hispanic'),(2053,1,'__Indian'),(2054,1,'__Latino'),(2055,1,'__Mediterranean'),(2056,1,'__Middle Eastern'),(2057,1,'__Mixed'),(2058,1,'__English'),(2059,1,'__Afrikaans'),(2060,1,'__Arabic'),(2061,1,'__Bulgarian'),(2062,1,'__Burmese'),(2063,1,'__Cantonese'),(2064,1,'__Croatian'),(2065,1,'__Danish'),(2066,1,'__Dutch'),(2067,1,'__Esperanto'),(2068,1,'__Estonian'),(2069,1,'__Finnish'),(2070,1,'__French'),(2071,1,'__German'),(2072,1,'__Greek'),(2073,1,'__Gujrati'),(2074,1,'__Hebrew'),(2075,1,'__Hindi'),(2076,1,'__Hungarian'),(2077,1,'__Icelandic'),(2078,1,'__Indonesian'),(2079,1,'__Italian'),(2080,1,'__Japanese'),(2081,1,'__Korean'),(2082,1,'__Latvian'),(2083,1,'__Lithuanian'),(2084,1,'__Malay'),(2085,1,'__Mandarin'),(2086,1,'__Marathi'),(2087,1,'__Moldovian'),(2088,1,'__Nepalese'),(2089,1,'__Norwegian'),(2090,1,'__Persian'),(2091,1,'__Polish'),(2092,1,'__Portuguese'),(2093,1,'__Punjabi'),(2094,1,'__Romanian'),(2095,1,'__Russian'),(2096,1,'__Serbian'),(2097,1,'__Spanish'),(2098,1,'__Swedish'),(2099,1,'__Tagalog'),(2100,1,'__Taiwanese'),(2101,1,'__Tamil'),(2102,1,'__Telugu'),(2103,1,'__Thai'),(2104,1,'__Tongan'),(2105,1,'__Turkish'),(2106,1,'__Ukrainian'),(2107,1,'__Urdu'),(2108,1,'__Vietnamese'),(2109,1,'__Visayan'),(2110,1,'__Single'),(2111,1,'__Attached'),(2112,1,'__Divorced'),(2113,1,'__Married'),(2114,1,'__Separated'),(2115,1,'__Widow'),(2116,1,'__Adventist'),(2117,1,'__Agnostic'),(2118,1,'__Atheist'),(2119,1,'__Baptist'),(2120,1,'__Buddhist'),(2121,1,'__Caodaism'),(2122,1,'__Catholic'),(2123,1,'__Christian'),(2124,1,'__Hindu'),(2125,1,'__Iskcon'),(2126,1,'__Jainism'),(2127,1,'__Jewish'),(2128,1,'__Methodist'),(2129,1,'__Mormon'),(2130,1,'__Moslem'),(2131,1,'__Orthodox'),(2132,1,'__Pentecostal'),(2133,1,'__Protestant'),(2134,1,'__Quaker'),(2135,1,'__Scientology'),(2136,1,'__Shinto'),(2137,1,'__Sikhism'),(2138,1,'__Spiritual'),(2139,1,'__Taoism'),(2140,1,'__Wiccan'),(2141,1,'__Other'),(2142,1,'__No'),(2143,1,'__Rarely'),(2144,1,'__Often'),(2145,1,'__Very often'),(2146,2,'_sys_module_zipcodesearch'),(2147,2,'_bx_zip_administration'),(2148,2,'_bx_zip_admin_menu'),(2149,2,'_bx_zip'),(2150,2,'_bx_zip_help'),(2151,2,'_bx_zip_help_text'),(3412,32,'_FieldCaption_GeneralInfo_Join'),(3411,32,'_FieldCaption_To Join_Join'),(2210,6,'_sys_module_events'),(2211,6,'_bx_events'),(2212,6,'_bx_events_action_add_to_featured'),(2213,6,'_bx_events_action_create_event'),(2214,6,'_bx_events_action_manage_fans'),(2215,6,'_bx_events_action_my_events'),(2216,6,'_bx_events_action_remove_from_featured'),(2217,6,'_bx_events_action_title_broadcast'),(2218,6,'_bx_events_action_title_delete'),(2219,6,'_bx_events_action_title_edit'),(2220,6,'_bx_events_action_title_invite'),(2221,6,'_bx_events_action_title_join'),(2222,6,'_bx_events_action_title_leave'),(2223,6,'_bx_events_action_title_share'),(2224,6,'_bx_events_action_upload_files'),(2225,6,'_bx_events_action_upload_photos'),(2226,6,'_bx_events_action_upload_sounds'),(2227,6,'_bx_events_action_upload_videos'),(2228,6,'_bx_events_adm_stats'),(2229,6,'_bx_events_admin'),(2230,6,'_bx_events_admin_activate'),(2231,6,'_bx_events_admin_delete'),(2232,6,'_bx_events_admin_events'),(2233,6,'_bx_events_administration'),(2234,6,'_bx_events_administration_admin_events'),(2235,6,'_bx_events_administration_create_event'),(2236,6,'_bx_events_administration_settings'),(2237,6,'_bx_events_all_countries'),(2238,6,'_bx_events_block_actions'),(2239,6,'_bx_events_block_administration'),(2240,6,'_bx_events_block_calendar'),(2241,6,'_bx_events_block_comments'),(2242,6,'_bx_events_block_desc'),(2243,6,'_bx_events_block_files'),(2244,6,'_bx_events_block_home'),(2245,6,'_bx_events_block_info'),(2246,6,'_bx_events_block_joined_events'),(2247,6,'_bx_events_block_my_events'),(2248,6,'_bx_events_block_participants'),(2249,6,'_bx_events_block_participants_unconfirmed'),(2250,6,'_bx_events_block_past_list'),(2251,6,'_bx_events_block_photos'),(2252,6,'_bx_events_block_rate'),(2253,6,'_bx_events_block_recently_added_list'),(2254,6,'_bx_events_block_sounds'),(2255,6,'_bx_events_block_submenu_add'),(2256,6,'_bx_events_block_submenu_main'),(2257,6,'_bx_events_block_submenu_manage'),(2258,6,'_bx_events_block_submenu_pending'),(2259,6,'_bx_events_block_upcoming_list'),(2260,6,'_bx_events_block_upcoming_photo'),(2261,6,'_bx_events_block_user_events'),(2262,6,'_bx_events_block_videos'),(2263,6,'_bx_events_calendar'),(2264,6,'_bx_events_caption_add'),(2265,6,'_bx_events_caption_broadcast'),(2266,6,'_bx_events_caption_browse_by_author'),(2267,6,'_bx_events_caption_browse_by_author_joined_events'),(2268,6,'_bx_events_caption_browse_by_category'),(2269,6,'_bx_events_caption_browse_by_country'),(2270,6,'_bx_events_caption_browse_by_day'),(2271,6,'_bx_events_caption_browse_by_tag'),(2272,6,'_bx_events_caption_browse_featured'),(2273,6,'_bx_events_caption_browse_past'),(2274,6,'_bx_events_caption_browse_popular'),(2275,6,'_bx_events_caption_browse_recently_added'),(2276,6,'_bx_events_caption_browse_top_rated'),(2277,6,'_bx_events_caption_browse_upcoming'),(2278,6,'_bx_events_caption_city'),(2279,6,'_bx_events_caption_comments'),(2280,6,'_bx_events_caption_country'),(2281,6,'_bx_events_caption_desc'),(2282,6,'_bx_events_caption_edit'),(2283,6,'_bx_events_caption_event_end'),(2284,6,'_bx_events_caption_event_start'),(2285,6,'_bx_events_caption_files'),(2286,6,'_bx_events_caption_invite'),(2287,6,'_bx_events_caption_keyword'),(2288,6,'_bx_events_caption_manage_fans'),(2289,6,'_bx_events_caption_membership_filter'),(2290,6,'_bx_events_caption_participants'),(2291,6,'_bx_events_caption_photos'),(2292,6,'_bx_events_caption_place'),(2293,6,'_bx_events_caption_search'),(2294,6,'_bx_events_caption_search_results'),(2295,6,'_bx_events_caption_share_event'),(2296,6,'_bx_events_caption_sounds'),(2297,6,'_bx_events_caption_title'),(2298,6,'_bx_events_caption_upload_files'),(2299,6,'_bx_events_caption_upload_photos'),(2300,6,'_bx_events_caption_upload_sounds'),(2301,6,'_bx_events_caption_upload_videos'),(2302,6,'_bx_events_caption_videos'),(2303,6,'_bx_events_categories'),(2304,6,'_bx_events_err_city'),(2305,6,'_bx_events_err_country'),(2306,6,'_bx_events_err_desc'),(2307,6,'_bx_events_err_event_end'),(2308,6,'_bx_events_err_event_start'),(2309,6,'_bx_events_err_keyword'),(2310,6,'_bx_events_err_membership_filter'),(2311,6,'_bx_events_err_place'),(2312,6,'_bx_events_err_tags'),(2313,6,'_bx_events_err_title'),(2314,6,'_bx_events_event_is_in_process'),(2315,6,'_bx_events_event_join_success'),(2316,6,'_bx_events_event_join_success_pending'),(2317,6,'_bx_events_event_joined_already'),(2318,6,'_bx_events_event_joined_already_pending'),(2319,6,'_bx_events_event_leave_success'),(2320,6,'_bx_events_event_was_deleted'),(2321,6,'_bx_events_form_caption_broadcast_message'),(2322,6,'_bx_events_form_caption_broadcast_title'),(2323,6,'_bx_events_form_caption_file_title'),(2324,6,'_bx_events_form_caption_files_choice'),(2325,6,'_bx_events_form_caption_files_upload'),(2326,6,'_bx_events_form_caption_images_choice'),(2327,6,'_bx_events_form_caption_images_upload'),(2328,6,'_bx_events_form_caption_join_confirmation'),(2329,6,'_bx_events_form_caption_sounds_choice'),(2330,6,'_bx_events_form_caption_sounds_upload'),(2331,6,'_bx_events_form_caption_thumb_choice'),(2332,6,'_bx_events_form_caption_videos_choice'),(2333,6,'_bx_events_form_caption_videos_upload'),(2334,6,'_bx_events_form_err_broadcast_message'),(2335,6,'_bx_events_form_err_broadcast_title'),(2336,6,'_bx_events_form_header_files'),(2337,6,'_bx_events_form_header_images'),(2338,6,'_bx_events_form_header_info'),(2339,6,'_bx_events_form_header_privacy'),(2340,6,'_bx_events_form_header_sounds'),(2341,6,'_bx_events_form_header_videos'),(2342,6,'_bx_events_form_info_files_choice'),(2343,6,'_bx_events_form_info_files_upload'),(2344,6,'_bx_events_form_info_images_choice'),(2345,6,'_bx_events_form_info_images_upload'),(2346,6,'_bx_events_form_info_join_confirmation'),(2347,6,'_bx_events_form_info_sounds_choice'),(2348,6,'_bx_events_form_info_sounds_upload'),(2349,6,'_bx_events_form_info_thumb_choice'),(2350,6,'_bx_events_form_info_videos_choice'),(2351,6,'_bx_events_form_info_videos_upload'),(2352,6,'_bx_events_form_join_confirmation_disabled'),(2353,6,'_bx_events_form_join_confirmation_enabled'),(2354,6,'_bx_events_info_membership_filter'),(2355,6,'_bx_events_invitation_sent'),(2356,6,'_bx_events_main'),(2357,6,'_bx_events_membership_filter_none'),(2358,6,'_bx_events_menu_calendar'),(2359,6,'_bx_events_menu_categories'),(2360,6,'_bx_events_menu_featured'),(2361,6,'_bx_events_menu_main'),(2362,6,'_bx_events_menu_my_events_profile'),(2363,6,'_bx_events_menu_past_events'),(2364,6,'_bx_events_menu_popular'),(2365,6,'_bx_events_menu_recently_added'),(2366,6,'_bx_events_menu_root'),(2367,6,'_bx_events_menu_search'),(2368,6,'_bx_events_menu_tags'),(2369,6,'_bx_events_menu_top_rated'),(2370,6,'_bx_events_menu_upcoming_events'),(2371,6,'_bx_events_menu_view'),(2372,6,'_bx_events_menu_view_comments'),(2373,6,'_bx_events_menu_view_forum'),(2374,6,'_bx_events_menu_view_participants'),(2375,6,'_bx_events_msg_added_to_featured'),(2376,6,'_bx_events_msg_broadcast_message_sent'),(2377,6,'_bx_events_msg_broadcast_no_participants'),(2378,6,'_bx_events_msg_pending_approval'),(2379,6,'_bx_events_msg_removed_from_featured'),(2380,6,'_bx_events_msg_you_have_no_events'),(2381,6,'_bx_events_msg_you_have_pending_approval_events'),(2382,6,'_bx_events_msg_you_have_some_events'),(2383,6,'_bx_events_no_users_msg'),(2384,6,'_bx_events_pending_approval'),(2385,6,'_bx_events_plural'),(2386,6,'_bx_events_privacy_admins_only'),(2387,6,'_bx_events_privacy_comment'),(2388,6,'_bx_events_privacy_join'),(2389,6,'_bx_events_privacy_participants'),(2390,6,'_bx_events_privacy_participants_only'),(2391,6,'_bx_events_privacy_post_in_forum'),(2392,6,'_bx_events_privacy_rate'),(2393,6,'_bx_events_privacy_upload_files'),(2394,6,'_bx_events_privacy_upload_photos'),(2395,6,'_bx_events_privacy_upload_sounds'),(2396,6,'_bx_events_privacy_upload_videos'),(2397,6,'_bx_events_privacy_view_event'),(2398,6,'_bx_events_privacy_view_participants'),(2399,6,'_bx_events_sbs_change'),(2400,6,'_bx_events_sbs_comment'),(2401,6,'_bx_events_sbs_join'),(2402,6,'_bx_events_sbs_rate'),(2403,6,'_bx_events_single'),(2404,6,'_bx_events_spy_comment'),(2405,6,'_bx_events_spy_join'),(2406,6,'_bx_events_spy_post'),(2407,6,'_bx_events_spy_post_change'),(2408,6,'_bx_events_spy_rate'),(2409,6,'_bx_events_tab_featured'),(2410,6,'_bx_events_tab_popular'),(2411,6,'_bx_events_tab_recent'),(2412,6,'_bx_events_tab_top'),(2413,6,'_bx_events_tab_upcoming'),(2414,6,'_bx_events_tags'),(2415,6,'_bx_events_user_unknown'),(2416,6,'_bx_events_wall_added_new'),(2417,6,'_bx_events_wall_added_new_comment'),(2418,6,'_bx_events_wall_added_new_items'),(2419,6,'_bx_events_wall_object'),(2420,6,'_mma_events_add'),(2421,6,'_mma_events_approve'),(2422,6,'_mma_events_broadcast_message'),(2423,6,'_mma_events_browse'),(2424,6,'_mma_events_comments_delete_and_edit'),(2425,6,'_mma_events_delete_any_event'),(2426,6,'_mma_events_edit_any_event'),(2427,6,'_mma_events_mark_as_featured'),(2428,6,'_mma_events_search'),(2429,6,'_mma_events_view'),(2430,6,'_sbs_txt_title_bx_events'),(4007,27,'_bx_wmap_block_title_block_map_homepage'),(4006,27,'_bx_wmap_block_title_block_map'),(4005,27,'_bx_wmap'),(4004,27,'_sys_module_wmap'),(4003,1,'_FieldCaption_ProfileInfo_Edit'),(4002,32,'_FieldCaption_Education_Search'),(4001,32,'_FieldCaption_LastName_Search'),(4000,32,'_FieldCaption_FirstName_Search'),(3999,32,'_FieldCaption_Security Image_Join'),(2448,8,'_sys_module_wall'),(2449,8,'_wall_pc_view'),(3495,8,'_wall_pc_post_index_tl'),(2452,8,'_wall_pc_post'),(2453,8,'_wall_pc_admin'),(2454,8,'_wall_bc_settings'),(2455,8,'_wall_added_new'),(2456,8,'_wall_edited_his_profile'),(2457,8,'_wall_edited_her_profile'),(2458,8,'_wall_edited_their_profile'),(2459,8,'_wall_edited_his_profile_status_message'),(2460,8,'_wall_edited_her_profile_status_message'),(2461,8,'_wall_edited_their_profile_status_message'),(2462,8,'_wall_added_new_comment_profile'),(2463,8,'_wall_object_profile'),(2464,8,'_wall_info'),(2465,8,'_wall_friends_with'),(2466,8,'_wall_today'),(2467,8,'_wall_1_days_ago'),(2468,8,'_wall_n_days_ago'),(2469,8,'_wall_n_comments'),(2470,8,'_wall_no_comments'),(2471,8,'_wall_write'),(2472,8,'_wall_share_link'),(2473,8,'_wall_add_photo'),(2474,8,'_wall_add_video'),(4069,8,'_wall_added_link'),(2476,8,'_wall_post'),(4067,8,'_mma_timeline_repost'),(2478,8,'_wall_link_url'),(4070,8,'_wall_added_new_title_comment_profile'),(4068,8,'_wall_add_sound'),(2486,8,'_wall_photo_album'),(2487,8,'_wall_sound_album'),(2488,8,'_wall_video_album'),(2489,8,'_wall_view_all'),(2490,8,'_wall_view_owner'),(2491,8,'_wall_view_other'),(2492,8,'_wall_top_smenu_item_wall'),(2493,8,'_wall_top_smenu_item_my_wall'),(2494,8,'_wall_page_caption'),(2495,8,'_wall_page_caption_my'),(2496,8,'_wall_anonymous'),(2497,8,'_wall_post_delete'),(2498,8,'_wall_msg_no_results'),(2499,8,'_wall_msg_page_not_found'),(2500,8,'_wall_get_rss'),(2501,8,'_wall_rss_caption'),(2502,8,'_wall_msg_failed_post'),(2503,8,'_wall_msg_not_allowed_post'),(2504,8,'_wall_msg_text_empty_message'),(2505,8,'_wall_msg_link_empty_link'),(2506,8,'_wall_admin_menu_sitem'),(2507,8,'_mma_timeline_post_comment'),(2508,8,'_mma_timeline_delete_comment'),(2509,8,'_sbs_txt_title_bx_wall'),(2510,8,'_wall_sbs_main'),(2511,8,'_wall_sbs_update'),(2512,8,'_wall_time_range'),(2513,8,'_wall_load_more'),(2514,8,'_wall_spy_post'),(2515,8,'_wall_spy_post_comment'),(2516,8,'_bx_wall_chart'),(2517,8,'_wall_alert_module_profile'),(2518,8,'_wall_alert_module_friend'),(2519,8,'_wall_alert_action_add'),(2520,8,'_wall_alert_action_create'),(2521,8,'_wall_alert_action_change'),(2522,8,'_wall_alert_action_edit'),(2523,8,'_wall_alert_action_delete'),(2524,8,'_wall_alert_action_commentPost'),(2525,8,'_wall_alert_action_edit_status_message'),(2526,8,'_wall_alert_action_accept'),(2527,9,'_sys_module_photos'),(2528,9,'_bx_photos_caption_browse_by_day'),(2529,9,'_bx_photos'),(2530,9,'_bx_photos_adm_stats'),(2531,9,'_bx_photos_access_denied'),(2532,9,'_bx_photos_action_view_original'),(2533,9,'_bx_photos_action_fave'),(2534,9,'_bx_photos_action_unfave'),(2535,9,'_bx_photos_action_report'),(2536,9,'_bx_photos_action_feature'),(2537,9,'_bx_photos_action_unfeature'),(2538,9,'_bx_photos_actions'),(2539,9,'_bx_photos_add'),(2540,9,'_bx_photos_add_info'),(2541,9,'_bx_photos_add_objects'),(2542,9,'_bx_photos_admin_title'),(2543,9,'_bx_photos_admin'),(2544,9,'_bx_photos_admin_activate'),(2545,9,'_bx_photos_admin_deactivate'),(2546,9,'_bx_photos_admin_delete'),(2547,9,'_bx_photos_admin_feature'),(2548,9,'_bx_photos_admin_main'),(2549,9,'_bx_photos_admin_settings'),(2550,9,'_bx_photos_admin_unfeature'),(2551,9,'_bx_photos_albums'),(2552,9,'_bx_photos_albums_add'),(2553,9,'_bx_photos_albums_admin'),(2554,9,'_bx_photos_albums_disapproved'),(2555,9,'_bx_photos_albums_my'),(2556,9,'_bx_photos_albums_count_info'),(2557,9,'_bx_photos_albums_add_info'),(2558,9,'_bx_photos_album_add'),(2559,9,'_bx_photos_album_add_objects'),(2560,9,'_bx_photos_album_delete'),(2561,9,'_bx_photos_album_delete_confirm'),(2562,9,'_bx_photos_album_delete_error'),(2563,9,'_bx_photos_album_delete_success'),(2564,9,'_bx_photos_album_delete_warning'),(2565,9,'_bx_photos_album_disapproved'),(2566,9,'_bx_photos_album_edit'),(2567,9,'_bx_photos_album_info'),(2568,9,'_bx_photos_album_main'),(2569,9,'_bx_photos_album_main_objects'),(2570,9,'_bx_photos_album_manage'),(2571,9,'_bx_photos_album_manage_objects'),(2572,9,'_bx_photos_album_manage_objects_disapproved'),(2573,9,'_bx_photos_album_manage_objects_pending'),(2574,9,'_bx_photos_album_objects'),(2575,9,'_bx_photos_album_organize'),(2576,9,'_bx_photos_album_organize_reverse'),(2577,9,'_bx_photos_album_save_redirect'),(2578,9,'_bx_photos_album_save_success'),(2579,9,'_bx_photos_album_view'),(2580,9,'_bx_photos_album_photos_rest'),(2581,9,'_bx_photos_alert_commented'),(2582,9,'_bx_photos_alert_rated'),(2583,9,'_bx_photos_all'),(2584,9,'_bx_photos_any'),(2585,9,'_bx_photos_approved'),(2586,9,'_bx_photos_author'),(2587,9,'_bx_photos_bcaption_all'),(2588,9,'_bx_photos_browse'),(2589,9,'_bx_photos_browse_by_album'),(2590,9,'_bx_photos_browse_by_tag'),(2591,9,'_bx_photos_browse_by_category'),(2592,9,'_bx_photos_browse_by_owner'),(2593,9,'_bx_photos_browse_file'),(2594,9,'_bx_photos_categories_all'),(2595,9,'_bx_photos_choose_uploader'),(2596,9,'_bx_photos_close'),(2597,9,'_bx_photos_comments'),(2598,9,'_bx_photos_count_info'),(2599,9,'_bx_photos_count_status_info'),(2600,9,'_bx_photos_couple_photo_block'),(2601,9,'_bx_photos_delete'),(2602,9,'_bx_photos_delete_from_album'),(2603,9,'_bx_photos_delete_error'),(2604,9,'_bx_photos_disapproved'),(2605,9,'_bx_photos_distribute'),(2606,9,'_bx_photos_embed'),(2607,9,'_bx_photos_Embed'),(2608,9,'_bx_photos_Embed_example'),(2609,9,'_bx_photos_fav_add'),(2610,9,'_bx_photos_fav_remove'),(2611,9,'_bx_photos_albums_owner'),(2612,9,'_bx_photos_favorited'),(2613,9,'_bx_photos_featured'),(2614,9,'_bx_photos_file_not_found'),(2615,9,'_bx_photos_file_was_uploaded'),(2616,9,'_bx_photos_forbidden'),(2617,9,'_bx_photos_home'),(2618,9,'_bx_photos_i_have_the_right_to_distribute'),(2619,9,'_bx_photos_info_main'),(2620,9,'_bx_photos_latest'),(2621,9,'_bx_photos_latest_file'),(2622,9,'_bx_photos_main'),(2623,9,'_bx_photos_menu_pending'),(2624,9,'_bx_photos_menu_profile'),(2625,9,'_bx_photos_my'),(2626,9,'_bx_photos_msg_page_not_found'),(2627,9,'_bx_photos_no_file_for_rate'),(2628,9,'_bx_photos_not_found'),(2629,9,'_bx_photos_organize_objects'),(2630,9,'_bx_photos_pending'),(2631,9,'_bx_photos_photo_block'),(2632,9,'_bx_photos_photo_album_block'),(2633,9,'_bx_photos_photo_switcher_block'),(2634,9,'_bx_photos_plural'),(2635,9,'_bx_photos_preview'),(2636,9,'_bx_photos_previous_rated'),(2637,9,'_bx_photos_profile_album_name'),(2638,9,'_bx_photos_profile_albums_with'),(2639,9,'_bx_photos_profile_items'),(2640,9,'_bx_photos_member_info_profile_photo'),(2641,9,'_bx_photos_member_info_profile_photo_icon'),(2642,9,'_bx_photos_public'),(2643,9,'_bx_photos_rate'),(2644,9,'_bx_photos_rate_header'),(2645,9,'_bx_photos_record'),(2646,9,'_bx_photos_regular'),(2647,9,'_bx_photos_related'),(2648,9,'_bx_photos_save_success'),(2649,9,'_bx_photos_sbs_comments'),(2650,9,'_bx_photos_set_as_avatar'),(2651,9,'_bx_photos_single'),(2652,9,'_bx_photos_size'),(2653,9,'_bx_photos_size_unit'),(3503,9,'_bx_photos_crop'),(2655,9,'_bx_photos_special'),(2656,9,'_bx_photos_spy_added'),(2657,9,'_bx_photos_spy_comment_posted'),(2658,9,'_bx_photos_spy_rated'),(2659,9,'_bx_photos_submit'),(2660,9,'_bx_photos_top'),(2661,9,'_bx_photos_top_menu_albums'),(2662,9,'_bx_photos_top_menu_album'),(2663,9,'_bx_photos_top_menu_all'),(2664,9,'_bx_photos_top_menu_calendar'),(2665,9,'_bx_photos_top_menu_categories'),(2666,9,'_bx_photos_top_menu_category'),(2667,9,'_bx_photos_top_menu_favorited'),(2668,9,'_bx_photos_top_menu_featured'),(2669,9,'_bx_photos_top_menu_home'),(2670,9,'_bx_photos_top_menu_item'),(2671,9,'_bx_photos_top_menu_popular'),(2672,9,'_bx_photos_top_menu_profile'),(2673,9,'_bx_photos_top_menu_rate'),(2674,9,'_bx_photos_top_menu_search'),(2675,9,'_bx_photos_top_menu_tags'),(2676,9,'_bx_photos_top_menu_top'),(2677,9,'_bx_photos_undefined'),(2678,9,'_bx_photos_upl_err'),(3502,9,'_bx_photos_cover'),(2680,9,'_bx_photos_upl_succ'),(2681,9,'_bx_photos_upload'),(2682,9,'_bx_photos_upload_instance'),(2683,9,'_bx_photos_val_descr_err'),(2684,9,'_bx_photos_val_title_err'),(2685,9,'_bx_photos_view'),(2686,9,'_bx_photos_view_alt_fav'),(2687,9,'_bx_photos_view_alt_view'),(2688,9,'_bx_photos_flickr_key_not_exist'),(2689,9,'_bx_photos_emb_err'),(2690,9,'_bx_photos_wall_added_new'),(2691,9,'_bx_photos_wall_added_new_items'),(2692,9,'_bx_photos_wall_added_new_comment'),(2693,9,'_bx_photos_wall_object'),(2694,9,'_bx_photos_wall_photo_private'),(2695,9,'_sbs_txt_title_bx_photos'),(2696,9,'_mma_photos_add'),(2697,9,'_mma_photos_view'),(2698,9,'_mma_photos_delete'),(2699,9,'_mma_photos_download'),(2700,9,'_mma_photos_approve'),(2701,9,'_mma_photos_edit'),(2702,10,'_sys_module_feedback'),(2703,10,'_feedback_actions_delete'),(2704,10,'_feedback_admin_menu_sitem'),(2705,10,'_feedback_bcaption_index'),(2706,10,'_feedback_bcaption_post'),(2707,10,'_feedback_bcaption_settings'),(2708,10,'_feedback_bcaption_view_action'),(2709,10,'_feedback_bcaption_view_admin'),(2710,10,'_feedback_bcaption_view_all'),(2711,10,'_feedback_bcaption_view_comment'),(2712,10,'_feedback_bcaption_view_main'),(2713,10,'_feedback_bcaption_view_my'),(2714,10,'_feedback_bcaption_view_vote'),(2715,10,'_feedback_chart'),(2716,10,'_feedback_lcaption_approve'),(2717,10,'_feedback_lcaption_delete'),(2718,10,'_feedback_lcaption_edit'),(2719,10,'_feedback_lcaption_post'),(2720,10,'_feedback_lcaption_reject'),(2721,10,'_feedback_lcaption_search_object'),(2722,10,'_feedback_lcaption_tags_object'),(2723,10,'_feedback_msg_failed_delete'),(2724,10,'_feedback_msg_no_results'),(2725,10,'_feedback_msg_success_delete'),(2726,10,'_feedback_pcaption_admin'),(2727,10,'_feedback_pcaption_all'),(2728,10,'_feedback_pcaption_post'),(2729,10,'_feedback_psaction_comment'),(2730,10,'_feedback_psaction_vote'),(2731,10,'_feedback_sbs_commentPost'),(2732,10,'_feedback_sbs_main'),(2733,10,'_feedback_sitemap'),(2734,10,'_feedback_ss'),(2735,10,'_feedback_ss_adm_stats'),(2736,10,'_feedback_status_0'),(2737,10,'_feedback_status_1'),(2738,10,'_feedback_status_2'),(2739,10,'_feedback_top_menu_item'),(2740,10,'_feedback_top_menu_sitem'),(2741,10,'_sbs_txt_title_bx_feedback'),(2742,10,'_mma_Feedback_Delete'),(2743,11,'_sys_module_news'),(2744,11,'_news_actions_delete'),(2745,11,'_news_admin_menu_sitem'),(2746,11,'_news_archive_top_menu_sitem'),(2747,11,'_news_bcaption_all'),(2748,11,'_news_bcaption_all_tags'),(2749,11,'_news_bcaption_archive'),(2750,11,'_news_bcaption_calendar'),(2751,11,'_news_bcaption_calendar_browse'),(2752,11,'_news_bcaption_categories'),(2753,11,'_news_bcaption_category'),(2754,11,'_news_bcaption_featured'),(2755,11,'_news_bcaption_latest'),(2756,11,'_news_bcaption_member'),(2757,11,'_news_bcaption_popular'),(2758,11,'_news_bcaption_post'),(2759,11,'_news_bcaption_settings'),(2760,11,'_news_bcaption_tag'),(2761,11,'_news_bcaption_tags'),(2762,11,'_news_bcaption_top_rated'),(2763,11,'_news_bcaption_view_action'),(2764,11,'_news_bcaption_view_comment'),(2765,11,'_news_bcaption_view_main'),(2766,11,'_news_bcaption_view_vote'),(2767,11,'_news_calendar_top_menu_sitem'),(2768,11,'_news_categories_top_menu_sitem'),(2769,11,'_news_chart'),(2770,11,'_news_entry_plural'),(2771,11,'_news_entry_single'),(2772,11,'_news_featured'),(2773,11,'_news_featured_top_menu_sitem'),(2774,11,'_news_get_rss'),(2775,11,'_news_home_top_menu_sitem'),(2776,11,'_news_lcaption_categories'),(2777,11,'_news_lcaption_delete'),(2778,11,'_news_lcaption_edit'),(2779,11,'_news_lcaption_featured'),(2780,11,'_news_lcaption_publish'),(2781,11,'_news_lcaption_search_object'),(2782,11,'_news_lcaption_tags'),(2783,11,'_news_lcaption_unfeatured'),(2784,11,'_news_lcaption_unpublish'),(2785,11,'_news_msg_failed_delete'),(2786,11,'_news_msg_no_results'),(2787,11,'_news_msg_success_delete'),(2788,11,'_news_pcaption_admin'),(2789,11,'_news_pcaption_archive'),(2790,11,'_news_pcaption_calendar'),(2791,11,'_news_pcaption_categories'),(2792,11,'_news_pcaption_category'),(2793,11,'_news_pcaption_featured'),(2794,11,'_news_pcaption_home'),(2795,11,'_news_pcaption_popular'),(2796,11,'_news_pcaption_tag'),(2797,11,'_news_pcaption_tags'),(2798,11,'_news_pcaption_top_rated'),(2799,11,'_news_popular_top_menu_sitem'),(2800,11,'_news_rss_caption'),(2801,11,'_news_sbs_commentPost'),(2802,11,'_news_sbs_main'),(2803,11,'_news_search_top_menu_sitem'),(2804,11,'_news_sitemap'),(2805,11,'_news_ss'),(2806,11,'_news_ss_adm_stats'),(2807,11,'_news_status_0'),(2808,11,'_news_status_1'),(2809,11,'_news_status_2'),(2810,11,'_news_tags_top_menu_sitem'),(2811,11,'_news_top_menu_item'),(2812,11,'_news_top_top_menu_sitem'),(2813,11,'_news_view_top_menu_sitem'),(2814,11,'_sbs_txt_title_bx_news'),(2815,11,'_mma_News_Delete'),(2816,12,'_sys_module_pageac'),(2817,12,'_bx_pageac'),(2818,12,'_bx_pageac_note'),(2819,12,'_bx_pageac_note_text'),(2820,12,'_bx_pageac_new_rule'),(2821,12,'_bx_pageac_current_rules'),(2822,12,'_bx_pageac_forbidden_groups'),(2823,12,'_bx_pageac_add_rule'),(2824,12,'_bx_pageac_no_rules_admin'),(2825,12,'_bx_pageac_url'),(2826,12,'_bx_pageac_action'),(2827,12,'_bx_pageac_update'),(2828,12,'_bx_pageac_delete'),(2829,12,'_bx_pageac_visible_for'),(2830,12,'_bx_pageac_visible_for_all'),(2831,12,'_bx_pageac_access_denied'),(2832,12,'_bx_pageac_deny_text'),(2833,12,'_bx_pageac_rules_page'),(2834,12,'_bx_pageac_topmenu_page'),(2835,12,'_bx_pageac_membermenu_page'),(2836,12,'_bx_pageac_page_blocks_page'),(2837,12,'_bx_pageac_loading'),(2838,12,'_bx_pageac_page_url'),(2839,12,'_bx_pageac_page_url_empty'),(2840,12,'_bx_pageac_saved'),(2841,12,'_bx_pageac_deleted'),(2842,12,'_bx_pageac_page_url_descr'),(2843,12,'_bx_pageac_advanced'),(2844,12,'_bx_pageac_advanced_descr'),(3991,26,'_sys_module_google_search'),(3992,26,'_bx_gsearch'),(3993,26,'_bx_gsearch_menu_title'),(3994,26,'_bx_gsearch_box_title'),(3995,26,'_bx_gsearch_box_title_search_form'),(3996,26,'_bx_gsearch_box_title_search_results'),(3997,26,'_bx_gsearch_administration'),(3998,26,'_bx_gsearch_no_results'),(3595,32,'_FieldCaption_GeneralInfo_Search'),(2934,14,'_sys_module_simple_messenger'),(2935,14,'_simple_messenger_bcaption_settings'),(2936,14,'_simple_messenger_privacy_settings_caption'),(2937,14,'_simple_messenger_error_member_menu'),(2938,14,'_mma_use_simple_messenger'),(2939,14,'_simple_messenger_title'),(2940,14,'_simple_messenger_empty_message'),(2941,14,'_simple_messenger_wait'),(2942,14,'_simple_messenger_minimize_button'),(2943,14,'_simple_messenger_close_button'),(2944,14,'_simple_messenger_switch_to_video'),(2945,14,'_simple_messenger_max_allowed_windows'),(2946,14,'_simple_messenger_recipient_max_allowed_windows'),(2947,14,'_simple_messenger_chat_now'),(2948,14,'_simple_messenger_privacy_disallow'),(2949,14,'_simple_messenger_privacy_page_select_group'),(2950,14,'_simple_messenger_privacy_page_submit_value'),(2951,14,'_simple_messenger_privacy_page_group_created'),(2952,14,'_simple_messenger_privacy_settings'),(2953,14,'_simple_messenger_chart'),(4028,27,'_bx_wmap_admin_settings_edit_location'),(4027,27,'_bx_wmap_admin_settings_part_entry'),(4026,27,'_bx_wmap_admin_settings_part_home'),(4025,27,'_bx_wmap_admin_links_explanation'),(4024,27,'_bx_wmap_admin_update_modules_locations'),(4023,27,'_bx_wmap_admin_links'),(4022,27,'_bx_wmap_admin_save_location'),(4021,27,'_bx_wmap_admin_map'),(4020,27,'_bx_wmap_admin_settings_separate'),(4019,27,'_bx_wmap_admin_settings_homepage'),(4018,27,'_bx_wmap_admin_settings_general'),(4017,27,'_bx_wmap_administration'),(4016,27,'_bx_wmap_msg_incorrect_google_key'),(4015,27,'_bx_wmap_msg_locations_is_not_defined'),(4014,27,'_bx_wmap_search_submenu'),(4013,27,'_bx_wmap_tip_edit_location'),(4012,27,'_bx_wmap_edit'),(4011,27,'_bx_wmap_search_near_me'),(4010,27,'_bx_wmap_location'),(4009,27,'_bx_wmap_box_footer_edit'),(4008,27,'_bx_wmap_block_title_block_map_edit'),(3087,1,'_adm_pbuilder_PHP_Block'),(3088,1,'_adm_pbuilder_PHP_content'),(3089,1,'_PHP Block'),(3090,32,'_FieldCaption_Spiritual_Practice_Join'),(3091,32,'_FieldDesc_Spiritual_Practice_Join'),(3092,32,'_FieldCaption_Political_View_Join'),(3093,32,'_FieldValues_Ultra Conservative'),(3094,32,'_FieldValues_Conservative'),(3095,32,'_FieldValues_Middle of The Road'),(3096,32,'_FieldValues_Liberal'),(3097,32,'_FieldValues_Very Liberal'),(3098,32,'_FieldValues_Non-Conformist'),(3099,32,'_FieldValues_Other Point of View'),(3100,32,'_FieldValues_Non-Political'),(3101,32,'_FieldCaption_SpiritualPractice_Join'),(3102,32,'_FieldDesc_SpiritualPractice_Join'),(3103,32,'_FieldCaption_PoliticalView_Join'),(3104,32,'_FieldCaption_Education_Join'),(3105,32,'_FieldValues_Elementary School'),(3106,32,'_FieldValues_Some High School'),(3107,32,'_FieldValues_High School Graduate'),(3108,32,'_FieldValues_Some College'),(3109,32,'_FieldValues_Associates Degree'),(3110,32,'_FieldValues_Bachelors Degree'),(3111,32,'_FieldValues_Masters Degree'),(3112,32,'_FieldValues_PhD. '),(3113,32,'_FieldValues_Post Doc.'),(3114,32,'_FieldCaption_Hobbies_Join'),(3115,32,'_FieldValues_Alternative Health'),(3116,32,'_FieldValues_Beauty'),(3117,32,'_FieldValues_Cycling'),(3118,32,'_FieldValues_Dance'),(3119,32,'_FieldValues_Decor'),(3120,32,'_FieldValues_Fashion'),(3121,32,'_FieldValues_Gardening'),(3122,32,'_FieldValues_Golf'),(3123,32,'_FieldValues_Health'),(3124,32,'_FieldValues_Knitting'),(3125,32,'_FieldValues_Movies'),(3126,32,'_FieldValues_Play Sports'),(3127,32,'_FieldValues_Running'),(3128,32,'_FieldValues_Skiing'),(3129,32,'_FieldValues_Sewing'),(3130,32,'_FieldValues_Working Out'),(3131,32,'_FieldValues_Watching Sport'),(3132,32,'_FieldValues_Other'),(3133,32,'_FieldDesc_ProfilePhoto_Join'),(3134,32,'_FieldCaption_PersonalInterests_Join'),(3135,32,'_FieldCaption_AltHealing_Join'),(3136,32,'_FieldDesc_AltHealing_Join'),(3137,32,'_FieldValues_Acupuncture'),(3138,32,'_FieldValues_Bio Feedback'),(3139,32,'_FieldValues_Chiropractic'),(3140,32,'_FieldValues_Energy Therapies'),(3141,32,'_FieldValues_FeldenKrais'),(3142,32,'_FieldValues_Herbalism'),(3143,32,'_FieldValues_Homeopathy'),(3144,32,'_FieldValues_Meditation'),(3145,32,'_FieldCaption_InterestArt_Join'),(3146,32,'_FieldValues_Crafts'),(3147,32,'_FieldValues_Drawing'),(3148,32,'_FieldValues_Edging'),(3149,32,'_FieldValues_Jewelry Making'),(3150,32,'_FieldValues_Painting'),(3151,32,'_FieldValues_Photography'),(3152,32,'_FieldValues_Videography'),(3153,32,'_FieldValues_Galleries'),(3154,32,'_FieldValues_Museums'),(3155,32,'_FieldCaption_InterestsAltHealing_Join'),(3156,32,'_FieldCaption_InterestsArt_Join'),(3157,32,'_FieldCaption_Ethnicity_Join'),(3158,32,'_FieldValues_Asian'),(3159,32,'_FieldValues_Black/African Descent'),(3160,32,'_FieldValues_East Indian'),(3161,32,'_FieldValues_Latino/Hispanic'),(3162,32,'_FieldValues_Middle Eastern'),(3163,32,'_FieldValues_Native American'),(3164,32,'_FieldValues_Pacific Islander'),(3165,32,'_FieldValues_White/Caucasian'),(3166,32,'_FieldValues_Agnostic'),(3167,32,'_FieldValues_Atheist'),(3168,32,'_FieldValues_Bahai, '),(3169,32,'_FieldValues_Buddhist / Taoist'),(3170,32,'_FieldValues_Christian / Catholic'),(3171,32,'_FieldValues_Christian / LDS'),(3172,32,'_FieldValues_Christian / Protestant'),(3173,32,'_FieldValues_Hindi'),(3174,32,'_FieldValues_Jewish'),(3175,32,'_FieldValues_Muslim / Islam'),(3176,32,'_FieldValues_New Age'),(3177,32,'_FieldValues_Paganism'),(3178,32,'_FieldValues_Rastafarian'),(3179,32,'_FieldValues_Scientology'),(3180,32,'_FieldValues_Sikhism'),(3181,32,'_FieldValues_Spiritual, but not religious'),(3182,32,'_FieldValues_Taoism'),(3183,32,'_FieldValues_Unitarianism'),(3184,32,'_FieldValues_Wicca'),(3185,32,'_FieldValues_Christian / Other'),(3186,32,'_FieldCaption_ProfileInfo_Join'),(3187,32,'_FieldCaption_AboutYou_Join'),(3188,32,'_FieldValues_Bahai'),(3189,32,'_FieldDesc_WomanStatus_Join'),(3190,32,'_FieldError_WomanStatus_Mandatory'),(3191,32,'_FieldCaption_WomanStatus_Join'),(3192,32,'_FieldValues_Single Woman'),(3193,32,'_FieldValues_Single Mother'),(3194,32,'_FieldValues_Sponsor Woman'),(3195,1,'_FieldCaption_AboutYou_Search'),(5186,40,'_bx_ads_privacy_comment'),(5185,40,'_bx_ads_post_text'),(5184,40,'_bx_ads_pending_approval'),(5183,40,'_bx_ads_parent_category'),(5182,40,'_bx_ads_msg_access_denied'),(5181,40,'_bx_ads_last_featured'),(5180,40,'_bx_ads_last_ads'),(5179,40,'_bx_ads_img_succ_deleted'),(5178,40,'_bx_ads_expired'),(5177,40,'_bx_ads_err_country'),(5176,40,'_bx_ads_err_city'),(5175,40,'_bx_ads_description_error_desc'),(5174,40,'_bx_ads_customFieldName2'),(5173,40,'_bx_ads_customFieldName1'),(5172,40,'_bx_ads_category_warn'),(5171,40,'_bx_ads_category_manager'),(5170,40,'_bx_ads_caption_country'),(5169,40,'_bx_ads_caption_city'),(5168,40,'_bx_ads_caption_browse_by_day'),(5167,40,'_bx_ads_admin_box_desc'),(5166,40,'_bx_ads_added_spy'),(5165,40,'_bx_ads_add_subcategory'),(5164,40,'_bx_ads_add_main_category'),(5163,40,'_bx_ads_Warn_max_live_days'),(5162,40,'_bx_ads_Warn_max_file_size'),(5161,40,'_bx_ads_Users_other_listing'),(5160,40,'_bx_ads_Unit'),(5159,40,'_bx_ads_Top_Rated'),(5158,40,'_bx_ads_Text_error'),(5157,40,'_bx_ads_Sub_category_successfully_delete'),(5156,40,'_bx_ads_Sub_category_successfully_updated'),(5155,40,'_bx_ads_Sub_category_successfully_added'),(5154,40,'_bx_ads_Sub_category_failed_deleted'),(5152,40,'_bx_ads_RSS'),(5151,40,'_bx_ads_Posted_by'),(5150,40,'_bx_ads_Popular'),(5149,40,'_bx_ads_My_Ads'),(5148,40,'_bx_ads_Moderating'),(5147,40,'_bx_ads_Manage_categories_form'),(5146,40,'_bx_ads_Manage_main'),(5145,40,'_bx_ads_Manage_ads'),(5144,40,'_bx_ads_Main_category_successfully_deleted'),(5143,40,'_bx_ads_Main_category_successfully_added'),(5142,40,'_bx_ads_Main_category_failed_delete'),(5141,40,'_bx_ads_Main_category_failed_add'),(5140,40,'_bx_ads_Life_Time'),(5139,40,'_bx_ads_Keywords'),(5138,40,'_bx_ads_Filtered_ads'),(5137,40,'_bx_ads_Filter'),(5136,40,'_bx_ads_Featured'),(5135,40,'_bx_ads_Feature_it'),(5134,40,'_bx_ads_Existed_images'),(5133,40,'_bx_ads_Disapproved'),(5132,40,'_bx_ads_Details'),(5131,40,'_bx_ads_De-Feature_it'),(5130,40,'_bx_ads_Custom_Values'),(5129,40,'_bx_ads_Categories'),(5128,40,'_bx_ads_Caption_error'),(5127,40,'_bx_ads_Calendar'),(5126,40,'_bx_ads_Buy_Now'),(5125,40,'_bx_ads_BuyMsg2'),(5124,40,'_bx_ads_BuyMsg1'),(5123,40,'_bx_ads_BuyDetails1'),(5122,40,'_bx_ads_Browse_All_Ads'),(5121,40,'_bx_ads_Back'),(5118,40,'_bx_ads_Ads_adm_stats'),(5119,40,'_bx_ads_All_ads'),(5115,40,'_bx_ads_Administration'),(5114,40,'_bx_ads_Add_ad'),(5113,40,'_bx_ads_Add'),(5112,40,'_bx_ads_Ad_succ_updated'),(5111,40,'_bx_ads_Ad_succ_deleted'),(5110,40,'_bx_ads_Ad_succ_added'),(5109,40,'_bx_ads_Ad_photos'),(5104,40,'_sys_module_ads'),(3300,1,'_Sisters'),(3301,32,'_FieldCaption_InterestsBooks_Join'),(3302,32,'_FieldValues_Comedy'),(3303,32,'_FieldValues_Drama'),(3304,32,'_FieldValues_Erotica'),(3305,32,'_FieldValues_Fantasy'),(3306,32,'_FieldValues_Fiction'),(3307,32,'_FieldValues_Literary Fiction'),(3308,32,'_FieldValues_Mystery'),(3309,32,'_FieldValues_Non Fiction'),(3310,32,'_FieldValues_Romance'),(3311,32,'_FieldValues_Science'),(3312,32,'_FieldValues_Thrillers'),(3313,32,'_FieldValues_Westers'),(3315,32,'_FieldCaption_InterestsEntertainment_Join'),(3316,32,'_FieldValues_Animals'),(3317,32,'_FieldValues_Antiques'),(3318,32,'_FieldValues_Art'),(3319,32,'_FieldValues_Astrology'),(3320,32,'_FieldValues_Camping'),(3321,32,'_FieldValues_Concerts'),(3322,32,'_FieldValues_Computer/Video Games'),(3323,32,'_FieldValues_Cooking'),(3324,32,'_FieldValues_Dancing'),(3325,32,'_FieldValues_Decorating'),(3326,32,'_FieldValues_Hiking'),(3327,32,'_FieldValues_Kids Arts/Crafts'),(3328,32,'_FieldValues_Music'),(3329,32,'_FieldValues_Physical Exercise'),(3330,32,'_FieldValues_Singing'),(3331,32,'_FieldValues_Sowing'),(3332,32,'_FieldValues_Traveling'),(3333,32,'_FieldValues_Woodworking'),(3334,32,'_FieldValues_Writing'),(3335,32,'_FieldCaption_InterestsGeneral_Join'),(3336,32,'_FieldValues_Food/Cooking'),(3337,32,'_FieldValues_Housing'),(3338,32,'_FieldValues_News'),(3339,32,'_FieldValues_Politics'),(3340,32,'_FieldValues_Raising Children / Child Care'),(3341,32,'_FieldValues_Social Issues'),(3342,32,'_FieldValues_Spirituality'),(3343,32,'_FieldValues_Travel'),(3344,32,'_FieldCaption_NEW_ITEM_Join'),(3345,32,'_FieldDesc_NEW_ITEM_Join'),(3346,32,'_FieldValues_Aerobics'),(3347,32,'_FieldValues_Baseball'),(3348,32,'_FieldValues_Basketball'),(3349,32,'_FieldValues_Football'),(3350,32,'_FieldValues_Martial Arts'),(3351,32,'_FieldValues_Paddle Boarding'),(3352,32,'_FieldValues_Racquetball'),(3353,32,'_FieldValues_Snowboarding'),(3354,32,'_FieldValues_Soccer'),(3355,32,'_FieldValues_Surfing'),(3356,32,'_FieldValues_Swimming'),(3357,32,'_FieldValues_Tennis'),(3358,32,'_FieldValues_Volleyball'),(3359,32,'_FieldValues_Weight Lifting'),(3360,32,'_FieldValues_Workout'),(3361,32,'_FieldValues_Yoga'),(3362,32,'_FieldValues_Zumba'),(3363,32,'_FieldCaption_InterestsSports_Join'),(3364,32,'_FieldDesc_InterestsSports_Join'),(3365,32,'_FieldCaption_InterestsWomens_Join'),(3366,32,'_FieldValues_Abortion'),(3367,32,'_FieldValues_Balancing Mother/Work/Woman'),(3368,32,'_FieldValues_Baby Care'),(3369,32,'_FieldValues_Breastfeeding'),(3370,32,'_FieldValues_Childbirth'),(3371,32,'_FieldValues_Children\'s Disorders'),(3372,32,'_FieldValues_Children\'s Issues'),(3373,32,'_FieldValues_Equal Rights'),(3374,32,'_FieldValues_Feminism'),(3375,32,'_FieldValues_Hormones'),(3376,32,'_FieldValues_Menopause'),(3377,32,'_FieldValues_PreMenopausal'),(3378,32,'_FieldValues_PMS'),(3379,32,'_FieldValues_Pregnancy'),(3380,32,'_FieldCaption_InterestsMusic_Join'),(3381,32,'_FieldDesc_InterestsMusic_Join'),(3382,32,'_FieldCaption_Music_Join'),(3383,32,'_FieldDesc_Music_Join'),(3384,32,'_FieldValues_Banjo'),(3385,32,'_FieldValues_Guitar'),(3386,32,'_FieldValues_Bongo Drum'),(3387,32,'_FieldValues_Base'),(3388,32,'_FieldValues_Clarinet'),(3389,32,'_FieldValues_Djembe Drum'),(3390,32,'_FieldValues_Drums'),(3391,32,'_FieldValues_Flute'),(3392,32,'_FieldValues_Oboe'),(3393,32,'_FieldValues_Piano'),(3394,32,'_FieldValues_Recorder'),(3395,32,'_FieldValues_Saxophone'),(3396,32,'_FieldValues_Trumpet'),(3397,32,'_FieldValues_Tuba'),(3398,32,'_FieldValues_Ukulele'),(3399,32,'_FieldValues_Viola'),(3400,32,'_FieldValues_Violin'),(3401,32,'_FieldValues_Voice'),(3439,1,'_adm_dblinks_manage_modules'),(3440,1,'_adm_dblinks_manage_templates'),(3441,1,'_adm_dblinks_mass_mailer'),(3442,1,'_adm_dblinks_settings'),(3443,1,'_adm_pbuilder_DesignBox_0'),(3444,1,'_adm_pbuilder_DesignBox_1'),(3445,1,'_adm_pbuilder_DesignBox_11'),(3446,1,'_adm_pbuilder_DesignBox_13'),(3447,1,'_adm_pbuilder_DesignBox_2'),(3448,1,'_adm_pbuilder_DesignBox_3'),(3449,1,'_adm_pbuilder_DesignBox_Lang_Key'),(3450,1,'_adm_txt_mlevels_name_err_non_uniq'),(3451,1,'_adm_txt_modules_check_permissions'),(3452,1,'_adm_txt_modules_data_will_be_lost'),(3453,1,'_adm_txt_modules_wrong_permissions_change'),(3454,1,'_adm_txt_modules_wrong_permissions_change_cannot_connect_to_ftp'),(3455,1,'_adm_txt_modules_wrong_permissions_change_destination_not_valid'),(3456,1,'_adm_txt_modules_wrong_permissions_change_list'),(3457,1,'_adm_txt_modules_wrong_permissions_check'),(3458,1,'_adm_txt_templ_evo_desc'),(3459,1,'_in_x_days_short'),(3460,1,'_in_x_hours_short'),(3461,1,'_in_x_minutes_short'),(3462,1,'_join_form_note'),(3463,1,'_just_now'),(3464,1,'_sys_album_x'),(3465,1,'_sys_album_x_photo_x'),(3466,1,'_sys_auth_join_with'),(3467,1,'_sys_auth_login_with'),(3468,1,'_sys_bcpt_profile_cover'),(3469,1,'_sys_btn_cover_change'),(3470,1,'_sys_kilobyte'),(3471,1,'_sys_mailbox_back_inbox'),(3472,1,'_sys_mailbox_back_outbox'),(3473,1,'_sys_mailbox_back_trash'),(3474,1,'_sys_member_info_full_name'),(3475,1,'_sys_pmt_shopping_cart_caption'),(3476,1,'_sys_pmt_shopping_cart_description'),(3477,1,'_sys_pmt_tmenu_cart'),(3478,1,'_sys_pmt_tmenu_payments'),(3479,1,'_sys_select_one'),(3480,1,'_sys_sm_account_menu'),(3481,1,'_sys_sm_join_or_login'),(3482,1,'_sys_sm_profile_settings'),(3483,1,'_sys_sm_search'),(3484,1,'_sys_txt_select_files'),(3485,1,'_sys_txt_upload_abort'),(3486,1,'_sys_txt_upload_done'),(3487,1,'_sys_txt_upload_failed'),(3488,1,'_sys_txt_upload_size_error'),(3489,1,'_sys_txt_uploader_html5'),(3490,1,'_sys_txt_uploader_html5_not_supported'),(3491,1,'_sys_txt_wrong_file_extension'),(3492,1,'_x_days_ago_short'),(3493,1,'_x_hours_ago_short'),(3494,1,'_x_minutes_ago_short'),(3496,8,'_wall_pc_post_profile_tl'),(3497,8,'_wall_pc_view_account_tl'),(3498,8,'_wall_pc_view_index_ol'),(3499,8,'_wall_pc_view_index_tl'),(3500,8,'_wall_pc_view_profile_tl'),(3501,8,'_wall_see_more'),(3504,9,'_bx_photos_crop_action'),(3506,6,'_bx_events_privacy_view_forum'),(5233,32,'_FieldValues_Sculpture'),(3508,14,'_simple_messenger_me'),(3509,2,'Logout'),(3510,18,'_sys_module_forum'),(3511,18,'_bx_forum'),(3512,18,'_bx_forum_forum_posts'),(3513,18,'_bx_forum_forum_topic'),(3514,18,'_bx_forums'),(3515,18,'_bx_forum_anonymous'),(3516,18,'_bx_forum_discussions'),(3517,18,'_bx_forum_menu_my_topics'),(3518,18,'_bx_forum_menu_flagged_topics'),(3519,18,'_bx_forum_menu_home'),(3520,18,'_bx_forum_menu_search'),(3521,18,'_bx_forum_menu_spy'),(3522,18,'_bx_forum_menu_forum_index'),(3523,18,'_bx_forum_menu_manage_forum'),(3524,18,'_bx_forum_menu_reported_posts'),(3525,18,'_bx_forum_menu_hidden_posts'),(3526,18,'_bx_forum_menu_hidden_topics'),(3527,18,'_bx_forum_posts'),(3528,18,'_bx_forum_post'),(3529,18,'_bx_forum_topics'),(3530,18,'_bx_forum_robot'),(3531,18,'_bx_forum_role_robot'),(3532,18,'_bx_forum_role_admin'),(3533,18,'_bx_forum_role_member'),(3534,18,'_bx_forum_role_affiliate'),(3535,18,'_bx_forum_role_moderator'),(3536,18,'_bx_forum_role_guest'),(3537,18,'_bx_forum_role_undefined'),(3538,18,'_bx_forums_index'),(3539,18,'_bx_forums_recent_topics'),(3540,18,'_bx_forums_sitemap'),(3541,18,'_bx_forums_quick_search'),(3542,18,'_bx_forums_new_topic'),(3543,18,'_mma_forum_public_read'),(3544,18,'_mma_forum_public_post'),(3545,18,'_mma_forum_private_read'),(3546,18,'_mma_forum_private_post'),(3547,18,'_mma_forum_search'),(3548,18,'_mma_forum_edit_all'),(3549,18,'_mma_forum_delete_all'),(3550,18,'_mma_forum_make_sticky'),(3551,18,'_mma_forum_del_topics'),(3552,18,'_mma_forum_move_topics'),(3553,18,'_mma_forum_hide_topics'),(3554,18,'_mma_forum_unhide_topics'),(3555,18,'_mma_forum_hide_posts'),(3556,18,'_mma_forum_unhide_posts'),(3557,18,'_mma_forum_files_download'),(3558,19,'_sys_module_avatar'),(3559,19,'_bx_ava_avatar'),(3560,19,'_bx_ava_administration'),(3561,19,'_bx_ava_wall_add'),(3562,19,'_bx_ava_wall_change'),(3563,19,'_bx_ava_wall_object'),(3564,19,'_bx_ava_you_can_store_different_avatars'),(3565,19,'_bx_ava_my_avatars'),(3566,19,'_bx_ava_site_avatars'),(3567,19,'_bx_ava_current_avatar'),(3568,19,'_bx_ava_cropping_tool'),(3569,19,'_bx_ava_copy_to_profile_photos'),(3570,19,'_bx_ava_set_as_my_avatar'),(3571,19,'_bx_ava_set_as_couple_avatar'),(3572,19,'_bx_ava_ok'),(3573,19,'_bx_ava_remove'),(3574,19,'_bx_ava_upload_title'),(3575,19,'_bx_ava_upload_info'),(3576,19,'_bx_ava_no_crop_image'),(3577,19,'_bx_ava_crop_image_desc'),(3578,19,'_bx_ava_add_avatar'),(3579,19,'_bx_ava_crop_preview_title'),(3580,19,'_bx_ava_crop_preview_desc'),(3581,19,'_bx_ava_upload_error'),(3582,19,'_bx_ava_set_avatar_error'),(3583,19,'_bx_ava_premoderation_note'),(3584,19,'_bx_ava_page_title_home'),(3585,19,'_bx_ava_msg_page_not_found'),(3586,19,'_bx_ava_msg_access_denied'),(3587,19,'_bx_ava_msg_error_occured'),(3588,19,'_bx_ava_msg_avatar_was_deleted'),(3589,19,'_bx_ava_block_tight'),(3590,19,'_bx_ava_block_wide'),(3591,19,'_bx_ava_manage_avatars'),(3592,19,'_mma_avatar_upload'),(3593,19,'_mma_avatar_edit_any'),(3594,19,'_mma_avatar_delete_any'),(5299,32,'_FieldValues_Rowing'),(4999,32,'_FieldValues_Women’s Rights'),(4998,32,'_FieldValues_Violence Against Women'),(4997,32,'_FieldValues_Reproductive Rights'),(4996,32,'_FieldValues_Poverty'),(4995,32,'_FieldValues_Paid Sick and Parental Leave'),(4994,32,'_FieldValues_Inadequate Representation'),(4993,32,'_FieldValues_Human Trafficking/Sex Slavery'),(4992,32,'_FieldValues_Free Speech'),(4991,32,'_FieldValues_Discrimination in the Work Force'),(4990,32,'_FieldValues_Affordable Child Care'),(4989,32,'_FieldValues_Involved Woman'),(3722,32,'_FieldValues_High School'),(3723,32,'_FieldValues_Bachelor\'s Degree'),(3724,32,'_FieldValues_Post-Graduate'),(3725,1,'_FieldCaption_FirstName_Edit'),(3726,1,'_FieldCaption_FirstName_Join'),(3727,1,'_FieldCaption_FirstName_View'),(3728,1,'_FieldCaption_LastName_Edit'),(3729,1,'_FieldCaption_LastName_Join'),(3730,1,'_FieldCaption_LastName_View'),(3731,1,'_FieldDesc_FirstName_Join'),(3732,1,'_FieldDesc_LastName_Join'),(3733,1,'_FieldError_FirstName_Mandatory'),(3734,1,'_FieldError_FirstName_Max'),(3735,1,'_FieldError_FirstName_Min'),(3736,1,'_FieldError_LastName_Mandatory'),(3737,1,'_FieldError_LastName_Max'),(3738,1,'_FieldError_LastName_Min'),(3739,1,'_sys_member_info_first_name'),(3740,1,'_sys_member_info_first_name_last_name'),(3741,1,'_sys_member_info_last_name_firs_name'),(3742,32,'_FieldValues_Spiritual but not religious'),(3752,24,'_sys_module_groups'),(3753,24,'_bx_groups'),(3754,24,'_bx_groups_action_add_group'),(3755,24,'_bx_groups_action_add_to_featured'),(3756,24,'_bx_groups_action_manage_fans'),(3757,24,'_bx_groups_action_my_groups'),(3758,24,'_bx_groups_action_remove_from_featured'),(3759,24,'_bx_groups_action_title_broadcast'),(3760,24,'_bx_groups_action_title_delete'),(3761,24,'_bx_groups_action_title_edit'),(3762,24,'_bx_groups_action_title_invite'),(3763,24,'_bx_groups_action_title_join'),(3764,24,'_bx_groups_action_title_leave'),(3765,24,'_bx_groups_action_title_share'),(3766,24,'_bx_groups_action_upload_files'),(3767,24,'_bx_groups_action_upload_photos'),(3768,24,'_bx_groups_action_upload_sounds'),(3769,24,'_bx_groups_action_upload_videos'),(3770,24,'_bx_groups_adm_stats'),(3771,24,'_bx_groups_admin_activate'),(3772,24,'_bx_groups_admin_add_new_group'),(3773,24,'_bx_groups_admin_delete'),(3774,24,'_bx_groups_admin_groups'),(3775,24,'_bx_groups_admin_settings'),(3776,24,'_bx_groups_block_actions'),(3777,24,'_bx_groups_block_administration_owner'),(3778,24,'_bx_groups_block_categories'),(3779,24,'_bx_groups_block_comments'),(3780,24,'_bx_groups_block_desc'),(3781,24,'_bx_groups_block_fans'),(3782,24,'_bx_groups_block_fans_unconfirmed'),(3783,24,'_bx_groups_block_files'),(3784,24,'_bx_groups_block_homepage'),(3785,24,'_bx_groups_block_info'),(3786,24,'_bx_groups_block_latest_featured_group'),(3787,24,'_bx_groups_block_my_groups'),(3788,24,'_bx_groups_block_my_groups_joined'),(3789,24,'_bx_groups_block_photo'),(3790,24,'_bx_groups_block_rate'),(3791,24,'_bx_groups_block_recent'),(3792,24,'_bx_groups_block_sound'),(3793,24,'_bx_groups_block_submenu_add_group'),(3794,24,'_bx_groups_block_submenu_main'),(3795,24,'_bx_groups_block_submenu_manage_groups'),(3796,24,'_bx_groups_block_submenu_pending_groups'),(3797,24,'_bx_groups_block_users_groups'),(3798,24,'_bx_groups_block_video'),(3799,24,'_bx_groups_caption_manage_fans'),(3800,24,'_bx_groups_caption_share_group'),(3801,24,'_bx_groups_fans'),(3802,24,'_bx_groups_form_caption_broadcast_message'),(3803,24,'_bx_groups_form_caption_broadcast_title'),(3804,24,'_bx_groups_form_caption_category'),(3805,24,'_bx_groups_form_caption_city'),(3806,24,'_bx_groups_form_caption_country'),(3807,24,'_bx_groups_form_caption_desc'),(3808,24,'_bx_groups_form_caption_file_title'),(3809,24,'_bx_groups_form_caption_files_choice'),(3810,24,'_bx_groups_form_caption_files_upload'),(3811,24,'_bx_groups_form_caption_images_choice'),(3812,24,'_bx_groups_form_caption_images_upload'),(3813,24,'_bx_groups_form_caption_join_confirmation'),(3814,24,'_bx_groups_form_caption_keyword'),(3815,24,'_bx_groups_form_caption_sounds_choice'),(3816,24,'_bx_groups_form_caption_sounds_upload'),(3817,24,'_bx_groups_form_caption_thumb_choice'),(3818,24,'_bx_groups_form_caption_title'),(3819,24,'_bx_groups_form_caption_videos_choice'),(3820,24,'_bx_groups_form_caption_videos_upload'),(3821,24,'_bx_groups_form_caption_zip'),(3822,24,'_bx_groups_form_err_broadcast_message'),(3823,24,'_bx_groups_form_err_broadcast_title'),(3824,24,'_bx_groups_form_err_category'),(3825,24,'_bx_groups_form_err_desc'),(3826,24,'_bx_groups_form_err_join_confirmation'),(3827,24,'_bx_groups_form_err_keyword'),(3828,24,'_bx_groups_form_err_tags'),(3829,24,'_bx_groups_form_err_title'),(3830,24,'_bx_groups_form_header_files'),(3831,24,'_bx_groups_form_header_images'),(3832,24,'_bx_groups_form_header_info'),(3833,24,'_bx_groups_form_header_privacy'),(3834,24,'_bx_groups_form_header_sounds'),(3835,24,'_bx_groups_form_header_videos'),(3836,24,'_bx_groups_form_info_files_choice'),(3837,24,'_bx_groups_form_info_files_upload'),(3838,24,'_bx_groups_form_info_images_choice'),(3839,24,'_bx_groups_form_info_images_upload'),(3840,24,'_bx_groups_form_info_join_confirmation'),(3841,24,'_bx_groups_form_info_sounds_choice'),(3842,24,'_bx_groups_form_info_sounds_upload'),(3843,24,'_bx_groups_form_info_thumb_choice'),(3844,24,'_bx_groups_form_info_videos_choice'),(3845,24,'_bx_groups_form_info_videos_upload'),(3846,24,'_bx_groups_form_join_confirmation_disabled'),(3847,24,'_bx_groups_form_join_confirmation_enabled'),(3848,24,'_bx_groups_group_plural'),(3849,24,'_bx_groups_group_single'),(3850,24,'_bx_groups_menu_admin_add_entry'),(3851,24,'_bx_groups_menu_admin_entries'),(3852,24,'_bx_groups_menu_admin_pending_approval'),(3853,24,'_bx_groups_menu_admin_settings'),(3854,24,'_bx_groups_menu_calendar'),(3855,24,'_bx_groups_menu_categories'),(3856,24,'_bx_groups_menu_featured'),(3857,24,'_bx_groups_menu_main'),(3858,24,'_bx_groups_menu_my_groups_profile'),(3859,24,'_bx_groups_menu_popular'),(3860,24,'_bx_groups_menu_recent'),(3861,24,'_bx_groups_menu_root'),(3862,24,'_bx_groups_menu_search'),(3863,24,'_bx_groups_menu_tags'),(3864,24,'_bx_groups_menu_top_rated'),(3865,24,'_bx_groups_menu_view_comments'),(3866,24,'_bx_groups_menu_view_fans'),(3867,24,'_bx_groups_menu_view_forum'),(3868,24,'_bx_groups_menu_view_group'),(3869,24,'_bx_groups_msg_added_to_featured'),(3870,24,'_bx_groups_msg_broadcast_message_sent'),(3871,24,'_bx_groups_msg_broadcast_no_recipients'),(3872,24,'_bx_groups_msg_group_was_deleted'),(3873,24,'_bx_groups_msg_invitation_sent'),(3874,24,'_bx_groups_msg_join_success'),(3875,24,'_bx_groups_msg_join_success_pending'),(3876,24,'_bx_groups_msg_joined_already'),(3877,24,'_bx_groups_msg_joined_request_pending'),(3878,24,'_bx_groups_msg_leave_success'),(3879,24,'_bx_groups_msg_no_users_to_invite'),(3880,24,'_bx_groups_msg_pending_approval'),(3881,24,'_bx_groups_msg_removed_from_featured'),(3882,24,'_bx_groups_msg_you_have_no_groups'),(3883,24,'_bx_groups_msg_you_have_pending_approval_groups'),(3884,24,'_bx_groups_msg_you_have_some_groups'),(3885,24,'_bx_groups_page_title_add'),(3886,24,'_bx_groups_page_title_admin_groups'),(3887,24,'_bx_groups_page_title_administration'),(3888,24,'_bx_groups_page_title_broadcast'),(3889,24,'_bx_groups_page_title_browse'),(3890,24,'_bx_groups_page_title_browse_by_author'),(3891,24,'_bx_groups_page_title_browse_by_author_joined_groups'),(3892,24,'_bx_groups_page_title_browse_by_category'),(3893,24,'_bx_groups_page_title_browse_by_day'),(3894,24,'_bx_groups_page_title_browse_by_tag'),(3895,24,'_bx_groups_page_title_browse_featured'),(3896,24,'_bx_groups_page_title_browse_popular'),(3897,24,'_bx_groups_page_title_browse_recent'),(3898,24,'_bx_groups_page_title_browse_top_rated'),(3899,24,'_bx_groups_page_title_calendar'),(3900,24,'_bx_groups_page_title_categories'),(3901,24,'_bx_groups_page_title_comments'),(3902,24,'_bx_groups_page_title_edit'),(3903,24,'_bx_groups_page_title_fans'),(3904,24,'_bx_groups_page_title_files'),(3905,24,'_bx_groups_page_title_home'),(3906,24,'_bx_groups_page_title_invite'),(3907,24,'_bx_groups_page_title_my_groups'),(3908,24,'_bx_groups_page_title_pending_approval'),(3909,24,'_bx_groups_page_title_photos'),(3910,24,'_bx_groups_page_title_search'),(3911,24,'_bx_groups_page_title_search_results'),(3912,24,'_bx_groups_page_title_sounds'),(3913,24,'_bx_groups_page_title_tags'),(3914,24,'_bx_groups_page_title_upload_files'),(3915,24,'_bx_groups_page_title_upload_photos'),(3916,24,'_bx_groups_page_title_upload_sounds'),(3917,24,'_bx_groups_page_title_upload_videos'),(3918,24,'_bx_groups_page_title_videos'),(3919,24,'_bx_groups_privacy_admins_only'),(3920,24,'_bx_groups_privacy_comment'),(3921,24,'_bx_groups_privacy_fans'),(3922,24,'_bx_groups_privacy_fans_only'),(3923,24,'_bx_groups_privacy_join'),(3924,24,'_bx_groups_privacy_post_in_forum'),(3925,24,'_bx_groups_privacy_view_forum'),(3926,24,'_bx_groups_privacy_rate'),(3927,24,'_bx_groups_privacy_upload_files'),(3928,24,'_bx_groups_privacy_upload_photos'),(3929,24,'_bx_groups_privacy_upload_sounds'),(3930,24,'_bx_groups_privacy_upload_videos'),(3931,24,'_bx_groups_privacy_view_fans'),(3932,24,'_bx_groups_privacy_view_group'),(3933,24,'_bx_groups_sbs_change'),(3934,24,'_bx_groups_sbs_comment'),(3935,24,'_bx_groups_sbs_join'),(3936,24,'_bx_groups_sbs_rate'),(3937,24,'_bx_groups_spy_comment'),(3938,24,'_bx_groups_spy_join'),(3939,24,'_bx_groups_spy_post'),(3940,24,'_bx_groups_spy_post_change'),(3941,24,'_bx_groups_spy_rate'),(3942,24,'_bx_groups_tab_featured'),(3943,24,'_bx_groups_tab_popular'),(3944,24,'_bx_groups_tab_recent'),(3945,24,'_bx_groups_tab_top'),(3946,24,'_bx_groups_user_unknown'),(3947,24,'_bx_groups_wall_added_new'),(3948,24,'_bx_groups_wall_added_new_comment'),(3949,24,'_bx_groups_wall_added_new_items'),(3950,24,'_bx_groups_wall_object'),(3951,24,'_mma_groups_add_group'),(3952,24,'_mma_groups_approve_groups'),(3953,24,'_mma_groups_broadcast_message'),(3954,24,'_mma_groups_browse'),(3955,24,'_mma_groups_comments_delete_and_edit'),(3956,24,'_mma_groups_delete_any_group'),(3957,24,'_mma_groups_edit_any_group'),(3958,24,'_mma_groups_mark_as_featured'),(3959,24,'_mma_groups_search'),(3960,24,'_mma_groups_view_group'),(3961,24,'_sbs_txt_title_bx_groups'),(4171,29,'_aqb_advanced_search_form_empty_value'),(4170,29,'_aqb_advanced_search_form_control_checkboxes'),(4169,29,'_aqb_advanced_search_form_control_multiselectable'),(4168,29,'_aqb_advanced_search_form_control_boxes'),(4167,29,'_aqb_advanced_search_form_control_default'),(4166,29,'_aqb_advanced_search_form_control'),(4165,29,'_aqb_advanced_search_form_no_fields'),(4164,29,'_aqb_advanced_search_form_search_fields'),(4163,29,'_aqb_advanced_search_form'),(3973,32,'_FieldCaption_Hobbies_Search'),(3974,32,'_FieldCaption_Interests_Search'),(3975,32,'_FieldCaption_SpiritualPractice_Search'),(3976,1,'_FieldCaption_AboutYou_Edit'),(3977,1,'_FieldCaption_WomanStatus_Edit'),(3978,1,'_FieldCaption_GeneralInfo_Edit'),(3979,1,'_FieldCaption_PersonalInterests_Edit'),(3980,1,'_FieldCaption_PoliticalView_Edit'),(3981,1,'_FieldCaption_SpiritualPractice_Edit'),(3982,1,'_FieldCaption_InterestsGeneral_Edit'),(3983,1,'_FieldCaption_InterestsArt_Edit'),(3984,1,'_FieldCaption_InterestsAltHealing_Edit'),(3985,1,'_FieldCaption_InterestsBooks_Edit'),(3986,1,'_FieldCaption_InterestsMusic_Edit'),(3987,1,'_FieldCaption_InterestsSports_Edit'),(3988,1,'_FieldCaption_InterestsEntertainment_Edit'),(3989,1,'_FieldCaption_InterestsWomens_Edit'),(3990,1,'_FieldCaption_SpiritualPractice_View'),(4045,1,'_adm_btn_add_full_column'),(4044,1,'_adm_box_cpt_privacy'),(4043,1,'_Text Block'),(4042,1,'_Repost'),(4041,1,'_OK'),(4040,1,'_Enter_value_here'),(4039,1,'_Code Block'),(4038,1,'_Approval'),(4046,1,'_adm_btn_mp_ban_duration'),(4047,1,'_adm_btn_pvc_save'),(4048,1,'_adm_mmi_privacy'),(4049,1,'_adm_page_cpt_privacy'),(4050,1,'_adm_pbuilder_Code_Block'),(4051,1,'_adm_pbuilder_Text_Block'),(4052,1,'_adm_tmi_language'),(4053,1,'_adm_txt_langs_country_code'),(4054,1,'_adm_txt_langs_direction'),(4055,1,'_adm_txt_pvc_defaults'),(4056,1,'_adm_txt_pvc_nothing_changed'),(4057,1,'_adm_txt_pvc_settings'),(4058,1,'_adm_txt_pvc_success_save'),(4059,1,'_sys_module_profile'),(4060,24,'_bx_groups_wall_added_new_title'),(4061,24,'_bx_groups_wall_added_new_title_comment'),(4062,24,'_bx_groups_wall_added_new_title_items'),(4063,24,'_wall_reposted_bx_groups_add'),(4064,24,'_wall_reposted_bx_groups_comment_add'),(4065,24,'_wall_reposted_title_bx_groups_add'),(4066,24,'_wall_reposted_title_bx_groups_comment_add'),(4071,8,'_wall_added_photos'),(4072,8,'_wall_added_sounds'),(4073,8,'_wall_added_text'),(4074,8,'_wall_added_title_link'),(4075,8,'_wall_added_title_photos'),(4076,8,'_wall_added_title_sounds'),(4077,8,'_wall_added_title_text'),(4078,8,'_wall_added_title_videos'),(4079,8,'_wall_added_videos'),(4080,8,'_wall_alert_action_comment_add'),(4081,8,'_wall_comment'),(4082,8,'_wall_do_vote'),(4152,8,'_wall_n_comments_long'),(4084,8,'_wall_reposted'),(4085,8,'_wall_reposted_friend_accept'),(4086,8,'_wall_reposted_link'),(4087,8,'_wall_reposted_photos'),(4088,8,'_wall_reposted_profile_comment_add'),(4089,8,'_wall_reposted_profile_edit'),(4090,8,'_wall_reposted_profile_edit_status_message'),(4091,8,'_wall_reposted_sounds'),(4092,8,'_wall_reposted_text'),(4093,8,'_wall_reposted_title_friend_accept'),(4094,8,'_wall_reposted_title_link'),(4095,8,'_wall_reposted_title_photos'),(4096,8,'_wall_reposted_title_profile_comment_add'),(4097,8,'_wall_reposted_title_profile_edit'),(4098,8,'_wall_reposted_title_profile_edit_status_message'),(4099,8,'_wall_reposted_title_sounds'),(4100,8,'_wall_reposted_title_text'),(4101,8,'_wall_reposted_title_videos'),(4102,8,'_wall_reposted_videos'),(4151,8,'_wall_hide_comments'),(4104,8,'_wall_spy_rate'),(4105,8,'_wall_spy_repost'),(4106,8,'_wall_txt_do_repost'),(4107,8,'_wall_txt_err_already_reposted'),(4108,8,'_wall_txt_err_cannot_repost'),(4109,8,'_wall_txt_msg_success_repost'),(4110,8,'_wall_txt_reposted_by'),(4111,9,'_bx_photos_wall_added_new_comment_title'),(4112,9,'_bx_photos_wall_added_new_items_title'),(4113,9,'_bx_photos_wall_added_new_title'),(4114,9,'_wall_reposted_bx_photos_add'),(4115,9,'_wall_reposted_bx_photos_add_grouped'),(4116,9,'_wall_reposted_bx_photos_comment_add'),(4117,9,'_wall_reposted_title_bx_photos_add'),(4118,9,'_wall_reposted_title_bx_photos_add_grouped'),(4119,9,'_wall_reposted_title_bx_photos_comment_add'),(5153,40,'_bx_ads_Sub_category_failed_add'),(5120,40,'_bx_ads_Apply'),(5116,40,'_bx_ads_Ads'),(5117,40,'_bx_ads_Ads_Home'),(5107,40,'_bx_ads_Ad'),(5108,40,'_bx_ads_Ad_fail_delete'),(5105,40,'_bx_ads_Activate'),(5106,40,'_bx_ads_DeActivate'),(4128,6,'_bx_events_wall_added_new_title'),(4129,6,'_bx_events_wall_added_new_title_comment'),(4130,6,'_bx_events_wall_added_new_title_items'),(4131,6,'_wall_reposted_bx_events_add'),(4132,6,'_wall_reposted_bx_events_comment_add'),(4133,6,'_wall_reposted_title_bx_events_add'),(4134,6,'_wall_reposted_title_bx_events_comment_add'),(4135,19,'_bx_ava_wall_title_add'),(4136,19,'_bx_ava_wall_title_change'),(4137,19,'_wall_reposted_bx_avatar_add'),(4138,19,'_wall_reposted_bx_avatar_change'),(4139,19,'_wall_reposted_title_bx_avatar_add'),(4140,19,'_wall_reposted_title_bx_avatar_change'),(4141,1,'_adm_box_cpt_injections'),(4142,1,'_adm_dsc_settings_injection_body'),(4143,1,'_adm_dsc_settings_injection_head'),(4144,1,'_adm_txt_mp_intersex'),(4145,1,'_adm_txt_mp_other'),(4146,1,'_adm_txt_settings_injection_body'),(4147,1,'_adm_txt_settings_injection_head'),(4148,9,'_bx_photos_info_album'),(4149,1,'_FieldCaption_DateLastNav_View'),(4150,1,'_n_votes'),(4153,8,'_wall_n_reposts'),(4154,8,'_wall_n_reposts_long'),(4155,8,'_wall_n_votes'),(4156,8,'_wall_n_votes_long'),(4157,8,'_wall_no_reposts'),(4158,8,'_wall_no_reposts_long'),(4159,8,'_wall_select_file'),(4160,8,'_wall_show_comments'),(4161,1,'_nav_update_status'),(4162,1,'_mail'),(4172,29,'_aqb_advanced_search_form_empty_value_info'),(4173,29,'_aqb_advanced_search_form_empty'),(4596,35,'_modzzz_articles_tab_popular'),(4595,35,'_modzzz_articles_tab_top'),(4594,35,'_modzzz_articles_tab_recent'),(4593,35,'_modzzz_articles_tab_featured'),(4592,35,'_modzzz_articles_sbs_rate'),(4591,35,'_modzzz_articles_sbs_comment'),(4590,35,'_modzzz_articles_sbs_change'),(4589,35,'_modzzz_articles_spy_comment'),(4588,35,'_modzzz_articles_spy_rate'),(4587,35,'_modzzz_articles_spy_post_change'),(4586,35,'_modzzz_articles_spy_post'),(4585,35,'_modzzz_articles_enabled'),(4584,35,'_modzzz_articles_disabled'),(4583,35,'_modzzz_articles_user_unknown'),(4582,35,'_modzzz_articles_article_plural'),(4581,35,'_modzzz_articles_article_single'),(4580,35,'_modzzz_articles_for_article'),(4579,35,'_modzzz_articles_wall_object'),(4578,35,'_modzzz_articles_wall_added_new'),(4577,35,'_modzzz_articles_add'),(4576,35,'_modzzz_articles_fans'),(4575,35,'_modzzz_articles'),(4574,35,'_sbs_txt_title_modzzz_articles'),(4573,35,'_modzzz_articles_week_sat'),(4572,35,'_modzzz_articles_week_fri'),(4571,35,'_modzzz_articles_week_thu'),(4570,35,'_modzzz_articles_week_wed'),(4569,35,'_modzzz_articles_week_tue'),(4568,35,'_modzzz_articles_week_mon'),(4567,35,'_modzzz_articles_week_sun'),(4566,35,'_modzzz_articles_posted_in'),(4565,35,'_modzzz_articles_posted_by'),(4564,35,'_modzzz_articles_block_related'),(4563,35,'_modzzz_articles_block_comments'),(4562,35,'_modzzz_articles_block_archive'),(4561,35,'_modzzz_articles_block_calendar'),(4560,35,'_modzzz_articles_block_article_create'),(4559,35,'_modzzz_articles_block_search'),(4558,35,'_modzzz_articles_continue'),(4557,35,'_modzzz_articles_enter_your_article_topic'),(4556,35,'_modzzz_articles_calendar'),(4555,35,'_modzzz_articles_admin_publish'),(4554,35,'_modzzz_articles_menu_admin_pending_publish'),(4553,35,'_modzzz_articles_form_caption_snippet'),(4552,35,'_modzzz_articles_form_info_snippet'),(4551,35,'_modzzz_articles_form_info_publish_now'),(4544,35,'_modzzz_articles_caption_browse_related'),(4545,35,'_modzzz_articles_membership_filter_none'),(4546,35,'_modzzz_articles_info_membership_filter'),(4547,35,'_modzzz_articles_caption_membership_filter'),(4978,1,'_FieldCaption_InterestsBooks_'),(4979,1,'_FieldCaption_InterestsArt_View'),(4980,1,'_FieldCaption_InterestsAltHealing_View'),(4981,1,'_FieldCaption_IntetestsEntertainment_View'),(4982,1,'_FieldCaption_InterestsGeneral_View'),(4983,1,'_FieldCaption_InterestsBooks_View'),(4984,1,'_FieldCaption_InterestsMusic_View'),(4985,1,'_FieldCaption_InterestsSports_View'),(4986,1,'_FieldCaption_InterestsWomensIssues_View'),(4987,1,'_FieldCaption_InterestsEntertainment_View'),(4988,1,'_FieldCaption_InterestsWomens_View'),(5232,32,'_FieldValues_Master\'s Degree'),(5231,32,'_FieldCaption_PoliticalView_Search'),(5230,32,'_FieldValues_Watching Sports'),(5229,32,'_FieldValues_Vegetable Gardening'),(5228,32,'_FieldValues_Sculpting'),(5227,32,'_FieldValues_Reading'),(5226,32,'_FieldValues_Programming'),(5225,32,'_FieldValues_Décor'),(5224,32,'_FieldValues_Computer gaming'),(5223,32,'_FieldValues_Computers'),(5222,32,'_FieldValues_Westerns'),(5221,32,'_FieldValues_PhD. Or Post Doc.'),(5220,32,'_FieldValues_Human'),(5219,41,'_bx_profiler_administration'),(5218,41,'_bx_profiler'),(5217,41,'_sys_module_profiler'),(5216,40,'_sbs_txt_title_ads'),(5215,40,'_wall_reposted_title_ads_comment_add'),(5214,40,'_wall_reposted_ads_comment_add'),(5213,40,'_wall_reposted_title_ads_create'),(5212,40,'_wall_reposted_ads_create'),(5211,40,'_mma_ads_view'),(5210,40,'_mma_ads_search'),(5209,40,'_mma_ads_edit_any_ad'),(5208,40,'_mma_ads_delete_any_ad'),(5207,40,'_mma_ads_browse'),(5206,40,'_mma_ads_approving'),(5103,1,'_FieldCaption_Interests_Join'),(5187,40,'_bx_ads_privacy_rate'),(5188,40,'_bx_ads_privacy_view'),(5189,40,'_bx_ads_rated_spy'),(5190,40,'_bx_ads_commented_spy'),(5191,40,'_bx_ads_root'),(5192,40,'_bx_ads_sbs_comments'),(5193,40,'_bx_ads_search_results_by_tag'),(5194,40,'_bx_ads_someone_wants_to_purchase'),(5195,40,'_bx_ads_title_error_desc'),(5196,40,'_bx_ads_wall_added_new'),(5197,40,'_bx_ads_wall_added_new_title'),(5198,40,'_bx_ads_wall_added_new_items'),(5199,40,'_bx_ads_wall_added_new_title_items'),(5200,40,'_bx_ads_wall_added_new_comment'),(5201,40,'_bx_ads_wall_added_new_title_comment'),(5202,40,'_bx_ads_wall_object'),(5203,40,'_bx_ads_wholesale'),(5204,40,'_bx_ads_you_have_purchased_an_item'),(5205,40,'_mma_ads_add'),(4884,1,'_FieldCaption_AboutYou_View'),(4883,1,'_FieldCaption_PoliticalView_View'),(4597,35,'_modzzz_articles_block_submenu_main'),(4598,35,'_modzzz_articles_block_submenu_add_article'),(4599,35,'_modzzz_articles_block_submenu_manage_articles'),(4600,35,'_modzzz_articles_block_submenu_pending_articles'),(4601,35,'_modzzz_articles_block_actions'),(4602,35,'_modzzz_articles_block_rate'),(4603,35,'_modzzz_articles_block_info'),(4604,35,'_modzzz_articles_block_desc'),(4605,35,'_modzzz_articles_block_photo'),(4606,35,'_modzzz_articles_block_video'),(4607,35,'_modzzz_articles_block_sound'),(4608,35,'_modzzz_articles_block_files'),(4609,35,'_modzzz_articles_block_file'),(4548,35,'_modzzz_articles_err_membership_filter'),(4549,35,'_modzzz_articles_form_caption_publish_date'),(4550,35,'_modzzz_articles_form_caption_publish_now'),(4610,35,'_modzzz_articles_block_latest_featured_article'),(4611,35,'_modzzz_articles_block_recent'),(4612,35,'_modzzz_articles_block_popular'),(4613,35,'_modzzz_articles_block_top'),(4614,35,'_modzzz_articles_block_administration_owner'),(4615,35,'_modzzz_articles_block_users_articles'),(4616,35,'_modzzz_articles_block_my_articles'),(4617,35,'_modzzz_articles_block_homepage'),(4618,35,'_modzzz_articles_caption_add'),(4619,35,'_modzzz_articles_caption_share_article'),(4620,35,'_modzzz_articles_caption_admin_actions'),(4621,35,'_modzzz_articles_caption_pending_approval'),(4622,35,'_modzzz_articles_menu_root'),(4623,35,'_modzzz_articles_menu_main'),(4624,35,'_modzzz_articles_menu_recent'),(4625,35,'_modzzz_articles_menu_top_rated'),(4626,35,'_modzzz_articles_menu_popular'),(4627,35,'_modzzz_articles_menu_featured'),(4628,35,'_modzzz_articles_menu_tags'),(4629,35,'_modzzz_articles_menu_calendar'),(4630,35,'_modzzz_articles_menu_search'),(4631,35,'_modzzz_articles_menu_view_article'),(4632,35,'_modzzz_articles_menu_view_comments'),(4633,35,'_modzzz_articles_menu_view_photos'),(4634,35,'_modzzz_articles_menu_view_videos'),(4635,35,'_modzzz_articles_menu_view_sounds'),(4636,35,'_modzzz_articles_menu_view_files'),(4637,35,'_modzzz_articles_menu_my_articles_profile'),(4638,35,'_modzzz_articles_menu_admin_pending_approval'),(4639,35,'_modzzz_articles_menu_admin_entries'),(4640,35,'_modzzz_articles_menu_admin_add_entry'),(4641,35,'_modzzz_articles_menu_admin_settings'),(4642,35,'_modzzz_articles_page_title_home'),(4643,35,'_modzzz_articles_page_title_calendar'),(4644,35,'_modzzz_articles_page_title_comments'),(4645,35,'_modzzz_articles_page_title_photos'),(4646,35,'_modzzz_articles_page_title_videos'),(4647,35,'_modzzz_articles_page_title_sounds'),(4648,35,'_modzzz_articles_page_title_files'),(4649,35,'_modzzz_articles_page_title_my_articles'),(4650,35,'_modzzz_articles_page_title_search'),(4651,35,'_modzzz_articles_page_title_add'),(4652,35,'_modzzz_articles_page_title_edit'),(4653,35,'_modzzz_articles_page_title_administration'),(4654,35,'_modzzz_articles_page_title_browse'),(4655,35,'_modzzz_articles_page_title_pending_approval'),(4656,35,'_modzzz_articles_page_title_search_results'),(4657,35,'_modzzz_articles_page_title_browse_by_author'),(4658,35,'_modzzz_articles_page_title_admin_articles'),(4659,35,'_modzzz_articles_page_title_browse_by_tag'),(4660,35,'_modzzz_articles_page_title_browse_recent'),(4661,35,'_modzzz_articles_page_title_browse_top_rated'),(4662,35,'_modzzz_articles_page_title_browse_popular'),(4663,35,'_modzzz_articles_page_title_browse_featured'),(4664,35,'_modzzz_articles_page_title_browse_by_day'),(4665,35,'_modzzz_articles_page_title_browse_by_period'),(4666,35,'_modzzz_articles_page_title_tags'),(4667,35,'_modzzz_articles_page_title_upload_photos'),(4668,35,'_modzzz_articles_page_title_upload_videos'),(4669,35,'_modzzz_articles_page_title_upload_sounds'),(4670,35,'_modzzz_articles_page_title_upload_files'),(4671,35,'_modzzz_articles_msg_pending_approval'),(4672,35,'_modzzz_articles_msg_article_was_deleted'),(4673,35,'_modzzz_articles_msg_removed_from_featured'),(4674,35,'_modzzz_articles_msg_added_to_featured'),(4675,35,'_modzzz_articles_msg_photo_is_pending_approval'),(4676,35,'_modzzz_articles_msg_you_have_pending_approval_articles'),(4677,35,'_modzzz_articles_msg_you_have_no_articles'),(4678,35,'_modzzz_articles_msg_you_have_some_articles'),(4679,35,'_modzzz_articles_admin_delete'),(4680,35,'_modzzz_articles_admin_activate'),(4681,35,'_modzzz_articles_admin_add_new_article'),(4682,35,'_modzzz_articles_admin_articles'),(4683,35,'_modzzz_articles_admin_settings'),(4684,35,'_modzzz_articles_form_header_info'),(4685,35,'_modzzz_articles_form_header_images'),(4686,35,'_modzzz_articles_form_header_videos'),(4687,35,'_modzzz_articles_form_header_sounds'),(4688,35,'_modzzz_articles_form_header_files'),(4689,35,'_modzzz_articles_form_header_privacy'),(4690,35,'_modzzz_articles_form_caption_title'),(4691,35,'_modzzz_articles_form_err_title'),(4692,35,'_modzzz_articles_form_caption_desc'),(4693,35,'_modzzz_articles_form_err_desc'),(4694,35,'_modzzz_articles_form_err_tags'),(4695,35,'_modzzz_articles_form_caption_author_id'),(4696,35,'_modzzz_articles_form_info_author'),(4697,35,'_modzzz_articles_form_caption_keyword'),(4698,35,'_modzzz_articles_form_err_keyword'),(4699,35,'_modzzz_articles_form_caption_images_choice'),(4700,35,'_modzzz_articles_form_info_images_choice'),(4701,35,'_modzzz_articles_form_caption_images_upload'),(4702,35,'_modzzz_articles_form_info_images_upload'),(4703,35,'_modzzz_articles_form_caption_videos_choice'),(4704,35,'_modzzz_articles_form_info_videos_choice'),(4705,35,'_modzzz_articles_form_caption_videos_upload'),(4706,35,'_modzzz_articles_form_info_videos_upload'),(4707,35,'_modzzz_articles_form_caption_sounds_choice'),(4708,35,'_modzzz_articles_form_info_sounds_choice'),(4709,35,'_modzzz_articles_form_caption_sounds_upload'),(4710,35,'_modzzz_articles_form_info_sounds_upload'),(4711,35,'_modzzz_articles_form_caption_files_choice'),(4712,35,'_modzzz_articles_form_info_files_choice'),(4713,35,'_modzzz_articles_form_caption_files_upload'),(4714,35,'_modzzz_articles_form_info_files_upload'),(4715,35,'_modzzz_articles_form_caption_file_title'),(4716,35,'_modzzz_articles_form_caption_file_price'),(4717,35,'_modzzz_articles_form_caption_file_allow_purcase_to'),(4718,35,'_modzzz_articles_form_caption_thumb_choice'),(4719,35,'_modzzz_articles_form_info_thumb_choice'),(4720,35,'_modzzz_articles_form_caption_country'),(4721,35,'_modzzz_articles_form_err_country'),(4722,35,'_modzzz_articles_form_caption_city'),(4723,35,'_modzzz_articles_form_err_city'),(4724,35,'_modzzz_articles_form_caption_zip'),(4725,35,'_modzzz_articles_form_err_zip'),(4726,35,'_modzzz_articles_form_caption_anonymous'),(4727,35,'_modzzz_articles_someone'),(4728,35,'_modzzz_articles_action_title_edit'),(4729,35,'_modzzz_articles_action_title_delete'),(4730,35,'_modzzz_articles_action_title_share'),(4731,35,'_modzzz_articles_action_add_to_featured'),(4732,35,'_modzzz_articles_action_remove_from_featured'),(4733,35,'_modzzz_articles_action_add_article'),(4734,35,'_modzzz_articles_action_my_articles'),(4735,35,'_modzzz_articles_action_upload_photos'),(4736,35,'_modzzz_articles_action_upload_videos'),(4737,35,'_modzzz_articles_action_upload_sounds'),(4738,35,'_modzzz_articles_action_upload_files'),(4739,35,'_modzzz_articles_action_articles_home'),(4740,35,'_modzzz_articles_privacy_view_article'),(4741,35,'_modzzz_articles_privacy_comment'),(4742,35,'_modzzz_articles_privacy_rate'),(4743,35,'_modzzz_articles_privacy_upload_photos'),(4744,35,'_modzzz_articles_privacy_upload_videos'),(4745,35,'_modzzz_articles_privacy_upload_sounds'),(4746,35,'_modzzz_articles_privacy_upload_files'),(4747,35,'_modzzz_articles_privacy_edit_article'),(4748,35,'_modzzz_articles_privacy_admins_only'),(4749,35,'_modzzz_articles_anonymous_note'),(4750,35,'_mma_articles_view_article'),(4751,35,'_mma_articles_autoapprove_article'),(4752,35,'_mma_articles_browse'),(4753,35,'_mma_articles_search'),(4754,35,'_mma_articles_add_article'),(4755,35,'_mma_articles_comments_delete_and_edit'),(4756,35,'_mma_articles_edit_any_article'),(4757,35,'_mma_articles_delete_any_article'),(4758,35,'_mma_articles_mark_as_featured'),(4759,35,'_mma_articles_approve_articles'),(4760,35,'_mma_articles_allow_embed'),(4761,35,'_modzzz_articles_block_video_embed'),(4762,35,'_modzzz_articles_form_header_video_embed'),(4763,35,'_modzzz_articles_form_caption_video_embed_code'),(4764,35,'_modzzz_articles_form_info_video_embed_code'),(4765,35,'_modzzz_articles_block_submenu_draft_articles'),(4766,35,'_modzzz_articles_page_title_browse_letter'),(4767,35,'_modzzz_articles_letter_a'),(4768,35,'_modzzz_articles_letter_b'),(4769,35,'_modzzz_articles_letter_c'),(4770,35,'_modzzz_articles_letter_d'),(4771,35,'_modzzz_articles_letter_e'),(4772,35,'_modzzz_articles_letter_f'),(4773,35,'_modzzz_articles_letter_g'),(4774,35,'_modzzz_articles_letter_h'),(4775,35,'_modzzz_articles_letter_i'),(4776,35,'_modzzz_articles_letter_j'),(4777,35,'_modzzz_articles_letter_k'),(4778,35,'_modzzz_articles_letter_l'),(4779,35,'_modzzz_articles_letter_m'),(4780,35,'_modzzz_articles_letter_n'),(4781,35,'_modzzz_articles_letter_o'),(4782,35,'_modzzz_articles_letter_p'),(4783,35,'_modzzz_articles_letter_q'),(4784,35,'_modzzz_articles_letter_r'),(4785,35,'_modzzz_articles_letter_s'),(4786,35,'_modzzz_articles_letter_t'),(4787,35,'_modzzz_articles_letter_u'),(4788,35,'_modzzz_articles_letter_v'),(4789,35,'_modzzz_articles_letter_w'),(4790,35,'_modzzz_articles_letter_x'),(4791,35,'_modzzz_articles_letter_y'),(4792,35,'_modzzz_articles_letter_z'),(4793,35,'_modzzz_articles_wall_added_new_comment'),(4794,35,'_modzzz_articles_wall_added_new_items'),(4795,35,'_modzzz_articles_single'),(4796,35,'_modzzz_articles_posted_in_topic'),(4797,35,'_modzzz_articles_posted_in_article'),(4798,35,'_modzzz_articles_browse_alphabetically'),(4799,35,'_modzzz_articles_go'),(4800,35,'_modzzz_articles_adm_stats'),(4801,35,'_sys_module_articles'),(4802,35,'_modzzz_articles_tags'),(4803,35,'_mma_articles_mark_as_favorite'),(4804,35,'_modzzz_articles_menu_favorite'),(4805,35,'_modzzz_articles_msg_removed_from_favorite'),(4806,35,'_modzzz_articles_msg_added_to_favorite'),(4807,35,'_modzzz_articles_page_title_browse_favorite'),(4808,35,'_modzzz_articles_action_add_to_favorite'),(4809,35,'_modzzz_articles_action_remove_from_favorite'),(4810,35,'_modzzz_articles_tab_all'),(4811,35,'_modzzz_articles_tab_today'),(4812,35,'_modzzz_articles_tab_week'),(4813,35,'_modzzz_articles_tab_month'),(4814,35,'_modzzz_articles_views'),(4815,35,'_modzzz_articles_subscribers'),(4816,35,'_modzzz_articles_parent_categories'),(4817,35,'_modzzz_articles_block_category_articles'),(4818,35,'_modzzz_articles_block_subcategories'),(4819,35,'_modzzz_articles_manage_subcategories_msg'),(4820,35,'_modzzz_articles_categ_name'),(4821,35,'_modzzz_articles_categ_btn_edit'),(4822,35,'_modzzz_articles_categ_btn_delete'),(4823,35,'_modzzz_articles_categ_btn_add'),(4824,35,'_modzzz_articles_categ_btn_save'),(4825,35,'_modzzz_articles_categ_btn_subcategories'),(4826,35,'_modzzz_articles_categories'),(4827,35,'_modzzz_articles_menu_admin_manage_categories'),(4828,35,'_modzzz_articles_menu_admin_manage_subcategories'),(4829,35,'_modzzz_articles_subcategories'),(4830,35,'_modzzz_articles_all_categories'),(4831,35,'_modzzz_articles_block_categories'),(4832,35,'_modzzz_articles_block_answer_categories'),(4833,35,'_modzzz_articles_menu_categories'),(4834,35,'_modzzz_articles_page_title_browse_by_category'),(4835,35,'_modzzz_articles_form_caption_category'),(4836,35,'_modzzz_articles_form_err_category'),(4837,35,'_modzzz_articles_page_title_category'),(4838,35,'_modzzz_articles_page_title_categories'),(4839,35,'_modzzz_articles_page_title_subcategories'),(4840,35,'_modzzz_articles_articles_in_category'),(4841,35,'_modzzz_articles_menu_manage_parents'),(4842,35,'_modzzz_articles_menu_manage_categories'),(4843,35,'_modzzz_articles_form_caption_categories'),(4844,35,'_modzzz_articles_form_caption_subcategories'),(4845,35,'_modzzz_articles_block_articles'),(4846,35,'_modzzz_articles_block_article_categories'),(4847,35,'_modzzz_articles_all_items_posted'),(4848,35,'_modzzz_articles_form_header_location'),(4849,35,'_modzzz_articles_form_caption_state'),(4850,35,'_modzzz_articles_form_caption_address'),(4851,35,'_modzzz_articles_caption_browse_by_country'),(4852,35,'_modzzz_articles_form_caption_youtube_link'),(4853,35,'_modzzz_articles_form_caption_youtube_caption'),(4854,35,'_modzzz_articles_form_header_youtube'),(4855,35,'_modzzz_articles_form_caption_youtube_attach'),(4856,35,'_modzzz_articles_form_info_youtube_attach'),(4857,35,'_modzzz_articles_form_caption_youtube_choice'),(4858,35,'_modzzz_articles_form_info_youtube_choice'),(4859,35,'_modzzz_articles_page_title_embed_video'),(4860,35,'_modzzz_articles_action_embed_video'),(4861,35,'_modzzz_articles_anonymous'),(4862,35,'_wall_reposted_modzzz_articles_add'),(4863,35,'_wall_reposted_title_modzzz_articles_add'),(4864,35,'_wall_reposted_modzzz_articles_comment_add'),(4865,35,'_wall_reposted_title_modzzz_articles_comment_add'),(5234,1,'_adm_txt_modules_host'),(5235,1,'_adm_txt_modules_wrong_dependency_install_payment'),(5236,1,'_sys_recaptcha_incorrect'),(5237,1,'_sys_recaptcha_text_image'),(5238,1,'_sys_recaptcha_text_audio'),(5239,1,'_sys_recaptcha_btn_refresh'),(5240,1,'_sys_recaptcha_btn_title_refresh'),(5241,1,'_sys_recaptcha_btn_audio'),(5242,1,'_sys_recaptcha_btn_title_audio'),(5243,1,'_sys_recaptcha_btn_image'),(5244,1,'_sys_recaptcha_btn_title_image'),(5245,1,'_sys_recaptcha_btn_help'),(5246,1,'_sys_recaptcha_btn_title_help'),(5247,26,'_bx_gsearch_no_search_engine_id'),(5248,26,'_bx_gsearch_help_title'),(5249,26,'_bx_gsearch_help_text'),(5250,32,'_FieldValues_--Any--'),(5251,42,'_modzzz_manager_form_header_info'),(5252,42,'_modzzz_manager_form_caption_caption'),(5253,42,'_modzzz_manager_form_caption_icon'),(5254,42,'_modzzz_manager_form_caption_type'),(5255,42,'_modzzz_manager_form_caption_url'),(5256,42,'_modzzz_manager_form_caption_script'),(5257,42,'_modzzz_manager_form_caption_eval'),(5258,42,'_modzzz_manager_form_caption_order'),(5259,42,'_modzzz_manager_form_caption_display_submenuheader'),(5260,42,'_modzzz_manager_form_err_caption'),(5261,42,'_modzzz_manager_form_err_icon'),(5262,42,'_modzzz_manager_form_err_type'),(5263,42,'_modzzz_manager_form_err_url'),(5264,42,'_modzzz_manager_form_err_order'),(5265,42,'_modzzz_manager_archive_date'),(5266,42,'_modzzz_manager'),(5267,42,'_modzzz_manager_btn_add'),(5268,42,'_modzzz_manager_btn_edit'),(5269,42,'_modzzz_manager_btn_delete'),(5270,42,'_modzzz_manager_btn_save'),(5271,42,'_modzzz_manager_btn_submit'),(5272,42,'_modzzz_manager_block_administration_owner'),(5273,42,'_modzzz_manager_menu_admin_entries'),(5274,42,'_modzzz_manager_page_title_administration'),(5275,42,'_modzzz_manager_menu_admin_create_action'),(5276,42,'_modzzz_manager_menu_manage_actions'),(5277,42,'_modzzz_manager_menu_archive_actions'),(5278,42,'_modzzz_manager_admin_delete'),(5279,42,'_modzzz_manager_admin_activate'),(5280,42,'_modzzz_manager_title_add_to_archive'),(5281,42,'_modzzz_manager_title_edit'),(5282,42,'_modzzz_manager_title_remove'),(5283,42,'_modzzz_manager_form_action_select_action_type'),(5284,42,'_modzzz_manager_are_you_sure'),(5285,32,'_FieldDesc_Security Image_Join'),(5298,32,'_FieldValues_Home Schooled'),(5297,1,'_FieldCaption_zip_View'),(5296,1,'_FieldCaption_WomanStatus_View');

--
