-- Table structure for table `modzzz_articles_admins`
--

CREATE TABLE `modzzz_articles_admins` (
  `id_entry` int(10) unsigned NOT NULL,
  `id_profile` int(10) unsigned NOT NULL,
  `when` int(10) unsigned NOT NULL,
  PRIMARY KEY (`id_entry`,`id_profile`)
) ENGINE=MyISAM DEFAULT CHARSET=utf8;

--
-- Dumping data for table `modzzz_articles_admins`
--


--
-- Table structure for table `modzzz_articles_categ`
--

CREATE TABLE `modzzz_articles_categ` (
  `id` int(10) unsigned NOT NULL AUTO_INCREMENT,
  `parent` int(11) NOT NULL DEFAULT '0',
  `name` varchar(255) NOT NULL DEFAULT '',
  `uri` varchar(255) NOT NULL DEFAULT '',
  `icon` varchar(255) NOT NULL DEFAULT '',
  `active` int(11) NOT NULL DEFAULT '1',
  PRIMARY KEY (`id`)
) ENGINE=MyISAM AUTO_INCREMENT=132 DEFAULT CHARSET=utf8;

--
-- Dumping data for table `modzzz_articles_categ`
--

INSERT INTO `modzzz_articles_categ` VALUES (1,0,'Business','Business','',1),(2,0,'Careers','Careers','',1),(3,0,'Travel & Leisure','Travel-Leisure','',1),(4,0,'Education','Education','',1),(5,0,'Finance','Finance','',1),(6,0,'Technology','Technology','',1),(7,0,'Arts & Enterainment','Arts-Enterainment','',1),(8,1,'Accounting','Accounting','',1),(9,1,'Affiliate Programs','Affiliate-Programs','',1),(10,1,'Agriculture','Agriculture','',1),(11,1,'Architecture and Interior Design','Architecture-and-Interior-Design','',1),(12,1,'Branding','Branding','',1),(13,1,'Business Ideas','Business-Ideas','',1),(14,1,'Business Opporunity','Business-Opporunity','',1),(15,1,'Consulting','Consulting','',1),(16,1,'Customer Service','Customer-Service','',1),(17,1,'Ecommerce','Ecommerce','',1),(18,1,'Entrepreneurship','Entrepreneurship','',1),(19,1,'Ethics','Ethics','',1),(20,1,'Franchising','Franchising','',1),(21,1,'Fundraising','Fundraising','',1),(22,1,'Furnishings and Supplies','Furnishings-and-Supplies','',1),(23,1,'Human Resources','Human-Resources','',1),(24,1,'Industrial Mechanical','Industrial-Mechanical','',1),(25,1,'International Business','International-Business','',1),(26,1,'Leadership','Leadership','',1),(27,1,'Management','Management','',1),(28,1,'Marketing','Marketing','',1),(29,1,'Negotiation','Negotiation','',1),(30,1,'Networking','Networking','',1),(31,1,'Non Profit','Non-Profit','',1),(32,1,'Outsourcing','Outsourcing','',1),(33,1,'Presentation','Presentation','',1),(34,1,'Product Reviews','Product-Reviews','',1),(35,1,'Productivity','Productivity','',1),(36,1,'Retail','Retail','',1),(37,1,'Risk Management','Risk-Management','',1),(38,1,'Sales','Sales','',1),(39,1,'Sales Management','Sales-Management','',1),(40,1,'Sales Teleselling','Sales-Teleselling','',1),(41,1,'Sales Training','Sales-Training','',1),(42,1,'Security','Security','',1),(43,1,'Services Reviews','Services-Reviews','',1),(44,1,'Shipping','Shipping','',1),(45,1,'Small Business','Small-Business','',1),(46,1,'Strategic Planning','Strategic-Planning','',1),(47,1,'Team Building','Team-Building','',1),(48,1,'Venture Capital','Venture-Capital','',1),(49,1,'Workplace Communication','Workplace-Communication','',1),(50,1,'Workplace Safety','Workplace-Safety','',1),(51,2,'Career Management','Career-Management','',1),(52,2,'Interviews','Interviews','',1),(53,2,'Recruitment','Recruitment','',1),(54,2,'Resumes','Resumes','',1),(55,3,'Airline Travel','Airline-Travel','',1),(56,3,'Aviation Airplanes','Aviation-Airplanes','',1),(57,3,'Bed Breakfast Inns','Bed-Breakfast-Inns','',1),(58,3,'Budget Travel','Budget-Travel','',1),(59,3,'Camping','Camping','',1),(60,3,'Car Rentals','Car-Rentals','',1),(61,3,'Charter Jets','Charter-Jets','',1),(62,3,'City Guides and Information','City-Guides-and-Information','',1),(63,3,'Cruise Ship Reviews','Cruise-Ship-Reviews','',1),(64,3,'Cruising','Cruising','',1),(65,3,'Destination Tips','Destination-Tips','',1),(66,3,'Hotels and Lodging','Hotels-and-Lodging','',1),(67,3,'Outdoors','Outdoors','',1),(68,3,'Timeshare','Timeshare','',1),(69,3,'Travel Reviews','Travel-Reviews','',1),(70,3,'Travel Tips','Travel-Tips','',1),(71,3,'Vacation Rentals','Vacation-Rentals','',1),(72,4,'Astronomy','Astronomy','',1),(73,4,'Biology','Biology','',1),(74,4,'Childhood Education','Childhood-Education','',1),(75,4,'College University','College-University','',1),(76,4,'Continuing Education','Continuing-Education','',1),(77,4,'Financial Aid','Financial-Aid','',1),(78,4,'Homeschooling','Homeschooling','',1),(79,4,'International Studies','International-Studies','',1),(80,4,'Languages','Languages','',1),(81,4,'Mathematics','Mathematics','',1),(82,4,'Online Education','Online-Education','',1),(83,4,'Philosophy','Philosophy','',1),(84,4,'Science','Science','',1),(85,4,'Special Education','Special-Education','',1),(86,4,'Standardized Tests','Standardized-Tests','',1),(87,4,'Study Techniques','Study-Techniques','',1),(88,4,'Teaching','Teaching','',1),(89,4,'Tutoring','Tutoring','',1),(90,4,'Vocational Trade Schools','Vocational-Trade-Schools','',1),(91,5,'Accounting','Accounting','',1),(92,5,'Banking','Banking','',1),(93,5,'Bankruptcy','Bankruptcy','',1),(94,5,'Budgeting','Budgeting','',1),(95,5,'Credit','Credit','',1),(96,5,'Credit Counseling','Credit-Counseling','',1),(97,5,'Credit Tips','Credit-Tips','',1),(98,5,'Debt Consolidation','Debt-Consolidation','',1),(99,5,'Debt Management','Debt-Management','',1),(100,5,'Debt Relief','Debt-Relief','',1),(101,5,'Estate Plan Trusts','Estate-Plan-Trusts','',1),(102,5,'Insurance','Insurance','',1),(103,5,'Investing','Investing','',1),(104,5,'Loans','Loans','',1),(105,5,'Mortgage','Mortgage','',1),(106,5,'Personal Finance','Personal-Finance','',1),(107,5,'Taxes','Taxes','',1),(108,5,'Wealth Building','Wealth-Building','',1),(109,6,'Biotechnology','Biotechnology','',1),(110,6,'Cable and Satellite TV','Cable-and-Satellite-TV','',1),(111,6,'Cell Phones','Cell-Phones','',1),(112,6,'Communication','Communication','',1),(113,6,'Electronics','Electronics','',1),(114,6,'Gadgets and Gizmos','Gadgets-and-Gizmos','',1),(115,6,'GPS','GPS','',1),(116,6,'Information Technology','Information-Technology','',1),(117,6,'Video Conferencing','Video-Conferencing','',1),(118,6,'VoIP','VoIP','',1),(119,7,'Antiques','Antiques','',1),(120,7,'Arts','Arts','',1),(121,7,'Dance','Dance','',1),(122,7,'Humanities','Humanities','',1),(123,7,'Literature','Literature','',1),(124,7,'Movies','Movies','',1),(125,7,'Music','Music','',1),(126,7,'Painting','Painting','',1),(127,7,'Photography','Photography','',1),(128,7,'Poetry','Poetry','',1),(129,7,'Television','Television','',1),(130,7,'Visual Art','Visual-Art','',1),(131,0,'Main','main','',1);

--
-- Table structure for table `modzzz_articles_cmts`
--

CREATE TABLE `modzzz_articles_cmts` (
  `cmt_id` int(11) NOT NULL AUTO_INCREMENT,
  `cmt_parent_id` int(11) NOT NULL DEFAULT '0',
  `cmt_object_id` int(12) NOT NULL DEFAULT '0',
  `cmt_author_id` int(10) unsigned NOT NULL DEFAULT '0',
  `cmt_text` text NOT NULL,
  `cmt_mood` tinyint(4) NOT NULL DEFAULT '0',
  `cmt_rate` int(11) NOT NULL DEFAULT '0',
  `cmt_rate_count` int(11) NOT NULL DEFAULT '0',
  `cmt_time` datetime NOT NULL DEFAULT '0000-00-00 00:00:00',
  `cmt_replies` int(11) NOT NULL DEFAULT '0',
  PRIMARY KEY (`cmt_id`),
  KEY `cmt_object_id` (`cmt_object_id`,`cmt_parent_id`)
) ENGINE=MyISAM DEFAULT CHARSET=utf8;

--
-- Dumping data for table `modzzz_articles_cmts`
--


--
-- Table structure for table `modzzz_articles_cmts_track`
--

CREATE TABLE `modzzz_articles_cmts_track` (
  `cmt_system_id` int(11) NOT NULL DEFAULT '0',
  `cmt_id` int(11) NOT NULL DEFAULT '0',
  `cmt_rate` tinyint(4) NOT NULL DEFAULT '0',
  `cmt_rate_author_id` int(10) unsigned NOT NULL DEFAULT '0',
  `cmt_rate_author_nip` int(11) unsigned NOT NULL DEFAULT '0',
  `cmt_rate_ts` int(11) NOT NULL DEFAULT '0',
  PRIMARY KEY (`cmt_system_id`,`cmt_id`,`cmt_rate_author_nip`)
) ENGINE=MyISAM DEFAULT CHARSET=utf8;

--
-- Dumping data for table `modzzz_articles_cmts_track`
--


--
-- Table structure for table `modzzz_articles_entries`
--

CREATE TABLE `modzzz_articles_entries` (
  `id` int(11) unsigned NOT NULL AUTO_INCREMENT,
  `author_id` int(11) unsigned NOT NULL DEFAULT '0',
  `caption` varchar(64) NOT NULL DEFAULT '',
  `snippet` text NOT NULL,
  `content` text NOT NULL,
  `when` int(11) NOT NULL DEFAULT '0',
  `uri` varchar(64) NOT NULL DEFAULT '',
  `tags` varchar(255) NOT NULL DEFAULT '',
  `categories` varchar(255) NOT NULL DEFAULT '',
  `comment` tinyint(4) NOT NULL DEFAULT '0',
  `vote` tinyint(4) NOT NULL DEFAULT '0',
  `date` int(11) NOT NULL DEFAULT '0',
  `status` tinyint(4) NOT NULL DEFAULT '0',
  `featured` tinyint(4) NOT NULL DEFAULT '0',
  `rate` int(11) NOT NULL DEFAULT '0',
  `rate_count` int(11) NOT NULL DEFAULT '0',
  `view_count` int(11) NOT NULL DEFAULT '0',
  `cmts_count` int(11) NOT NULL DEFAULT '0',
  PRIMARY KEY (`id`),
  UNIQUE KEY `uri` (`uri`),
  FULLTEXT KEY `search_group` (`caption`,`content`,`tags`,`categories`),
  FULLTEXT KEY `search_caption` (`caption`),
  FULLTEXT KEY `search_content` (`content`),
  FULLTEXT KEY `search_tags` (`tags`),
  FULLTEXT KEY `search_categories` (`categories`)
) ENGINE=MyISAM DEFAULT CHARSET=utf8;

--
-- Dumping data for table `modzzz_articles_entries`
--


--
-- Table structure for table `modzzz_articles_favorites`
--

CREATE TABLE `modzzz_articles_favorites` (
  `id_entry` int(10) unsigned NOT NULL,
  `id_profile` int(10) unsigned NOT NULL,
  `when` int(10) unsigned NOT NULL,
  PRIMARY KEY (`id_entry`,`id_profile`)
) ENGINE=MyISAM DEFAULT CHARSET=utf8;

--
-- Dumping data for table `modzzz_articles_favorites`
--


--
-- Table structure for table `modzzz_articles_files`
--

CREATE TABLE `modzzz_articles_files` (
  `entry_id` int(10) unsigned NOT NULL,
  `media_id` int(11) NOT NULL,
  UNIQUE KEY `entry_id` (`entry_id`,`media_id`)
) ENGINE=MyISAM DEFAULT CHARSET=utf8;

--
-- Dumping data for table `modzzz_articles_files`
--


--
-- Table structure for table `modzzz_articles_images`
--

CREATE TABLE `modzzz_articles_images` (
  `entry_id` int(10) unsigned NOT NULL,
  `media_id` int(10) unsigned NOT NULL,
  UNIQUE KEY `entry_id` (`entry_id`,`media_id`)
) ENGINE=MyISAM DEFAULT CHARSET=utf8;

--
-- Dumping data for table `modzzz_articles_images`
--


--
-- Table structure for table `modzzz_articles_main`
--

CREATE TABLE `modzzz_articles_main` (
  `id` int(10) unsigned NOT NULL AUTO_INCREMENT,
  `title` varchar(100) NOT NULL DEFAULT '',
  `uri` varchar(255) NOT NULL,
  `snippet` text NOT NULL,
  `desc` text NOT NULL,
  `country` varchar(2) NOT NULL,
  `city` varchar(64) NOT NULL,
  `state` varchar(10) NOT NULL DEFAULT '',
  `street` varchar(150) NOT NULL,
  `zip` varchar(16) NOT NULL,
  `status` enum('approved','pending','draft') NOT NULL DEFAULT 'approved',
  `thumb` int(11) NOT NULL,
  `created` int(11) NOT NULL,
  `author_id` int(10) unsigned NOT NULL DEFAULT '0',
  `letter` varchar(1) NOT NULL DEFAULT '',
  `tags` varchar(255) NOT NULL DEFAULT '',
  `category_id` int(11) NOT NULL DEFAULT '0',
  `parent_category_id` int(11) NOT NULL DEFAULT '0',
  `categories` text NOT NULL,
  `publish` int(11) NOT NULL DEFAULT '1',
  `when` int(11) NOT NULL DEFAULT '0',
  `views` int(11) NOT NULL,
  `rate` float NOT NULL,
  `rate_count` int(11) NOT NULL,
  `comments_count` int(11) NOT NULL,
  `featured` tinyint(4) NOT NULL,
  `article_membership_filter` varchar(100) NOT NULL DEFAULT '',
  `allow_view_article_to` int(11) NOT NULL,
  `allow_comment_to` int(11) NOT NULL,
  `allow_rate_to` int(11) NOT NULL,
  `allow_upload_photos_to` varchar(16) NOT NULL,
  `allow_upload_videos_to` varchar(16) NOT NULL,
  `allow_upload_sounds_to` varchar(16) NOT NULL,
  `allow_upload_files_to` varchar(16) NOT NULL,
  `anonymous` int(11) NOT NULL DEFAULT '0',
  `votes` int(11) NOT NULL DEFAULT '0',
  `video_embed` text NOT NULL,
  PRIMARY KEY (`id`),
  UNIQUE KEY `uri` (`uri`),
  KEY `author_id` (`author_id`),
  KEY `created` (`created`),
  FULLTEXT KEY `search` (`title`,`desc`,`tags`),
  FULLTEXT KEY `tags` (`tags`)
) ENGINE=MyISAM DEFAULT CHARSET=utf8;

--
-- Dumping data for table `modzzz_articles_main`
--


--
-- Table structure for table `modzzz_articles_rating`
--

CREATE TABLE `modzzz_articles_rating` (
  `gal_id` smallint(6) NOT NULL DEFAULT '0',
  `gal_rating_count` int(11) NOT NULL DEFAULT '0',
  `gal_rating_sum` int(11) NOT NULL DEFAULT '0',
  UNIQUE KEY `gal_id` (`gal_id`)
) ENGINE=MyISAM DEFAULT CHARSET=utf8;

--
-- Dumping data for table `modzzz_articles_rating`
--


--
-- Table structure for table `modzzz_articles_rating_track`
--

CREATE TABLE `modzzz_articles_rating_track` (
  `gal_id` smallint(6) NOT NULL DEFAULT '0',
  `gal_ip` varchar(20) DEFAULT NULL,
  `gal_date` datetime DEFAULT NULL,
  KEY `gal_ip` (`gal_ip`,`gal_id`)
) ENGINE=MyISAM DEFAULT CHARSET=utf8;

--
-- Dumping data for table `modzzz_articles_rating_track`
--


--
-- Table structure for table `modzzz_articles_react_admin`
--

CREATE TABLE `modzzz_articles_react_admin` (
  `ID` int(11) NOT NULL AUTO_INCREMENT,
  `Name` varchar(255) NOT NULL DEFAULT '',
  `Active` int(11) NOT NULL,
  PRIMARY KEY (`ID`)
) ENGINE=MyISAM AUTO_INCREMENT=6 DEFAULT CHARSET=utf8;

--
-- Dumping data for table `modzzz_articles_react_admin`
--

INSERT INTO `modzzz_articles_react_admin` VALUES (1,'lol',1),(2,'wow',1),(3,'sorry, hugs',1),(4,'you rock',1),(5,'I understand',1);

--
-- Table structure for table `modzzz_articles_react_tracking`
--

CREATE TABLE `modzzz_articles_react_tracking` (
  `ReactID` int(11) NOT NULL,
  `ConfessID` int(11) NOT NULL,
  `MemberID` int(11) NOT NULL,
  PRIMARY KEY (`ReactID`,`ConfessID`,`MemberID`)
) ENGINE=MyISAM DEFAULT CHARSET=utf8;

--
-- Dumping data for table `modzzz_articles_react_tracking`
--


--
-- Table structure for table `modzzz_articles_sounds`
--

CREATE TABLE `modzzz_articles_sounds` (
  `entry_id` int(10) unsigned NOT NULL,
  `media_id` int(11) NOT NULL,
  UNIQUE KEY `entry_id` (`entry_id`,`media_id`)
) ENGINE=MyISAM DEFAULT CHARSET=utf8;

--
-- Dumping data for table `modzzz_articles_sounds`
--


--
-- Table structure for table `modzzz_articles_videos`
--

CREATE TABLE `modzzz_articles_videos` (
  `entry_id` int(10) unsigned NOT NULL,
  `media_id` int(11) NOT NULL,
  UNIQUE KEY `entry_id` (`entry_id`,`media_id`)
) ENGINE=MyISAM DEFAULT CHARSET=utf8;

--
-- Dumping data for table `modzzz_articles_videos`
--


--
-- Table structure for table `modzzz_articles_views_track`
--

CREATE TABLE `modzzz_articles_views_track` (
  `id` int(10) unsigned NOT NULL,
  `viewer` int(10) unsigned NOT NULL,
  `ip` int(10) unsigned NOT NULL,
  `ts` int(10) unsigned NOT NULL,
  KEY `id` (`id`,`viewer`,`ip`)
) ENGINE=MyISAM DEFAULT CHARSET=utf8;

--
-- Dumping data for table `modzzz_articles_views_track`
--


--
-- Table structure for table `modzzz_articles_vote_tracking`
--

CREATE TABLE `modzzz_articles_vote_tracking` (
  `ID` int(11) NOT NULL,
  `OwnerID` int(11) NOT NULL,
  PRIMARY KEY (`ID`,`OwnerID`)
) ENGINE=MyISAM DEFAULT CHARSET=utf8;

--
-- Dumping data for table `modzzz_articles_vote_tracking`
--


--
-- Table structure for table `modzzz_articles_youtube`
--

CREATE TABLE `modzzz_articles_youtube` (
  `id` int(10) unsigned NOT NULL AUTO_INCREMENT,
  `id_entry` int(10) unsigned NOT NULL,
  `url` varchar(255) NOT NULL,
  `title` varchar(255) NOT NULL,
  PRIMARY KEY (`id`)
) ENGINE=MyISAM DEFAULT CHARSET=utf8;

--
-- Dumping data for table `modzzz_articles_youtube`
--


--
-- Table structure for table `sys_account_custom_stat_elements`
--

CREATE TABLE `sys_account_custom_stat_elements` (
  `ID` int(2) NOT NULL AUTO_INCREMENT,
  `Label` varchar(128) NOT NULL,
  `Value` varchar(255) NOT NULL,
  PRIMARY KEY (`ID`)
) ENGINE=MyISAM AUTO_INCREMENT=10 DEFAULT CHARSET=utf8;

--
-- Dumping data for table `sys_account_custom_stat_elements`
--

INSERT INTO `sys_account_custom_stat_elements` VALUES (1,'_bx_events','__bx_events__ (<a href=\"modules/?r=events/browse/my&bx_events_filter=add_event\">__l_add__</a>)'),(2,'_bx_photos','__phs__ (<a href=\"modules/?r=photos/albums/my/main/\">__l_add__</a>)'),(7,'_bx_groups','__bx_groups__ (<a href=\"modules/?r=groups/browse/my&bx_groups_filter=add_group\">__l_add__</a>)'),(5,'_bx_ads_Ads','__mad__ (<a href=\"__site_url__ads/my_page/add/\">__l_add__</a>)'),(6,'_bx_forums','__mop__ (<a href=\"__site_url__forum/\">__l_add__</a>)'),(8,'_bx_sites','__bx_sites__ (<a href=\"modules/?r=sites/browse/my/add\">__l_add__</a>)'),(9,'_modzzz_articles','__modzzz_articles__ (<a href=\"modules/?r=articles/browse/my&filter=add_article\">__l_add__</a>)');

--
-- Table structure for table `sys_acl_actions`
--

CREATE TABLE `sys_acl_actions` (
  `ID` smallint(5) unsigned NOT NULL AUTO_INCREMENT,
  `Name` varchar(255) NOT NULL DEFAULT '',
  `AdditionalParamName` varchar(80) DEFAULT NULL,
  PRIMARY KEY (`ID`)
) ENGINE=MyISAM AUTO_INCREMENT=104 DEFAULT CHARSET=utf8;

--
-- Dumping data for table `sys_acl_actions`
--

INSERT INTO `sys_acl_actions` VALUES (1,'send greetings',NULL),(2,'view profiles',NULL),(3,'vote',NULL),(4,'send messages',NULL),(5,'get other members emails',NULL),(6,'comments post',NULL),(7,'comments vote',NULL),(8,'comments edit own',NULL),(9,'comments remove own',NULL),(15,'events view',NULL),(16,'events browse',NULL),(17,'events search',NULL),(18,'events add',NULL),(19,'events comments delete and edit',NULL),(20,'events edit any event',NULL),(21,'events delete any event',NULL),(22,'events mark as featured',NULL),(23,'events approve',NULL),(24,'events broadcast message',NULL),(25,'timeline post comment',''),(26,'timeline delete comment',''),(27,'photos view',NULL),(28,'photos add',NULL),(29,'photos delete',NULL),(30,'photos approve',NULL),(31,'photos edit',NULL),(32,'Feedback Delete',''),(33,'News Delete',''),(69,'groups view group',NULL),(35,'use simple messenger',NULL),(44,'ads view',NULL),(45,'ads browse',NULL),(46,'ads search',NULL),(47,'ads add',NULL),(48,'ads edit any ad',NULL),(49,'ads delete any ad',NULL),(50,'ads approving',NULL),(51,'forum public read',NULL),(52,'forum public post',NULL),(53,'forum private read',NULL),(54,'forum private post',NULL),(55,'forum search',NULL),(56,'forum files download',NULL),(57,'forum edit all',NULL),(58,'forum delete all',NULL),(59,'forum make sticky',NULL),(60,'forum del topics',NULL),(61,'forum move topics',NULL),(62,'forum hide topics',NULL),(63,'forum unhide topics',NULL),(64,'forum hide posts',NULL),(65,'forum unhide posts',NULL),(66,'avatar upload',NULL),(67,'avatar edit any',NULL),(68,'avatar delete any',NULL),(70,'groups browse',NULL),(71,'groups search',NULL),(72,'groups add group',NULL),(73,'groups comments delete and edit',NULL),(74,'groups edit any group',NULL),(75,'groups delete any group',NULL),(76,'groups mark as featured',NULL),(77,'groups approve groups',NULL),(78,'groups broadcast message',NULL),(79,'timeline repost',''),(92,'articles mark as favorite',NULL),(81,'sites view',NULL),(82,'sites browse',NULL),(83,'sites search',NULL),(84,'sites add',NULL),(85,'sites edit any site',NULL),(86,'sites delete any site',NULL),(87,'sites mark as featured',NULL),(88,'sites approve',NULL),(93,'articles autoapprove article',NULL),(94,'articles view article',NULL),(95,'articles browse',NULL),(96,'articles search',NULL),(97,'articles add article',NULL),(98,'articles comments delete and edit',NULL),(99,'articles edit any article',NULL),(100,'articles delete any article',NULL),(101,'articles mark as featured',NULL),(102,'articles approve articles',NULL),(103,'articles allow embed',NULL);

--
-- Table structure for table `sys_acl_actions_track`
--

CREATE TABLE `sys_acl_actions_track` (
  `IDAction` smallint(5) unsigned NOT NULL DEFAULT '0',
  `IDMember` int(10) unsigned NOT NULL DEFAULT '0',
  `ActionsLeft` smallint(5) unsigned NOT NULL DEFAULT '0',
  `ValidSince` datetime DEFAULT NULL,
  PRIMARY KEY (`IDAction`,`IDMember`)
) ENGINE=MyISAM DEFAULT CHARSET=utf8;

--
-- Dumping data for table `sys_acl_actions_track`
--

INSERT INTO `sys_acl_actions_track` VALUES (1,1,4,'2015-05-05 01:21:51'),(1,2,4,'2015-06-10 00:38:01'),(4,2,9,'2015-04-08 16:08:21'),(4,1,9,'2015-04-08 16:27:43'),(1,3,4,'2016-03-02 13:31:00'),(1,12,4,'2016-04-22 12:08:56'),(4,12,10,'2015-11-25 14:50:09'),(1,13,4,'2016-01-18 16:19:56');

--
-- Table structure for table `sys_acl_level_prices`
--

CREATE TABLE `sys_acl_level_prices` (
  `id` int(11) NOT NULL AUTO_INCREMENT,
  `IDLevel` smallint(5) unsigned NOT NULL DEFAULT '0',
  `Days` int(10) unsigned NOT NULL DEFAULT '1',
  `Price` float unsigned NOT NULL DEFAULT '1',
  PRIMARY KEY (`id`),
  UNIQUE KEY `type` (`IDLevel`,`Days`)
) ENGINE=MyISAM DEFAULT CHARSET=utf8;

--
-- Dumping data for table `sys_acl_level_prices`
--


--
-- Table structure for table `sys_acl_levels`
--

CREATE TABLE `sys_acl_levels` (
  `ID` int(11) NOT NULL AUTO_INCREMENT,
  `Name` varchar(100) NOT NULL DEFAULT '',
  `Icon` varchar(255) NOT NULL DEFAULT '',
  `Description` text NOT NULL,
  `Active` enum('yes','no') NOT NULL DEFAULT 'no',
  `Purchasable` enum('yes','no') NOT NULL DEFAULT 'yes',
  `Removable` enum('yes','no') NOT NULL DEFAULT 'yes',
  `Order` int(11) NOT NULL DEFAULT '0',
  PRIMARY KEY (`ID`),
  UNIQUE KEY `Name` (`Name`)
) ENGINE=MyISAM AUTO_INCREMENT=4 DEFAULT CHARSET=utf8;

--
-- Dumping data for table `sys_acl_levels`
--

INSERT INTO `sys_acl_levels` VALUES (1,'Non-member','non-member.png','','yes','no','no',0),(2,'Standard','member.png','','yes','no','no',0),(3,'Promotion','promotion.png','','yes','no','no',0);

--
-- Table structure for table `sys_acl_levels_members`
--

CREATE TABLE `sys_acl_levels_members` (
  `IDMember` int(10) unsigned NOT NULL DEFAULT '0',
  `IDLevel` smallint(5) unsigned NOT NULL DEFAULT '0',
  `DateStarts` datetime NOT NULL DEFAULT '0000-00-00 00:00:00',
  `DateExpires` datetime DEFAULT NULL,
  `TransactionID` varchar(16) NOT NULL DEFAULT '',
  `Expiring` tinyint(4) unsigned NOT NULL DEFAULT '0',
  PRIMARY KEY (`IDMember`,`IDLevel`,`DateStarts`)
) ENGINE=MyISAM DEFAULT CHARSET=utf8;

--
-- Dumping data for table `sys_acl_levels_members`
--


--
-- Table structure for table `sys_acl_matrix`
--

CREATE TABLE `sys_acl_matrix` (
  `IDLevel` smallint(5) unsigned NOT NULL DEFAULT '0',
  `IDAction` smallint(5) unsigned NOT NULL DEFAULT '0',
  `AllowedCount` smallint(5) unsigned DEFAULT NULL,
  `AllowedPeriodLen` smallint(5) unsigned DEFAULT NULL,
  `AllowedPeriodStart` datetime DEFAULT NULL,
  `AllowedPeriodEnd` datetime DEFAULT NULL,
  `AdditionalParamValue` varchar(255) DEFAULT NULL,
  PRIMARY KEY (`IDLevel`,`IDAction`)
) ENGINE=MyISAM DEFAULT CHARSET=utf8;

--
-- Dumping data for table `sys_acl_matrix`
--

INSERT INTO `sys_acl_matrix` VALUES (1,2,NULL,NULL,NULL,NULL,NULL),(1,3,NULL,NULL,NULL,NULL,NULL),(1,7,NULL,NULL,NULL,NULL,NULL),(2,1,4,24,NULL,NULL,NULL),(2,2,NULL,NULL,NULL,NULL,NULL),(2,3,NULL,NULL,NULL,NULL,NULL),(2,4,10,24,NULL,NULL,NULL),(2,6,NULL,NULL,NULL,NULL,NULL),(2,7,NULL,NULL,NULL,NULL,NULL),(2,8,NULL,NULL,NULL,NULL,NULL),(2,9,NULL,NULL,NULL,NULL,NULL),(3,1,NULL,NULL,NULL,NULL,NULL),(3,2,NULL,NULL,NULL,NULL,NULL),(3,3,NULL,NULL,NULL,NULL,NULL),(3,4,NULL,NULL,NULL,NULL,NULL),(3,6,NULL,NULL,NULL,NULL,NULL),(3,7,NULL,NULL,NULL,NULL,NULL),(3,8,NULL,NULL,NULL,NULL,NULL),(3,9,NULL,NULL,NULL,NULL,NULL),(1,13,NULL,NULL,NULL,NULL,NULL),(2,13,NULL,NULL,NULL,NULL,NULL),(3,13,NULL,NULL,NULL,NULL,NULL),(1,14,NULL,NULL,NULL,NULL,NULL),(2,14,NULL,NULL,NULL,NULL,NULL),(3,14,NULL,NULL,NULL,NULL,NULL),(1,15,NULL,NULL,NULL,NULL,NULL),(2,15,NULL,NULL,NULL,NULL,NULL),(3,15,NULL,NULL,NULL,NULL,NULL),(1,16,NULL,NULL,NULL,NULL,NULL),(2,16,NULL,NULL,NULL,NULL,NULL),(3,16,NULL,NULL,NULL,NULL,NULL),(1,17,NULL,NULL,NULL,NULL,NULL),(2,17,NULL,NULL,NULL,NULL,NULL),(3,17,NULL,NULL,NULL,NULL,NULL),(2,18,NULL,NULL,NULL,NULL,NULL),(3,18,NULL,NULL,NULL,NULL,NULL),(2,25,NULL,NULL,NULL,NULL,NULL),(3,25,NULL,NULL,NULL,NULL,NULL),(1,27,NULL,NULL,NULL,NULL,NULL),(2,27,NULL,NULL,NULL,NULL,NULL),(3,27,NULL,NULL,NULL,NULL,NULL),(2,28,NULL,NULL,NULL,NULL,NULL),(3,28,NULL,NULL,NULL,NULL,NULL),(2,69,NULL,NULL,NULL,NULL,NULL),(1,69,NULL,NULL,NULL,NULL,NULL),(2,35,NULL,NULL,NULL,NULL,NULL),(3,35,NULL,NULL,NULL,NULL,NULL),(2,39,NULL,NULL,NULL,NULL,NULL),(3,39,NULL,NULL,NULL,NULL,NULL),(1,44,NULL,NULL,NULL,NULL,NULL),(2,44,NULL,NULL,NULL,NULL,NULL),(3,44,NULL,NULL,NULL,NULL,NULL),(1,45,NULL,NULL,NULL,NULL,NULL),(2,45,NULL,NULL,NULL,NULL,NULL),(3,45,NULL,NULL,NULL,NULL,NULL),(1,46,NULL,NULL,NULL,NULL,NULL),(2,46,NULL,NULL,NULL,NULL,NULL),(3,46,NULL,NULL,NULL,NULL,NULL),(2,47,NULL,NULL,NULL,NULL,NULL),(3,47,NULL,NULL,NULL,NULL,NULL),(1,51,NULL,NULL,NULL,NULL,NULL),(2,51,NULL,NULL,NULL,NULL,NULL),(3,51,NULL,NULL,NULL,NULL,NULL),(2,52,NULL,NULL,NULL,NULL,NULL),(3,52,NULL,NULL,NULL,NULL,NULL),(3,53,NULL,NULL,NULL,NULL,NULL),(3,54,NULL,NULL,NULL,NULL,NULL),(1,55,NULL,NULL,NULL,NULL,NULL),(2,55,NULL,NULL,NULL,NULL,NULL),(3,55,NULL,NULL,NULL,NULL,NULL),(2,56,NULL,NULL,NULL,NULL,NULL),(3,56,NULL,NULL,NULL,NULL,NULL),(2,66,NULL,NULL,NULL,NULL,NULL),(3,66,NULL,NULL,NULL,NULL,NULL),(3,69,NULL,NULL,NULL,NULL,NULL),(1,70,NULL,NULL,NULL,NULL,NULL),(2,70,NULL,NULL,NULL,NULL,NULL),(3,70,NULL,NULL,NULL,NULL,NULL),(1,71,NULL,NULL,NULL,NULL,NULL),(2,71,NULL,NULL,NULL,NULL,NULL),(3,71,NULL,NULL,NULL,NULL,NULL),(2,72,NULL,NULL,NULL,NULL,NULL),(3,72,NULL,NULL,NULL,NULL,NULL),(2,79,NULL,NULL,NULL,NULL,NULL),(3,79,NULL,NULL,NULL,NULL,NULL),(1,81,NULL,NULL,NULL,NULL,NULL),(2,81,NULL,NULL,NULL,NULL,NULL),(3,81,NULL,NULL,NULL,NULL,NULL),(1,82,NULL,NULL,NULL,NULL,NULL),(2,82,NULL,NULL,NULL,NULL,NULL),(3,82,NULL,NULL,NULL,NULL,NULL),(1,83,NULL,NULL,NULL,NULL,NULL),(2,83,NULL,NULL,NULL,NULL,NULL),(3,83,NULL,NULL,NULL,NULL,NULL),(2,84,NULL,NULL,NULL,NULL,NULL),(3,84,NULL,NULL,NULL,NULL,NULL),(1,91,NULL,NULL,NULL,NULL,NULL),(2,91,NULL,NULL,NULL,NULL,NULL),(3,91,NULL,NULL,NULL,NULL,NULL),(2,92,NULL,NULL,NULL,NULL,NULL),(3,92,NULL,NULL,NULL,NULL,NULL),(2,93,NULL,NULL,NULL,NULL,NULL),(3,93,NULL,NULL,NULL,NULL,NULL),(1,94,NULL,NULL,NULL,NULL,NULL),(2,94,NULL,NULL,NULL,NULL,NULL),(3,94,NULL,NULL,NULL,NULL,NULL),(1,95,NULL,NULL,NULL,NULL,NULL),(2,95,NULL,NULL,NULL,NULL,NULL),(3,95,NULL,NULL,NULL,NULL,NULL),(1,96,NULL,NULL,NULL,NULL,NULL),(2,96,NULL,NULL,NULL,NULL,NULL),(3,96,NULL,NULL,NULL,NULL,NULL),(2,97,NULL,NULL,NULL,NULL,NULL),(3,97,NULL,NULL,NULL,NULL,NULL),(2,103,NULL,NULL,NULL,NULL,NULL),(3,103,NULL,NULL,NULL,NULL,NULL);

--
-- Table structure for table `sys_admin_ban_list`
--

CREATE TABLE `sys_admin_ban_list` (
  `ProfID` int(10) unsigned NOT NULL DEFAULT '0',
  `Time` int(10) unsigned NOT NULL DEFAULT '0',
  `DateTime` datetime NOT NULL DEFAULT '0000-00-00 00:00:00',
  PRIMARY KEY (`ProfID`)
) ENGINE=MyISAM DEFAULT CHARSET=utf8;

--
-- Dumping data for table `sys_admin_ban_list`
--


--
-- Table structure for table `sys_albums`
--

CREATE TABLE `sys_albums` (
  `ID` int(10) NOT NULL AUTO_INCREMENT,
  `Caption` varchar(128) NOT NULL DEFAULT '',
  `Uri` varchar(255) NOT NULL DEFAULT '',
  `Location` varchar(128) NOT NULL DEFAULT '',
  `Description` varchar(255) NOT NULL DEFAULT '',
  `Type` varchar(20) NOT NULL DEFAULT '',
  `Owner` int(10) NOT NULL DEFAULT '0',
  `Status` enum('active','passive') NOT NULL DEFAULT 'active',
  `Date` int(10) NOT NULL DEFAULT '0',
  `ObjCount` int(10) NOT NULL DEFAULT '0',
  `LastObjId` int(10) NOT NULL DEFAULT '0',
  `AllowAlbumView` int(10) NOT NULL DEFAULT '3',
  PRIMARY KEY (`ID`),
  UNIQUE KEY `Uri` (`Uri`,`Type`,`Owner`),
  KEY `Owner` (`Owner`)
) ENGINE=MyISAM AUTO_INCREMENT=24 DEFAULT CHARSET=utf8;

--
-- Dumping data for table `sys_albums`
--

INSERT INTO `sys_albums` VALUES (1,'bethany\'s photos','bethany-s-photos','Undefined','','bx_photos',2,'active',1428509413,1,2,3),(2,'seth\'s photos','seth-s-photos','Undefined','','bx_photos',1,'active',1428509514,1,1,3),(3,'Hidden','Hidden','Undefined','','bx_photos',1,'active',1428510828,1,3,8),(4,'persister1\'s photos','persister1-s-photos','Undefined','','bx_photos',3,'active',1428638299,1,4,3),(8,'Kalamoma\'s photos','Kalamoma-s-photos','Undefined','','bx_photos',7,'active',1433169172,0,0,3),(9,'Founder\'s photos','Founder-s-photos','Undefined','','bx_photos',8,'active',1433201166,0,0,3),(13,'test\'s photos','test-s-photos','Undefined','','bx_photos',13,'active',1442871438,2,15,3),(12,'ericamlee\'s photos','ericamlee-s-photos','Undefined','','bx_photos',12,'active',1442344441,1,10,3),(14,'ericamlee\'s cover photos','ericamlee-s-cover-photos','Undefined','','bx_photos',12,'active',1443212884,0,0,3),(15,'test\'s cover photos','test-s-cover-photos','Undefined','','bx_photos',13,'active',1443403910,1,11,3),(16,'persister1\'s cover photos','persister1-s-cover-photos','Undefined','','bx_photos',3,'active',1443490279,0,0,3),(17,'checkers\'s photos','checkers-s-photos','Undefined','','bx_photos',11,'active',1443634938,0,0,3),(18,'21.10.2015','21-10-2015','','','bx_photos',13,'active',1445391385,0,0,3),(22,'DMKDXWebPi\'s cover photos','DMKDXWebPi-s-cover-photos','Undefined','','bx_photos',17,'active',1458832357,0,0,3),(21,'DMKDXWebPi\'s photos','DMKDXWebPi-s-photos','Undefined','','bx_photos',17,'active',1456515841,0,0,3),(23,'Erik Amlee\'s timeline photos','Erik-Amlee-s-timeline-photos','','','bx_photos',12,'active',1461688645,2,17,3);

--
-- Table structure for table `sys_albums_objects`
--

CREATE TABLE `sys_albums_objects` (
  `id_album` int(10) NOT NULL,
  `id_object` int(10) NOT NULL,
  `obj_order` int(10) NOT NULL DEFAULT '0',
  UNIQUE KEY `id_album` (`id_album`,`id_object`),
  KEY `id_object` (`id_object`)
) ENGINE=MyISAM DEFAULT CHARSET=utf8;

--
-- Dumping data for table `sys_albums_objects`
--

INSERT INTO `sys_albums_objects` VALUES (2,1,0),(1,2,0),(3,3,0),(4,4,0),(12,10,0),(15,11,0),(13,15,0),(13,14,0),(23,16,0),(23,17,0);

--
-- Table structure for table `sys_alerts`
--

CREATE TABLE `sys_alerts` (
  `id` int(11) unsigned NOT NULL AUTO_INCREMENT,
  `unit` varchar(64) NOT NULL DEFAULT '',
  `action` varchar(64) NOT NULL DEFAULT 'none',
  `handler_id` int(11) NOT NULL DEFAULT '0',
  PRIMARY KEY (`id`),
  UNIQUE KEY `alert_handler` (`unit`,`action`,`handler_id`)
) ENGINE=MyISAM AUTO_INCREMENT=127 DEFAULT CHARSET=utf8;

--
-- Dumping data for table `sys_alerts`
--

INSERT INTO `sys_alerts` VALUES (1,'system','begin',1),(2,'profile','before_join',2),(3,'profile','join',2),(4,'profile','before_login',2),(5,'profile','login',2),(6,'profile','logout',2),(7,'profile','edit',2),(8,'profile','join',3),(9,'profile','edit',3),(10,'profile','delete',3),(11,'profile','join',4),(12,'profile','edit',4),(13,'profile','delete',4),(14,'profile','change_status',4),(15,'profile','commentRemoved',5),(17,'profile','delete',7),(18,'bx_photos','delete',8),(19,'bx_videos','delete',8),(20,'bx_sounds','delete',8),(21,'bx_files','delete',8),(22,'module','install',9),(38,'profile','edit',12),(39,'profile','edit_status_message',12),(116,'comment','add',12),(41,'profile','delete',12),(42,'friend','accept',12),(45,'bx_events','add',12),(46,'bx_events','commentPost',12),(47,'profile','delete',13),(48,'bx_photos','add',12),(49,'bx_photos','commentPost',12),(55,'system','design_included',14),(98,'bx_photos','delete',24),(97,'profile','delete',23),(65,'profile','delete',16),(75,'profile','delete',18),(76,'module','install',19),(77,'ads','create',12),(78,'ads','commentPost',12),(88,'profile','edit',20),(89,'profile','delete',20),(90,'profile','delete',21),(91,'bx_avatar','add',12),(92,'bx_avatar','change',12),(99,'bx_videos','delete',24),(100,'bx_sounds','delete',24),(101,'bx_files','delete',24),(102,'module','install',25),(103,'bx_groups','add',12),(104,'bx_groups','commentPost',12),(120,'profile','delete',28),(119,'bx_sites','add',12),(118,'profile','delete',27),(117,'profile','delete',2),(121,'bx_photos','delete',29),(122,'bx_videos','delete',29),(123,'bx_sounds','delete',29),(124,'bx_files','delete',29),(125,'module','install',30),(126,'modzzz_articles','add',12);

--
-- Table structure for table `sys_alerts_handlers`
--

CREATE TABLE `sys_alerts_handlers` (
  `id` int(11) unsigned NOT NULL AUTO_INCREMENT,
  `name` varchar(128) NOT NULL DEFAULT '',
  `class` varchar(128) NOT NULL DEFAULT '',
  `file` varchar(255) NOT NULL DEFAULT '',
  `eval` text NOT NULL,
  PRIMARY KEY (`id`),
  UNIQUE KEY `name` (`name`)
) ENGINE=MyISAM AUTO_INCREMENT=31 DEFAULT CHARSET=utf8;

--
-- Dumping data for table `sys_alerts_handlers`
--

INSERT INTO `sys_alerts_handlers` VALUES (1,'system','BxDolAlertsResponseSystem','inc/classes/BxDolAlertsResponseSystem.php',''),(2,'profile','BxDolAlertsResponseProfile','inc/classes/BxDolAlertsResponseProfile.php',''),(3,'membersData','BxDolUpdateMembersCache','inc/classes/BxDolUpdateMembersCache.php',''),(4,'profileMatch','BxDolAlertsResponceMatch','inc/classes/BxDolAlertsResponceMatch.php',''),(5,'bx_videos_comments_delete','BxDolVideoDeleteResponse','flash/modules/video_comments/inc/classes/BxDolVideoDeleteResponse.php',''),(7,'bx_events_profile_delete','','','BxDolService::call(\'events\', \'response_profile_delete\', array($this));'),(8,'bx_events_media_delete','','','BxDolService::call(\'events\', \'response_media_delete\', array($this));'),(9,'bx_events_map_install','','','if (\'wmap\' == $this->aExtras[\'uri\'] && $this->aExtras[\'res\'][\'result\']) BxDolService::call(\'events\', \'map_install\');'),(12,'bx_wall','','','BxDolService::call(\'wall\', \'response\', array($this));'),(13,'bx_photos_profile_delete','','','BxDolService::call(\'photos\', \'response_profile_delete\', array($this));'),(14,'bx_pageac','','','BxDolService::call(\'pageac\', \'responce_protect_URL\', array($_SERVER[\'REQUEST_URI\']));'),(16,'bx_simple_messenger','BxSimpleMessengerResponse','modules/boonex/simple_messenger/classes/BxSimpleMessengerResponse.php',''),(18,'bx_ads_profile_delete','','','BxDolService::call(\'ads\', \'response_profile_delete\', array($this));'),(19,'bx_ads_map_install','','','if (\'wmap\' == $this->aExtras[\'uri\'] && $this->aExtras[\'res\'][\'result\']) BxDolService::call(\'ads\', \'map_install\');'),(20,'bx_forum_profile','BxForumProfileResponse','modules/boonex/forum/profile_response.php',''),(21,'bx_avatar','BxAvaProfileDeleteResponse','modules/boonex/avatar/classes/BxAvaProfileDeleteResponse.php',''),(23,'bx_groups_profile_delete','','','BxDolService::call(\'groups\', \'response_profile_delete\', array($this));'),(24,'bx_groups_media_delete','','','BxDolService::call(\'groups\', \'response_media_delete\', array($this));'),(25,'bx_groups_map_install','','','if (\'wmap\' == $this->aExtras[\'uri\'] && $this->aExtras[\'res\'][\'result\']) BxDolService::call(\'groups\', \'map_install\');'),(27,'bx_sites','BxSitesProfileDeleteResponse','modules/boonex/sites/classes/BxSitesProfileDeleteResponse.php',''),(28,'modzzz_articles_profile_delete','','','BxDolService::call(\'articles\', \'response_profile_delete\', array($this));'),(29,'modzzz_articles_media_delete','','','BxDolService::call(\'articles\', \'response_media_delete\', array($this));'),(30,'modzzz_articles_map_install','','','if (\'wmap\' == $this->aExtras[\'uri\'] && $this->aExtras[\'res\'][\'result\']) BxDolService::call(\'articles\', \'map_install\');');

--
-- Table structure for table `sys_antispam_block_log`
--

CREATE TABLE `sys_antispam_block_log` (
  `ip` int(10) unsigned NOT NULL,
  `member_id` int(10) unsigned NOT NULL,
  `type` varchar(32) NOT NULL,
  `extra` text NOT NULL,
  `added` int(11) NOT NULL,
  KEY `ip` (`ip`),
  KEY `member_id` (`member_id`)
) ENGINE=MyISAM DEFAULT CHARSET=utf8;

--
-- Dumping data for table `sys_antispam_block_log`
--

INSERT INTO `sys_antispam_block_log` VALUES (2706229731,0,'stopforumspam','join',1440640891),(2706229731,0,'stopforumspam','join',1440640903),(2706229731,0,'stopforumspam','join',1440640905),(2706229731,0,'stopforumspam','join',1440641029),(2706229731,0,'stopforumspam','join',1440641051),(1096872948,0,'stopforumspam','join',1448461642),(1096872948,0,'stopforumspam','join',1448461653),(1096872948,0,'stopforumspam','join',1448461657),(1096872948,0,'stopforumspam','join',1448461667),(1096872948,0,'stopforumspam','join',1448461676),(1096872948,0,'stopforumspam','join',1448461733),(1096872948,0,'stopforumspam','join',1448461828);

--
-- Table structure for table `sys_banners`
--

CREATE TABLE `sys_banners` (
  `ID` int(11) unsigned NOT NULL AUTO_INCREMENT,
  `Title` varchar(32) NOT NULL DEFAULT '',
  `Url` varchar(255) NOT NULL DEFAULT '',
  `Text` mediumtext NOT NULL,
  `Active` tinyint(4) NOT NULL DEFAULT '0',
  `Created` date NOT NULL DEFAULT '0000-00-00',
  `campaign_start` date NOT NULL DEFAULT '2005-01-01',
  `campaign_end` date NOT NULL DEFAULT '2007-01-01',
  `Position` varchar(10) NOT NULL DEFAULT '4',
  `lhshift` int(5) NOT NULL DEFAULT '-200',
  `lvshift` int(5) NOT NULL DEFAULT '-750',
  `rhshift` int(5) NOT NULL DEFAULT '100',
  `rvshift` int(5) NOT NULL DEFAULT '-750',
  PRIMARY KEY (`ID`)
) ENGINE=MyISAM DEFAULT CHARSET=utf8 PACK_KEYS=0;

--
-- Dumping data for table `sys_banners`
--


--
-- Table structure for table `sys_banners_clicks`
--

CREATE TABLE `sys_banners_clicks` (
  `ID` int(10) unsigned NOT NULL DEFAULT '0',
  `Date` int(10) NOT NULL DEFAULT '0',
  `IP` varchar(16) NOT NULL DEFAULT '',
  UNIQUE KEY `ID_2` (`ID`,`Date`,`IP`),
  KEY `ID` (`ID`)
) ENGINE=MyISAM DEFAULT CHARSET=utf8;

--
-- Dumping data for table `sys_banners_clicks`
--


--
-- Table structure for table `sys_banners_shows`
--

CREATE TABLE `sys_banners_shows` (
  `ID` int(10) unsigned NOT NULL DEFAULT '0',
  `Date` int(10) NOT NULL DEFAULT '0',
  `IP` varchar(16) NOT NULL DEFAULT '',
  KEY `ID` (`ID`)
) ENGINE=MyISAM DEFAULT CHARSET=utf8;

--
-- Dumping data for table `sys_banners_shows`
--


--
-- Table structure for table `sys_block_list`
--

CREATE TABLE `sys_block_list` (
  `ID` int(10) unsigned NOT NULL DEFAULT '0',
  `Profile` int(10) unsigned NOT NULL DEFAULT '0',
  `When` timestamp NOT NULL DEFAULT CURRENT_TIMESTAMP,
  UNIQUE KEY `BlockPair` (`ID`,`Profile`),
  KEY `ID` (`ID`),
  KEY `Profile` (`Profile`)
) ENGINE=MyISAM DEFAULT CHARSET=utf8;

--
-- Dumping data for table `sys_block_list`
--


--
-- Table structure for table `sys_box_download`
--

CREATE TABLE `sys_box_download` (
  `id` int(11) NOT NULL AUTO_INCREMENT,
  `title` varchar(64) NOT NULL,
  `url` varchar(255) NOT NULL,
  `onclick` varchar(255) NOT NULL,
  `desc` text NOT NULL,
  `icon` varchar(255) NOT NULL,
  `order` int(11) NOT NULL,
  `disabled` tinyint(4) NOT NULL,
  PRIMARY KEY (`id`)
) ENGINE=MyISAM AUTO_INCREMENT=3 DEFAULT CHARSET=utf8;

--
-- Dumping data for table `sys_box_download`
--

INSERT INTO `sys_box_download` VALUES (1,'_sbd_iPhone_title','http://itunes.apple.com/us/app/oo/id345450186','','_sbd_iPhone_desc','apple',2,0),(2,'_sbd_Android_title','https://play.google.com/store/apps/details?id=com.boonex.oo','','_sbd_Android_desc','android',3,0);

--
-- Table structure for table `sys_categories`
--

CREATE TABLE `sys_categories` (
  `Category` varchar(32) NOT NULL DEFAULT '',
  `ID` int(10) unsigned NOT NULL DEFAULT '0',
  `Type` varchar(20) NOT NULL DEFAULT 'photo',
  `Owner` int(10) unsigned NOT NULL,
  `Status` enum('active','passive') NOT NULL DEFAULT 'active',
  `Date` timestamp NOT NULL DEFAULT CURRENT_TIMESTAMP,
  PRIMARY KEY (`Category`,`ID`,`Type`)
) ENGINE=MyISAM DEFAULT CHARSET=utf8;

--
-- Dumping data for table `sys_categories`
--

INSERT INTO `sys_categories` VALUES ('Party',0,'bx_events',0,'active','2015-04-08 16:05:08'),('Expedition',0,'bx_events',0,'active','2015-04-08 16:05:08'),('Presentation',0,'bx_events',0,'active','2015-04-08 16:05:08'),('Last Friday',0,'bx_events',0,'passive','2015-04-08 16:05:08'),('Birthday',0,'bx_events',0,'active','2015-04-08 16:05:08'),('Exhibition',0,'bx_events',0,'active','2015-04-08 16:05:08'),('Bushwalking',0,'bx_events',0,'passive','2015-04-08 16:05:08'),('Profile photos',0,'bx_photos',0,'active','2015-04-08 16:06:08'),('wall',0,'bx_sounds',0,'active','2015-04-08 16:05:09'),('wall',0,'bx_videos',0,'active','2015-04-08 16:05:09'),('Family',0,'bx_photos',0,'active','2015-04-08 16:06:08'),('Fun',0,'bx_photos',0,'active','2015-04-08 16:06:08'),('My portfolio',0,'bx_photos',0,'active','2015-04-08 16:06:08'),('Our cars',0,'bx_photos',0,'passive','2015-04-08 16:06:08'),('Other',0,'bx_photos',0,'active','2015-04-08 16:06:08'),('Profile Photos',1,'bx_photos',1,'active','2015-04-08 16:11:54'),('Profile Photos',2,'bx_photos',2,'active','2015-04-08 16:18:13'),('Default',0,'bx_news',0,'active','2015-04-08 16:21:07'),('BoonEx Products',0,'bx_news',0,'passive','2015-04-08 16:21:07'),('Some Useful Info',0,'bx_news',0,'passive','2015-04-08 16:21:07'),('Expedition',3,'bx_events',12,'active','2015-10-21 01:25:24'),('Presentation',1,'bx_events',2,'active','2015-04-08 16:24:18'),('Events',3,'bx_photos',1,'active','2015-04-08 16:33:48'),('Profile Photos',4,'bx_photos',3,'active','2015-04-10 03:58:19'),('Birthday',2,'bx_events',2,'active','2015-06-02 14:35:49'),('Profile photos',10,'bx_photos',12,'active','2015-09-15 21:06:19'),('Groups',0,'bx_photos',0,'passive','2015-10-30 01:34:31'),('Arts & Literature',0,'bx_groups',0,'active','2015-10-30 01:34:31'),('Animals & Pets',0,'bx_groups',0,'active','2015-10-30 01:34:31'),('Activities',0,'bx_groups',0,'active','2015-10-30 01:34:31'),('Automotive',0,'bx_groups',0,'active','2015-10-30 01:34:31'),('Business & Money',0,'bx_groups',0,'active','2015-10-30 01:34:31'),('Companies & Co-workers',0,'bx_groups',0,'active','2015-10-30 01:34:31'),('Cultures & Nations',0,'bx_groups',0,'active','2015-10-30 01:34:31'),('Dolphin Community',0,'bx_groups',0,'passive','2015-10-30 01:34:31'),('Family & Friends',0,'bx_groups',0,'active','2015-10-30 01:34:31'),('Fan Clubs',0,'bx_groups',0,'active','2015-10-30 01:34:31'),('Fashion & Style',0,'bx_groups',0,'active','2015-10-30 01:34:31'),('Fitness & Body Building',0,'bx_groups',0,'active','2015-10-30 01:34:31'),('Food & Drink',0,'bx_groups',0,'active','2015-10-30 01:34:31'),('Gay, Lesbian & Bi',0,'bx_groups',0,'active','2015-10-30 01:34:31'),('Health & Wellness',0,'bx_groups',0,'active','2015-10-30 01:34:31'),('Hobbies & Entertainment',0,'bx_groups',0,'active','2015-10-30 01:34:31'),('Internet & Computers',0,'bx_groups',0,'active','2015-10-30 01:34:31'),('Love & Relationships',0,'bx_groups',0,'active','2015-10-30 01:34:31'),('Mass Media',0,'bx_groups',0,'active','2015-10-30 01:34:31'),('Music & Cinema',0,'bx_groups',0,'active','2015-10-30 01:34:31'),('Places & Travel',0,'bx_groups',0,'active','2015-10-30 01:34:31'),('Politics',0,'bx_groups',0,'active','2015-10-30 01:34:31'),('Recreation & Sports',0,'bx_groups',0,'active','2015-10-30 01:34:31'),('Religion',0,'bx_groups',0,'active','2015-10-30 01:34:31'),('Science & Innovations',0,'bx_groups',0,'active','2015-10-30 01:34:31'),('Sex',0,'bx_groups',0,'active','2015-10-30 01:34:31'),('Teens & Schools',0,'bx_groups',0,'active','2015-10-30 01:34:31'),('Other',0,'bx_groups',0,'active','2015-10-30 01:34:31'),('Family & Friends',1,'bx_groups',12,'active','2015-11-13 16:26:58'),('Profile Photos',15,'bx_photos',13,'active','2015-12-22 20:35:41'),('Sites',0,'bx_photos',0,'active','2016-04-22 20:23:00'),('Technology',0,'bx_sites',0,'active','2016-04-22 20:23:00'),('World & Business',0,'bx_sites',0,'active','2016-04-22 20:23:00'),('Science',0,'bx_sites',0,'active','2016-04-22 20:23:00'),('Gaming',0,'bx_sites',0,'active','2016-04-22 20:23:00'),('Lifestyle',0,'bx_sites',0,'active','2016-04-22 20:23:00'),('Entertainment',0,'bx_sites',0,'active','2016-04-22 20:23:00'),('Sports',0,'bx_sites',0,'active','2016-04-22 20:23:00');

--
-- Table structure for table `sys_categories_bak`
--

CREATE TABLE `sys_categories_bak` (
  `Category` varchar(32) NOT NULL DEFAULT '',
  `ID` int(10) unsigned NOT NULL DEFAULT '0',
  `Type` varchar(20) NOT NULL DEFAULT 'photo',
  `Owner` int(10) unsigned NOT NULL,
  `Status` enum('active','passive') NOT NULL DEFAULT 'active',
  `Date` timestamp NOT NULL DEFAULT CURRENT_TIMESTAMP,
  PRIMARY KEY (`Category`,`ID`,`Type`)
) ENGINE=MyISAM DEFAULT CHARSET=utf8;

--
-- Dumping data for table `sys_categories_bak`
--

INSERT INTO `sys_categories_bak` VALUES ('BoonEx Products',0,'bx_articles',0,'active','2016-04-28 23:51:03'),('Default',0,'bx_articles',0,'active','2016-04-28 23:51:03'),('Some Useful Info',0,'bx_articles',0,'active','2016-04-28 23:51:03');

--
-- Table structure for table `sys_cmts_profile`
--

CREATE TABLE `sys_cmts_profile` (
  `cmt_id` int(11) NOT NULL AUTO_INCREMENT,
  `cmt_parent_id` int(11) NOT NULL DEFAULT '0',
  `cmt_object_id` int(11) NOT NULL DEFAULT '0',
  `cmt_author_id` int(10) unsigned NOT NULL DEFAULT '0',
  `cmt_text` text NOT NULL,
  `cmt_mood` tinyint(4) NOT NULL DEFAULT '0',
  `cmt_rate` int(11) NOT NULL DEFAULT '0',
  `cmt_rate_count` int(11) NOT NULL DEFAULT '0',
  `cmt_time` datetime NOT NULL DEFAULT '0000-00-00 00:00:00',
  `cmt_replies` int(11) NOT NULL DEFAULT '0',
  PRIMARY KEY (`cmt_id`),
  KEY `cmt_object_id` (`cmt_object_id`,`cmt_parent_id`)
) ENGINE=MyISAM DEFAULT CHARSET=utf8;

--
-- Dumping data for table `sys_cmts_profile`
--


--
-- Table structure for table `sys_cmts_track`
--

CREATE TABLE `sys_cmts_track` (
  `cmt_system_id` int(11) NOT NULL DEFAULT '0',
  `cmt_id` int(11) NOT NULL DEFAULT '0',
  `cmt_rate` tinyint(4) NOT NULL DEFAULT '0',
  `cmt_rate_author_id` int(10) unsigned NOT NULL DEFAULT '0',
  `cmt_rate_author_nip` int(11) unsigned NOT NULL DEFAULT '0',
  `cmt_rate_ts` int(11) NOT NULL DEFAULT '0',
  PRIMARY KEY (`cmt_system_id`,`cmt_id`,`cmt_rate_author_nip`)
) ENGINE=MyISAM DEFAULT CHARSET=utf8;

--
-- Dumping data for table `sys_cmts_track`
--


--
-- Table structure for table `sys_color_base`
--

CREATE TABLE `sys_color_base` (
  `ColorName` varchar(20) NOT NULL DEFAULT '',
  `ColorCode` varchar(10) NOT NULL DEFAULT '',
  UNIQUE KEY `ColorName` (`ColorName`)
) ENGINE=MyISAM DEFAULT CHARSET=utf8;

--
-- Dumping data for table `sys_color_base`
--

INSERT INTO `sys_color_base` VALUES ('AliceBlue','#F0F8FF'),('AntiqueWhite','#FAEBD7'),('Aqua','#00FFFF'),('Aquamarine','#7FFFD4'),('Azure','#F0FFFF'),('Beige','#F5F5DC'),('Bisque','#FFE4C4'),('Black','#000000'),('BlanchedAlmond','#FFEBCD'),('Blue','#0000FF'),('BlueViolet','#8A2BE2'),('Brown','#A52A2A'),('BurlyWood','#DEB887'),('CadetBlue','#5F9EA0'),('Chartreuse','#7FFF00'),('Chocolate','#D2691E'),('Coral','#FF7F50'),('CornflowerBlue','#6495ED'),('Cornsilk','#FFF8DC'),('Crimson','#DC143C'),('Cyan','#00FFFF'),('DarkBlue','#00008B'),('DarkCyan','#008B8B'),('DarkGoldenRod','#B8860B'),('DarkGray','#A9A9A9'),('DarkGreen','#006400'),('DarkKhaki','#BDB76B'),('DarkMagenta','#8B008B'),('DarkOliveGreen','#556B2F'),('Darkorange','#FF8C00'),('DarkOrchid','#9932CC'),('DarkRed','#8B0000'),('DarkSalmon','#E9967A'),('DarkSeaGreen','#8FBC8F'),('DarkSlateBlue','#483D8B'),('DarkSlateGray','#2F4F4F'),('DarkTurquoise','#00CED1'),('DarkViolet','#9400D3'),('DeepPink','#FF1493'),('DeepSkyBlue','#00BFFF'),('DimGray','#696969'),('DodgerBlue','#1E90FF'),('Feldspar','#D19275'),('FireBrick','#B22222'),('FloralWhite','#FFFAF0'),('ForestGreen','#228B22'),('Fuchsia','#FF00FF'),('Gainsboro','#DCDCDC'),('GhostWhite','#F8F8FF'),('Gold','#FFD700'),('GoldenRod','#DAA520'),('Gray','#808080'),('Green','#008000'),('GreenYellow','#ADFF2F'),('HoneyDew','#F0FFF0'),('HotPink','#FF69B4'),('IndianRed','#CD5C5C'),('Indigo','#4B0082'),('Ivory','#FFFFF0'),('Khaki','#F0E68C'),('Lavender','#E6E6FA'),('LavenderBlush','#FFF0F5'),('LawnGreen','#7CFC00'),('LemonChiffon','#FFFACD'),('LightBlue','#ADD8E6'),('LightCoral','#F08080'),('LightCyan','#E0FFFF'),('LightGoldenRodYellow','#FAFAD2'),('LightGrey','#D3D3D3'),('LightGreen','#90EE90'),('LightPink','#FFB6C1'),('LightSalmon','#FFA07A'),('LightSeaGreen','#20B2AA'),('LightSkyBlue','#87CEFA'),('LightSlateBlue','#8470FF'),('LightSlateGray','#778899'),('LightSteelBlue','#B0C4DE'),('LightYellow','#FFFFE0'),('Lime','#00FF00'),('LimeGreen','#32CD32'),('Linen','#FAF0E6'),('Magenta','#FF00FF'),('Maroon','#800000'),('MediumAquaMarine','#66CDAA'),('MediumBlue','#0000CD'),('MediumOrchid','#BA55D3'),('MediumPurple','#9370D8'),('MediumSeaGreen','#3CB371'),('MediumSlateBlue','#7B68EE'),('MediumSpringGreen','#00FA9A'),('MediumTurquoise','#48D1CC'),('MediumVioletRed','#C71585'),('MidnightBlue','#191970'),('MintCream','#F5FFFA'),('MistyRose','#FFE4E1'),('Moccasin','#FFE4B5'),('NavajoWhite','#FFDEAD'),('Navy','#000080'),('OldLace','#FDF5E6'),('Olive','#808000'),('OliveDrab','#6B8E23'),('Orange','#FFA500'),('OrangeRed','#FF4500'),('Orchid','#DA70D6'),('PaleGoldenRod','#EEE8AA'),('PaleGreen','#98FB98'),('PaleTurquoise','#AFEEEE'),('PaleVioletRed','#D87093'),('PapayaWhip','#FFEFD5'),('PeachPuff','#FFDAB9'),('Peru','#CD853F'),('Pink','#FFC0CB'),('Plum','#DDA0DD'),('PowderBlue','#B0E0E6'),('Purple','#800080'),('Red','#FF0000'),('RosyBrown','#BC8F8F'),('RoyalBlue','#4169E1'),('SaddleBrown','#8B4513'),('Salmon','#FA8072'),('SandyBrown','#F4A460'),('SeaGreen','#2E8B57'),('SeaShell','#FFF5EE'),('Sienna','#A0522D'),('Silver','#C0C0C0'),('SkyBlue','#87CEEB'),('SlateBlue','#6A5ACD'),('SlateGray','#708090'),('Snow','#FFFAFA'),('SpringGreen','#00FF7F'),('SteelBlue','#4682B4'),('Tan','#D2B48C'),('Teal','#008080'),('Thistle','#D8BFD8'),('Tomato','#FF6347'),('Turquoise','#40E0D0'),('Violet','#EE82EE'),('VioletRed','#D02090'),('Wheat','#F5DEB3'),('White','#FFFFFF'),('WhiteSmoke','#F5F5F5'),('Yellow','#FFFF00'),('YellowGreen','#9ACD32');

--
-- Table structure for table `sys_countries`
--

CREATE TABLE `sys_countries` (
  `ISO2` varchar(2) NOT NULL DEFAULT '',
  `ISO3` varchar(3) NOT NULL DEFAULT '',
  `ISONo` smallint(3) NOT NULL DEFAULT '0',
  `Country` varchar(100) NOT NULL DEFAULT '',
  `Region` varchar(100) DEFAULT NULL,
  `Currency` varchar(100) DEFAULT NULL,
  `CurrencyCode` varchar(3) DEFAULT NULL,
  PRIMARY KEY (`ISO2`),
  KEY `CurrencyCode` (`CurrencyCode`)
) ENGINE=MyISAM DEFAULT CHARSET=utf8;

--
-- Dumping data for table `sys_countries`
--

INSERT INTO `sys_countries` VALUES ('AD','AND',20,'Andorra','Europe','Euro','EUR'),('AE','ARE',784,'United Arab Emirates','Middle East','UAE Dirham','AED'),('AF','AFG',4,'Afghanistan','Asia','Afghani','AFA'),('AG','ATG',28,'Antigua and Barbuda','Central America and the Caribbean','East Caribbean Dollar','XCD'),('AI','AIA',660,'Anguilla','Central America and the Caribbean','East Caribbean Dollar','XCD'),('AL','ALB',8,'Albania','Europe','Lek','ALL'),('AM','ARM',51,'Armenia','Commonwealth of Independent States','Armenian Dram','AMD'),('AN','ANT',530,'Netherlands Antilles','Central America and the Caribbean','Netherlands Antillean guilder','ANG'),('AO','AGO',24,'Angola','Africa','Kwanza','AOA'),('AQ','ATA',10,'Antarctica','Antarctic Region',NULL,NULL),('AR','ARG',32,'Argentina','South America','Argentine Peso','ARS'),('AS','ASM',16,'American Samoa','Oceania','US Dollar','USD'),('AT','AUT',40,'Austria','Europe','Euro','EUR'),('AU','AUS',36,'Australia','Oceania','Australian dollar','AUD'),('AW','ABW',533,'Aruba','Central America and the Caribbean','Aruban Guilder','AWG'),('AX','ALA',248,'Aland Islands','Europe','Euro','EUR'),('AZ','AZE',31,'Azerbaijan','Commonwealth of Independent States','Azerbaijani Manat','AZM'),('BA','BIH',70,'Bosnia and Herzegovina','Bosnia and Herzegovina, Europe','Convertible Marka','BAM'),('BB','BRB',52,'Barbados','Central America and the Caribbean','Barbados Dollar','BBD'),('BD','BGD',50,'Bangladesh','Asia','Taka','BDT'),('BE','BEL',56,'Belgium','Europe','Euro','EUR'),('BF','BFA',854,'Burkina Faso','Africa','CFA Franc BCEAO','XOF'),('BG','BGR',100,'Bulgaria','Europe','Lev','BGL'),('BH','BHR',48,'Bahrain','Middle East','Bahraini Dinar','BHD'),('BI','BDI',108,'Burundi','Africa','Burundi Franc','BIF'),('BJ','BEN',204,'Benin','Africa','CFA Franc BCEAO','XOF'),('BL','BLM',652,'Saint Barthelemy','Central America and the Caribbean','Euro','EUR'),('BM','BMU',60,'Bermuda','North America','Bermudian Dollar','BMD'),('BN','BRN',96,'Brunei Darussalam','Southeast Asia','Brunei Dollar','BND'),('BO','BOL',68,'Bolivia','South America','Boliviano','BOB'),('BR','BRA',76,'Brazil','South America','Brazilian Real','BRL'),('BS','BHS',44,'The Bahamas','Central America and the Caribbean','Bahamian Dollar','BSD'),('BT','BTN',64,'Bhutan','Asia','Ngultrum','BTN'),('BV','BVT',74,'Bouvet Island','Antarctic Region','Norwegian Krone','NOK'),('BW','BWA',72,'Botswana','Africa','Pula','BWP'),('BY','BLR',112,'Belarus','Commonwealth of Independent States','Belarussian Ruble','BYR'),('BZ','BLZ',84,'Belize','Central America and the Caribbean','Belize Dollar','BZD'),('CA','CAN',124,'Canada','North America','Canadian Dollar','CAD'),('CC','CCK',166,'Cocos (Keeling) Islands','Southeast Asia','Australian Dollar','AUD'),('CD','COD',180,'Congo, Democratic Republic of the','Africa','Franc Congolais','CDF'),('CF','CAF',140,'Central African Republic','Africa','CFA Franc BEAC','XAF'),('CG','COG',178,'Congo, Republic of the','Africa','CFA Franc BEAC','XAF'),('CH','CHE',756,'Switzerland','Europe','Swiss Franc','CHF'),('CI','CIV',384,'Cote d\'Ivoire','Africa','CFA Franc BCEAO','XOF'),('CK','COK',184,'Cook Islands','Oceania','New Zealand Dollar','NZD'),('CL','CHL',152,'Chile','South America','Chilean Peso','CLP'),('CM','CMR',120,'Cameroon','Africa','CFA Franc BEAC','XAF'),('CN','CHN',156,'China','Asia','Yuan Renminbi','CNY'),('CO','COL',170,'Colombia','South America, Central America and the Caribbean','Colombian Peso','COP'),('CR','CRI',188,'Costa Rica','Central America and the Caribbean','Costa Rican Colon','CRC'),('CU','CUB',192,'Cuba','Central America and the Caribbean','Cuban Peso','CUP'),('CV','CPV',132,'Cape Verde','World','Cape Verdean Escudo','CVE'),('CX','CXR',162,'Christmas Island','Southeast Asia','Australian Dollar','AUD'),('CY','CYP',196,'Cyprus','Middle East','Cyprus Pound','CYP'),('CZ','CZE',203,'Czech Republic','Europe','Czech Koruna','CZK'),('DE','DEU',276,'Germany','Europe','Euro','EUR'),('DJ','DJI',262,'Djibouti','Africa','Djibouti Franc','DJF'),('DK','DNK',208,'Denmark','Europe','Danish Krone','DKK'),('DM','DMA',212,'Dominica','Central America and the Caribbean','East Caribbean Dollar','XCD'),('DO','DOM',214,'Dominican Republic','Central America and the Caribbean','Dominican Peso','DOP'),('DZ','DZA',12,'Algeria','Africa','Algerian Dinar','DZD'),('EC','ECU',218,'Ecuador','South America','US dollar','USD'),('EE','EST',233,'Estonia','Europe','Kroon','EEK'),('EG','EGY',818,'Egypt','Africa','Egyptian Pound','EGP'),('EH','ESH',732,'Western Sahara','Africa','Moroccan Dirham','MAD'),('ER','ERI',232,'Eritrea','Africa','Nakfa','ERN'),('ES','ESP',724,'Spain','Europe','Euro','EUR'),('ET','ETH',231,'Ethiopia','Africa','Ethiopian Birr','ETB'),('FI','FIN',246,'Finland','Europe','Euro','EUR'),('FJ','FJI',242,'Fiji','Oceania','Fijian Dollar','FJD'),('FK','FLK',238,'Falkland Islands (Islas Malvinas)','South America','Falkland Islands Pound','FKP'),('FM','FSM',583,'Micronesia, Federated States of','Oceania','US dollar','USD'),('FO','FRO',234,'Faroe Islands','Europe','Danish Krone','DKK'),('FR','FRA',250,'France','Europe','Euro','EUR'),('GA','GAB',266,'Gabon','Africa','CFA Franc BEAC','XAF'),('GB','GBR',826,'United Kingdom','Europe','Pound Sterling','GBP'),('GD','GRD',308,'Grenada','Central America and the Caribbean','East Caribbean Dollar','XCD'),('GE','GEO',268,'Georgia','Commonwealth of Independent States','Lari','GEL'),('GF','GUF',254,'French Guiana','South America','Euro','EUR'),('GG','GGY',831,'Guernsey','Europe','Pound sterling','GBP'),('GH','GHA',288,'Ghana','Africa','Cedi','GHC'),('GI','GIB',292,'Gibraltar','Europe','Gibraltar Pound','GIP'),('GL','GRL',304,'Greenland','Arctic Region','Danish Krone','DKK'),('GM','GMB',270,'The Gambia','Africa','Dalasi','GMD'),('GN','GIN',324,'Guinea','Africa','Guinean Franc','GNF'),('GP','GLP',312,'Guadeloupe','Central America and the Caribbean','Euro','EUR'),('GQ','GNQ',226,'Equatorial Guinea','Africa','CFA Franc BEAC','XAF'),('GR','GRC',300,'Greece','Europe','Euro','EUR'),('GS','SGS',239,'South Georgia and the South Sandwich Islands','Antarctic Region','Pound Sterling','GBP'),('GT','GTM',320,'Guatemala','Central America and the Caribbean','Quetzal','GTQ'),('GU','GUM',316,'Guam','Oceania','US Dollar','USD'),('GW','GNB',624,'Guinea-Bissau','Africa','CFA Franc BCEAO','XOF'),('GY','GUY',328,'Guyana','South America','Guyana Dollar','GYD'),('HK','HKG',344,'Hong Kong (SAR)','Southeast Asia','Hong Kong Dollar','HKD'),('HM','HMD',334,'Heard Island and McDonald Islands','Antarctic Region','Australian Dollar','AUD'),('HN','HND',340,'Honduras','Central America and the Caribbean','Lempira','HNL'),('HR','HRV',191,'Croatia','Europe','Kuna','HRK'),('HT','HTI',332,'Haiti','Central America and the Caribbean','Gourde','HTG'),('HU','HUN',348,'Hungary','Europe','Forint','HUF'),('ID','IDN',360,'Indonesia','Southeast Asia','Rupiah','IDR'),('IE','IRL',372,'Ireland','Europe','Euro','EUR'),('IL','ISR',376,'Israel','Middle East','New Israeli Sheqel','ILS'),('IM','IMN',833,'Isle of Man','Europe','Pound sterling','GBP'),('IN','IND',356,'India','Asia','Indian Rupee','INR'),('IO','IOT',86,'British Indian Ocean Territory','World','US Dollar','USD'),('IQ','IRQ',368,'Iraq','Middle East','Iraqi Dinar','IQD'),('IR','IRN',364,'Iran','Middle East','Iranian Rial','IRR'),('IS','ISL',352,'Iceland','Arctic Region','Iceland Krona','ISK'),('IT','ITA',380,'Italy','Europe','Euro','EUR'),('JE','JEY',832,'Jersey','Europe','Pound sterling','GBP'),('JM','JAM',388,'Jamaica','Central America and the Caribbean','Jamaican dollar','JMD'),('JO','JOR',400,'Jordan','Middle East','Jordanian Dinar','JOD'),('JP','JPN',392,'Japan','Asia','Yen','JPY'),('KE','KEN',404,'Kenya','Africa','Kenyan shilling','KES'),('KG','KGZ',417,'Kyrgyzstan','Commonwealth of Independent States','Som','KGS'),('KH','KHM',116,'Cambodia','Southeast Asia','Riel','KHR'),('KI','KIR',296,'Kiribati','Oceania','Australian dollar','AUD'),('KM','COM',174,'Comoros','Africa','Comoro Franc','KMF'),('KN','KNA',659,'Saint Kitts and Nevis','Central America and the Caribbean','East Caribbean Dollar','XCD'),('KP','PRK',408,'Korea, North','Asia','North Korean Won','KPW'),('KR','KOR',410,'Korea, South','Asia','Won','KRW'),('KW','KWT',414,'Kuwait','Middle East','Kuwaiti Dinar','KWD'),('KY','CYM',136,'Cayman Islands','Central America and the Caribbean','Cayman Islands Dollar','KYD'),('KZ','KAZ',398,'Kazakhstan','Commonwealth of Independent States','Tenge','KZT'),('LA','LAO',418,'Laos','Southeast Asia','Kip','LAK'),('LB','LBN',422,'Lebanon','Middle East','Lebanese Pound','LBP'),('LC','LCA',662,'Saint Lucia','Central America and the Caribbean','East Caribbean Dollar','XCD'),('LI','LIE',438,'Liechtenstein','Europe','Swiss Franc','CHF'),('LK','LKA',144,'Sri Lanka','Asia','Sri Lanka Rupee','LKR'),('LR','LBR',430,'Liberia','Africa','Liberian Dollar','LRD'),('LS','LSO',426,'Lesotho','Africa','Loti','LSL'),('LT','LTU',440,'Lithuania','Europe','Lithuanian Litas','LTL'),('LU','LUX',442,'Luxembourg','Europe','Euro','EUR'),('LV','LVA',428,'Latvia','Europe','Latvian Lats','LVL'),('LY','LBY',434,'Libya','Africa','Libyan Dinar','LYD'),('MA','MAR',504,'Morocco','Africa','Moroccan Dirham','MAD'),('MC','MCO',492,'Monaco','Europe','Euro','EUR'),('MD','MDA',498,'Moldova','Commonwealth of Independent States','Moldovan Leu','MDL'),('ME','MNE',499,'Montenegro','Europe','Euro','EUR'),('MF','MAF',663,'Saint Martin (French part)','Central America and the Caribbean','Euro','EUR'),('MG','MDG',450,'Madagascar','Africa','Malagasy Franc','MGF'),('MH','MHL',584,'Marshall Islands','Oceania','US dollar','USD'),('MK','MKD',807,'Macedonia, The Former Yugoslav Republic of','Europe','Denar','MKD'),('ML','MLI',466,'Mali','Africa','CFA Franc BCEAO','XOF'),('MM','MMR',104,'Myanmar','Southeast Asia','kyat','MMK'),('MN','MNG',496,'Mongolia','Asia','Tugrik','MNT'),('MO','MAC',446,'Macao','Southeast Asia','Pataca','MOP'),('MP','MNP',580,'Northern Mariana Islands','Oceania','US Dollar','USD'),('MQ','MTQ',474,'Martinique','Central America and the Caribbean','Euro','EUR'),('MR','MRT',478,'Mauritania','Africa','Ouguiya','MRO'),('MS','MSR',500,'Montserrat','Central America and the Caribbean','East Caribbean Dollar','XCD'),('MT','MLT',470,'Malta','Europe','Maltese Lira','MTL'),('MU','MUS',480,'Mauritius','World','Mauritius Rupee','MUR'),('MV','MDV',462,'Maldives','Asia','Rufiyaa','MVR'),('MW','MWI',454,'Malawi','Africa','Kwacha','MWK'),('MX','MEX',484,'Mexico','North America','Mexican Peso','MXN'),('MY','MYS',458,'Malaysia','Southeast Asia','Malaysian Ringgit','MYR'),('MZ','MOZ',508,'Mozambique','Africa','Metical','MZM'),('NA','NAM',516,'Namibia','Africa','Namibian Dollar','NAD'),('NC','NCL',540,'New Caledonia','Oceania','CFP Franc','XPF'),('NE','NER',562,'Niger','Africa','CFA Franc BCEAO','XOF'),('NF','NFK',574,'Norfolk Island','Oceania','Australian Dollar','AUD'),('NG','NGA',566,'Nigeria','Africa','Naira','NGN'),('NI','NIC',558,'Nicaragua','Central America and the Caribbean','Cordoba Oro','NIO'),('NL','NLD',528,'Netherlands','Europe','Euro','EUR'),('NO','NOR',578,'Norway','Europe','Norwegian Krone','NOK'),('NP','NPL',524,'Nepal','Asia','Nepalese Rupee','NPR'),('NR','NRU',520,'Nauru','Oceania','Australian Dollar','AUD'),('NU','NIU',570,'Niue','Oceania','New Zealand Dollar','NZD'),('NZ','NZL',554,'New Zealand','Oceania','New Zealand Dollar','NZD'),('OM','OMN',512,'Oman','Middle East','Rial Omani','OMR'),('PA','PAN',591,'Panama','Central America and the Caribbean','balboa','PAB'),('PE','PER',604,'Peru','South America','Nuevo Sol','PEN'),('PF','PYF',258,'French Polynesia','Oceania','CFP Franc','XPF'),('PG','PNG',598,'Papua New Guinea','Oceania','Kina','PGK'),('PH','PHL',608,'Philippines','Southeast Asia','Philippine Peso','PHP'),('PK','PAK',586,'Pakistan','Asia','Pakistan Rupee','PKR'),('PL','POL',616,'Poland','Europe','Zloty','PLN'),('PM','SPM',666,'Saint Pierre and Miquelon','North America','Euro','EUR'),('PN','PCN',612,'Pitcairn Islands','Oceania','New Zealand Dollar','NZD'),('PR','PRI',630,'Puerto Rico','Central America and the Caribbean','US dollar','USD'),('PS','PSE',275,'Palestinian Territory, Occupied',NULL,NULL,NULL),('PT','PRT',620,'Portugal','Europe','Euro','EUR'),('PW','PLW',585,'Palau','Oceania','US dollar','USD'),('PY','PRY',600,'Paraguay','South America','Guarani','PYG'),('QA','QAT',634,'Qatar','Middle East','Qatari Rial','QAR'),('RE','REU',638,'Reunion','World','Euro','EUR'),('RO','ROU',642,'Romania','Europe','Leu','ROL'),('RS','SRB',688,'Serbia','Europe','Serbian Dinar','RSD'),('RU','RUS',643,'Russia','Asia','Russian Ruble','RUB'),('RW','RWA',646,'Rwanda','Africa','Rwanda Franc','RWF'),('SA','SAU',682,'Saudi Arabia','Middle East','Saudi Riyal','SAR'),('SB','SLB',90,'Solomon Islands','Oceania','Solomon Islands Dollar','SBD'),('SC','SYC',690,'Seychelles','Africa','Seychelles Rupee','SCR'),('SD','SDN',736,'Sudan','Africa','Sudanese Dinar','SDD'),('SE','SWE',752,'Sweden','Europe','Swedish Krona','SEK'),('SG','SGP',702,'Singapore','Southeast Asia','Singapore Dollar','SGD'),('SH','SHN',654,'Saint Helena','Africa','Saint Helenian Pound','SHP'),('SI','SVN',705,'Slovenia','Europe','Tolar','SIT'),('SJ','SJM',744,'Svalbard','Arctic Region','Norwegian Krone','NOK'),('SK','SVK',703,'Slovakia','Europe','Slovak Koruna','SKK'),('SL','SLE',694,'Sierra Leone','Africa','Leone','SLL'),('SM','SMR',674,'San Marino','Europe','Euro','EUR'),('SN','SEN',686,'Senegal','Africa','CFA Franc BCEAO','XOF'),('SO','SOM',706,'Somalia','Africa','Somali Shilling','SOS'),('SR','SUR',740,'Suriname','South America','Suriname Guilder','SRG'),('ST','STP',678,'Sao Tome and Principe','Africa','Dobra','STD'),('SV','SLV',222,'El Salvador','Central America and the Caribbean','El Salvador Colon','SVC'),('SY','SYR',760,'Syria','Middle East','Syrian Pound','SYP'),('SZ','SWZ',748,'Swaziland','Africa','Lilangeni','SZL'),('TC','TCA',796,'Turks and Caicos Islands','Central America and the Caribbean','US Dollar','USD'),('TD','TCD',148,'Chad','Africa','CFA Franc BEAC','XAF'),('TF','ATF',260,'French Southern and Antarctic Lands','Antarctic Region','Euro','EUR'),('TG','TGO',768,'Togo','Africa','CFA Franc BCEAO','XOF'),('TH','THA',764,'Thailand','Southeast Asia','Baht','THB'),('TJ','TJK',762,'Tajikistan','Commonwealth of Independent States','Somoni','TJS'),('TK','TKL',772,'Tokelau','Oceania','New Zealand Dollar','NZD'),('TL','TLS',626,'East Timor',NULL,'Timor Escudo','TPE'),('TM','TKM',795,'Turkmenistan','Commonwealth of Independent States','Manat','TMM'),('TN','TUN',788,'Tunisia','Africa','Tunisian Dinar','TND'),('TO','TON',776,'Tonga','Oceania','Pa\'anga','TOP'),('TR','TUR',792,'Turkey','Middle East','Turkish Lira','TRL'),('TT','TTO',780,'Trinidad and Tobago','Central America and the Caribbean','Trinidad and Tobago Dollar','TTD'),('TV','TUV',798,'Tuvalu','Oceania','Australian Dollar','AUD'),('TW','TWN',158,'Taiwan','Southeast Asia','New Taiwan Dollar','TWD'),('TZ','TZA',834,'Tanzania','Africa','Tanzanian Shilling','TZS'),('UA','UKR',804,'Ukraine','Commonwealth of Independent States','Hryvnia','UAH'),('UG','UGA',800,'Uganda','Africa','Uganda Shilling','UGX'),('UM','UMI',581,'United States Minor Outlying Islands',NULL,'US Dollar','USD'),('US','USA',840,'United States','North America','US Dollar','USD'),('UY','URY',858,'Uruguay','South America','Peso Uruguayo','UYU'),('UZ','UZB',860,'Uzbekistan','Commonwealth of Independent States','Uzbekistan Sum','UZS'),('VA','VAT',336,'Holy See (Vatican City)','Europe','Euro','EUR'),('VC','VCT',670,'Saint Vincent and the Grenadines','Central America and the Caribbean','East Caribbean Dollar','XCD'),('VE','VEN',862,'Venezuela','South America, Central America and the Caribbean','Bolivar','VEB'),('VG','VGB',92,'British Virgin Islands','Central America and the Caribbean','US dollar','USD'),('VI','VIR',850,'Virgin Islands','Central America and the Caribbean','US Dollar','USD'),('VN','VNM',704,'Vietnam','Southeast Asia','Dong','VND'),('VU','VUT',548,'Vanuatu','Oceania','Vatu','VUV'),('WF','WLF',876,'Wallis and Futuna','Oceania','CFP Franc','XPF'),('WS','WSM',882,'Samoa','Oceania','Tala','WST'),('YE','YEM',887,'Yemen','Middle East','Yemeni Rial','YER'),('YT','MYT',175,'Mayotte','Africa','Euro','EUR'),('ZA','ZAF',710,'South Africa','Africa','Rand','ZAR'),('ZM','ZWB',894,'Zambia','Africa','Kwacha','ZMK'),('ZW','ZWE',716,'Zimbabwe','Africa','Zimbabwe Dollar','ZWD');

--
-- Table structure for table `sys_cron_jobs`
--

CREATE TABLE `sys_cron_jobs` (
  `id` int(11) unsigned NOT NULL AUTO_INCREMENT,
  `name` varchar(128) NOT NULL DEFAULT '',
  `time` varchar(128) NOT NULL DEFAULT '*',
  `class` varchar(128) NOT NULL DEFAULT '',
  `file` varchar(255) NOT NULL DEFAULT '',
  `eval` text NOT NULL,
  PRIMARY KEY (`id`)
) ENGINE=MyISAM AUTO_INCREMENT=12 DEFAULT CHARSET=utf8;

--
-- Dumping data for table `sys_cron_jobs`
--

INSERT INTO `sys_cron_jobs` VALUES (1,'cmd','0 0 * * *','BxDolCronCmd','inc/classes/BxDolCronCmd.php',''),(2,'notifies','*/10 * * * *','BxDolCronNotifies','inc/classes/BxDolCronNotifies.php',''),(3,'video_comments','* * * * *','BxDolCronVideoComments','flash/modules/video_comments/inc/classes/BxDolCronVideoComments.php',''),(4,'sitemap','0 2 * * *','','','bx_import(\'BxDolSiteMaps\');\r\nBxDolSiteMaps::generateAllSiteMaps();'),(5,'modules','0 0 * * 0','BxDolCronModules','inc/classes/BxDolCronModules.php',''),(7,'bx_news','*/5 * * * *','BxNewsCron','modules/boonex/news/classes/BxNewsCron.php',''),(11,'modzzz_articles','*/5 * * * *','BxArticlesCron','modules/modzzz/articles/classes/BxArticlesCron.php','');

--
-- Table structure for table `sys_dnsbl_rules`
--

CREATE TABLE `sys_dnsbl_rules` (
  `id` int(11) NOT NULL AUTO_INCREMENT,
  `chain` enum('spammers','whitelist','uridns') NOT NULL,
  `zonedomain` varchar(255) NOT NULL,
  `postvresp` varchar(32) NOT NULL,
  `url` varchar(255) NOT NULL,
  `recheck` varchar(255) NOT NULL,
  `comment` varchar(255) NOT NULL,
  `added` int(11) NOT NULL,
  `active` tinyint(4) NOT NULL,
  PRIMARY KEY (`id`)
) ENGINE=MyISAM AUTO_INCREMENT=17 DEFAULT CHARSET=utf8;

--
-- Dumping data for table `sys_dnsbl_rules`
--

INSERT INTO `sys_dnsbl_rules` VALUES (1,'whitelist','au.countries.nerd.dk.','127.0.0.2','http://countries.nerd.dk/','','Country based zone, any ip from Australia is whitelisted',1287642420,0),(2,'spammers','sbl.spamhaus.org.','any','http://www.spamhaus.org/sbl/','http://www.spamhaus.org/query/bl?ip=%s','Any non-failure result from sbl.spamhaus.org is a positive match',1287642420,1),(4,'spammers','cn.countries.nerd.dk.','127.0.0.2','http://countries.nerd.dk/','','Country based zone, any ip from China is blocked',1287642420,0),(5,'uridns','multi.surbl.org.','any','http://www.surbl.org/','http://george.surbl.org/lookup.html','SURBLs are lists of web sites that have appeared in unsolicited messages. Unlike most lists, SURBLs are not lists of message senders.',1287642420,1),(6,'spammers','dnsbl.dronebl.org.','127.0.0.5','http://www.dronebl.org/','http://www.dronebl.org/lookup?ip=%s','Bottler',1368854835,1),(7,'spammers','dnsbl.dronebl.org.','127.0.0.6','http://www.dronebl.org/','http://www.dronebl.org/lookup?ip=%s','Unknown spambot or drone',1368854835,1),(8,'spammers','dnsbl.dronebl.org.','127.0.0.7','http://www.dronebl.org/','http://www.dronebl.org/lookup?ip=%s','DDOS Drone',1368854835,1),(9,'spammers','dnsbl.dronebl.org.','127.0.0.8','http://www.dronebl.org/','http://www.dronebl.org/lookup?ip=%s','SOCKS Proxy',1368854835,1),(10,'spammers','dnsbl.dronebl.org.','127.0.0.9','http://www.dronebl.org/','http://www.dronebl.org/lookup?ip=%s','HTTP Proxy',1368854835,1),(11,'spammers','dnsbl.dronebl.org.','127.0.0.10','http://www.dronebl.org/','http://www.dronebl.org/lookup?ip=%s','ProxyChain',1368854835,1),(12,'spammers','dnsbl.dronebl.org.','127.0.0.14','http://www.dronebl.org/','http://www.dronebl.org/lookup?ip=%s','Open Wingate Proxy',1368854835,1),(13,'spammers','dnsbl.dronebl.org.','127.0.0.15','http://www.dronebl.org/','http://www.dronebl.org/lookup?ip=%s','Compromised router / gateway',1368854835,1),(14,'spammers','dnsbl.tornevall.org.','230','http://dnsbl.tornevall.org/','','Block anonymous/elite proxies and abuse IPs',1369274751,1),(15,'spammers','uribl.swinog.ch.','127.0.0.3','http://antispam.imp.ch/06-dnsbl.php?lng=1','','ImproWare Antispam',1393336086,0),(16,'uridns','uribl.swinog.ch.','any','http://antispam.imp.ch/05-uribl.php?lng=1','','ImproWare Antispam',1393336170,0);

--
-- Table structure for table `sys_dnsbluri_zones`
--

CREATE TABLE `sys_dnsbluri_zones` (
  `level` tinyint(4) NOT NULL,
  `zone` varchar(64) NOT NULL
) ENGINE=MyISAM DEFAULT CHARSET=utf8;

--
-- Dumping data for table `sys_dnsbluri_zones`
--


--
-- Table structure for table `sys_email_templates`
--

CREATE TABLE `sys_email_templates` (
  `ID` int(11) unsigned NOT NULL AUTO_INCREMENT,
  `Name` varchar(255) NOT NULL,
  `Subject` varchar(255) NOT NULL,
  `Body` text NOT NULL,
  `Desc` varchar(255) NOT NULL,
  `LangID` tinyint(4) unsigned NOT NULL DEFAULT '1',
  PRIMARY KEY (`ID`),
  KEY `Name` (`Name`,`LangID`)
) ENGINE=MyISAM AUTO_INCREMENT=66 DEFAULT CHARSET=utf8;

--
-- Dumping data for table `sys_email_templates`
--



--
-- Table structure for table `sys_fave_list`
--

CREATE TABLE `sys_fave_list` (
  `ID` int(10) unsigned NOT NULL DEFAULT '0',
  `Profile` int(10) unsigned NOT NULL DEFAULT '0',
  `When` timestamp NOT NULL DEFAULT CURRENT_TIMESTAMP ON UPDATE CURRENT_TIMESTAMP,
  UNIQUE KEY `HotPair` (`ID`,`Profile`),
  KEY `ID` (`ID`),
  KEY `Profile` (`Profile`)
) ENGINE=MyISAM DEFAULT CHARSET=utf8;

--
-- Dumping data for table `sys_fave_list`
--


--
-- Table structure for table `sys_friend_list`
--

CREATE TABLE `sys_friend_list` (
  `ID` int(10) unsigned NOT NULL DEFAULT '0',
  `Profile` int(10) unsigned NOT NULL DEFAULT '0',
  `Check` tinyint(2) NOT NULL DEFAULT '0',
  `When` timestamp NOT NULL DEFAULT CURRENT_TIMESTAMP ON UPDATE CURRENT_TIMESTAMP,
  UNIQUE KEY `FriendPair` (`ID`,`Profile`),
  KEY `Profile` (`Profile`)
) ENGINE=MyISAM DEFAULT CHARSET=utf8;

--
-- Dumping data for table `sys_friend_list`
--

INSERT INTO `sys_friend_list` VALUES (2,1,1,'2015-04-08 16:09:45'),(2,3,1,'2015-04-14 03:23:40'),(3,1,1,'2015-04-16 15:42:44'),(12,13,1,'2015-10-21 01:35:28');

--
-- Table structure for table `sys_greetings`
--

CREATE TABLE `sys_greetings` (
  `ID` int(10) unsigned NOT NULL DEFAULT '0',
  `Profile` int(10) unsigned NOT NULL DEFAULT '0',
  `Number` smallint(5) unsigned NOT NULL DEFAULT '0',
  `When` date NOT NULL DEFAULT '0000-00-00',
  `New` enum('0','1') NOT NULL DEFAULT '1',
  PRIMARY KEY (`ID`,`Profile`)
) ENGINE=MyISAM DEFAULT CHARSET=utf8;

--
-- Dumping data for table `sys_greetings`
--

INSERT INTO `sys_greetings` VALUES (1,2,1,'2015-04-08','1');

--
-- Table structure for table `sys_ip_list`
--

CREATE TABLE `sys_ip_list` (
  `ID` int(11) NOT NULL AUTO_INCREMENT,
  `From` int(10) unsigned NOT NULL,
  `To` int(10) unsigned NOT NULL,
  `Type` enum('allow','deny') NOT NULL DEFAULT 'deny',
  `LastDT` int(11) unsigned NOT NULL,
  `Desc` varchar(128) NOT NULL,
  PRIMARY KEY (`ID`),
  KEY `From` (`From`),
  KEY `To` (`To`)
) ENGINE=MyISAM DEFAULT CHARSET=utf8;

--
-- Dumping data for table `sys_ip_list`
--


--
-- Table structure for table `sys_ip_members_visits`
--

CREATE TABLE `sys_ip_members_visits` (
  `ID` int(11) NOT NULL AUTO_INCREMENT,
  `MemberID` int(10) unsigned NOT NULL,
  `From` int(10) unsigned NOT NULL,
  `DateTime` datetime NOT NULL,
  PRIMARY KEY (`ID`),
  KEY `From` (`From`)
) ENGINE=MyISAM AUTO_INCREMENT=139 DEFAULT CHARSET=utf8;

--
-- Dumping data for table `sys_ip_members_visits`
--

INSERT INTO `sys_ip_members_visits` VALUES (1,1,2903073612,'2015-04-07 14:29:02'),(2,2,2722637885,'2015-04-08 15:18:45'),(3,2,2722637885,'2015-04-08 15:23:40'),(4,2,2722637885,'2015-04-08 15:26:05'),(5,2,2722637885,'2015-04-09 14:38:42'),(6,3,2923395480,'2015-04-10 03:58:19'),(7,2,2722637885,'2015-04-13 16:11:24'),(8,2,404930803,'2015-04-15 14:53:05'),(9,3,2923395480,'2015-04-16 14:24:37'),(10,2,2923395480,'2015-04-16 14:30:46'),(11,3,2923395480,'2015-04-18 04:25:14'),(12,1,2722637885,'2015-05-05 01:20:55'),(13,2,2722637885,'2015-05-05 01:24:26'),(14,2,2722637885,'2015-05-05 01:26:39'),(15,2,3478595606,'2015-05-05 19:49:17'),(16,2,2796403229,'2015-05-11 21:17:09'),(17,2,2722637885,'2015-05-13 13:48:36'),(18,2,2706229665,'2015-05-19 14:27:23'),(19,4,2706229665,'2015-05-21 14:22:49'),(20,5,2706229665,'2015-05-21 15:03:08'),(21,6,2706229665,'2015-05-21 15:47:04'),(22,2,2706229665,'2015-05-26 15:39:12'),(23,2,2706229665,'2015-05-26 16:15:16'),(24,3,2923395480,'2015-06-01 13:59:04'),(25,2,2923395480,'2015-06-01 14:06:02'),(26,7,2923395480,'2015-06-01 14:25:50'),(27,8,1222881933,'2015-06-01 23:04:22'),(28,9,404930803,'2015-06-04 17:44:40'),(29,10,404930803,'2015-06-04 17:47:22'),(30,3,2923395480,'2015-07-03 19:33:50'),(31,2,2923395480,'2015-07-03 19:34:06'),(32,11,2923395480,'2015-07-09 19:24:44'),(33,11,2923395480,'2015-07-09 19:26:16'),(34,3,2923395480,'2015-07-10 13:58:59'),(35,11,1222881933,'2015-07-10 17:17:09'),(36,2,2706229731,'2015-07-27 23:27:49'),(37,3,2923395480,'2015-08-11 15:32:02'),(38,3,2923395480,'2015-08-25 17:30:35'),(39,2,2706229731,'2015-08-27 01:38:45'),(40,2,2706229731,'2015-08-27 02:05:00'),(41,12,2706229731,'2015-08-27 02:07:34'),(42,12,2706229731,'2015-08-27 02:11:07'),(43,12,2923333906,'2015-09-02 02:05:40'),(44,3,2923395480,'2015-09-03 14:45:26'),(45,3,2923395480,'2015-09-03 22:59:27'),(46,3,2923395480,'2015-09-04 15:45:54'),(47,12,2923333906,'2015-09-09 19:52:19'),(48,12,2923333906,'2015-09-09 19:59:37'),(49,3,2923395480,'2015-09-10 00:00:12'),(50,3,2923395480,'2015-09-10 15:52:56'),(51,3,2923395480,'2015-09-10 22:09:35'),(52,3,2923395480,'2015-09-11 16:22:30'),(53,12,2923333906,'2015-09-15 21:05:10'),(54,12,2923333906,'2015-09-15 21:06:44'),(55,3,2923395480,'2015-09-16 19:28:33'),(56,13,2923333906,'2015-09-21 21:26:28'),(57,13,2923333906,'2015-09-21 21:26:56'),(58,13,2923333906,'2015-09-21 21:36:55'),(59,13,2923333906,'2015-09-22 01:20:26'),(60,3,2923395480,'2015-09-22 03:06:58'),(61,13,2923333906,'2015-09-22 16:50:30'),(62,12,1206566245,'2015-09-25 20:02:42'),(63,13,1206566245,'2015-09-25 20:35:52'),(64,12,1206566245,'2015-09-25 20:40:21'),(65,13,1206566245,'2015-09-25 20:41:11'),(66,13,2923333906,'2015-09-28 01:21:46'),(67,13,2923333906,'2015-09-28 01:29:04'),(68,13,2923333906,'2015-09-28 01:31:43'),(69,13,2923333906,'2015-09-28 23:30:20'),(70,3,2923395480,'2015-09-29 01:26:56'),(71,13,2923333906,'2015-09-29 21:12:09'),(72,13,2923333906,'2015-09-29 23:21:30'),(73,11,1165308677,'2015-09-30 17:40:38'),(74,13,2923395480,'2015-10-02 14:11:07'),(75,3,2923395480,'2015-10-02 14:11:53'),(76,14,2923395480,'2015-10-02 14:16:15'),(77,12,2923395480,'2015-10-02 14:16:37'),(78,3,2923395480,'2015-10-02 15:55:52'),(79,12,2923333906,'2015-10-06 02:10:16'),(80,12,1096872948,'2015-10-09 20:56:23'),(81,13,1096872948,'2015-10-09 20:59:45'),(82,12,2923333906,'2015-10-12 18:41:33'),(83,12,2923333906,'2015-10-13 02:20:53'),(84,13,2923333906,'2015-10-21 01:35:15'),(85,3,2923395480,'2015-10-22 19:08:16'),(86,13,2923333906,'2015-10-27 21:15:56'),(87,13,2923333906,'2015-10-30 01:12:09'),(88,13,2923333906,'2015-10-30 02:34:32'),(89,3,2923395480,'2015-11-09 01:41:40'),(90,13,1096872948,'2015-11-25 14:00:34'),(91,3,1096872948,'2015-11-25 14:26:13'),(92,3,1096872948,'2015-11-25 14:32:10'),(93,13,1096872948,'2015-11-25 15:22:40'),(94,13,2923333906,'2015-12-08 17:22:30'),(95,13,2923333906,'2015-12-22 20:17:39'),(96,13,2923333906,'2015-12-22 20:17:54'),(97,13,2923333906,'2015-12-22 20:19:05'),(98,13,2923333906,'2016-01-13 20:17:05'),(99,3,2923395480,'2016-01-15 15:05:47'),(100,13,2923333906,'2016-01-18 15:15:01'),(101,13,2923333906,'2016-01-18 16:14:31'),(102,13,2923333906,'2016-01-18 16:19:13'),(103,13,2923333906,'2016-01-18 15:46:38'),(104,13,2923333906,'2016-01-18 16:05:18'),(105,3,2923395480,'2016-02-04 13:07:15'),(106,12,1096872948,'2016-02-24 12:29:11'),(107,13,2923333906,'2016-02-26 12:55:10'),(108,13,2923333906,'2016-02-26 12:55:28'),(109,15,2923333906,'2016-02-26 13:07:21'),(110,15,2923333906,'2016-02-26 13:10:02'),(111,15,2923333906,'2016-02-26 13:14:49'),(112,15,2923333906,'2016-02-26 13:17:15'),(113,15,2923333906,'2016-02-26 13:24:30'),(114,16,2923333906,'2016-02-26 14:16:17'),(115,16,2923333906,'2016-02-26 14:16:34'),(116,17,2923333906,'2016-02-26 14:43:53'),(117,17,2923333906,'2016-02-26 14:44:00'),(118,17,2923333906,'2016-02-26 15:10:46'),(119,3,2923395480,'2016-02-28 16:28:49'),(120,12,851164926,'2016-03-08 12:31:23'),(121,17,851164926,'2016-03-08 14:13:28'),(122,17,851164926,'2016-03-24 11:09:29'),(123,12,851164926,'2016-03-24 11:13:47'),(124,12,851164926,'2016-04-01 09:19:29'),(125,12,851164926,'2016-04-04 10:52:12'),(126,12,851164926,'2016-04-04 11:50:34'),(127,12,851164926,'2016-04-04 11:52:06'),(128,3,2923395480,'2016-04-05 10:39:30'),(129,12,2923395480,'2016-04-05 10:44:34'),(130,12,851164926,'2016-04-07 10:51:53'),(131,12,851164926,'2016-04-18 13:55:24'),(132,12,851164926,'2016-04-19 13:48:43'),(133,12,851164926,'2016-04-19 14:52:10'),(134,12,851164926,'2016-04-19 15:00:09'),(135,12,851164926,'2016-04-21 11:30:32'),(136,12,851164926,'2016-04-21 11:52:49'),(137,12,851164926,'2016-04-21 13:20:55'),(138,12,851164926,'2016-04-21 13:29:00');

--
-- Table structure for table `sys_localization_categories`
--

CREATE TABLE `sys_localization_categories` (
  `ID` int(6) unsigned NOT NULL AUTO_INCREMENT,
  `Name` varchar(255) NOT NULL DEFAULT '',
  PRIMARY KEY (`ID`),
  UNIQUE KEY `Name` (`Name`)
) ENGINE=MyISAM AUTO_INCREMENT=36 DEFAULT CHARSET=utf8;

--
-- Dumping data for table `sys_localization_categories`
--

INSERT INTO `sys_localization_categories` VALUES (1,'System'),(2,'ZIP Code Search'),(26,'Boonex Site Search'),(6,'Boonex Events'),(27,'World Map'),(8,'Boonex Timeline'),(9,'Boonex Photos'),(10,'Boonex Feedback'),(11,'Boonex News'),(12,'Boonex Page Access Control'),(14,'Simple messenger'),(16,'Boonex Ads'),(18,'BoonEx Forum'),(19,'Boonex Avatars'),(21,'Boonex Profile Customize'),(24,'Boonex Groups'),(29,'AQB Advanced Search Form'),(35,'Articles'),(31,'Boonex Sites');

--
-- Table structure for table `sys_localization_keys`
--

CREATE TABLE `sys_localization_keys` (
  `ID` int(10) unsigned NOT NULL AUTO_INCREMENT,
  `IDCategory` int(6) unsigned NOT NULL DEFAULT '0',
  `Key` varchar(255) CHARACTER SET utf8 COLLATE utf8_bin NOT NULL DEFAULT '',
  PRIMARY KEY (`ID`),
  UNIQUE KEY `Key` (`Key`)
) ENGINE=MyISAM AUTO_INCREMENT=4866 DEFAULT CHARSET=utf8;

--
-- Dumping data for table `sys_localization_keys`
--



--
-- Table structure for table `sys_localization_languages`
--

CREATE TABLE `sys_localization_languages` (
  `ID` tinyint(3) unsigned NOT NULL AUTO_INCREMENT,
  `Name` varchar(5) NOT NULL DEFAULT '',
  `Flag` varchar(2) NOT NULL DEFAULT '',
  `Title` varchar(255) NOT NULL DEFAULT '',
  `Direction` enum('LTR','RTL') NOT NULL DEFAULT 'LTR',
  `LanguageCountry` varchar(8) NOT NULL,
  PRIMARY KEY (`ID`),
  UNIQUE KEY `Name` (`Name`)
) ENGINE=MyISAM AUTO_INCREMENT=2 DEFAULT CHARSET=utf8;

--
-- Dumping data for table `sys_localization_languages`
--

INSERT INTO `sys_localization_languages` VALUES (1,'en','gb','English','LTR','');

--
-- Table structure for table `sys_localization_string_params`
--

CREATE TABLE `sys_localization_string_params` (
  `IDKey` int(10) unsigned NOT NULL DEFAULT '0',
  `IDParam` tinyint(3) unsigned NOT NULL DEFAULT '0',
  `Description` varchar(255) NOT NULL DEFAULT '',
  PRIMARY KEY (`IDKey`,`IDParam`)
) ENGINE=MyISAM DEFAULT CHARSET=utf8;

--
-- Dumping data for table `sys_localization_string_params`
--


--
-- Table structure for table `sys_localization_strings`
--

CREATE TABLE `sys_localization_strings` (
  `IDKey` int(10) unsigned NOT NULL DEFAULT '0',
  `IDLanguage` tinyint(3) unsigned NOT NULL DEFAULT '0',
  `String` mediumtext NOT NULL,
  PRIMARY KEY (`IDKey`,`IDLanguage`)
) ENGINE=MyISAM DEFAULT CHARSET=utf8;

--
-- Dumping data for table `sys_localization_strings`
--



--
-- Table structure for table `sys_menu_admin`
--

CREATE TABLE `sys_menu_admin` (
  `id` int(11) unsigned NOT NULL AUTO_INCREMENT,
  `parent_id` int(11) NOT NULL DEFAULT '0',
  `name` varchar(32) NOT NULL DEFAULT '',
  `title` varchar(64) NOT NULL DEFAULT '',
  `url` varchar(255) NOT NULL DEFAULT '',
  `description` text NOT NULL,
  `icon` varchar(128) NOT NULL DEFAULT '',
  `icon_large` varchar(128) NOT NULL DEFAULT '',
  `check` varchar(255) NOT NULL DEFAULT '',
  `order` tinyint(4) unsigned NOT NULL DEFAULT '0',
  PRIMARY KEY (`id`)
) ENGINE=MyISAM AUTO_INCREMENT=68 DEFAULT CHARSET=utf8;

--
-- Dumping data for table `sys_menu_admin`
--

INSERT INTO `sys_menu_admin` VALUES (1,0,'users','_adm_mmi_users','{siteAdminUrl}profiles.php','','users col-green1','users','',1),(2,0,'modules','_adm_mmi_modules','','','puzzle-piece col-red1','puzzle-piece','',2),(3,2,'manage_modules','_adm_mmi_manage_modules','{siteAdminUrl}modules.php','Manage and configure integration modules for 3d party scripts','plus col-red1','','',0),(4,2,'flash_apps','_adm_mmi_flash_apps','{siteAdminUrl}flash.php','Flash Apps administration panel is available here','bolt col-red1','','',1),(5,0,'tools','_adm_mmi_tools','','','wrench col-green3','wrench','',3),(6,5,'mass_mailer','_adm_mmi_mass_mailer','{siteAdminUrl}notifies.php','Using this function you are able to send a newsletter to your site members','envelope col-green3','','',0),(7,5,'banners','_adm_mmi_banners','{siteAdminUrl}banners.php','Provides you with the ability to manage banners on your web site','flag col-green3','','',1),(8,5,'ip_blacklist','_adm_mmi_ip_blacklist','{siteAdminUrl}ip_blacklist.php','IP Blacklist system','ban col-green3','','',2),(9,5,'database_backup','_adm_mmi_database_backup','{siteAdminUrl}db.php','Make a backup of your site database with this utility','download col-green3','','',3),(10,5,'host_tools','_adm_mmi_host_tools','{siteAdminUrl}host_tools.php','Admin Host Tools','hdd-o col-green3','','',4),(11,5,'antispam','_adm_mmi_antispam','{siteAdminUrl}antispam.php','Antispam Tools','gavel col-green3','','',5),(12,5,'sitemap','_adm_mmi_sitemap','{siteAdminUrl}sitemap.php','Sitemap','sitemap col-green3','','',6),(13,5,'cache','_adm_mmi_cache','{siteAdminUrl}cache.php','Cache','bolt col-green3','','',7),(14,0,'builders','_adm_mmi_builders','','','magic col-red2','magic','',4),(15,14,'navigation_menu','_adm_mmi_navigation_menu','{siteAdminUrl}nav_menu_compose.php','For top menu items management','list col-red2','','',0),(16,14,'service_menu','_adm_mmi_service_menu','{siteAdminUrl}service_menu_compose.php','For top service\'s menu items management','list col-red2','','',1),(17,14,'bottom_menu','_adm_mmi_bottom_menu','{siteAdminUrl}bottom_menu_compose.php','For top bottom\'s menu items management','list col-red2','','',2),(18,14,'member_menu','_adm_mmi_member_menu','{siteAdminUrl}member_menu_compose.php','For top member\'s menu items management','list col-red2','','',3),(19,14,'admin_menu','_adm_mmi_admin_menu','{siteAdminUrl}menu_compose_admin.php','For top admin\'s menu items management','list col-red2','','',4),(20,14,'profile_fields','_adm_mmi_profile_fields','{siteAdminUrl}fields.php','For member profile fields management','list-alt col-red2','','',5),(21,14,'pages_blocks','_adm_mmi_pages_blocks','{siteAdminUrl}pageBuilder.php','Compose blocks for the site pages here','th-large col-red2','','',6),(22,14,'mobile_pages','_adm_mmi_mobile_pages','{siteAdminUrl}mobileBuilder.php','Mobile pages builder','th col-red2','','',7),(23,14,'predefined_values','_adm_mmi_predefined_values','{siteAdminUrl}preValues.php','','list-ol col-red2','','',8),(24,0,'settings','_adm_mmi_settings','','','sliders col-blue2','sliders','',5),(25,24,'admin_password','_adm_mmi_admin_password','{siteAdminUrl}settings.php?cat=ap','Change a password for access to administration panel here','user-secret col-blue2','','',0),(26,24,'basic_settings','_adm_mmi_basic_settings','{siteAdminUrl}basic_settings.php','For managing site system settings','cog col-blue2','','',1),(27,24,'advanced_settings','_adm_mmi_advanced_settings','{siteAdminUrl}advanced_settings.php','More enhanced settings for your site features','cogs col-blue2','','',2),(28,24,'languages_settings','_adm_mmi_languages_settings','{siteAdminUrl}lang_file.php','For languages management your website is using and making changes in your website content','language col-blue2','','',3),(29,24,'membership_levels','_adm_mmi_membership_levels','{siteAdminUrl}memb_levels.php','For setting up different membership levels, different actions for each membership level and action limits','star-o col-blue2','','',4),(30,24,'email_templates','_adm_mmi_email_templates','{siteAdminUrl}email_templates.php','For setting up email texts which are sent from your website to members automatically','clipboard col-blue2','','',5),(31,24,'templates','_adm_mmi_templates','{siteAdminUrl}templates.php','Templates management','eye col-blue2','','',6),(32,24,'categories_settings','_adm_mmi_categories_settings','{siteAdminUrl}categories.php','Categories settings','folder col-blue2','','',7),(33,24,'watermark','_adm_mmi_watermark','{siteAdminUrl}settings.php?cat=16','Setting up watermark for media content','certificate col-blue2','','',8),(34,0,'dashboard','_adm_mmi_dashboard','{siteAdminUrl}index.php','','tachometer col-blue3','tachometer','',0),(50,2,'bx_forum','_bx_forum','{siteUrl}forum/?action=goto&manage_forum=1','Forum Administration Panel','comments','','',14),(36,2,'bx_zip','_bx_zip_admin_menu','{siteUrl}modules/?r=zipcodesearch/administration/','ZIP Code Search','search','','',2),(38,2,'bx_events','_bx_events','{siteUrl}modules/?r=events/administration/','Events module by BoonEx','calendar','','',3),(59,2,'bx_wmap','_bx_wmap','{siteUrl}modules/?r=wmap/administration/','World Map module by BoonEx','map-marker','','',23),(40,2,'bx_wall','_wall_admin_menu_sitem','{siteUrl}modules/?r=wall/admin/','For managing Timeline','clock-o','','',5),(41,2,'bx_photos','_bx_photos','{siteUrl}modules/?r=photos/administration','Photo module by BoonEx','picture-o','','',6),(42,2,'bx_feedback','_feedback_admin_menu_sitem','{siteUrl}modules/?r=feedback/admin/','For managing member\'s feedback','thumbs-up','','',7),(43,2,'bx_news','_news_admin_menu_sitem','{siteUrl}modules/?r=news/admin/','For managing news','bullhorn','','',8),(44,2,'bx_pageac','_bx_pageac','{siteUrl}modules/?r=pageac/admin/','Page Access Control','unlock','','',9),(58,2,'bx_gsearch','_bx_gsearch','{siteUrl}modules/?r=google_search/administration/','Google Site Search module by BoonEx','google-plus','','',22),(46,2,'Simple messenger','_simple_messenger_title','{siteAdminUrl}settings.php?cat=109','Managing the simple messenger settings','comments-o','','',11),(48,2,'Ads','_sys_module_ads','{siteUrl}modules/boonex/ads/post_mod_ads.php','Administrator can manage ads categories, subcategories, etc.','money','','',13),(51,2,'bx_avatar','_bx_ava_avatar','{siteUrl}modules/?r=avatar/administration/','Avatar module by BoonEx','user','','',15),(53,2,'bx_profile_customize','_bx_profile_customize','{siteUrl}modules/?r=profile_customize/administration','Profile customizer module by BoonEx','magic','','',17),(56,2,'bx_groups','_bx_groups','{siteUrl}modules/?r=groups/administration/','Groups module by BoonEx','users','','',20),(62,2,'aqb_advanced_search_form','_aqb_advanced_search_form','{siteUrl}modules/?r=aqb_advanced_search_form/admin/','For managing Advanced Search Form module','list-alt col-red2','','',24),(61,24,'privacy','_adm_mmi_privacy','{siteAdminUrl}privacy.php','Privacy settings','lock col-blue2','','',8),(67,2,'modzzz_articles','_modzzz_articles','{siteUrl}modules/?r=articles/administration/','Articles module by Modzzz','file','','',27),(64,2,'bx_sites','_bx_sites','{siteUrl}modules/?r=sites/administration','Sites module by BoonEx','link','','',26);

--
-- Table structure for table `sys_menu_admin_top`
--

CREATE TABLE `sys_menu_admin_top` (
  `id` int(11) unsigned NOT NULL AUTO_INCREMENT,
  `name` varchar(32) NOT NULL DEFAULT '',
  `caption` varchar(64) NOT NULL DEFAULT '',
  `url` varchar(255) NOT NULL DEFAULT '',
  `target` varchar(64) NOT NULL DEFAULT '',
  `icon` varchar(128) NOT NULL DEFAULT '',
  `order` float NOT NULL DEFAULT '0',
  PRIMARY KEY (`id`)
) ENGINE=MyISAM AUTO_INCREMENT=9 DEFAULT CHARSET=utf8;

--
-- Dumping data for table `sys_menu_admin_top`
--

INSERT INTO `sys_menu_admin_top` VALUES (7,'info','_adm_tmi_info','https://www.boonex.com/trac/dolphin/wiki','','question-circle',3),(6,'extensions','_adm_tmi_extensions','https://www.boonex.com/market','','puzzle-piece',2),(5,'home','_adm_tmi_home','{site_url}index.php','_blank','external-link-square',1),(8,'logout','_adm_tmi_logout','{site_url}logout.php','','sign-out',4);

--
-- Table structure for table `sys_menu_bottom`
--

CREATE TABLE `sys_menu_bottom` (
  `ID` int(10) unsigned NOT NULL AUTO_INCREMENT,
  `Caption` varchar(100) NOT NULL,
  `Name` varchar(200) NOT NULL,
  `Icon` varchar(100) NOT NULL,
  `Link` varchar(250) NOT NULL,
  `Script` varchar(250) NOT NULL,
  `Order` int(5) NOT NULL,
  `Target` varchar(200) NOT NULL,
  `Visible` set('non','memb') NOT NULL DEFAULT '',
  `Active` tinyint(1) NOT NULL DEFAULT '1',
  `Movable` tinyint(1) NOT NULL DEFAULT '1',
  `Clonable` tinyint(1) NOT NULL DEFAULT '1',
  `Editable` tinyint(1) NOT NULL DEFAULT '1',
  `Deletable` tinyint(1) NOT NULL DEFAULT '1',
  PRIMARY KEY (`ID`)
) ENGINE=MyISAM AUTO_INCREMENT=11 DEFAULT CHARSET=utf8;

--
-- Dumping data for table `sys_menu_bottom`
--

INSERT INTO `sys_menu_bottom` VALUES (1,'_About Us','About Us','','about_us.php','',0,'','memb',1,3,1,1,1),(2,'_Privacy','Privacy','','privacy.php','',2,'','non,memb',1,3,1,1,1),(3,'_Terms_of_use','Terms of use','','terms_of_use.php','',1,'','non,memb',1,3,1,1,1),(4,'_FAQ','FAQ','','faq.php','',0,'','non,memb',0,3,1,1,1),(5,'_Invite a friend','Invite a friend','','tellfriend.php','return launchTellFriend();',0,'','non,memb',0,3,1,1,1),(6,'_contact_us','Contact us','','contact.php','',0,'','non,memb',0,3,1,1,1),(7,'_Bookmark','Bookmark','','','addBookmark(); return false;',0,'','non,memb',0,3,1,1,1),(8,'_Terms_of_use','Terms of use','','terms_of_use.php','',0,'','',0,1,1,1,1),(9,'_Privacy','Privacy','','privacy.php','',0,'','',0,1,1,1,1),(10,'_contact_us','Contact us','','contact.php','',3,'','',1,1,1,1,1);

--
-- Table structure for table `sys_menu_member`
--

CREATE TABLE `sys_menu_member` (
  `ID` int(10) unsigned NOT NULL AUTO_INCREMENT,
  `Caption` varchar(100) NOT NULL,
  `Name` varchar(200) NOT NULL,
  `Icon` varchar(100) NOT NULL,
  `Link` varchar(250) NOT NULL,
  `Script` varchar(250) NOT NULL,
  `Eval` text NOT NULL,
  `PopupMenu` text NOT NULL,
  `Order` int(5) NOT NULL,
  `Active` enum('1','0') NOT NULL,
  `Movable` tinyint(4) NOT NULL DEFAULT '3',
  `Clonable` tinyint(1) NOT NULL DEFAULT '1',
  `Editable` tinyint(1) NOT NULL DEFAULT '1',
  `Deletable` tinyint(1) NOT NULL DEFAULT '1',
  `Target` varchar(200) NOT NULL,
  `Position` enum('top','bottom','top_extra') NOT NULL DEFAULT 'top',
  `Type` enum('link','system','linked_item') NOT NULL,
  `Parent` int(11) NOT NULL,
  `Bubble` text NOT NULL,
  `Description` varchar(50) NOT NULL,
  PRIMARY KEY (`ID`),
  KEY `Parent` (`Parent`)
) ENGINE=MyISAM AUTO_INCREMENT=24 DEFAULT CHARSET=utf8;

--
-- Dumping data for table `sys_menu_member`
--

INSERT INTO `sys_menu_member` VALUES (6,'{evalResult}','MemberBlock','','{ProfileLink}','','return \'<b class=\"menu_item_username\">\' . getNickName({ID}) . \'</b>\';','bx_import(\'BxDolUserStatusView\');\r\n$oStatusView = new BxDolUserStatusView();\r\nreturn $oStatusView->getMemberMenuStatuses();',0,'1',3,1,0,0,'','top','link',0,'','_Presence'),(4,'_Settings','Settings','cog','pedit.php?ID={ID}','','','',0,'',3,1,0,0,'','top_extra','link',0,'','_Edit_profile_and_settings'),(7,'_Status Message','StatusMessage','edit','javascript:void(0);','','','bx_import( \'BxDolUserStatusView\' );\r\n$oStatusView = new BxDolUserStatusView();\r\nreturn $oStatusView -> getStatusField({ID});',0,'',3,1,1,1,'','top_extra','link',0,'','_Status Message'),(8,'_sys_add_content','AddContent','plus','javascript:void(0);','','','bx_import( \'BxDolUserStatusView\' );\r\n$oStatusView = new BxDolUserStatusView();\r\nreturn $oStatusView -> getStatusField({ID});',6,'1',3,0,0,0,'','top_extra','link',0,'$isSkipItem = $aReplaced[$sPosition][$iKey][\'linked_items\'] ? false : true;\r\n$aRetEval = false;','_sys_add_content'),(2,'_Mail','Mail','envelope','mail.php?mode=inbox','','','bx_import( \'BxTemplMailBox\' );\r\n// return list of messages ;\r\nreturn BxTemplMailBox::get_member_menu_messages_list({ID});',1,'1',3,1,0,0,'','top_extra','link',0,'bx_import( \'BxTemplMailBox\' );\r\n// return list of new messages ;\r\n$aRetEval= BxTemplMailBox::get_member_menu_bubble_new_messages({ID}, {iOldCount});','_Mail'),(3,'_Friends','Friends','users','viewFriends.php?iUser={ID}','','','bx_import( \'BxDolFriendsPageView\' );\r\nreturn BxDolFriendsPageView::get_member_menu_friends_list({ID});',3,'1',3,1,0,0,'','top_extra','link',0,'bx_import( \'BxDolFriendsPageView\' );\r\n$aRetEval = BxDolFriendsPageView::get_member_menu_bubble_friend_requests( {ID}, {iOldCount});','_Friends'),(10,'_Admin Panel','AdminPanel','wrench','{evalResult}','','return isAdmin() ? $GLOBALS[\'site\'][\'url_admin\'] : \'\';','',5,'1',3,1,1,1,'','top_extra','link',0,'','_Go admin panel'),(11,'','bx_events','','','','return BxDolService::call(\'events\', \'get_member_menu_item_add_content\');','',1,'1',3,1,1,1,'','top_extra','linked_item',8,'',''),(13,'','bx_photos','','','','return BxDolService::call(\'photos\', \'get_member_menu_item_add_content\');','',2,'1',3,1,1,1,'','top_extra','linked_item',8,'',''),(21,'','bx_groups','','','','return BxDolService::call(\'groups\', \'get_member_menu_item_add_content\');','',7,'1',3,1,1,1,'','top_extra','linked_item',8,'',''),(16,'','bx_ads','','','','return BxDolService::call(\'ads\', \'get_member_menu_item_add_content\');','',5,'1',3,1,1,1,'','top_extra','linked_item',8,'',''),(17,'_sys_pmt_shopping_cart_caption','ShoppingCart','shopping-cart','cart.php','','','bx_import(\'BxDolPayments\');\r\nreturn BxDolPayments::getInstance()->getCartItems();',4,'1',3,1,0,0,'','top_extra','link',0,'bx_import(\'BxDolPayments\');\r\n$oPayment = BxDolPayments::getInstance();\r\nif($oPayment->isActive()) $aRetEval = $oPayment->getCartItemCount({ID}, {iOldCount}); else $isSkipItem = true;','_sys_pmt_shopping_cart_description'),(18,'Logout','logout','member_menu_default.png','logout.php?action=member_logout','','','',1,'1',3,1,1,1,'_self','top','link',0,'',''),(19,'_Mail','Mail','envelope','mail.php?mode=inbox','','','bx_import( \'BxTemplMailBox\' );\r\n// return list of messages ;\r\nreturn BxTemplMailBox::get_member_menu_messages_list({ID});',2,'1',3,0,0,1,'','top','link',0,'bx_import( \'BxTemplMailBox\' );\r\n// return list of new messages ;\r\n$aRetEval= BxTemplMailBox::get_member_menu_bubble_new_messages({ID}, {iOldCount});','_Mail'),(20,'','bx_forum','','','','$oMemberMenu = bx_instance(\'BxDolMemberMenu\'); $a = array(\'item_img_src\' => \'comments\', \'item_link\' => BX_DOL_URL_ROOT . \'forum/#action=goto&new_topic=0\', \'item_title\' => _t(\'_bx_forum_forum_topic\')); return $oMemberMenu->getGetExtraMenuLink($a);','',6,'1',3,1,1,1,'','top_extra','linked_item',8,'',''),(22,'','bx_sites','','','','return BxDolService::call(\'sites\', \'get_member_menu_item_add_content\');','',8,'1',3,1,1,1,'','top_extra','linked_item',8,'',''),(23,'','modzzz_articles','','','','return BxDolService::call(\'articles\', \'get_member_menu_item_add_content\');','',9,'1',3,1,1,1,'','top','linked_item',8,'','');

--
-- Table structure for table `sys_menu_mobile`
--

CREATE TABLE `sys_menu_mobile` (
  `id` int(11) NOT NULL AUTO_INCREMENT,
  `type` varchar(32) NOT NULL,
  `page` varchar(32) NOT NULL,
  `title` varchar(255) NOT NULL,
  `icon` varchar(255) NOT NULL,
  `action` int(11) NOT NULL,
  `action_data` varchar(255) NOT NULL,
  `eval_bubble` text NOT NULL,
  `eval_hidden` text NOT NULL,
  `order` int(11) NOT NULL,
  `active` int(11) NOT NULL,
  PRIMARY KEY (`id`)
) ENGINE=MyISAM AUTO_INCREMENT=23 DEFAULT CHARSET=utf8;

--
-- Dumping data for table `sys_menu_mobile`
--

INSERT INTO `sys_menu_mobile` VALUES (1,'system','homepage','_sys_mobile_status','home_status.png',1,'','','',1,1),(2,'system','homepage','_sys_mobile_mail','home_messages.png',3,'','return getNewLettersNum({member_id});','',2,1),(3,'system','homepage','_sys_mobile_friends','home_friends.png',4,'','return getFriendRequests({member_id});','',3,1),(4,'system','homepage','_sys_mobile_info','home_info.png',5,'','','',4,1),(5,'system','homepage','_sys_mobile_search','home_search.png',6,'','','',5,1),(6,'system','profile','_sys_mobile_profile_info','',5,'','','',1,1),(7,'system','profile','_sys_mobile_profile_contact','',3,'','','',2,1),(8,'system','profile','_sys_mobile_profile_friends','',4,'','return getFriendNumber(\'{profile_id}\');','',3,1),(9,'system','search','_sys_mobile_search_by_keyword','',30,'','','',1,1),(10,'system','search','_sys_mobile_search_by_location','',31,'','','',2,1),(11,'bx_photos','homepage','_bx_photos','home_images.png',7,'','','',6,1),(12,'bx_photos','profile','_bx_photos','',7,'','return BxDolXMLRPCMedia::_getMediaCount(\'photo\', \'{profile_id}\', \'{member_id}\');','',4,1),(13,'bx_news','homepage','_news_bcaption_view_main','{site_url}modules/boonex/news/templates/base/images/icons/mobile_icon.png',100,'{xmlrpc_url}r.php?url=modules%2F%3Fr%3Dnews%2Fmobile_latest_entries%2F&user={member_username}&pwd={member_password}','','',7,1),(18,'bx_wmap','profile','_bx_wmap_location','',2,'','','',5,1),(17,'bx_wmap','homepage','_bx_wmap_location','home_location.png',2,'','','',8,1),(19,'bx_wmap','search','_bx_wmap_search_near_me','',32,'','','',3,1);

--
-- Table structure for table `sys_menu_mobile_pages`
--

CREATE TABLE `sys_menu_mobile_pages` (
  `id` int(11) NOT NULL AUTO_INCREMENT,
  `page` varchar(32) NOT NULL,
  `title` varchar(255) NOT NULL,
  `order` int(11) NOT NULL,
  PRIMARY KEY (`id`),
  UNIQUE KEY `page` (`page`)
) ENGINE=MyISAM AUTO_INCREMENT=4 DEFAULT CHARSET=utf8;

--
-- Dumping data for table `sys_menu_mobile_pages`
--

INSERT INTO `sys_menu_mobile_pages` VALUES (1,'homepage','_adm_mobile_page_homepage',1),(2,'profile','_adm_mobile_page_profile',2),(3,'search','_adm_mobile_page_search',3);

--
-- Table structure for table `sys_menu_service`
--

CREATE TABLE `sys_menu_service` (
  `ID` int(10) unsigned NOT NULL AUTO_INCREMENT,
  `Name` varchar(200) NOT NULL,
  `Caption` varchar(100) NOT NULL,
  `Icon` varchar(100) NOT NULL,
  `Link` varchar(250) NOT NULL,
  `Script` varchar(250) NOT NULL,
  `Target` varchar(200) NOT NULL,
  `Order` int(5) NOT NULL,
  `Visible` set('non','memb') NOT NULL DEFAULT '',
  `Active` tinyint(1) NOT NULL DEFAULT '1',
  `Movable` tinyint(1) NOT NULL DEFAULT '1',
  `Clonable` tinyint(1) NOT NULL DEFAULT '1',
  `Editable` tinyint(1) NOT NULL DEFAULT '1',
  `Deletable` tinyint(1) NOT NULL DEFAULT '1',
  PRIMARY KEY (`ID`)
) ENGINE=MyISAM AUTO_INCREMENT=8 DEFAULT CHARSET=utf8;

--
-- Dumping data for table `sys_menu_service`
--

INSERT INTO `sys_menu_service` VALUES (1,'Join','_sys_sm_join','user','','showPopupJoinForm(); return false;','',0,'',1,3,1,1,1),(2,'Login','_sys_sm_login','sign-in','','showPopupLoginForm(); return false;','',2,'',1,3,1,1,1),(3,'Profile','_sys_sm_profile','','{memberLink}|{memberNick}|change_status.php','','',0,'memb',0,3,1,1,1),(4,'Account','_sys_sm_account','tachometer','member.php','','',0,'memb',0,3,1,1,1),(5,'Logout','_sys_sm_logout','sign-out','logout.php?action=member_logout','','',2,'',1,3,1,1,1),(6,'ProfileSettings','_sys_sm_profile_settings','cog','pedit.php?ID={memberID}','','',1,'',1,3,1,1,1),(7,'LoginOnly','_sys_sm_login','sign-in','','showPopupLoginOnlyForm(); return false;','',0,'non',0,3,1,1,1);

--
-- Table structure for table `sys_menu_top`
--

CREATE TABLE `sys_menu_top` (
  `ID` smallint(6) unsigned NOT NULL AUTO_INCREMENT,
  `Parent` smallint(6) unsigned NOT NULL DEFAULT '0',
  `Name` varchar(50) NOT NULL DEFAULT '',
  `Caption` varchar(50) NOT NULL DEFAULT '',
  `Link` varchar(255) NOT NULL DEFAULT '',
  `Order` smallint(6) unsigned NOT NULL DEFAULT '0',
  `Visible` set('non','memb') NOT NULL DEFAULT '',
  `Target` varchar(20) NOT NULL DEFAULT '',
  `Onclick` mediumtext NOT NULL,
  `Check` varchar(255) NOT NULL DEFAULT '',
  `Movable` tinyint(4) NOT NULL DEFAULT '3',
  `Clonable` tinyint(1) NOT NULL DEFAULT '1',
  `Editable` tinyint(1) NOT NULL DEFAULT '1',
  `Deletable` tinyint(1) NOT NULL DEFAULT '1',
  `Active` tinyint(1) NOT NULL DEFAULT '1',
  `Type` enum('system','top','custom') NOT NULL DEFAULT 'top',
  `Picture` varchar(128) NOT NULL,
  `Icon` varchar(128) NOT NULL,
  `BQuickLink` tinyint(1) NOT NULL DEFAULT '0',
  `Statistics` varchar(10) NOT NULL,
  PRIMARY KEY (`ID`)
) ENGINE=MyISAM AUTO_INCREMENT=409 DEFAULT CHARSET=utf8;

--
-- Dumping data for table `sys_menu_top`
--

INSERT INTO `sys_menu_top` VALUES (4,0,'My Profile','{memberNick}','{memberLink}|{memberUsername}|change_status.php',0,'memb','','','',1,0,0,0,1,'system','user','',0,''),(5,0,'Home','_Sisters','index.php',0,'memb','','','',3,1,1,0,0,'top','home','',0,''),(6,0,'People','_People','browse.php|search.php|calendar.php|tags.php?tags_mode=profile|search.php?show=match',0,'non,memb','','','',3,1,1,0,0,'top','user','',0,''),(7,0,'All members','_All Members','browse.php|browse',0,'non,memb','','','',3,1,1,0,0,'custom','','',0,''),(8,0,'Search Members','_Search','search.php',0,'non,memb','','','',3,1,1,0,1,'custom','','',0,''),(9,0,'Profile View','{profileNick}','{profileUsername}|pedit.php?ID={profileID}',0,'non,memb','','','',3,1,1,0,1,'system','','',0,''),(11,0,'View My Profile','_Profile','{memberLink}|{memberUsername}|profile.php?ID={memberID}',0,'','','','',3,1,1,0,0,'custom','','',0,''),(12,179,'Mail Compose','_Compose','mail.php?mode=compose',0,'memb','','','',3,1,1,0,1,'custom','','',0,''),(17,179,'Mail Inbox','_Inbox','mail.php?mode=inbox',1,'memb','','','',3,1,1,0,1,'custom','','',1,'mma'),(14,179,'Mail Outbox','_Outbox','mail.php?mode=outbox',2,'memb','','','',3,1,1,0,1,'custom','','',0,''),(18,179,'Mail Trash','_Trash','mail.php?mode=trash',3,'memb','','','',3,1,1,0,1,'custom','','',0,''),(20,0,'Edit My Profile','_Customize','pedit.php?ID={memberID}',10,'memb','','','',3,1,1,0,1,'top','user','',1,''),(25,0,'Online Members','_Online','search.php?online_only=1',0,'non,memb','','','',3,1,1,0,1,'custom','','',0,''),(60,9,'View Profile','_Profile','{profileLink}|{profileUsername}|profile.php?ID={profileID}',0,'','','','',3,1,1,0,1,'custom','','',0,''),(80,4,'My Friends','_Friends','viewFriends.php?iUser={memberID}',1,'','','','',3,1,1,0,1,'custom','','',0,'mfa'),(82,9,'Info','_profile_info','profile_info.php?ID={profileID}',1,'','','','',3,1,1,0,1,'custom','','',0,''),(83,9,'Member Friends','_Friends','viewFriends.php?iUser={profileID}',2,'memb','','','',3,1,1,0,1,'custom','','',0,''),(98,0,'Join','_Account','join.php',0,'non','','','',3,1,1,0,1,'system','user','',0,''),(99,0,'Login','_Login','member.php',0,'non','','','',3,1,0,0,0,'top','user','',0,''),(100,0,'Main','_Main','index.php|',0,'non,memb','','','',3,1,1,0,0,'custom','','',0,''),(101,118,'Account home','_Account Home','member.php',0,'','','','',3,1,1,0,1,'custom','','',0,''),(129,0,'Top Rated','_Top Rated','search.php?show=top_rated',0,'non,memb','','','',3,1,1,0,1,'custom','','',0,''),(127,0,'Match','_Match','search.php?show=match',0,'non,memb','','','return isLogged() && getParam(\'enable_match\') == \'on\';',3,1,1,0,1,'custom','','',0,''),(128,0,'Featured','_Featured','search.php?show=featured',0,'non,memb','','','',3,1,1,0,0,'custom','','',0,''),(107,118,'Privacy Groups','_ps_tmenu_privacy_settings','member_privacy.php',3,'','','','bx_import(\'BxDolPrivacy\'); return BxDolPrivacy::isPrivacyPage();',3,1,1,0,1,'custom','','',0,''),(109,118,'Unregister','_Unregister','unregister.php',5,'','','','',3,1,1,0,1,'custom','','',0,''),(111,4,'Profile Info','_Info','profile_info.php',0,'','','','',3,1,1,0,1,'custom','','',0,''),(118,0,'Dashboard','_Dashboard','member.php',0,'memb','','','',1,0,1,0,1,'system','tachometer','',0,''),(120,0,'About','_About','about_us.php',9,'memb','','','',3,1,1,0,1,'top','info-circle','',0,''),(122,120,'Terms of Use','_TERMS_OF_USE_H','terms_of_use.php',1,'non,memb','','','',3,1,1,0,1,'custom','','',0,''),(123,120,'Privacy Policy','_PRIVACY_H','privacy.php',2,'non,memb','','','',3,1,1,0,1,'custom','','',0,''),(126,118,'Activity','_Activity','communicator.php',1,'','','','',3,1,1,0,1,'custom','','',0,''),(130,0,'Popular','_Popular','search.php?show=popular',0,'non,memb','','','',3,1,1,0,1,'custom','','',0,''),(131,0,'Birthdays','_Birthdays','search.php?show=birthdays',0,'non,memb','','','',3,1,1,0,1,'custom','','',0,''),(132,0,'People Calendar','_People_Calendar','calendar.php',0,'non,memb','','','',3,1,1,0,1,'custom','','',0,''),(138,0,'Search','_Search','search_home.php',0,'non,memb','','','',3,1,1,0,0,'top','search','',0,''),(139,0,'Keyword Search','_Keyword_Search','searchKeyword.php',0,'non,memb','','','',3,1,1,0,0,'custom','','',0,''),(141,0,'People Search','_People_Search','search.php',0,'non,memb','','','',3,1,1,0,0,'top','','',0,''),(159,0,'Help','_help','help.php',0,'non,memb','','','',3,1,1,0,0,'top','question-circle','',0,''),(160,120,'FAQ','_FAQ','faq.php',3,'memb','','','',3,1,1,0,1,'custom','','',0,''),(161,120,'Contact','_Contact','contact.php',4,'non,memb','','','',3,1,1,0,1,'custom','','',0,''),(162,0,'Advice','_Advice','advice.php',0,'non,memb','','','',3,1,1,0,0,'custom','','',0,''),(163,0,'Help','_help','help.php',0,'non,memb','','','',3,1,1,0,0,'custom','','',0,''),(175,0,'About','_About','about_us.php',0,'non,memb','','','',3,1,1,0,0,'custom','','',0,''),(176,0,'Search Home','_Search_Home','search_home.php',0,'non,memb','','','',3,1,1,0,1,'custom','','',0,''),(179,0,'Mail','_Mail','mail.php?mode=inbox',0,'memb','','','',3,1,1,0,1,'system','envelope','',0,''),(191,118,'Subscriptions','_sbs_tmenu_my_subscriptions','member_subscriptions.php',4,'','','','',3,1,1,0,1,'custom','','',0,''),(194,0,'ChatHome','_chat_home_top_menu_sitem','modules/?r=chat/home/',0,'non,memb','','','',3,1,1,1,1,'custom','','',0,''),(195,0,'ChatRules','_chat_rules_top_menu_sitem','modules/?r=chat/rules/',0,'non,memb','','','',3,1,1,1,1,'custom','','',0,''),(196,0,'ChatModerators','_chat_moderators_top_menu_sitem','search.php?show=moderators',0,'non,memb','','','',3,1,1,1,1,'custom','','',0,''),(197,0,'Events','_bx_events_menu_root','modules/?r=events/view/|modules/?r=events/broadcast/|modules/?r=events/invite/|modules/?r=events/edit/|modules/?r=events/upload_photos/|modules/?r=events/upload_videos/|modules/?r=events/upload_sounds/|modules/?r=events/upload_files/',0,'non,memb','','','',3,1,1,1,1,'system','calendar','',0,''),(198,197,'Event View','_bx_events_menu_view','modules/?r=events/view/{bx_events_view_uri}',0,'non,memb','','','',3,1,1,1,1,'custom','','',0,''),(199,197,'Event View Forum','_bx_events_menu_view_forum','forum/events/forum/{bx_events_view_uri}-0.htm|forum/events/',1,'non,memb','','','$oModuleDb = new BxDolModuleDb(); return $oModuleDb->getModuleByUri(\'forum\') ? true : false;',3,1,1,1,1,'custom','','',0,''),(200,197,'Event View Comments','_bx_events_menu_view_comments','modules/?r=events/comments/{bx_events_view_uri}',2,'non,memb','','','',3,1,1,1,1,'custom','','',0,''),(201,197,'Event View Participants','_bx_events_menu_view_participants','modules/?r=events/browse_participants/{bx_events_view_uri}',3,'non,memb','','','',3,1,1,1,1,'custom','','',0,''),(202,0,'Events','_bx_events_menu_root','modules/?r=events/home/|modules/?r=events/',5,'memb','','','',3,1,1,1,1,'top','calendar','calendar',1,''),(203,0,'Events Main Page','_bx_events_menu_main','modules/?r=events/home/',0,'non,memb','','','',3,1,1,1,1,'custom','','',0,''),(204,0,'Upcoming Events','_bx_events_menu_upcoming_events','modules/?r=events/browse/upcoming',0,'non,memb','','','',3,1,1,1,1,'custom','','',0,''),(205,0,'Past Events','_bx_events_menu_past_events','modules/?r=events/browse/past',0,'non,memb','','','',3,1,1,1,1,'custom','','',0,''),(206,0,'Recently Added Events','_bx_events_menu_recently_added','modules/?r=events/browse/recent',0,'non,memb','','','',3,1,1,1,1,'custom','','',0,''),(207,0,'Top Rated Events','_bx_events_menu_top_rated','modules/?r=events/browse/top',0,'non,memb','','','',3,1,1,1,1,'custom','','',0,''),(208,0,'Popular Events','_bx_events_menu_popular','modules/?r=events/browse/popular',0,'non,memb','','','',3,1,1,1,1,'custom','','',0,''),(209,0,'Featured Events','_bx_events_menu_featured','modules/?r=events/browse/featured',0,'non,memb','','','',3,1,1,1,0,'custom','','',0,''),(210,0,'Events Tags','_bx_events_menu_tags','modules/?r=events/tags',0,'non,memb','','','',3,1,1,1,1,'custom','','',0,'bx_events'),(211,0,'Events Categories','_bx_events_menu_categories','modules/?r=events/categories',0,'non,memb','','','',3,1,1,1,1,'custom','','',0,'bx_events'),(212,202,'Calendar','_bx_events_menu_calendar','modules/?r=events/calendar',0,'','','','',3,1,1,1,1,'custom','','',0,''),(213,0,'Search','_bx_events_menu_search','modules/?r=events/search',0,'non,memb','','','',3,1,1,0,1,'custom','','',0,''),(214,9,'Events','_bx_events_menu_my_events_profile','modules/?r=events/browse/user/{profileUsername}|modules/?r=events/browse/joined/{profileUsername}',3,'','','','',3,1,1,1,1,'custom','','',0,''),(215,4,'Events','_bx_events_menu_my_events_profile','modules/?r=events/browse/my',2,'','','','',3,1,1,1,1,'custom','','',0,''),(217,4,'TimelineOwner','_wall_top_smenu_item_my_wall','modules/?r=wall/',3,'','','','',3,1,1,1,1,'custom','','',0,''),(218,9,'TimelineViewer','_wall_top_smenu_item_wall','modules/?r=wall/index/{profileUsername}',4,'non,memb','','','',3,1,1,1,1,'custom','','',0,''),(219,0,'Photos','_bx_photos_top_menu_item','modules/?r=photos/home/|modules/?r=photos/',0,'non,memb','','','',3,1,1,1,0,'top','picture-o','picture-o',1,''),(220,0,'PhotosHome','_bx_photos_top_menu_home','modules/?r=photos/home/',0,'non,memb','','','',3,1,1,1,1,'custom','','',0,''),(221,0,'PhotosAlbums','_bx_photos_top_menu_albums','modules/?r=photos/albums/browse/all',0,'non,memb','','','',3,1,1,1,1,'custom','','',0,''),(222,0,'PhotosAll','_bx_photos_top_menu_all','modules/?r=photos/browse/all',0,'non,memb','','','',3,1,1,1,1,'custom','','',0,''),(223,0,'PhotosTop','_bx_photos_top_menu_top','modules/?r=photos/browse/top',0,'non,memb','','','',3,1,1,1,1,'custom','','',0,''),(224,0,'PhotosPopular','_bx_photos_top_menu_popular','modules/?r=photos/browse/popular',0,'non,memb','','','',3,1,1,1,1,'custom','','',0,''),(225,0,'PhotosFeatured','_bx_photos_top_menu_featured','modules/?r=photos/browse/featured',0,'non,memb','','','',3,1,1,1,1,'custom','','',0,''),(226,0,'PhotosTags','_bx_photos_top_menu_tags','modules/?r=photos/tags',0,'non,memb','','','',3,1,1,1,1,'custom','','',0,''),(227,0,'PhotosCategories','_bx_photos_top_menu_categories','modules/?r=photos/categories',0,'non,memb','','','',3,1,1,1,1,'custom','','',0,''),(228,0,'PhotosRate','_bx_photos_top_menu_rate','modules/?r=photos/rate',0,'non,memb','','','',3,1,1,1,1,'custom','','',0,''),(229,0,'PhotosCalendar','_bx_photos_top_menu_calendar','modules/?r=photos/calendar|modules/?r=photos/browse/calendar/',0,'non,memb','','','',3,1,1,1,1,'custom','','',0,''),(230,0,'PhotosSearch','_bx_photos_top_menu_search','searchKeyword.php?type=bx_photos',0,'non,memb','','','',3,1,1,1,1,'custom','','',0,''),(231,9,'Photos','_bx_photos_menu_profile','modules/?r=photos/albums/browse/owner/{profileUsername}',6,'non,memb','','','',3,1,1,1,1,'custom','','',0,''),(232,0,'Photos','_bx_photos_menu_profile','modules/?r=photos/albums/my/main/|modules/?r=photos/albums/my/add/|modules/?r=photos/albums/my/manage/|modules/?r=photos/albums/my/disapproved/',2,'memb','','','',3,1,1,1,1,'top','','',0,''),(233,0,'PhotosUnit','_bx_photos_top_menu_item','modules/?r=photos/view/|modules/?r=photos/crop/|photo/gallery/',0,'non,memb','','','',3,1,1,1,1,'system','picture-o','',0,''),(234,0,'PhotosAlbum','_bx_photos_top_menu_item','modules/?r=photos/browse/album/|modules/?r=photos/albums/my/edit/|modules/?r=photos/albums/my/organize/|modules/?r=photos/albums/my/add_objects/|modules/?r=photos/albums/my/manage_objects',0,'non,memb','','','',3,1,1,1,1,'system','picture-o','',0,''),(235,120,'Feedback','_feedback_top_menu_sitem','modules/?r=feedback/index/|modules/?r=feedback/',0,'memb','','','',3,1,1,1,1,'custom','','',0,''),(236,0,'FeedbackView','_feedback_top_menu_sitem','modules/?r=feedback/view/',0,'non,memb','','','',3,1,1,1,1,'system','thumbs-up','',0,''),(237,0,'News','_news_top_menu_item','modules/?r=news/index/|modules/?r=news/',0,'non,memb','','','',3,1,1,1,1,'custom','bullhorn','',0,''),(238,0,'NewsHome','_news_home_top_menu_sitem','modules/?r=news/index/',0,'non,memb','','','',3,1,1,1,1,'custom','','',0,''),(239,0,'NewsArchive','_news_archive_top_menu_sitem','modules/?r=news/archive/',0,'non,memb','','','',3,1,1,1,1,'custom','','',0,''),(240,0,'NewsTop','_news_top_top_menu_sitem','modules/?r=news/top/',0,'non,memb','','','',3,1,1,1,1,'custom','','',0,''),(241,0,'NewsPopular','_news_popular_top_menu_sitem','modules/?r=news/popular/',0,'non,memb','','','',3,1,1,1,1,'custom','','',0,''),(242,0,'NewsFeatured','_news_featured_top_menu_sitem','modules/?r=news/featured/',0,'non,memb','','','',3,1,1,1,1,'custom','','',0,''),(243,0,'NewsTags','_news_tags_top_menu_sitem','modules/?r=news/tags/',0,'non,memb','','','',3,1,1,1,1,'custom','','',0,''),(244,0,'NewsCategories','_news_categories_top_menu_sitem','modules/?r=news/categories/',0,'non,memb','','','',3,1,1,1,1,'custom','','',0,''),(245,0,'NewsCalendar','_news_calendar_top_menu_sitem','modules/?r=news/calendar/',0,'non,memb','','','',3,1,1,1,1,'custom','','',0,''),(246,0,'NewsSearch','_news_search_top_menu_sitem','searchKeyword.php?type=bx_news',0,'non,memb','','','',3,1,1,1,1,'custom','','',0,''),(247,0,'NewsView','_news_view_top_menu_sitem','modules/?r=news/view/',0,'non,memb','','','',3,1,1,1,1,'system','bullhorn','',0,''),(307,0,'Google Search','_bx_gsearch_menu_title','modules/?r=google_search/',0,'non,memb','','','',3,1,1,1,1,'custom','','',0,''),(308,0,'World Map','_bx_wmap_search_submenu','modules/?r=wmap/home',0,'non,memb','','','',3,1,1,1,1,'custom','','',0,''),(250,0,'Home polls','_bx_poll_home','modules/?r=poll/&action=poll_home',0,'non,memb','','','',3,1,1,1,1,'custom','','',0,''),(251,0,'All Polls','_bx_poll_all','modules/?r=poll/',0,'non,memb','','','',3,1,1,1,1,'custom','','',0,''),(252,0,'Popular','_bx_poll_popular','modules/?r=poll/&action=popular',0,'non,memb','','','',3,1,1,0,1,'custom','','',0,''),(253,0,'Featured','_bx_poll_featured_polls','modules/?r=poll/&action=featured',0,'non,memb','','','',3,1,1,0,1,'custom','','',0,''),(254,0,'Calendar','_bx_poll_calendar','modules/?r=poll/calendar',0,'non,memb','','','',3,1,1,1,1,'custom','','',0,''),(255,0,'Search','_bx_poll_search','searchKeyword.php?type=poll',0,'non,memb','','','',3,1,1,0,1,'custom','','',0,''),(256,0,'Tags','_bx_poll_tags','modules/?r=poll/tags',0,'non,memb','','','',3,1,1,1,1,'custom','','',0,''),(257,0,'Categories','_bx_poll_categories','modules/?r=poll/categories',0,'non,memb','','','',3,1,1,1,1,'custom','','',0,''),(310,0,'Upcoming Events','_bx_events_menu_upcoming_events','modules/?r=events/browse/upcoming',0,'non,memb','','','',3,0,1,1,0,'custom','','',0,''),(309,0,'Match','_Match','search.php?search_mode=adv',4,'memb','','','return isLogged() && getParam(\'enable_match\') == \'on\';',3,0,1,0,1,'top','','',0,''),(330,0,'World Map','_bx_wmap_search_submenu','modules/?r=wmap/home',0,'non,memb','','','',3,1,1,1,1,'custom','','',0,''),(262,0,'SitesHome','_bx_sites_home_top_menu_sitem','modules/?r=sites/home/',0,'non,memb','','','',3,1,1,1,1,'custom','','',0,''),(263,0,'SitesAll','_bx_sites_all_top_menu_sitem','modules/?r=sites/browse/all',0,'non,memb','','','',3,1,1,1,1,'custom','','',0,''),(264,0,'SitesAdmin','_bx_sites_admin_top_menu_sitem','modules/?r=sites/browse/admin',0,'non,memb','','','',3,1,1,1,1,'custom','','',0,''),(265,0,'SitesUsers','_bx_sites_profile_top_menu_sitem','modules/?r=sites/browse/users',0,'non,memb','','','',3,1,1,1,1,'custom','','',0,''),(266,0,'SitesTop','_bx_sites_top_top_menu_sitem','modules/?r=sites/browse/top',0,'non,memb','','','',3,1,1,1,1,'custom','','',0,''),(267,0,'SitesPopular','_bx_sites_popular_top_menu_sitem','modules/?r=sites/browse/popular',0,'non,memb','','','',3,1,1,1,1,'custom','','',0,''),(268,0,'SitesFeatured','_bx_sites_featured_top_menu_sitem','modules/?r=sites/browse/featured',0,'non,memb','','','',3,1,1,1,1,'custom','','',0,'bx_sites'),(269,0,'SitesTags','_bx_sites_tags_top_menu_sitem','modules/?r=sites/tags',0,'non,memb','','','',3,1,1,1,1,'custom','','',0,'bx_sites'),(270,0,'SitesCategories','_bx_sites_categories_top_menu_sitem','modules/?r=sites/categories',0,'non,memb','','','',3,1,1,1,1,'custom','','',0,''),(271,0,'SitesHoN','_bx_sites_hon_top_menu_sitem','modules/?r=sites/hon',0,'memb','','','',3,1,1,1,1,'custom','','',0,''),(272,0,'SitesCalendar','_bx_sites_calendar_top_menu_sitem','modules/?r=sites/calendar',0,'non,memb','','','',3,1,1,1,1,'custom','','',0,''),(273,0,'SitesSearch','_bx_sites_search_top_menu_sitem','modules/?r=sites/search',0,'non,memb','','','',3,1,1,1,1,'custom','','',0,''),(275,0,'Sites','_bx_sites_menu_my_sites_profile','modules/?r=sites/browse/my',0,'memb','','','',3,1,1,1,0,'custom','','',0,''),(276,0,'Popular','_Popular','search.php?show=popular',0,'non,memb','','','',3,1,1,0,0,'top','','',0,''),(277,0,'Photos','_bx_photos_menu_profile','modules/?r=photos/albums/my/main/|modules/?r=photos/albums/my/add/|modules/?r=photos/albums/my/manage/|modules/?r=photos/albums/my/disapproved/',0,'memb','','','',3,1,1,1,0,'top','','',0,''),(278,0,'Ads','Recycling','modules/boonex/ads/classifieds.php?Browse=1|modules/boonex/ads/classifieds.php?action=show_calendar_ads&date=|modules/boonex/ads/classifieds_tags.php?tag=|ads/tag/|modules/boonex/ads/classifieds.php?bClassifiedID=|ads/cat/|modules/boonex/ads/classifieds.p',8,'memb','','','',3,1,1,1,1,'top','money','money',1,''),(279,9,'Profile Ads','_bx_ads_Ads','modules/boonex/ads/classifieds.php?UsersOtherListing=1&IDProfile={profileID}',5,'','','','',3,1,1,1,1,'custom','','',0,''),(280,4,'Profile Ads','_bx_ads_Ads','modules/boonex/ads/classifieds.php?action=my_page|ads/my_page/',4,'','','','',3,1,1,1,1,'custom','','',0,''),(281,0,'Ads Calendar','_bx_ads_Calendar','modules/boonex/ads/classifieds.php?action=show_calendar',0,'non,memb','','','',3,1,1,1,0,'custom','','',0,''),(282,278,'Ads Categories','_bx_ads_Categories','modules/boonex/ads/classifieds.php?action=show_categories',2,'non,memb','','','',3,1,1,1,1,'custom','','',0,''),(283,278,'Popular Ads','_bx_ads_Popular','modules/boonex/ads/classifieds.php?action=show_popular',1,'memb','','','',3,1,1,1,1,'custom','','',0,''),(284,0,'Ads Tags','_Tags','modules/boonex/ads/classifieds.php?action=tags',0,'non,memb','','','',3,1,1,1,0,'custom','','',0,''),(285,0,'Top Rated Ads','Top Rated','modules/boonex/ads/classifieds.php?action=show_top_rated',0,'non,memb','','','',3,1,1,1,0,'custom','','',0,''),(286,278,'Ads Search','_Search','searchKeyword.php?type=bx_ads|modules/boonex/ads/classifieds.php?FilterCountry=',3,'non,memb','','','',3,1,1,1,1,'custom','','',0,''),(287,0,'Ads Featured','_bx_ads_Featured','modules/boonex/ads/classifieds.php?action=show_featured',0,'non,memb','','','',3,1,1,1,0,'custom','','',0,''),(288,278,'All Listings','All Listings','modules/boonex/ads/classifieds.php?action=show_all_ads',0,'memb','','','',3,1,1,1,1,'custom','','',0,''),(289,0,'Ads Home','_bx_ads_Ads_Home','modules/boonex/ads/classifieds.php?Browse=1',0,'non,memb','','','',3,1,1,1,0,'custom','','',0,''),(290,0,'Ad View','_bx_ads_Ads','modules/boonex/ads/classifieds.php?ShowAdvertisementID=|ads/entry/',0,'non,memb','','','',3,1,1,1,1,'system','money','',0,''),(291,0,'View Profile','{memberNick}','{memberID}',0,'memb','','','',3,1,1,0,1,'top','','',0,''),(292,0,'Event View','_bx_events_menu_view','modules/?r=events/view/{bx_events_view_uri}',0,'non,memb','','','',3,1,1,1,0,'custom','','',0,''),(329,0,'Google Search','_bx_gsearch_menu_title','modules/?r=google_search/',0,'non,memb','','','',3,1,1,1,1,'custom','','',0,''),(192,118,'Cart','_sys_pmt_tmenu_cart','cart.php|modules/?r={sys_payment_module_uri}/cart/|modules/?r={sys_payment_module_uri}/history/',6,'','','','bx_import(\'BxDolPayments\'); return BxDolPayments::getInstance()->isActive();',3,1,1,0,1,'custom','','',0,''),(193,118,'Payments','_sys_pmt_tmenu_payments','orders.php|modules/?r={sys_payment_module_uri}/orders/|modules/?r={sys_payment_module_uri}/details/',7,'','','','bx_import(\'BxDolPayments\'); return BxDolPayments::getInstance()->isActive();',3,1,1,0,1,'custom','','',0,''),(295,0,'Forums','_bx_forums','forum/',0,'memb','','','',3,1,1,1,0,'top','comments','comments',1,''),(296,0,'Forums Home','_bx_forum_menu_home','forum/',0,'non,memb','','','',3,1,1,1,1,'custom','','',0,''),(297,0,'Forums Index','_bx_forum_menu_forum_index','forum/?action=goto&index=1',0,'non,memb','','','',3,1,1,1,1,'custom','','',0,''),(298,0,'Flagged Topics','_bx_forum_menu_flagged_topics','forum/?action=goto&my_flags=1',0,'memb','','','',3,1,1,1,1,'custom','','',0,''),(299,0,'My Topics','_bx_forum_menu_my_topics','forum/?action=goto&my_threads=1',0,'memb','','','',3,1,1,1,1,'custom','comments','comments',1,''),(300,0,'Spy','_bx_forum_menu_spy','forum/?action=live_tracker',0,'non,memb','','','',3,1,1,1,1,'custom','','',0,''),(301,0,'Forum Search','_bx_forum_menu_search','forum/?action=goto&search=1',0,'non,memb','','','',3,1,1,1,1,'custom','','',0,''),(302,0,'Manage Forum','_bx_forum_menu_manage_forum','forum/?action=goto&manage_forum=1',0,'memb','','','return isAdmin();',3,1,1,1,1,'custom','','',0,''),(303,0,'Reported Posts','_bx_forum_menu_reported_posts','forum/?action=goto&reported_posts=1',0,'memb','','','return isAdmin();',3,1,1,1,1,'custom','','',0,''),(304,0,'Hidden Posts','_bx_forum_menu_hidden_posts','forum/?action=goto&hidden_posts=1',0,'memb','','','return isAdmin();',3,1,1,1,1,'custom','','',0,''),(305,0,'Hidden Topics','_bx_forum_menu_hidden_topics','forum/?action=goto&hidden_topics=1',0,'memb','','','return isAdmin();',3,1,1,1,1,'custom','','',0,''),(306,118,'Avatar','_bx_ava_avatar','modules/?r=avatar/',2,'memb','','','',3,1,1,1,1,'custom','','',0,''),(311,0,'Events Categories','_bx_events_menu_categories','modules/?r=events/categories',0,'non,memb','','','',3,0,1,1,0,'custom','','',0,'bx_events'),(312,0,'Groups','_bx_groups_menu_root','modules/?r=groups/view/|modules/?r=groups/broadcast/|modules/?r=groups/invite/|modules/?r=groups/edit/|forum/groups/',0,'non,memb','','','',3,1,1,1,1,'system','users','',0,''),(313,312,'Group View','_bx_groups_menu_view_group','modules/?r=groups/view/{bx_groups_view_uri}',0,'non,memb','','','',3,1,1,1,1,'custom','','',0,''),(314,312,'Group View Forum','_bx_groups_menu_view_forum','forum/groups/forum/{bx_groups_view_uri}-0.htm|forum/groups/',1,'non,memb','','','$oModuleDb = new BxDolModuleDb(); return $oModuleDb->getModuleByUri(\'forum\') ? true : false;',3,1,1,1,1,'custom','','',0,''),(315,312,'Group View Fans','_bx_groups_menu_view_fans','modules/?r=groups/browse_fans/{bx_groups_view_uri}',2,'non,memb','','','',3,1,1,1,1,'custom','','',0,''),(316,312,'Group View Comments','_bx_groups_menu_view_comments','modules/?r=groups/comments/{bx_groups_view_uri}',3,'non,memb','','','',3,1,1,1,1,'custom','','',0,''),(317,0,'Groups','_bx_groups_menu_root','modules/?r=groups/home/|modules/?r=groups/',6,'memb','','','',3,1,1,1,1,'top','users','users',1,''),(318,317,'Groups Main Page','_bx_groups_menu_main','modules/?r=groups/home/',0,'','','','',3,1,1,1,1,'custom','','',0,''),(319,0,'Recent Groups','_bx_groups_menu_recent','modules/?r=groups/browse/recent',0,'non,memb','','','',3,1,1,1,0,'custom','','',0,''),(320,0,'Top Rated Groups','_bx_groups_menu_top_rated','modules/?r=groups/browse/top',0,'non,memb','','','',3,1,1,1,0,'custom','','',0,''),(321,0,'Popular Groups','_bx_groups_menu_popular','modules/?r=groups/browse/popular',0,'non,memb','','','',3,1,1,1,0,'custom','','',0,''),(322,0,'Featured Groups','_bx_groups_menu_featured','modules/?r=groups/browse/featured',0,'non,memb','','','',3,1,1,1,0,'custom','','',0,''),(323,0,'Groups Tags','_bx_groups_menu_tags','modules/?r=groups/tags',0,'non,memb','','','',3,1,1,1,0,'custom','','',0,'bx_groups'),(324,317,'Groups Categories','_bx_groups_menu_categories','modules/?r=groups/categories',1,'non,memb','','','',3,1,1,1,1,'custom','','',0,'bx_groups'),(325,0,'Calendar','_bx_groups_menu_calendar','modules/?r=groups/calendar',0,'non,memb','','','',3,1,1,1,0,'custom','','',0,''),(326,317,'Search','_bx_groups_menu_search','modules/?r=groups/search',2,'non,memb','','','',3,1,1,0,1,'custom','','',0,''),(327,9,'Groups','_bx_groups_menu_my_groups_profile','modules/?r=groups/browse/user/{profileUsername}|modules/?r=groups/browse/joined/{profileUsername}',7,'','','','',3,1,1,1,1,'custom','','',0,''),(328,4,'Groups','_bx_groups_menu_my_groups_profile','modules/?r=groups/browse/my',5,'','','','',3,1,1,1,1,'custom','','',0,''),(331,0,'TimelineViewer','_wall_top_smenu_item_wall','modules/?r=wall/',0,'memb','','','',3,0,1,1,0,'top','','',0,''),(332,0,'My Friends','_Friends','viewFriends.php?iUser={memberID}',3,'memb','','','',3,0,1,0,1,'top','','',0,'mfa'),(333,0,'Update Status','_nav_update_status','modules/?r=wall/',0,'memb','','','',3,1,1,1,0,'top','','',0,''),(334,0,'Mail Inbox','_mail','mail.php?mode=inbox',1,'memb','','','',3,0,1,1,1,'top','','',1,'mma'),(408,0,'Articles Main Page','_modzzz_articles_menu_main','modules/?r=articles/home/',0,'memb','','','',3,0,1,1,0,'top','','',0,''),(335,0,'Logout','_sys_sm_logout','logout.php?action=member_logout',11,'memb','','','',3,1,1,1,1,'top','','',0,''),(336,0,'Profile Info','_Info','profile_info.php',0,'','','','',3,0,1,1,0,'custom','','',0,''),(398,394,'Popular Articles','_modzzz_articles_menu_popular','modules/?r=articles/browse/popular',2,'non,memb','','','',3,1,1,1,1,'custom','','',0,''),(338,0,'ArticlesHome','_articles_home_top_menu_sitem','modules/?r=articles/index/',0,'non,memb','','','',3,1,1,1,0,'custom','','',0,''),(399,394,'Featured Articles','_modzzz_articles_menu_featured','modules/?r=articles/browse/featured',3,'non,memb','','','',3,1,1,1,1,'custom','','',0,''),(397,394,'Top Rated Articles','_modzzz_articles_menu_top_rated','modules/?r=articles/browse/top',1,'non,memb','','','',3,1,1,1,1,'custom','','',0,''),(343,0,'ArticlesTags','_articles_tags_top_menu_sitem','modules/?r=articles/tags/',0,'non,memb','','','',3,1,1,1,0,'custom','','',0,''),(396,394,'Recent Articles','_modzzz_articles_menu_recent','modules/?r=articles/browse/recent',0,'non,memb','','','',3,1,1,1,1,'custom','','',0,''),(345,0,'ArticlesCalendar','_articles_calendar_top_menu_sitem','modules/?r=articles/calendar/',0,'non,memb','','','',3,1,1,1,0,'custom','','',0,''),(393,391,'Article View Comments','_modzzz_articles_menu_view_comments','modules/?r=articles/comments/{modzzz_articles_view_uri}',1,'non,memb','','','',3,1,1,1,1,'custom','','',0,''),(348,0,'Sites','_bx_sites','modules/?r=sites/view/',0,'non,memb','','','',3,1,0,0,1,'system','link','',0,''),(395,0,'Articles Main Page','_modzzz_articles_menu_main','modules/?r=articles/home/',0,'non,memb','','','',3,1,1,1,0,'custom','','',0,''),(350,0,'SitesHome','_bx_sites_home_top_menu_sitem','modules/?r=sites/home/',0,'non,memb','','','',3,1,1,1,1,'custom','','',0,''),(351,0,'SitesAll','_bx_sites_all_top_menu_sitem','modules/?r=sites/browse/all',0,'non,memb','','','',3,1,1,1,1,'custom','','',0,''),(352,0,'SitesAdmin','_bx_sites_admin_top_menu_sitem','modules/?r=sites/browse/admin',0,'non,memb','','','',3,1,1,1,1,'custom','','',0,''),(353,0,'SitesUsers','_bx_sites_profile_top_menu_sitem','modules/?r=sites/browse/users',0,'non,memb','','','',3,1,1,1,1,'custom','','',0,''),(354,0,'SitesTop','_bx_sites_top_top_menu_sitem','modules/?r=sites/browse/top',0,'non,memb','','','',3,1,1,1,1,'custom','','',0,''),(355,0,'SitesPopular','_bx_sites_popular_top_menu_sitem','modules/?r=sites/browse/popular',0,'non,memb','','','',3,1,1,1,1,'custom','','',0,''),(356,0,'SitesFeatured','_bx_sites_featured_top_menu_sitem','modules/?r=sites/browse/featured',0,'non,memb','','','',3,1,1,1,1,'custom','','',0,'bx_sites'),(357,0,'SitesTags','_bx_sites_tags_top_menu_sitem','modules/?r=sites/tags',0,'non,memb','','','',3,1,1,1,1,'custom','','',0,'bx_sites'),(358,0,'SitesCategories','_bx_sites_categories_top_menu_sitem','modules/?r=sites/categories',0,'non,memb','','','',3,1,1,1,1,'custom','','',0,''),(359,0,'SitesHoN','_bx_sites_hon_top_menu_sitem','modules/?r=sites/hon',0,'memb','','','',3,1,1,1,1,'custom','','',0,''),(360,0,'SitesCalendar','_bx_sites_calendar_top_menu_sitem','modules/?r=sites/calendar',0,'non,memb','','','',3,1,1,1,1,'custom','','',0,''),(361,0,'SitesSearch','_bx_sites_search_top_menu_sitem','modules/?r=sites/search',0,'non,memb','','','',3,1,1,1,1,'custom','','',0,''),(362,9,'Sites','_bx_sites_menu_my_sites_profile','modules/?r=sites/browse/user/{profileUsername}',8,'non,memb','','','',3,1,1,1,1,'custom','','',0,''),(363,4,'Sites','_bx_sites_menu_my_sites_profile','modules/?r=sites/browse/my',6,'memb','','','',3,1,1,1,1,'custom','','',0,''),(394,0,'Articles','_modzzz_articles_menu_root','modules/?r=articles/home/|modules/?r=articles/',7,'non,memb','','','',3,1,1,1,1,'top','file','file',1,''),(392,391,'Article View','_modzzz_articles_menu_view_article','modules/?r=articles/view/{modzzz_articles_view_uri}',0,'non,memb','','','',3,1,1,1,1,'custom','','',0,''),(391,0,'Articles','_modzzz_articles_menu_root','modules/?r=articles/view/|modules/?r=articles/edit/|modules/?r=articles/embed/',0,'non,memb','','','',3,1,1,1,1,'system','file','',0,''),(400,394,'Favorite Articles','_modzzz_articles_menu_favorite','modules/?r=articles/browse/favorite',4,'non,memb','','','',3,1,1,1,1,'custom','','',0,''),(401,394,'Articles Tags','_modzzz_articles_menu_tags','modules/?r=articles/tags',5,'non,memb','','','',3,1,1,1,1,'custom','','',0,'modzzz_art'),(402,394,'Articles Categories','_modzzz_articles_menu_categories','modules/?r=articles/categories',6,'non,memb','','','',3,1,1,1,1,'custom','','',0,'modzzz_art'),(403,0,'Calendar','_modzzz_articles_menu_calendar','modules/?r=articles/calendar',0,'non,memb','','','',3,1,1,1,0,'custom','','',0,''),(404,394,'Search','_modzzz_articles_menu_search','modules/?r=articles/search',7,'non,memb','','','',3,1,1,1,1,'custom','','',0,''),(405,9,'Articles','_modzzz_articles_menu_my_articles_profile','modules/?r=articles/browse/user/{profileUsername}',9,'non,memb','','','',3,1,1,1,1,'custom','','',0,''),(406,4,'Articles','_modzzz_articles_menu_my_articles_profile','modules/?r=articles/browse/my',7,'memb','','','',3,1,1,1,1,'custom','','',0,''),(407,0,'Articles Categories','_modzzz_articles_menu_categories','modules/?r=articles/categories',0,'non,memb','','','',3,0,1,1,0,'top','','',0,'modzzz_art');

--
-- Table structure for table `sys_messages`
--

CREATE TABLE `sys_messages` (
  `ID` int(11) NOT NULL AUTO_INCREMENT,
  `Date` datetime NOT NULL DEFAULT '0000-00-00 00:00:00',
  `Sender` int(10) unsigned NOT NULL DEFAULT '0',
  `Recipient` int(10) unsigned NOT NULL DEFAULT '0',
  `Text` mediumtext NOT NULL,
  `Subject` varchar(255) NOT NULL DEFAULT '',
  `New` enum('0','1') NOT NULL DEFAULT '1',
  `Type` enum('letter','greeting') NOT NULL DEFAULT 'letter',
  `Trash` set('sender','recipient') NOT NULL,
  `TrashNotView` set('sender','recipient') NOT NULL,
  PRIMARY KEY (`ID`),
  KEY `Pair` (`Sender`,`Recipient`),
  KEY `TrashNotView` (`TrashNotView`),
  KEY `Trash` (`Trash`)
) ENGINE=MyISAM AUTO_INCREMENT=4 DEFAULT CHARSET=utf8;

--
-- Dumping data for table `sys_messages`
--

INSERT INTO `sys_messages` VALUES (1,'2015-04-08 16:12:47',1,2,'<bx_include_auto:_email_header.html />\r\n\r\n<p><b>Dear bethany</b>,</p>\r\n\r\n<p><a href=\"https://www.persisters.com/seth\">seth</a> sent you a greeting!</p>\r\n\r\n<p><a href=\"https://www.persisters.com/seth\">seth</a> may be interested in you or maybe just wants to say Hello!\r\n</p>\r\n\r\n<bx_include_auto:_email_footer.html />','Greeting notification','0','greeting','',''),(2,'2015-04-08 16:13:55',2,1,'<p>Hah, I love it. It says you might be interested in me. Is that true?? Maybe we should meet in person sometime.</p>','Re: Greeting notification','0','letter','',''),(3,'2015-04-08 16:27:59',1,2,'<p>I am interested in you!  But I\'m really shy.  And I don\'t always say the right thing.  :-)</p>','Re[2]: Greeting notification','0','letter','','');

--
-- Table structure for table `sys_modules`
--

CREATE TABLE `sys_modules` (
  `id` int(11) unsigned NOT NULL AUTO_INCREMENT,
  `title` varchar(255) NOT NULL DEFAULT '',
  `vendor` varchar(64) NOT NULL DEFAULT '',
  `version` varchar(32) NOT NULL DEFAULT '',
  `update_url` varchar(128) NOT NULL DEFAULT '',
  `path` varchar(255) NOT NULL DEFAULT '',
  `uri` varchar(32) NOT NULL DEFAULT '',
  `class_prefix` varchar(32) NOT NULL DEFAULT '',
  `db_prefix` varchar(32) NOT NULL DEFAULT '',
  `dependencies` varchar(255) NOT NULL DEFAULT '',
  `date` int(11) unsigned NOT NULL DEFAULT '0',
  PRIMARY KEY (`id`),
  UNIQUE KEY `path` (`path`),
  UNIQUE KEY `uri` (`uri`),
  UNIQUE KEY `class_prefix` (`class_prefix`),
  UNIQUE KEY `db_prefix` (`db_prefix`)
) ENGINE=MyISAM AUTO_INCREMENT=35 DEFAULT CHARSET=utf8;

--
-- Dumping data for table `sys_modules`
--

INSERT INTO `sys_modules` VALUES (1,'ZIP Code Search','BoonEx','1.3.0','','boonex/zipcodesearch/','zipcodesearch','BxZIP','bx_zip_','',1428506931),(25,'Google Search','Boonex','1.3.0','','boonex/google_search/','google_search','BxGSearch','bx_gsearch_','',1453149832),(20,'Profile Customizer','Boonex','1.3.0','','boonex/profile_customize/','profile_customize','BxProfileCustomize','bx_profile_custom_','',1444675035),(5,'Events','Boonex','1.3.0','','boonex/events/','events','BxEvents','bx_events_','',1428509109),(26,'World Map','BoonEx','1.3.0','','boonex/world_map/','wmap','BxWmap','bx_wmap_','',1459473644),(7,'Timeline','Boonex','1.3.0','','boonex/wall/','wall','BxWall','bx_wall_','',1428509109),(8,'Photos','Boonex','1.3.0','','boonex/photos/','photos','BxPhotos','bx_photos','',1428509168),(9,'Feedback','Boonex','1.3.0','','boonex/feedback/','feedback','BxFdb','bx_fdb_','',1428510067),(10,'News','Boonex','1.3.0','','boonex/news/','news','BxNews','bx_news_','',1428510067),(11,'Page Access Control','Boonex','1.3.0','','boonex/pageac/','pageac','BxPageAC','bx_pageac_','',1428510067),(13,'Simple Messenger','Boonex','1.3.0','','boonex/simple_messenger/','simple_messenger','BxSimpleMessenger','bx_simple_messenger_','',1428510067),(15,'Ads','Boonex','1.3.0','','boonex/ads/','ads','BxAds','bx_ads','',1432830394),(17,'Forum','Boonex','1.3.0','','boonex/forum/','forum','BxOrca','bx_forum_','',1444672212),(18,'Avatar','Boonex','1.3.0','','boonex/avatar/','avatar','BxAva','bx_avatar_','',1444672237),(23,'Groups','Boonex','1.3.0','','boonex/groups/','groups','BxGroups','bx_groups_','',1446168871),(28,'Advanced Search Form','AQB Soft','1.0.0','','aqb/advanced_search_form/','aqb_advanced_search_form','AqbAdvancedSearchForm','aqb_advanced_search_form_','',1461355691),(34,'<font color=\"blue\">Articles (Advanced)</font>','modzzz.com','2.1.6','http://www.modzzz.com','modzzz/articles/','articles','BxArticles','modzzz_articles_','',1461888072),(30,'Sites','Boonex','1.3.0','','boonex/sites/','sites','BxSites','bx_sites_','photos',1461356581);

--
-- Table structure for table `sys_objects_actions`
--

CREATE TABLE `sys_objects_actions` (
  `ID` int(10) unsigned NOT NULL AUTO_INCREMENT,
  `Caption` varchar(100) NOT NULL,
  `Icon` varchar(100) NOT NULL,
  `Url` varchar(250) NOT NULL,
  `Script` varchar(250) NOT NULL,
  `Eval` text NOT NULL,
  `Order` int(5) NOT NULL,
  `Type` varchar(30) NOT NULL,
  `bDisplayInSubMenuHeader` tinyint(1) NOT NULL DEFAULT '0',
  PRIMARY KEY (`ID`)
) ENGINE=MyISAM AUTO_INCREMENT=146 DEFAULT CHARSET=utf8;

--
-- Dumping data for table `sys_objects_actions`
--

INSERT INTO `sys_objects_actions` VALUES (1,'{evalResult}','edit','pedit.php?ID={ID}','','if ({ID} != {member_id}) return;\r\nreturn _t(\'{cpt_edit}\');',1,'Profile',0),(2,'{evalResult}','envelope','mail.php?mode=compose&recipient_id={ID}','','if ({ID} == {member_id}) return;\r\nreturn _t(\'{cpt_send_letter}\');',2,'Profile',0),(3,'{cpt_fave}','asterisk','','{evalResult}','return $GLOBALS[\'oTopMenu\']->getScriptFaveAdd({ID}, {member_id});',3,'Profile',0),(4,'{cpt_remove_fave}','asterisk','','{evalResult}','return $GLOBALS[\'oTopMenu\']->getScriptFaveCancel({ID}, {member_id});',3,'Profile',0),(5,'{cpt_befriend}','plus','','{evalResult}','return $GLOBALS[\'oTopMenu\']->getScriptFriendAdd({ID}, {member_id});',4,'Profile',0),(6,'{cpt_remove_friend}','minus','','{evalResult}','return $GLOBALS[\'oTopMenu\']->getScriptFriendCancel({ID}, {member_id}, false);',4,'Profile',0),(7,'{cpt_greet}','hand-o-right','','{evalResult}','if ({ID} == {member_id}) return;\r\n\r\nreturn \"$.post(\'greet.php\', { sendto: \'{ID}\' }, function(sData){ $(\'#ajaxy_popup_result_div_{ID}\').html(sData) } );return false;\";\r\n',5,'Profile',0),(8,'{cpt_get_mail}','envelope-o','','{evalResult}','if ({ID} == {member_id}) return;\r\n\r\n$bAnonymousMode  = \'{anonym_mode}\';\r\n\r\nif ( !$bAnonymousMode ) {\r\n    return \"$.post(\'freemail.php\', { ID: \'{ID}\' }, function(sData){ $(\'#ajaxy_popup_result_div_{ID}\').html(sData) } );return false;\";\r\n}\r\n',6,'Profile',0),(9,'{cpt_share}','share-square-o','','return launchTellFriendProfile({ID});','',7,'Profile',0),(10,'{cpt_report}','exclamation-circle','','{evalResult}','if ({ID} == {member_id}) return;\r\n\r\nreturn  \"$.post(\'list_pop.php?action=spam\', { ID: \'{ID}\' }, function(sData){ $(\'#ajaxy_popup_result_div_{ID}\').html(sData) } );return false;\";\r\n',8,'Profile',0),(11,'{cpt_block}','ban','','{evalResult}','if ( {ID} == {member_id} || isBlocked({member_id}, {ID}) ) return;\r\n\r\nreturn  \"$.post(\'list_pop.php?action=block\', { ID: \'{ID}\' }, function(sData){ $(\'#ajaxy_popup_result_div_{ID}\').html(sData) } );return false;\";\r\n',9,'Profile',0),(12,'{sbs_profile_title}','paperclip','','{sbs_profile_script}','',10,'Profile',0),(13,'{cpt_unblock}','ban','','{evalResult}','if ({ID} == {member_id} || !isBlocked({member_id}, {ID}) ) return;\r\n\r\nreturn \"$.post(\'list_pop.php?action=unblock\', { ID: \'{ID}\' }, function(sData){ $(\'#ajaxy_popup_result_div_{ID}\').html(sData) } );return false;\";\r\n',9,'Profile',0),(14,'{evalResult}','plus','{BaseUri}mail.php?mode=compose','','return $GLOBALS[\'logged\'][\'member\'] || $GLOBALS[\'logged\'][\'admin\'] ? _t(\'_sys_am_mailbox_compose\') : \'\';',1,'Mailbox',1),(15,'{cpt_am_friend_add}','plus','','{evalResult}','return $GLOBALS[\'oTopMenu\']->getScriptFriendAdd({ID}, {member_id}, false);',1,'ProfileTitle',1),(16,'{cpt_am_friend_accept}','plus','','{evalResult}','return $GLOBALS[\'oTopMenu\']->getScriptFriendAccept({ID}, {member_id}, false);',2,'ProfileTitle',1),(17,'{cpt_am_friend_cancel}','minus','','{evalResult}','return $GLOBALS[\'oTopMenu\']->getScriptFriendCancel({ID}, {member_id}, false);',3,'ProfileTitle',1),(18,'{cpt_am_profile_message}','envelope','{evalResult}','','return $GLOBALS[\'oTopMenu\']->getUrlProfileMessage({ID});',4,'ProfileTitle',1),(19,'{cpt_am_profile_account_page}','tachometer','{evalResult}','','return $GLOBALS[\'oTopMenu\']->getUrlAccountPage({ID});',5,'ProfileTitle',1),(20,'{cpt_am_account_profile_page}','user','{evalResult}','','return $GLOBALS[\'oTopMenu\']->getUrlProfilePage({ID});',1,'AccountTitle',1),(38,'_bx_photos_action_view_original','download','','window.open(\'{moduleUrl}get_image/original/{fileKey}.{fileExt}\')','',0,'bx_photos',0),(39,'{shareCpt}','share-square-o','','showPopupAnyHtml(\'{moduleUrl}share/{fileUri}\')','',1,'bx_photos',0),(95,'{TitleBroadcast}','envelope','{BaseUri}broadcast/{ID}','','',3,'bx_groups',0),(96,'{TitleJoin}','{IconJoin}','','getHtmlData( \'ajaxy_popup_result_div_{ID}\', \'{evalResult}\', false, \'post\');return false;','$oConfig = $GLOBALS[\'oBxGroupsModule\']->_oConfig; return BX_DOL_URL_ROOT . $oConfig->getBaseUri() . \'join/{ID}/{iViewer}\';',4,'bx_groups',0),(23,'{TitleEdit}','edit','{evalResult}','','$oConfig = $GLOBALS[\'oBxEventsModule\']->_oConfig; return  BX_DOL_URL_ROOT . $oConfig->getBaseUri() . \'edit/{ID}\';',0,'bx_events',0),(24,'{TitleDelete}','remove','','getHtmlData( \'ajaxy_popup_result_div_{ID}\', \'{evalResult}\', false, \'post\', true); return false;','$oConfig = $GLOBALS[\'oBxEventsModule\']->_oConfig; return  BX_DOL_URL_ROOT . $oConfig->getBaseUri() . \'delete/{ID}\';',1,'bx_events',0),(25,'{TitleJoin}','{IconJoin}','','getHtmlData( \'ajaxy_popup_result_div_{ID}\', \'{evalResult}\', false, \'post\');return false;','$oConfig = $GLOBALS[\'oBxEventsModule\']->_oConfig; return BX_DOL_URL_ROOT . $oConfig->getBaseUri() . \'join/{ID}/{iViewer}\';',2,'bx_events',0),(26,'{TitleInvite}','plus-circle','{evalResult}','','$oConfig = $GLOBALS[\'oBxEventsModule\']->_oConfig; return BX_DOL_URL_ROOT . $oConfig->getBaseUri() . \'invite/{ID}\';',3,'bx_events',0),(27,'{TitleShare}','share-square-o','','showPopupAnyHtml (\'{BaseUri}share_popup/{ID}\');','',4,'bx_events',0),(28,'{TitleBroadcast}','envelope','{BaseUri}broadcast/{ID}','','',5,'bx_events',0),(29,'{AddToFeatured}','star-o','','getHtmlData( \'ajaxy_popup_result_div_{ID}\', \'{evalResult}\', false, \'post\');return false;','$oConfig = $GLOBALS[\'oBxEventsModule\']->_oConfig; return BX_DOL_URL_ROOT . $oConfig->getBaseUri() . \'mark_featured/{ID}\';',6,'bx_events',0),(30,'{TitleManageFans}','users','','showPopupAnyHtml (\'{BaseUri}manage_fans_popup/{ID}\');','',7,'bx_events',0),(31,'{TitleUploadPhotos}','picture-o','{BaseUri}upload_photos/{URI}','','',8,'bx_events',0),(32,'{TitleUploadVideos}','film','{BaseUri}upload_videos/{URI}','','',9,'bx_events',0),(33,'{TitleUploadSounds}','music','{BaseUri}upload_sounds/{URI}','','',10,'bx_events',0),(34,'{TitleUploadFiles}','save','{BaseUri}upload_files/{URI}','','',11,'bx_events',0),(35,'{TitleSubscribe}','paperclip','','{ScriptSubscribe}','',7,'bx_events',0),(36,'{evalResult}','plus','{BaseUri}browse/my&bx_events_filter=add_event','','return ($GLOBALS[\'logged\'][\'member\'] && BxDolModule::getInstance(\'BxEventsModule\')->isAllowedAdd()) || $GLOBALS[\'logged\'][\'admin\'] ? _t(\'_bx_events_action_create_event\') : \'\';',1,'bx_events_title',0),(37,'{evalResult}','calendar','{BaseUri}browse/my','','return $GLOBALS[\'logged\'][\'member\'] || $GLOBALS[\'logged\'][\'admin\'] ? _t(\'_bx_events_action_my_events\') : \'\';',2,'bx_events_title',0),(40,'{evalResult}','exclamation-circle','','showPopupAnyHtml(\'{moduleUrl}report/{fileUri}\')','if ({iViewer}!=0)\r\nreturn _t(\'_bx_photos_action_report\');\r\nelse\r\nreturn null;',2,'bx_photos',0),(41,'{evalResult}','asterisk','','getHtmlData(\'ajaxy_popup_result_div_{ID}\', \'{moduleUrl}favorite/{ID}\', false, \'post\'); return false;','if ({iViewer}==0)\r\nreturn false;\r\n$sMessage = \'{favorited}\'==\'\' ? \'fave\':\'unfave\';\r\nreturn _t(\'_bx_photos_action_\' . $sMessage); ',3,'bx_photos',0),(42,'{evalResult}','edit','','oBxDolFiles.edit({ID})','$sTitle = _t(\'_Edit\');\r\nif ({Owner} == {iViewer})\r\nreturn $sTitle;\r\n$mixedCheck = BxDolService::call(\'photos\', \'check_action\', array(\'edit\',\'{ID}\'));\r\nif ($mixedCheck !== false)\r\nreturn $sTitle;\r\nelse\r\n return null;',5,'bx_photos',0),(43,'{evalResult}','remove','','getHtmlData(\'ajaxy_popup_result_div_{ID}\', \'{moduleUrl}delete/{ID}/{AlbumUri}/{OwnerName}\', false, \'post\', true); return false;','$sTitle = _t(\'_Delete\');\r\nif ({Owner} == {iViewer})\r\nreturn $sTitle;\r\n$mixedCheck = BxDolService::call(\'photos\', \'check_delete\', array({ID}));\r\nif ($mixedCheck !== false)\r\nreturn $sTitle;\r\nelse\r\nreturn null;',6,'bx_photos',0),(44,'{featuredCpt}','star-o','','getHtmlData(\'ajaxy_popup_result_div_{ID}\', \'{moduleUrl}feature/{ID}/{featured}\', false, \'post\'); return false;','',7,'bx_photos',0),(45,'{evalResult}','plus','','showPopupAnyHtml(\'{BaseUri}upload\');','return (getLoggedId() && BxDolModule::getInstance(\'BxPhotosModule\')->isAllowedAdd()) ? _t(\'_sys_upload\') : \'\';',8,'bx_photos_title',0),(46,'{evalResult}','picture-o','{BaseUri}albums/my/main/','','return $GLOBALS[\'logged\'][\'member\'] || $GLOBALS[\'logged\'][\'admin\'] ? _t(\'_bx_photos_albums_my\') : \'\';',9,'bx_photos_title',0),(47,'{sbs_bx_photos_title}','paperclip','','{sbs_bx_photos_script}','',7,'bx_photos',0),(48,'{sbs_feedback_title}','paperclip','','{sbs_feedback_script}','',1,'bx_feedback',0),(49,'{del_feedback_title}','remove','','{del_feedback_script}','',2,'bx_feedback',0),(50,'{sbs_news_title}','paperclip','','{sbs_news_script}','',1,'bx_news',0),(51,'{del_news_title}','remove','','{del_news_script}','',2,'bx_news',0),(52,'{share_news_title}','share-square-o','','{share_news_script}','',3,'bx_news',0),(94,'{TitleShare}','share-square-o','','showPopupAnyHtml (\'{BaseUri}share_popup/{ID}\');','',2,'bx_groups',0),(93,'{TitleDelete}','remove','','getHtmlData( \'ajaxy_popup_result_div_{ID}\', \'{evalResult}\', false, \'post\', true); return false;','$oConfig = $GLOBALS[\'oBxGroupsModule\']->_oConfig; return  BX_DOL_URL_ROOT . $oConfig->getBaseUri() . \'delete/{ID}\';',1,'bx_groups',0),(92,'{TitleEdit}','edit','{evalResult}','','$oConfig = $GLOBALS[\'oBxGroupsModule\']->_oConfig; return  BX_DOL_URL_ROOT . $oConfig->getBaseUri() . \'edit/{ID}\';',0,'bx_groups',0),(59,'_Simle Messenger','','','','return BxDolService::call(\'simple_messenger\', \'get_messenger_field\', array({ID}));',0,'Profile',0),(67,'_bx_ads_Add','plus','{evalResult}','','if ({only_menu} == 1)\r\n    if (getParam(\'permalinks_module_ads\') == \'on\') return \'ads/my_page/add/\';\r\n    else return \'modules/boonex/ads/classifieds.php?action=my_page&mode=add\';\r\nelse\r\n    return null;\r\n',1,'bx_ads',1),(68,'_bx_ads_My_Ads','money','{evalResult}','','if ({only_menu} == 1)\r\n    if (getParam(\'permalinks_module_ads\') == \'on\') return \'ads/my_page/\';\r\n    else return \'modules/boonex/ads/classifieds.php?action=my_page\';\r\nelse\r\n    return null;\r\n',2,'bx_ads',1),(69,'{evalResult}','shopping-cart','','document.forms[\'BuyNowForm\'].submit();','$bBnp = getParam(\'bx_ads_enable_paid\');\r\nif ({visitor_id} > 0 && {visitor_id} != {owner_id} && $bBnp==\'on\') {\r\nreturn _t(\'_bx_ads_Buy_Now\');\r\n}\r\nelse\r\nreturn null;',4,'bx_ads',0),(70,'{evalResult}','envelope','','document.forms[\'post_pm\'].submit();','if ({visitor_id} > 0 && {visitor_id} != {owner_id}) {\r\nreturn _t(\'_Send Message\');\r\n}\r\nelse\r\nreturn null;',5,'bx_ads',0),(71,'_Edit','edit','{evalResult}','','if (({visitor_id} > 0 && {visitor_id} == {owner_id}) || ({admin_mode}==true)) {\r\n    return (getParam(\'permalinks_module_ads\') == \'on\') ? \'ads/my_page/edit/{ads_id}\' : \'modules/boonex/ads/classifieds.php?action=my_page&mode=add&EditPostID={ads_id}\';\r\n} else return null;',6,'bx_ads',0),(72,'{evalResult}','remove','','iDelAdID = {ads_id}; if (confirm(\'{sure_label}\')) { $(\'#DeleteAdvertisementID\').val(iDelAdID);document.forms.command_delete_advertisement.submit(); }','$oModule = BxDolModule::getInstance(\'BxAdsModule\');\r\n if (({visitor_id} > 0 && {visitor_id} == {owner_id}) || ({admin_mode}==true) || $oModule->isAllowedDelete({owner_id})) {\r\nreturn _t(\'_Delete\');\r\n}\r\nelse\r\nreturn null;',7,'bx_ads',0),(73,'_bx_ads_RSS','rss','rss_factory.php?action=ads&pid={owner_id}','','',8,'bx_ads',0),(74,'{evalResult}','check-circle-o','','$(\'#ActivateAdvertisementID\').val(\'{ads_id}\'); $(\'#ActType\').val(\'{ads_act_type}\'); document.forms.command_activate_advertisement.submit(); return false;','if (!isAdmin() && !isModerator())\r\nreturn null;\r\nif (\'{ads_status}\'!=\'active\') {\r\nreturn _t(\'_bx_ads_Activate\');\r\n}\r\nelse\r\nreturn _t(\'_bx_ads_DeActivate\');',9,'bx_ads',0),(75,'{evalResult}','star-o','{ads_entry_url}&do=cfs','','$iAdsFeature = (int)\'{ads_featured}\';\r\nif ({admin_mode}==true) {\r\nreturn ($iAdsFeature==1) ? _t(\'_bx_ads_De-Feature_it\') : _t(\'_bx_ads_Feature_it\');\r\n}\r\nelse\r\nreturn null;',10,'bx_ads',0),(76,'{sbs_ads_title}','paper-clip','','{sbs_ads_script}','',11,'bx_ads',0),(77,'{TitleShare}','share-square-o','','showPopupAnyHtml (\'{BaseUri}share_popup/{ads_id}\');','',12,'bx_ads',0),(78,'{cpt_activate}','check','','getHtmlData(\'ajaxy_popup_result_div_{ID}\', \'list_pop.php?action={act_activate}&ID={ID}\', false, \'post\'); return false;','',11,'Profile',0),(79,'{cpt_ban}','exclamation-circle','','getHtmlData(\'ajaxy_popup_result_div_{ID}\', \'list_pop.php?action={act_ban}&ID={ID}\', false, \'post\'); return false;','',12,'Profile',0),(80,'{cpt_delete}','times','','getHtmlData(\'ajaxy_popup_result_div_{ID}\', \'list_pop.php?action=delete&ID={ID}\', false, \'post\', true); return false;','',13,'Profile',0),(81,'{cpt_delete_spam}','times','','getHtmlData(\'ajaxy_popup_result_div_{ID}\', \'list_pop.php?action=delete_spam&ID={ID}\', false, \'post\', true); return false;','',14,'Profile',0),(82,'{cpt_feature}','asterisk','','getHtmlData(\'ajaxy_popup_result_div_{ID}\', \'list_pop.php?action={act_feature}&ID={ID}\', false, \'post\'); return false;','',15,'Profile',0),(83,'{approvedCpt}','check','','getHtmlData(\'ajaxy_popup_result_div_{ID}\', \'{moduleUrl}approve/{ID}/{approvedAct}\', false, \'post\'); return false;','',8,'bx_photos',0),(84,'{cropCpt}','crop','{moduleUrl}crop/{ID}','','',9,'bx_photos',0),(85,'{SetAvatarCpt}','user','','getHtmlData(\'ajaxy_popup_result_div_{ID}\', \'{moduleUrl}set_avatar/{ID}\', false, \'post\'); return false;','',10,'bx_photos',0),(86,'{evalResult}','remove','','getHtmlData(\'ajaxy_popup_result_div_{ID}\', \'{moduleUrl}album_delete/{albumUri}\', false, \'post\', true); return false;','return (getLoggedId() && BxDolModule::getInstance(\'BxPhotosModule\')->isAllowedDeleteAlbum({ID})) ? _t(\'_Delete\') : \'\';',1,'bx_photos_album',0),(87,'{TitleActivate}','check-circle-o','','getHtmlData( \'ajaxy_popup_result_div_{ID}\', \'{evalResult}\', false, \'post\');return false;','$oConfig = $GLOBALS[\'oBxEventsModule\']->_oConfig; return BX_DOL_URL_ROOT . $oConfig->getBaseUri() . \'activate/{ID}\';',13,'bx_events',0),(91,'{evalResult}','magic','','$(\'#profile_customize_page\').fadeIn(\'slow\');','if (defined(\'BX_PROFILE_PAGE\') && {ID} == {member_id} && getParam(\'bx_profile_customize_enable\') == \'on\') return _t( \'_Customize\' ); else return null;',16,'Profile',0),(89,'{evalResult}','plus','javascript:void(0);','return f.newTopic(\'0\')','return $GLOBALS[\'logged\'][\'member\'] || $GLOBALS[\'logged\'][\'admin\'] ? _t(\'_bx_forums_new_topic\') : \'\';',1,'bx_forum_title',0),(90,'{TitleAvatar}','user','{evalResult}&make_avatar_from_shared_photo={ID}','','bx_import(\'BxDolPermalinks\');\r\n$o = new BxDolPermalinks();\r\nreturn $o->permalink(\'modules/?r=avatar/\');',16,'bx_photos',0),(97,'{TitleInvite}','plus-circle','{evalResult}','','$oConfig = $GLOBALS[\'oBxGroupsModule\']->_oConfig; return BX_DOL_URL_ROOT . $oConfig->getBaseUri() . \'invite/{ID}\';',5,'bx_groups',0),(98,'{AddToFeatured}','star-o','','getHtmlData( \'ajaxy_popup_result_div_{ID}\', \'{evalResult}\', false, \'post\');return false;','$oConfig = $GLOBALS[\'oBxGroupsModule\']->_oConfig; return BX_DOL_URL_ROOT . $oConfig->getBaseUri() . \'mark_featured/{ID}\';',6,'bx_groups',0),(99,'{TitleManageFans}','users','','showPopupAnyHtml (\'{BaseUri}manage_fans_popup/{ID}\');','',8,'bx_groups',0),(100,'{TitleUploadPhotos}','picture-o','{BaseUri}upload_photos/{URI}','','',9,'bx_groups',0),(101,'{TitleUploadVideos}','film','{BaseUri}upload_videos/{URI}','','',10,'bx_groups',0),(102,'{TitleUploadSounds}','music','{BaseUri}upload_sounds/{URI}','','',11,'bx_groups',0),(103,'{TitleUploadFiles}','save','{BaseUri}upload_files/{URI}','','',12,'bx_groups',0),(104,'{TitleSubscribe}','paperclip','','{ScriptSubscribe}','',13,'bx_groups',0),(105,'{TitleActivate}','check-circle-o','','getHtmlData( \'ajaxy_popup_result_div_{ID}\', \'{evalResult}\', false, \'post\');return false;','$oConfig = $GLOBALS[\'oBxGroupsModule\']->_oConfig; return BX_DOL_URL_ROOT . $oConfig->getBaseUri() . \'activate/{ID}\';',14,'bx_groups',0),(106,'{evalResult}','plus','{BaseUri}browse/my&bx_groups_filter=add_group','','return ($GLOBALS[\'logged\'][\'member\'] && BxDolModule::getInstance(\'BxGroupsModule\')->isAllowedAdd()) || $GLOBALS[\'logged\'][\'admin\'] ? _t(\'_bx_groups_action_add_group\') : \'\';',1,'bx_groups_title',0),(107,'{evalResult}','users','{BaseUri}browse/my','','return $GLOBALS[\'logged\'][\'member\'] || $GLOBALS[\'logged\'][\'admin\'] ? _t(\'_bx_groups_action_my_groups\') : \'\';',2,'bx_groups_title',0),(108,'{repostCpt}','repeat','','{repostScript}','',15,'bx_groups',0),(109,'{repostCpt}','repeat','','{repostScript}','',11,'bx_photos',0),(110,'{repostCpt}','repeat','','{repostScript}','',13,'bx_ads',0),(111,'{repostCpt}','repeat','','{repostScript}','',14,'bx_events',0),(115,'{TitleEdit}','edit','{evalResult}','','$oConfig = $GLOBALS[\'oBxSitesModule\']->_oConfig; return  $oConfig->getBaseUri() . \'edit/{ID}\';',0,'bx_sites',0),(116,'{TitleDelete}','remove','','getHtmlData( \'ajaxy_popup_result_div_{ID}\', \'{evalResult}\', false, \'post\', true); return false;','$oConfig = $GLOBALS[\'oBxSitesModule\']->_oConfig; return  BX_DOL_URL_ROOT . $oConfig->getBaseUri() . \'delete/{ID}\';',1,'bx_sites',0),(117,'{TitleShare}','share-square-o','','bx_site_show_share_popup()','',2,'bx_sites',0),(118,'{AddToFeatured}','star-o','','getHtmlData( \'ajaxy_popup_result_div_{ID}\', \'{evalResult}\');return false;','$oConfig = $GLOBALS[\'oBxSitesModule\']->_oConfig; return  BX_DOL_URL_ROOT . $oConfig->getBaseUri() . \'featured/{ID}\';',3,'bx_sites',0),(119,'{evalResult}','plus','{BaseUri}browse/my/add','','if (($GLOBALS[\'logged\'][\'member\'] || $GLOBALS[\'logged\'][\'admin\']) && {isAllowedAdd} == 1) return _t(\'_bx_sites_action_add_site\'); return;',1,'bx_sites_title',0),(120,'{evalResult}','link','{BaseUri}browse/my','','if ($GLOBALS[\'logged\'][\'member\'] || $GLOBALS[\'logged\'][\'admin\']) return _t(\'_bx_sites_action_my_sites\'); return;',2,'bx_sites_title',0),(121,'{sbs_sites_title}','paperclip','','{sbs_sites_script}','',6,'bx_sites',0),(122,'{repostCpt}','repeat','','{repostScript}','',7,'bx_sites',0),(131,'{TitleEdit}','edit','{evalResult}','','$oConfig = $GLOBALS[\'oBxArticlesModule\']->_oConfig; return  BX_DOL_URL_ROOT . $oConfig->getBaseUri() . \'edit/{ID}\';',0,'modzzz_articles',0),(132,'{TitleDelete}','remove','','getHtmlData( \'ajaxy_popup_result_div_{ID}\', \'{evalResult}\', false, \'post\', true);return false;','$oConfig = $GLOBALS[\'oBxArticlesModule\']->_oConfig; return  BX_DOL_URL_ROOT . $oConfig->getBaseUri() . \'delete/{ID}\';',1,'modzzz_articles',0),(133,'{TitleShare}','share-square-o','','showPopupAnyHtml (\'{BaseUri}share_popup/{ID}\');','',2,'modzzz_articles',0),(134,'{AddToFeatured}','star-o','','getHtmlData( \'ajaxy_popup_result_div_{ID}\', \'{evalResult}\', false, \'post\');return false;','$oConfig = $GLOBALS[\'oBxArticlesModule\']->_oConfig; return BX_DOL_URL_ROOT . $oConfig->getBaseUri() . \'mark_featured/{ID}\';',6,'modzzz_articles',0),(135,'{AddToFavorite}','hand-o-right','','getHtmlData( \'ajaxy_popup_result_div_{ID}\', \'{evalResult}\', false, \'post\');return false;','$oConfig = $GLOBALS[\'oBxArticlesModule\']->_oConfig; return BX_DOL_URL_ROOT . $oConfig->getBaseUri() . \'mark_favorite/{ID}\';',7,'modzzz_articles',0),(136,'{TitleUploadPhotos}','picture-o','{BaseUri}upload_photos/{URI}','','',9,'modzzz_articles',0),(137,'{TitleEmbed}','film','{BaseUri}embed/{URI}','','',10,'modzzz_articles',0),(138,'{TitleUploadVideos}','film','{BaseUri}upload_videos/{URI}','','',10,'modzzz_articles',0),(139,'{TitleUploadSounds}','music','{BaseUri}upload_sounds/{URI}','','',11,'modzzz_articles',0),(140,'{TitleUploadFiles}','save','{BaseUri}upload_files/{URI}','','',12,'modzzz_articles',0),(141,'{TitleSubscribe}','paperclip','','{ScriptSubscribe}','',13,'modzzz_articles',0),(142,'{TitleActivate}','check-circle-o','','getHtmlData( \'ajaxy_popup_result_div_{ID}\', \'{evalResult}\', false, \'post\');return false;','$oConfig = $GLOBALS[\'oBxArticlesModule\']->_oConfig; return BX_DOL_URL_ROOT . $oConfig->getBaseUri() . \'activate/{ID}\';',30,'modzzz_articles',0),(143,'{repostCpt}','repeat','','{repostScript}','',31,'modzzz_articles',0),(144,'{evalResult}','plus','{BaseUri}browse/my&filter=add_article','','return $GLOBALS[\'logged\'][\'member\'] || $GLOBALS[\'logged\'][\'admin\'] ? _t(\'_modzzz_articles_action_add_article\') : \'\';',1,'modzzz_articles_title',0),(145,'{evalResult}','file','{BaseUri}browse/my','','return $GLOBALS[\'logged\'][\'member\'] || $GLOBALS[\'logged\'][\'admin\'] ? _t(\'_modzzz_articles_action_my_articles\') : \'\';',2,'modzzz_articles_title',0);

--
-- Table structure for table `sys_objects_auths`
--

CREATE TABLE `sys_objects_auths` (
  `ID` int(10) unsigned NOT NULL AUTO_INCREMENT,
  `Name` varchar(64) NOT NULL,
  `Title` varchar(128) NOT NULL,
  `Link` varchar(255) NOT NULL,
  `OnClick` varchar(255) NOT NULL,
  `Icon` varchar(64) NOT NULL,
  PRIMARY KEY (`ID`)
) ENGINE=MyISAM AUTO_INCREMENT=3 DEFAULT CHARSET=utf8;

--
-- Dumping data for table `sys_objects_auths`
--


--
-- Table structure for table `sys_objects_captcha`
--

CREATE TABLE `sys_objects_captcha` (
  `id` int(11) NOT NULL AUTO_INCREMENT,
  `object` varchar(32) NOT NULL,
  `title` varchar(255) NOT NULL,
  `override_class_name` varchar(255) NOT NULL,
  `override_class_file` varchar(255) NOT NULL,
  PRIMARY KEY (`id`)
) ENGINE=MyISAM AUTO_INCREMENT=2 DEFAULT CHARSET=utf8;

--
-- Dumping data for table `sys_objects_captcha`
--

INSERT INTO `sys_objects_captcha` VALUES (1,'sys_recaptcha','reCAPTCHA','BxTemplCaptchaReCAPTCHA','');

--
-- Table structure for table `sys_objects_categories`
--

CREATE TABLE `sys_objects_categories` (
  `ID` int(10) unsigned NOT NULL AUTO_INCREMENT,
  `ObjectName` varchar(50) NOT NULL,
  `Query` text NOT NULL,
  `PermalinkParam` varchar(50) NOT NULL DEFAULT '',
  `EnabledPermalink` varchar(100) NOT NULL DEFAULT '',
  `DisabledPermalink` varchar(100) NOT NULL DEFAULT '',
  `LangKey` varchar(100) NOT NULL DEFAULT '',
  PRIMARY KEY (`ID`)
) ENGINE=MyISAM AUTO_INCREMENT=11 DEFAULT CHARSET=utf8;

--
-- Dumping data for table `sys_objects_categories`
--

INSERT INTO `sys_objects_categories` VALUES (1,'bx_events','SELECT `Categories` FROM `bx_events_main` WHERE `ID` = {iID} AND `Status` = \'approved\'','bx_events_permalinks','m/events/browse/category/{tag}','modules/?r=events/browse/category/{tag}','_bx_events'),(2,'bx_photos','SELECT `Categories` FROM `bx_photos_main` WHERE `ID`  = {iID} AND `Status` = \'approved\'','bx_photos_permalinks','m/photos/browse/category/{tag}','modules/?r=photos/browse/category/{tag}','_bx_photos'),(3,'bx_news','SELECT `categories` FROM `bx_news_entries` WHERE `id`=\'{iID}\' AND `status`=\'0\'','permalinks_module_news','m/news/category/{tag}','modules/?r=news/category/{tag}','_news_lcaption_categories'),(6,'bx_groups','SELECT `Categories` FROM `bx_groups_main` WHERE `id` = {iID} AND `status` = \'approved\'','bx_groups_permalinks','m/groups/browse/category/{tag}','modules/?r=groups/browse/category/{tag}','_bx_groups'),(8,'bx_sites','SELECT `categories` FROM `bx_sites_main` WHERE `id` = {iID} AND `status` = \'approved\'','bx_sites_permalinks','m/sites/browse/category/{tag}','modules/?r=sites/browse/category/{tag}','_bx_sites');

--
-- Table structure for table `sys_objects_charts`
--

CREATE TABLE `sys_objects_charts` (
  `id` int(11) NOT NULL AUTO_INCREMENT,
  `object` varchar(32) NOT NULL,
  `title` varchar(255) NOT NULL,
  `table` varchar(255) NOT NULL,
  `field_date_ts` varchar(255) NOT NULL,
  `field_date_dt` varchar(255) NOT NULL,
  `column_date` int(11) NOT NULL DEFAULT '0',
  `column_count` int(11) NOT NULL DEFAULT '1',
  `type` varchar(255) NOT NULL,
  `options` text NOT NULL,
  `query` text NOT NULL,
  `active` tinyint(4) NOT NULL DEFAULT '1',
  `order` int(11) NOT NULL,
  PRIMARY KEY (`id`),
  UNIQUE KEY `object` (`object`)
) ENGINE=MyISAM AUTO_INCREMENT=27 DEFAULT CHARSET=utf8;

--
-- Dumping data for table `sys_objects_charts`
--

INSERT INTO `sys_objects_charts` VALUES (1,'sys_profiles','_Members','Profiles','','DateReg',0,1,'','','',1,1),(2,'sys_subscribers','_Subscribers','sys_sbs_users','date','',0,1,'','','',1,2),(3,'sys_messages','_Messages','sys_messages','','Date',0,1,'','','',1,3),(4,'sys_greetings','_Greetings','sys_greetings','','When',0,1,'','','',1,4),(5,'sys_tags','_Tags','sys_tags','','Date',0,1,'','','',1,5),(6,'sys_categories','_Categories','sys_categories','','Date',0,1,'','','',1,6),(7,'sys_banners','_adm_bann_clicks_chart','sys_banners_clicks','Date','',0,1,'','','',1,7),(8,'bx_events','_bx_events','bx_events_main','Date','',0,1,'','','',1,8),(10,'bx_wall','_bx_wall_chart','bx_wall_events','date','',0,1,'','','',1,10),(11,'bx_photos','_bx_photos','bx_photos_main','Date','',0,1,'','','',1,11),(12,'bx_feedback','_feedback_chart','bx_fdb_entries','date','',0,1,'','','',1,12),(13,'bx_news','_news_chart','bx_news_entries','when','',0,1,'','','',1,13),(15,'bx_simple_messenger','_simple_messenger_chart','bx_simple_messenger_messages','','Date',0,1,'','','',1,15),(17,'bx_ads','_bx_ads_Ads','bx_ads_main','DateTime','',0,1,'','','',1,17),(18,'bx_forum','_bx_forum_forum_posts','bx_forum_post','when','',0,1,'','','',1,18),(20,'bx_groups','_bx_groups','bx_groups_main','created','',0,1,'','','',1,20),(26,'modzzz_articles','_modzzz_articles','modzzz_articles_main','when','',0,1,'','','',1,23),(23,'bx_sites','_bx_sites','bx_sites_main','date','',0,1,'','','',1,22);

--
-- Table structure for table `sys_objects_cmts`
--

CREATE TABLE `sys_objects_cmts` (
  `ID` int(10) unsigned NOT NULL AUTO_INCREMENT,
  `ObjectName` varchar(50) NOT NULL,
  `TableCmts` varchar(50) NOT NULL,
  `TableTrack` varchar(50) NOT NULL,
  `AllowTags` smallint(1) NOT NULL,
  `Nl2br` smallint(1) NOT NULL,
  `SecToEdit` smallint(6) NOT NULL,
  `PerView` smallint(6) NOT NULL,
  `IsRatable` smallint(1) NOT NULL,
  `ViewingThreshold` smallint(6) NOT NULL,
  `AnimationEffect` varchar(50) NOT NULL,
  `AnimationSpeed` smallint(6) NOT NULL,
  `IsOn` smallint(1) NOT NULL,
  `IsMood` smallint(1) NOT NULL,
  `RootStylePrefix` varchar(16) NOT NULL DEFAULT 'cmt',
  `TriggerTable` varchar(32) NOT NULL,
  `TriggerFieldId` varchar(32) NOT NULL,
  `TriggerFieldComments` varchar(32) NOT NULL,
  `ClassName` varchar(32) NOT NULL,
  `ClassFile` varchar(256) NOT NULL,
  PRIMARY KEY (`ID`)
) ENGINE=MyISAM AUTO_INCREMENT=17 DEFAULT CHARSET=utf8;

--
-- Dumping data for table `sys_objects_cmts`
--

INSERT INTO `sys_objects_cmts` VALUES (1,'profile','sys_cmts_profile','sys_cmts_track',0,1,90,5,1,-3,'none',0,1,0,'cmt','Profiles','ID','CommentsCount','BxDolCmtsProfile','inc/classes/BxDolCmtsProfile.php'),(2,'bx_events','bx_events_cmts','bx_events_cmts_track',0,1,90,5,1,-3,'none',0,1,0,'cmt','bx_events_main','ID','CommentsCount','BxEventsCmts','modules/boonex/events/classes/BxEventsCmts.php'),(3,'bx_wall','bx_wall_comments','bx_wall_comments_track',0,1,90,9999,1,-3,'none',0,1,0,'wcmt','','','','BxWallCmts','modules/boonex/wall/classes/BxWallCmts.php'),(4,'bx_photos','bx_photos_cmts','sys_cmts_track',0,1,90,20,1,-3,'none',0,1,0,'cmt','bx_photos_main','ID','CommentsCount','BxPhotosCmts','modules/boonex/photos/classes/BxPhotosCmts.php'),(5,'bx_photos_albums','bx_photos_cmts_albums','sys_cmts_track',0,1,90,20,1,-3,'none',0,1,0,'cmt','','','','BxPhotosCmtsAlbums','modules/boonex/photos/classes/BxPhotosCmtsAlbums.php'),(6,'bx_feedback','bx_fdb_comments','bx_fdb_comments_track',0,1,90,20,1,-3,'none',0,1,0,'cmt','bx_fdb_entries','id','cmts_count','BxFdbCmts','modules/boonex/feedback/classes/BxFdbCmts.php'),(7,'bx_news','bx_news_comments','bx_news_comments_track',0,1,90,10,1,-3,'none',0,1,0,'cmt','bx_news_entries','id','cmts_count','BxNewsCmts','modules/boonex/news/classes/BxNewsCmts.php'),(10,'ads','bx_ads_cmts','sys_cmts_track',0,1,90,5,1,-3,'none',0,1,0,'cmt','bx_ads_main','ID','CommentsCount','BxAdsCmts','modules/boonex/ads/classes/BxAdsCmts.php'),(11,'bx_groups','bx_groups_cmts','bx_groups_cmts_track',0,1,90,5,1,-3,'none',0,1,0,'cmt','bx_groups_main','id','comments_count','BxGroupsCmts','modules/boonex/groups/classes/BxGroupsCmts.php'),(16,'modzzz_articles','modzzz_articles_cmts','modzzz_articles_cmts_track',0,1,90,5,1,-3,'none',0,1,0,'cmt','modzzz_articles_main','id','comments_count','BxArticlesCmts','modules/modzzz/articles/classes/BxArticlesCmts.php'),(13,'bx_sites','bx_sites_cmts','bx_sites_cmts_track',0,1,90,5,1,-3,'none',0,1,0,'cmt','bx_sites_main','id','commentsCount','BxSitesCmts','modules/boonex/sites/classes/BxSitesCmts.php');

--
-- Table structure for table `sys_objects_editor`
--

CREATE TABLE `sys_objects_editor` (
  `id` int(11) NOT NULL AUTO_INCREMENT,
  `object` varchar(32) NOT NULL,
  `title` varchar(255) NOT NULL,
  `skin` varchar(255) NOT NULL,
  `override_class_name` varchar(255) NOT NULL,
  `override_class_file` varchar(255) NOT NULL,
  PRIMARY KEY (`id`),
  UNIQUE KEY `object` (`object`)
) ENGINE=MyISAM AUTO_INCREMENT=2 DEFAULT CHARSET=utf8;

--
-- Dumping data for table `sys_objects_editor`
--

INSERT INTO `sys_objects_editor` VALUES (1,'sys_tinymce','TinyMCE','lightgray','BxTemplEditorTinyMCE','');

--
-- Table structure for table `sys_objects_member_info`
--

CREATE TABLE `sys_objects_member_info` (
  `id` int(11) NOT NULL AUTO_INCREMENT,
  `object` varchar(32) NOT NULL,
  `title` varchar(255) NOT NULL,
  `type` varchar(32) NOT NULL,
  `override_class_name` varchar(255) NOT NULL,
  `override_class_file` varchar(255) NOT NULL,
  PRIMARY KEY (`id`)
) ENGINE=MyISAM AUTO_INCREMENT=28 DEFAULT CHARSET=utf8;

--
-- Dumping data for table `sys_objects_member_info`
--

INSERT INTO `sys_objects_member_info` VALUES (1,'sys_username','_sys_member_info_username','name','',''),(27,'bx_photos_icon_2x','_bx_photos_member_info_profile_photo_icon_2x','thumb_icon_2x','BxPhotosMemberInfo','modules/boonex/photos/classes/BxPhotosMemberInfo.php'),(6,'sys_status_message','_sys_member_info_status_message','info','',''),(7,'sys_age_sex','_sys_member_info_age_sex','info','',''),(8,'sys_location','_sys_member_info_location','info','',''),(9,'sys_avatar','_sys_member_thumb_avatar','thumb','',''),(10,'sys_avatar_icon','_sys_member_thumb_icon_avatar','thumb_icon','',''),(11,'sys_username','_sys_member_info_username','name','',''),(26,'bx_photos_thumb_2x','_bx_photos_member_info_profile_photo_2x','thumb_2x','BxPhotosMemberInfo','modules/boonex/photos/classes/BxPhotosMemberInfo.php'),(25,'sys_avatar_icon_2x','_sys_member_thumb_icon_avatar_2x','thumb_icon_2x','',''),(24,'sys_avatar_2x','_sys_member_thumb_avatar_2x','thumb_2x','',''),(23,'sys_full_name','_sys_member_info_full_name','name','',''),(16,'sys_status_message','_sys_member_info_status_message','info','',''),(17,'sys_age_sex','_sys_member_info_age_sex','info','',''),(18,'sys_location','_sys_member_info_location','info','',''),(19,'sys_avatar','_sys_member_thumb_avatar','thumb','',''),(20,'sys_avatar_icon','_sys_member_thumb_icon_avatar','thumb_icon','',''),(21,'bx_photos_thumb','_bx_photos_member_info_profile_photo','thumb','BxPhotosMemberInfo','modules/boonex/photos/classes/BxPhotosMemberInfo.php'),(22,'bx_photos_icon','_bx_photos_member_info_profile_photo_icon','thumb_icon','BxPhotosMemberInfo','modules/boonex/photos/classes/BxPhotosMemberInfo.php');

--
-- Table structure for table `sys_objects_payments`
--

CREATE TABLE `sys_objects_payments` (
  `id` int(11) NOT NULL AUTO_INCREMENT,
  `object` varchar(32) NOT NULL,
  `title` varchar(255) NOT NULL,
  `uri` varchar(32) NOT NULL DEFAULT '',
  PRIMARY KEY (`id`),
  UNIQUE KEY `object` (`object`),
  UNIQUE KEY `uri` (`uri`)
) ENGINE=MyISAM DEFAULT CHARSET=utf8;

--
-- Dumping data for table `sys_objects_payments`
--


--
-- Table structure for table `sys_objects_search`
--

CREATE TABLE `sys_objects_search` (
  `ID` int(10) unsigned NOT NULL AUTO_INCREMENT,
  `ObjectName` varchar(50) NOT NULL DEFAULT '',
  `Title` varchar(50) NOT NULL DEFAULT '',
  `ClassName` varchar(50) NOT NULL DEFAULT '',
  `ClassPath` varchar(100) NOT NULL DEFAULT '',
  PRIMARY KEY (`ID`)
) ENGINE=MyISAM AUTO_INCREMENT=17 DEFAULT CHARSET=utf8;

--
-- Dumping data for table `sys_objects_search`
--

INSERT INTO `sys_objects_search` VALUES (3,'profile','_Profiles','BxTemplSearchProfile','templates/tmpl_{tmpl}/scripts/BxTemplSearchProfile.php'),(4,'bx_events','_bx_events','BxEventsSearchResult','modules/boonex/events/classes/BxEventsSearchResult.php'),(5,'bx_photos','_bx_photos','BxPhotosSearch','modules/boonex/photos/classes/BxPhotosSearch.php'),(6,'bx_feedback','_feedback_lcaption_search_object','BxFdbSearchResult','modules/boonex/feedback/classes/BxFdbSearchResult.php'),(7,'bx_news','_news_lcaption_search_object','BxNewsSearchResult','modules/boonex/news/classes/BxNewsSearchResult.php'),(11,'bx_groups','_bx_groups','BxGroupsSearchResult','modules/boonex/groups/classes/BxGroupsSearchResult.php'),(10,'bx_ads','_bx_ads_Ads','BxAdsSearchUnit','modules/boonex/ads/classes/BxAdsSearchUnit.php'),(16,'modzzz_articles','_modzzz_articles','BxArticlesSearchResult','modules/modzzz/articles/classes/BxArticlesSearchResult.php'),(13,'bx_sites','_bx_sites','BxSitesSearchResult','modules/boonex/sites/classes/BxSitesSearchResult.php');

--
-- Table structure for table `sys_objects_site_maps`
--

CREATE TABLE `sys_objects_site_maps` (
  `id` int(11) NOT NULL AUTO_INCREMENT,
  `object` varchar(32) NOT NULL,
  `title` varchar(255) NOT NULL,
  `priority` varchar(5) NOT NULL DEFAULT '0.6',
  `changefreq` enum('always','hourly','daily','weekly','monthly','yearly','never','auto') NOT NULL DEFAULT 'auto',
  `class_name` varchar(255) NOT NULL,
  `class_file` varchar(255) NOT NULL,
  `order` tinyint(4) NOT NULL,
  `active` tinyint(4) NOT NULL,
  PRIMARY KEY (`id`),
  UNIQUE KEY `object` (`object`)
) ENGINE=MyISAM AUTO_INCREMENT=20 DEFAULT CHARSET=utf8;

--
-- Dumping data for table `sys_objects_site_maps`
--

INSERT INTO `sys_objects_site_maps` VALUES (1,'system','_sys_sitemap_system','0.6','weekly','BxDolSiteMapsSystem','',1,1),(2,'profiles','_sys_sitemap_profiles','0.8','daily','BxDolSiteMapsProfiles','',2,1),(3,'profiles_info','_sys_sitemap_profiles_info','0.8','daily','BxDolSiteMapsProfilesInfo','',3,1),(4,'pages','_sys_sitemap_pages','0.8','weekly','BxDolSiteMapsPages','',4,1),(5,'bx_events','_bx_events','0.8','auto','BxEventsSiteMaps','modules/boonex/events/classes/BxEventsSiteMaps.php',5,1),(6,'bx_photos','_bx_photos','0.8','auto','BxPhotosSiteMapsPhotos','modules/boonex/photos/classes/BxPhotosSiteMapsPhotos.php',6,1),(7,'bx_photos_albums','_bx_photos_albums','0.8','auto','BxPhotosSiteMapsAlbums','modules/boonex/photos/classes/BxPhotosSiteMapsAlbums.php',7,1),(8,'bx_feedback','_feedback_sitemap','0.8','auto','BxFdbSiteMaps','modules/boonex/feedback/classes/BxFdbSiteMaps.php',8,1),(9,'bx_news','_news_sitemap','0.8','auto','BxNewsSiteMaps','modules/boonex/news/classes/BxNewsSiteMaps.php',9,1),(14,'bx_groups','_bx_groups','0.8','auto','BxGroupsSiteMaps','modules/boonex/groups/classes/BxGroupsSiteMaps.php',14,1),(12,'bx_ads','_bx_ads_Ads','0.8','auto','BxAdsSiteMaps','modules/boonex/ads/classes/BxAdsSiteMaps.php',12,1),(13,'bx_forum','_bx_forums_sitemap','0.8','auto','BxForumSiteMaps','modules/boonex/forum/classes/BxForumSiteMaps.php',13,1),(19,'modzzz_articles','_modzzz_articles','0.8','auto','BxArticlesSiteMaps','modules/modzzz/articles/classes/BxArticlesSiteMaps.php',17,1),(16,'bx_sites','_bx_sites','0.8','auto','BxSitesSiteMaps','modules/boonex/sites/classes/BxSitesSiteMaps.php',16,1);

--
-- Table structure for table `sys_objects_social_sharing`
--

CREATE TABLE `sys_objects_social_sharing` (
  `id` int(11) NOT NULL AUTO_INCREMENT,
  `object` varchar(32) NOT NULL,
  `content` text NOT NULL,
  `order` int(11) NOT NULL,
  `active` tinyint(4) NOT NULL,
  PRIMARY KEY (`id`)
) ENGINE=MyISAM AUTO_INCREMENT=5 DEFAULT CHARSET=utf8;

--
-- Dumping data for table `sys_objects_social_sharing`
--

INSERT INTO `sys_objects_social_sharing` VALUES (1,'facebook','<iframe src=\"//www.facebook.com/plugins/like.php?href={url_encoded}&amp;send=false&amp;layout=button_count&amp;width=450&amp;show_faces=false&amp;action=like&amp;colorscheme=light&amp;font&amp;height=21&amp;locale={locale}\" scrolling=\"no\" frameborder=\"0\" style=\"border:none; overflow:hidden; width:100%; height:21px;\" allowTransparency=\"true\"></iframe>',1,1),(2,'googleplus','<div style=\"height:21px;\">\r\n<div class=\"g-plusone\" data-size=\"medium\" data-href=\"{url}\"></div>\r\n<script type=\"text/javascript\">\r\n  window.___gcfg = {lang: \'{lang}\'};\r\n  (function() {\r\n    var po = document.createElement(\'script\'); po.type = \'text/javascript\'; po.async = true;\r\n    po.src = \'https://apis.google.com/js/plusone.js\';\r\n    var s = document.getElementsByTagName(\'script\')[0]; s.parentNode.insertBefore(po, s);\r\n  })();\r\n</script>\r\n</div>',2,1),(3,'twitter','<iframe allowtransparency=\"true\" frameborder=\"0\" scrolling=\"no\" src=\"//platform.twitter.com/widgets/tweet_button.html?url={url_encoded}&amp;text={title_encoded}&amp;size=medium&amp;count=horizontal&amp;lang={lang}\" style=\"width:100%;height:21px;\"></iframe>',3,1),(4,'pinterest','<a href=\"http://pinterest.com/pin/create/button/?url={url_encoded}&media={img_url_encoded}&description={title_encoded}\" class=\"pin-it-button\" count-layout=\"horizontal\"><img border=\"0\" src=\"//assets.pinterest.com/images/PinExt.png\" title=\"Pin It\" /></a>\r\n\r\n<script type=\"text/javascript\" src=\"//assets.pinterest.com/js/pinit.js\"></script>',4,1);

--
-- Table structure for table `sys_objects_tag`
--

CREATE TABLE `sys_objects_tag` (
  `ID` int(10) unsigned NOT NULL AUTO_INCREMENT,
  `ObjectName` varchar(50) NOT NULL,
  `Query` text NOT NULL,
  `PermalinkParam` varchar(50) NOT NULL DEFAULT '',
  `EnabledPermalink` varchar(100) NOT NULL DEFAULT '',
  `DisabledPermalink` varchar(100) NOT NULL DEFAULT '',
  `LangKey` varchar(100) NOT NULL DEFAULT '',
  PRIMARY KEY (`ID`)
) ENGINE=MyISAM AUTO_INCREMENT=15 DEFAULT CHARSET=utf8;

--
-- Dumping data for table `sys_objects_tag`
--

INSERT INTO `sys_objects_tag` VALUES (1,'profile','SELECT `Tags` FROM `Profiles` WHERE `ID` = {iID} AND `Status` = \'Active\'','enable_modrewrite','search/tag/{tag}','search.php?Tags={tag}','_Profiles'),(2,'bx_events','SELECT `Tags` FROM `bx_events_main` WHERE `ID` = {iID} AND `Status` = \'approved\'','bx_events_permalinks','m/events/browse/tag/{tag}','modules/?r=events/browse/tag/{tag}','_bx_events'),(3,'bx_photos','SELECT `Tags` FROM `bx_photos_main` WHERE `ID` = {iID} AND `Status` = \'approved\'','bx_photos_permalinks','m/photos/browse/tag/{tag}','modules/?r=photos/browse/tag/{tag}','_bx_photos'),(4,'bx_feedback','SELECT `tags` FROM `bx_fdb_entries` WHERE `id`={iID} AND `status`=0','permalinks_module_feedback','m/feedback/tags/{tag}','modules/?r=feedback/tags/{tag}','_feedback_lcaption_tags_object'),(5,'bx_news','SELECT `tags` FROM `bx_news_entries` WHERE `id`={iID} AND `status`=0','permalinks_module_news','m/news/tag/{tag}','modules/?r=news/tag/{tag}','_news_lcaption_tags'),(9,'bx_groups','SELECT `Tags` FROM `bx_groups_main` WHERE `id` = {iID} AND `status` = \'approved\'','bx_groups_permalinks','m/groups/browse/tag/{tag}','modules/?r=groups/browse/tag/{tag}','_bx_groups'),(8,'ad','SELECT `Tags` FROM `bx_ads_main` WHERE `ID` = {iID} AND `status` = \'active\'','permalinks_module_ads','ads/tag/{tag}','modules/boonex/ads/classifieds_tags.php?tag={tag}','_bx_ads_Ads'),(14,'modzzz_articles','SELECT `Tags` FROM `modzzz_articles_main` WHERE `id` = {iID} AND `status` = \'approved\'','modzzz_articles_permalinks','m/articles/browse/tag/{tag}','modules/?r=articles/browse/tag/{tag}','_modzzz_articles'),(11,'bx_sites','SELECT `tags` FROM `bx_sites_main` WHERE `id` = {iID} AND `status` = \'approved\'','bx_sites_permalinks','m/sites/browse/tag/{tag}','modules/?r=sites/browse/tag/{tag}','_bx_sites');

--
-- Table structure for table `sys_objects_views`
--

CREATE TABLE `sys_objects_views` (
  `id` int(11) NOT NULL AUTO_INCREMENT,
  `name` varchar(32) NOT NULL,
  `table_track` varchar(32) NOT NULL,
  `period` int(11) NOT NULL DEFAULT '86400',
  `trigger_table` varchar(32) NOT NULL,
  `trigger_field_id` varchar(32) NOT NULL,
  `trigger_field_views` varchar(32) NOT NULL,
  `is_on` tinyint(4) NOT NULL DEFAULT '1',
  PRIMARY KEY (`id`)
) ENGINE=MyISAM AUTO_INCREMENT=13 DEFAULT CHARSET=utf8;

--
-- Dumping data for table `sys_objects_views`
--

INSERT INTO `sys_objects_views` VALUES (1,'profiles','sys_profile_views_track',86400,'Profiles','ID','Views',1),(2,'bx_events','bx_events_views_track',86400,'bx_events_main','ID','Views',1),(3,'bx_photos','bx_photos_views_track',86400,'bx_photos_main','ID','Views',1),(4,'bx_news','bx_news_views_track',86400,'bx_news_entries','id','view_count',1),(6,'ads','bx_ads_views_track',86400,'bx_ads_main','ID','Views',1),(7,'bx_groups','bx_groups_views_track',86400,'bx_groups_main','id','views',1),(12,'modzzz_articles','modzzz_articles_views_track',86400,'modzzz_articles_main','id','views',1),(9,'bx_sites','bx_sites_views_track',86400,'bx_sites_main','id','views',1);

--
-- Table structure for table `sys_objects_vote`
--

CREATE TABLE `sys_objects_vote` (
  `ID` int(10) unsigned NOT NULL AUTO_INCREMENT,
  `ObjectName` varchar(50) NOT NULL,
  `TableRating` varchar(50) NOT NULL,
  `TableTrack` varchar(50) NOT NULL,
  `RowPrefix` varchar(20) NOT NULL,
  `MaxVotes` smallint(2) NOT NULL,
  `PostName` varchar(50) NOT NULL,
  `IsDuplicate` varchar(80) NOT NULL,
  `IsOn` smallint(1) NOT NULL,
  `className` varchar(50) NOT NULL DEFAULT '',
  `classFile` varchar(100) NOT NULL DEFAULT '',
  `TriggerTable` varchar(32) NOT NULL,
  `TriggerFieldRate` varchar(32) NOT NULL,
  `TriggerFieldRateCount` varchar(32) NOT NULL,
  `TriggerFieldId` varchar(32) NOT NULL,
  `OverrideClassName` varchar(32) NOT NULL,
  `OverrideClassFile` varchar(256) NOT NULL,
  PRIMARY KEY (`ID`)
) ENGINE=MyISAM AUTO_INCREMENT=16 DEFAULT CHARSET=utf8;

--
-- Dumping data for table `sys_objects_vote`
--

INSERT INTO `sys_objects_vote` VALUES (1,'profile','sys_profile_rating','sys_profile_voting_track','pr_',5,'vote_send_result','BX_PERIOD_PER_VOTE',1,'','','Profiles','Rate','RateCount','ID','',''),(2,'bx_events','bx_events_rating','bx_events_rating_track','gal_',5,'vote_send_result','BX_PERIOD_PER_VOTE',1,'','','bx_events_main','Rate','RateCount','ID','BxEventsVoting','modules/boonex/events/classes/BxEventsVoting.php'),(3,'bx_photos','bx_photos_rating','bx_photos_voting_track','gal_',5,'vote_send_result','BX_PERIOD_PER_VOTE',1,'BxPhotosRate','modules/boonex/photos/classes/BxPhotosRate.php','bx_photos_main','Rate','RateCount','ID','',''),(4,'bx_feedback','bx_fdb_voting','bx_fdb_voting_track','fdb_',5,'vote_send_result','BX_PERIOD_PER_VOTE',1,'','','bx_fdb_entries','rate','rate_count','id','BxFdbVoting','modules/boonex/feedback/classes/BxFdbVoting.php'),(5,'bx_news','bx_news_voting','bx_news_voting_track','news_',5,'vote_send_result','BX_PERIOD_PER_VOTE',1,'','','bx_news_entries','rate','rate_count','id','BxNewsVoting','modules/boonex/news/classes/BxNewsVoting.php'),(9,'bx_groups','bx_groups_rating','bx_groups_rating_track','gal_',5,'vote_send_result','BX_PERIOD_PER_VOTE',1,'','','bx_groups_main','rate','rate_count','id','BxGroupsVoting','modules/boonex/groups/classes/BxGroupsVoting.php'),(8,'ads','bx_ads_rating','bx_ads_voting_track','ads_',5,'vote_send_result','BX_PERIOD_PER_VOTE',1,'','','bx_ads_main','Rate','RateCount','ID','',''),(10,'bx_wall','bx_wall_voting','bx_wall_voting_track','wall_',5,'vote_send_result','BX_PERIOD_PER_VOTE',1,'','','','','','','BxWallVoting','modules/boonex/wall/classes/BxWallVoting.php'),(15,'modzzz_articles','modzzz_articles_rating','modzzz_articles_rating_track','gal_',5,'vote_send_result','BX_PERIOD_PER_VOTE',1,'','','modzzz_articles_main','rate','rate_count','id','BxArticlesVoting','modules/modzzz/articles/classes/BxArticlesVoting.php'),(12,'bx_sites','bx_sites_rating','bx_sites_rating_track','sites_',5,'vote_send_result','BX_PERIOD_PER_VOTE',1,'','','bx_sites_main','rate','rateCount','id','BxSitesVoting','modules/boonex/sites/classes/BxSitesVoting.php');

--
-- Table structure for table `sys_options`
--

CREATE TABLE `sys_options` (
  `Name` varchar(64) NOT NULL DEFAULT '',
  `VALUE` mediumtext NOT NULL,
  `kateg` int(6) unsigned NOT NULL DEFAULT '0',
  `desc` varchar(255) NOT NULL DEFAULT '',
  `Type` enum('digit','text','checkbox','select','select_multiple','file','list') NOT NULL DEFAULT 'digit',
  `check` text NOT NULL,
  `err_text` varchar(255) NOT NULL DEFAULT '',
  `order_in_kateg` float DEFAULT NULL,
  `AvailableValues` text NOT NULL,
  PRIMARY KEY (`Name`),
  KEY `kateg` (`kateg`)
) ENGINE=MyISAM DEFAULT CHARSET=utf8;

--
-- Dumping data for table `sys_options`
--



--
-- Table structure for table `sys_options_cats`
--

CREATE TABLE `sys_options_cats` (
  `ID` int(6) unsigned NOT NULL AUTO_INCREMENT,
  `name` varchar(50) NOT NULL DEFAULT '',
  `menu_order` float DEFAULT NULL,
  PRIMARY KEY (`ID`)
) ENGINE=MyISAM AUTO_INCREMENT=156 DEFAULT CHARSET=utf8;

--
-- Dumping data for table `sys_options_cats`
--

INSERT INTO `sys_options_cats` VALUES (1,'Profiles',1),(3,'General',3),(4,'Massmailer',4),(5,'Memberships',5),(6,'Moderation',6),(7,'Site',7),(9,'Privacy Groups',9),(11,'Pruning',11),(12,'Matches',12),(13,'Template',13),(14,'Security',14),(16,'Watermark',16),(21,'Languages',21),(22,'IP Block List',22),(23,'Antispam',23),(24,'Caching',24),(25,'Tags Settings',25),(26,'Permalinks',26),(27,'Categories Settings',27),(100,'ZIP Code Search',28),(102,'Events',30),(134,'World Map General',57),(104,'Timeline',32),(105,'Photos',NULL),(106,'Feedback',33),(107,'News',34),(109,'Simple Messenger',36),(111,'Ads',38),(113,'Avatar',39),(133,'Google Search',56),(144,'World Map Home: Ads',64),(143,'World Map Edit Location: Events',63),(141,'World Map Home: Events',61),(139,'World Map Entry: Profiles',59),(137,'World Map Separate',57),(138,'World Map Home: Profiles',58),(135,'World Map Hidden',57),(136,'World Map Homepage',57),(129,'Groups',52),(142,'World Map Entry: Events',62),(140,'World Map Edit Location: Profiles',60),(145,'World Map Entry: Ads',65),(146,'World Map Edit Location: Ads',66),(147,'World Map Home: Groups',67),(148,'World Map Entry: Groups',68),(149,'World Map Edit Location: Groups',69),(155,'Articles',72),(152,'Sites',71);

--
-- Table structure for table `sys_page_compose`
--

CREATE TABLE `sys_page_compose` (
  `ID` int(11) unsigned NOT NULL AUTO_INCREMENT,
  `Page` varchar(255) NOT NULL DEFAULT '',
  `PageWidth` varchar(10) NOT NULL DEFAULT '1140px',
  `Desc` text NOT NULL,
  `Caption` varchar(255) NOT NULL DEFAULT '',
  `Column` tinyint(3) unsigned NOT NULL DEFAULT '0',
  `Order` smallint(6) unsigned NOT NULL DEFAULT '0',
  `Func` varchar(255) NOT NULL DEFAULT '',
  `Content` text NOT NULL,
  `DesignBox` tinyint(3) unsigned NOT NULL DEFAULT '1',
  `ColWidth` float unsigned NOT NULL DEFAULT '0',
  `Visible` set('non','memb') NOT NULL DEFAULT 'non,memb',
  `MinWidth` int(10) unsigned NOT NULL DEFAULT '0',
  `Cache` int(11) NOT NULL DEFAULT '0',
  PRIMARY KEY (`ID`)
) ENGINE=MyISAM AUTO_INCREMENT=399 DEFAULT CHARSET=utf8;

--
-- Dumping data for table `sys_page_compose`
--

INSERT INTO `sys_page_compose` VALUES (1,'','1240','RSS Feed','_RSS Feed',0,0,'Sample','RSS',1,0,'non,memb',0,0),(2,'','1240','Simple HTML Block','_HTML Block',0,0,'Sample','Echo',11,0,'non,memb',0,0),(3,'index','1120px','Shows statistic information about your site content','_Site Stats',0,0,'SiteStats','',1,21.7,'non,memb',0,3600),(4,'index','1120px','Display form to subscribe to newsletters','_Subscribe_block_caption',0,0,'Subscribe','',1,24.4,'non,memb',0,0),(5,'index','1120px','Quick search form','_Quick Search',0,0,'QuickSearch','',1,50,'memb',0,0),(6,'index','1120px','List of featured profiles','_featured members',0,0,'Featured','',1,71.9,'non,memb',0,0),(7,'index','1120px','Site Tags','_Tags',0,0,'Tags','',1,71.9,'non,memb',0,0),(8,'index','1120px','Site Categories','_Categories',0,0,'Categories','',1,71.9,'non,memb',0,0),(9,'index','1120px','List of profiles','_Members',0,0,'Members','',1,24.4,'non,memb',0,0),(10,'index','1120px','Shows Login Form','_Member_Login',2,0,'LoginSection','',11,30.7,'non',0,86400),(11,'index','1120px','','_BoonEx News',0,0,'RSS','https://www.boonex.com/notes/featured_posts/?rss=1#4',1,71.9,'non,memb',0,86400),(12,'index','1120px','Download','_sys_box_title_download',0,0,'Download','',1,28.1,'non,memb',0,86400),(13,'member','1120px','Quick Links','_Quick Links',0,0,'QuickLinks','',1,26.7,'memb',0,0),(14,'member','1120px','Friend Requests','_sys_bcpt_member_friend_requests',1,1,'FriendRequests','',1,50,'memb',0,0),(15,'member','1120px','New Messages','_sys_bcpt_member_new_messages',0,0,'NewMessages','',1,26.7,'memb',0,0),(16,'member','1120px','Account Control','_sys_bcpt_member_account_control',0,0,'AccountControl','',1,26.7,'memb',0,0),(17,'member','1120px','Member Friends','_My Friends',1,2,'Friends','',1,50,'memb',0,0),(18,'profile','1120px','Profile actions','_Actions',1,2,'ActionsMenu','',1,25.1,'',0,0),(19,'profile','1120px','Friend request notification','_FriendRequest',1,1,'FriendRequest','',1,25.1,'memb',0,0),(20,'profile','1120px','Profile description block','_Description',0,0,'Description','',1,25.1,'non,memb',0,0),(21,'profile','1120px','Profile Fields Block','_FieldCaption_Admin Controls_View',0,0,'PFBlock','21',1,25.1,'non,memb',0,0),(22,'profile','1120px','Profile Fields Block','_FieldCaption_GeneralInfo_View',0,0,'PFBlock','17',1,25.1,'non,memb',0,0),(23,'profile','1120px','Profile rating form','_rate profile',0,0,'RateProfile','',1,25.1,'non,memb',0,0),(24,'profile','1120px','Member friends list','_Friends',0,0,'Friends','',1,71.9,'non,memb',0,0),(25,'profile','1120px','Mutual friends of viewing and viewed members','_Mutual Friends',0,0,'MutualFriends','',1,71.9,'non,memb',0,0),(26,'profile','1120px','Comments on member profile','_profile_comments',0,0,'Cmts','',1,71.9,'non,memb',0,0),(27,'profile','1120px','Profile Fields Block','_FieldCaption_AboutYou_View',0,0,'PFBlock','20',1,71.9,'non,memb',0,0),(28,'profile_info','1120px','','_FieldCaption_General Info_View',1,0,'GeneralInfo','',1,100,'non,memb',0,0),(29,'profile_info','1120px','','_Additional information',1,2,'AdditionalInfo','',1,100,'non,memb',0,0),(30,'profile_info','1120px','Profile\'s description','_Description',1,1,'Description','',1,100,'non,memb',0,0),(31,'friends','1120px','','_Member Friends',1,1,'Friends','',1,71.9,'non,memb',0,0),(32,'friends','1120px','','_Member Friends Requests',2,1,'FriendsRequests','',1,28.1,'memb',0,0),(33,'friends','1120px','','_Member Friends Mutual',2,2,'FriendsMutual','',1,28.1,'memb',0,0),(34,'browse_page','1120px','','_Browse',1,0,'SettingsBlock','',0,28.1,'memb',0,0),(35,'browse_page','1120px','','_People',2,0,'SearchedMembersBlock','',1,71.9,'memb',0,0),(36,'mail_page','1120px','','_Mail box',1,0,'MailBox','',1,71.9,'non,memb',0,0),(37,'mail_page','1120px','','_My contacts',2,0,'Contacts','',1,28.1,'non,memb',0,0),(38,'mail_page_view','1120px','','_Mail box',1,0,'ViewMessage','',1,71.9,'non,memb',0,0),(39,'mail_page_view','1120px','','_Archive',2,0,'Archives','',1,28.1,'non,memb',0,0),(40,'mail_page_compose','1120px','','_COMPOSE_H',1,0,'ComposeMessage','',1,71.9,'non,memb',0,0),(41,'mail_page_compose','1120px','','_My contacts',2,0,'Contacts','',1,28.1,'non,memb',0,0),(42,'search','1120px','Search Results','_Search result',2,0,'Results','',1,71.9,'non,memb',0,0),(43,'search','1120px','Search Form','_Search profiles',1,0,'SearchForm','',1,28.1,'memb',0,0),(44,'search_home','1120px','Keyword Search','_sys_box_title_search_keyword',2,0,'Keyword','',1,50,'memb',0,86400),(45,'search_home','1120px','People Search','_sys_box_title_search_people',1,0,'People','',1,50,'memb',0,0),(46,'join','1120px','Join Form Block','_Join_now',2,0,'JoinForm','',1,100,'non',413,0),(47,'join','1120px','Login Form Block','_Login',0,1,'LoginSection','no_join_text',11,100,'non',250,86400),(48,'communicator_page','1121px','','_sys_cnts_bcpt_connections',1,1,'Connections','',1,71.9,'memb',0,0),(49,'communicator_page','1121px','','_sys_cnts_bcpt_friend_requests',2,1,'FriendRequests','',1,28.1,'memb',0,0),(50,'tags_home','1120px','Recent Tags','_tags_recent',1,0,'Recent','',1,28.1,'non,memb',0,0),(51,'tags_home','1120px','Popular Tags','_popular_tags',2,0,'Popular','',1,71.9,'non,memb',0,0),(52,'tags_calendar','1120px','Calendar','_tags_calendar',1,0,'Calendar','',1,100,'non,memb',0,0),(53,'tags_calendar','1120px','Date Tags','_Tags',1,1,'TagsDate','',1,100,'non,memb',0,0),(54,'tags_search','1120px','Search Form','_tags_search_form',1,0,'Form','',1,100,'non,memb',0,86400),(55,'tags_search','1120px','Founded Tags','_tags_founded_tags',1,1,'Founded','',1,100,'non,memb',0,0),(56,'tags_module','1120px','Recent Tags','_tags_recent',1,0,'Recent','',1,28.1,'non,memb',0,0),(57,'tags_module','1120px','All Tags','_all_tags',2,0,'All','',1,71.9,'non,memb',0,0),(58,'categ_calendar','1120px','Calendar','_categ_caption_calendar',1,0,'Calendar','',1,100,'non,memb',0,0),(59,'categ_calendar','1120px','Categories By Day','_categ_caption_day',1,1,'CategoriesDate','',1,100,'non,memb',0,0),(60,'categ_search','1120px','Search Form','_categ_caption_search_form',1,0,'Form','',1,100,'non,memb',0,86400),(61,'categ_search','1120px','Founded Categories','_categ_caption_founded',1,1,'Founded','',1,100,'non,memb',0,0),(62,'categ_module','1120px','Common Categories','_categ_caption_common',1,0,'Common','',1,28.1,'non,memb',0,0),(63,'categ_module','1120px','All Categories','_categ_caption_all',2,0,'All','',1,71.9,'non,memb',0,0),(64,'pedit','1121px','Profile fields','_edit_profile_info',1,1,'Info','',1,71.9,'memb',0,0),(65,'pedit','1121px','Profile privacy','_edit_profile_privacy',2,1,'Privacy','',1,28.1,'memb',0,0),(66,'pedit','1121px','Profile membership','_edit_profile_membership',2,2,'Membership','',1,28.1,'',0,0),(67,'profile_private','1120px','Actions that other members can do','_Actions',1,0,'ActionsMenu','',1,28.1,'non,memb',0,0),(68,'profile_private','1120px','Some text to explain why this profile can not be viewed. Translation for this block is stored in \'_sys_profile_private_text\' language key.','_sys_profile_private_text_title',2,0,'PrivacyExplain','',1,71.9,'non,memb',0,0),(235,'index','1140px','Simple HTML Block','_HTML Block',0,0,'Echo','<p>Before you sign up we would like you to share your local, national, and international resources to share with other members? </p>\n<div class=\"home_share_btn\"><a href=\"resources\">Share Resources</a></div>',11,50,'non',0,0),(234,'index','1140px','Join Form Block','_Join_now',1,1,'JoinForm','',13,69.3,'non',0,0),(72,'bx_events_view','1120px','Event\'s info block','_bx_events_block_info',2,0,'Info','',1,28.1,'non,memb',0,0),(73,'bx_events_view','1120px','Event\'s actions block','_bx_events_block_actions',2,1,'Actions','',1,28.1,'non,memb',0,0),(74,'bx_events_view','1120px','Event\'s rate block','_bx_events_block_rate',2,2,'Rate','',1,28.1,'non,memb',0,0),(75,'bx_events_view','1120px','Event\'s social sharing block','_sys_block_title_social_sharing',2,3,'SocialSharing','',1,28.1,'non,memb',0,0),(76,'bx_events_view','1120px','Event\'s files block','_bx_events_block_files',2,4,'Files','',1,28.1,'non,memb',0,0),(77,'bx_events_view','1120px','Event\'s participants block','_bx_events_block_participants',2,5,'Participants','',1,28.1,'non,memb',0,0),(78,'bx_events_view','1120px','Event\'s unconfirmed participants block','_bx_events_block_participants_unconfirmed',2,6,'ParticipantsUnconfirmed','',1,28.1,'non,memb',0,0),(79,'bx_events_view','1120px','Event\'s Location','_Location',2,7,'PHP','return BxDolService::call(\'wmap\', \'location_block\', array(\'events\', $this->aDataEntry[$this->_oDb->_sFieldId]));',1,28.1,'non,memb',0,0),(80,'bx_events_view','1120px','Event\'s description block','_bx_events_block_desc',1,0,'Desc','',1,71.9,'non,memb',0,0),(81,'bx_events_view','1120px','Event\'s photos block','_bx_events_block_photos',1,1,'Photos','',1,71.9,'non,memb',0,0),(82,'bx_events_view','1120px','Event\'s videos block','_bx_events_block_videos',1,2,'Videos','',1,71.9,'non,memb',0,0),(83,'bx_events_view','1120px','Event\'s sounds block','_bx_events_block_sounds',1,3,'Sounds','',1,71.9,'non,memb',0,0),(84,'bx_events_view','1120px','Event\'s comments block','_bx_events_block_comments',1,4,'Comments','',1,71.9,'non,memb',0,0),(85,'bx_events_view','1120px','Event\'s forum feed','_sys_block_title_forum_feed',1,5,'ForumFeed','',1,71.9,'non,memb',0,0),(86,'bx_events_main','1120px','Upcoming Events Photo','_bx_events_block_upcoming_photo',1,0,'UpcomingPhoto','',1,33.9,'non,memb',0,0),(87,'bx_events_main','1120px','Upcoming Events List','_bx_events_block_upcoming_list',1,1,'UpcomingList','',1,33.9,'non,memb',0,0),(88,'bx_events_main','1120px','Map','_Map',0,0,'PHP','return BxDolService::call(\'wmap\', \'homepage_part_block\', array (\'events\'));',1,33.9,'non,memb',0,0),(89,'bx_events_main','1120px','Calendar','_bx_events_block_calendar',2,0,'Calendar','',1,66.1,'non,memb',0,0),(90,'bx_events_main','1120px','Past Events','_bx_events_block_past_list',0,0,'PastList','',1,71.9,'non,memb',0,0),(91,'bx_events_main','1120px','Recently Added Events','_bx_events_block_recently_added_list',0,0,'RecentlyAddedList','',1,71.9,'non,memb',0,0),(92,'bx_events_my','1120px','Administration','_bx_events_block_administration',1,0,'Owner','',1,100,'non,memb',0,0),(93,'bx_events_my','1120px','User\'s events','_bx_events_block_user_events',1,1,'Browse','',0,100,'non,memb',0,0),(94,'index','1120px','Events','_bx_events_block_home',0,0,'PHP','bx_import(\'BxDolService\'); return BxDolService::call(\'events\', \'homepage_block\');',1,71.9,'non,memb',0,0),(95,'profile','1120px','User Events','_bx_events_block_my_events',1,3,'PHP','bx_import(\'BxDolService\'); return BxDolService::call(\'events\', \'profile_block\', array($this->oProfileGen->_iProfileID));',1,25.1,'non,memb',0,0),(96,'profile','1120px','Joined Events','_bx_events_block_joined_events',0,0,'PHP','bx_import(\'BxDolService\'); return BxDolService::call(\'events\', \'profile_block_joined\', array($this->oProfileGen->_iProfileID));',1,71.9,'non,memb',0,0),(97,'member','1120px','Joined Events','_bx_events_block_joined_events',0,0,'PHP','bx_import(\'BxDolService\'); return BxDolService::call(\'events\', \'profile_block_joined\', array($this->oProfileGen->_iProfileID));',1,71.9,'non,memb',0,0),(300,'profile','1120px','Location','_Location',0,0,'PHP','return BxDolService::call(\'wmap\', \'location_block\', array(\'profiles\', $this->oProfileGen->_iProfileID));',1,28.1,'non,memb',0,0),(299,'index','1140px','Map','_bx_wmap_block_title_block_map_homepage',0,0,'PHP','return BxDolService::call(\'wmap\', \'homepage_block\');',1,71.9,'non,memb',0,0),(297,'bx_wmap','1140px','Map','_bx_wmap_block_title_block_map',1,0,'Map','',1,100,'non,memb',0,0),(298,'bx_wmap_edit','1140px','Map','_bx_wmap_block_title_block_map_edit',1,0,'MapEdit','',1,100,'non,memb',0,0),(241,'profile','1120px','Profile Timeline: Post','_wall_pc_post_profile_tl',2,0,'PHP','return BxDolService::call(\'wall\', \'post_block_profile_timeline\', array($this->oProfileGen->_iProfileID));',1,56.1,'memb',0,0),(240,'index','1140px','Home Timeline: View','_wall_pc_view_index_tl',1,3,'PHP','return BxDolService::call(\'wall\', \'view_block_index_timeline\');',3,69.3,'memb',0,0),(239,'index','1140px','Home Timeline: Post','_wall_pc_post_index_tl',1,2,'PHP','return BxDolService::call(\'wall\', \'post_block_index_timeline\');',1,69.3,'memb',0,0),(238,'index','1140px','Events Outline','_wall_pc_view_index_ol',0,0,'PHP','return BxDolService::call(\'wall\', \'view_block_index_outline\');',1,100,'memb',0,0),(105,'wall','1120px','Post event to a Timeline','_wall_pc_post',1,0,'Post','',1,70,'non,memb',0,0),(106,'wall','1120px','View events on a Timeline','_wall_pc_view',1,1,'View','',1,70,'memb',0,0),(107,'bx_photos_view','1120px','','_bx_photos_view',1,1,'ViewFile','',1,71.9,'non,memb',380,0),(108,'bx_photos_view','1120px','','_bx_photos_comments',1,2,'ViewComments','',1,71.9,'non,memb',0,0),(109,'bx_photos_view','1120px','','_bx_photos_author',2,1,'FileAuthor','',1,28.1,'non,memb',0,0),(110,'bx_photos_view','1120px','','_bx_photos_info_main',2,2,'MainFileInfo','',1,28.1,'non,memb',0,0),(111,'bx_photos_view','1120px','','_bx_photos_actions',2,3,'ActionList','',1,28.1,'non,memb',0,0),(112,'bx_photos_view','1120px','','_sys_block_title_social_sharing',2,4,'SocialSharing','',1,28.1,'non,memb',0,0),(113,'bx_photos_view','1120px','','_bx_photos_album_photos_rest',2,5,'ViewAlbum','',1,28.1,'non,memb',0,0),(114,'bx_photos_view','1120px','','_bx_photos_related',0,0,'RelatedFiles','',1,28.1,'non,memb',0,0),(115,'bx_photos_home','1120px','','_bx_photos_albums',3,1,'Albums','',1,28.1,'non,memb',0,0),(116,'bx_photos_home','1120px','','_bx_photos_special',0,0,'Special','',1,71.9,'non,memb',0,0),(117,'bx_photos_home','1120px','','_bx_photos_latest_file',2,0,'LatestFile','',1,71.9,'non,memb',0,0),(118,'bx_photos_home','1120px','','_bx_photos_public',2,2,'All','',1,71.9,'non,memb',380,0),(119,'bx_photos_home','1120px','','_bx_photos_top_menu_calendar',3,0,'Calendar','',1,28.1,'non,memb',0,0),(120,'bx_photos_home','1120px','','_bx_photos_top_menu_tags',3,2,'Tags','',1,28.1,'non,memb',0,0),(121,'bx_photos_album_view','1120px','','',1,0,'Objects','',0,71.9,'non,memb',0,0),(122,'bx_photos_album_view','1120px','','_bx_photos_comments',1,1,'Comments','',1,71.9,'non,memb',0,0),(123,'bx_photos_album_view','1120px','','_bx_photos_author',2,0,'Author','',1,28.1,'non,memb',0,0),(124,'bx_photos_albums_my','1240','','_bx_photos_albums_admin',1,1,'adminShort','',1,100,'memb',380,0),(125,'bx_photos_albums_my','1240','','_bx_photos_albums_add',1,0,'add','',1,100,'memb',0,0),(126,'bx_photos_albums_my','1240','','_bx_photos_albums_admin',1,3,'adminFull','',1,100,'memb',0,0),(127,'bx_photos_albums_my','1240','','_bx_photos_albums_disapproved',1,5,'adminFullDisapproved','',1,100,'memb',0,0),(128,'bx_photos_albums_my','1240','','_bx_photos_album_edit',1,6,'edit','',1,100,'memb',0,0),(129,'bx_photos_albums_my','1240','','_bx_photos_album_delete',1,7,'delete','',1,100,'memb',0,0),(130,'bx_photos_albums_my','1240','','_bx_photos_album_organize',1,8,'organize','',1,100,'memb',0,0),(131,'bx_photos_albums_my','1240','','_bx_photos_album_add_objects',1,9,'addObjects','',1,100,'memb',0,0),(132,'bx_photos_albums_my','1240','','_bx_photos_album_manage_objects',1,10,'manageObjects','',1,100,'memb',0,0),(133,'bx_photos_albums_my','1240','','_bx_photos_album_manage_objects_disapproved',1,11,'manageObjectsDisapproved','',1,100,'memb',0,0),(134,'bx_photos_albums_my','1240','','_bx_photos_album_manage_objects_pending',1,12,'manageObjectsPending','',1,100,'memb',0,0),(135,'bx_photos_albums_my','1240','','_bx_photos_album_main_objects',1,15,'adminAlbumShort','',1,100,'memb',0,0),(136,'bx_photos_albums_my','1240','','_bx_photos_album_objects',1,20,'albumObjects','',1,100,'memb',0,0),(137,'bx_photos_albums_my','1240','','_bx_photos_albums_my',1,34,'my','',1,100,'memb',0,0),(138,'bx_photos_albums_owner','1120px','','_bx_photos_photo_album_block',1,1,'ProfilePhotos','',1,71.9,'non,memb',0,0),(139,'bx_photos_albums_owner','1120px','','_bx_photos_albums_owner',1,2,'Browse','',1,71.9,'non,memb',0,0),(140,'bx_photos_albums_owner','1120px','','_bx_photos_favorited',2,1,'Favorited','',1,28.1,'non,memb',0,0),(141,'bx_photos_rate','1120px','','_bx_photos_previous_rated',1,0,'RatedSet','',1,28.1,'non,memb',0,0),(142,'bx_photos_rate','1120px','','_bx_photos_rate_header',2,0,'RateObject','',1,71.9,'non,memb',0,0),(143,'index','1120px','Public Photos','_bx_photos_public',0,0,'PHP','require_once(BX_DIRECTORY_PATH_MODULES . \'boonex/photos/classes/BxPhotosSearch.php\');\r\n $oMedia = new BxPhotosSearch();\r\n $aVisible[] = BX_DOL_PG_ALL;\r\n if ($this->iMemberID > 0)\r\n $aVisible[] = BX_DOL_PG_MEMBERS;\r\n $aCode = $oMedia->getBrowseBlock(array(\'allow_view\'=>$aVisible), array(\'menu_top\'=>true, \'sorting\' => getParam(\'bx_photos_mode_index\'), \'per_page\'=>(int)getParam(\'bx_photos_number_index\')));\r\n return array($aCode[\'code\'], $aCode[\'menu_top\'], $aCode[\'menu_bottom\'], $aCode[\'wrapper\']);',1,24.7,'memb',0,0),(144,'profile','1120px','Profile Photo Block','_bx_photos_photo_block',1,0,'PHP','return BxDolService::call(\'photos\', \'profile_photo_block\', array(array(\'PID\' => $this->oProfileGen->_iProfileID)), \'Search\');',1,25.1,'non,memb',263,0),(145,'profile','1120px','Profile Photo Album Block','_bx_photos_photo_album_block',0,0,'PHP','return BxDolService::call(\'photos\', \'get_profile_album_block\', array($this->oProfileGen->_iProfileID), \'Search\');',1,78.5,'non,memb',0,0),(146,'profile','1120px','Photo Albums','_bx_photos_albums',0,0,'PHP','return BxDolService::call(\'photos\', \'get_profile_albums_block\', array($this->oProfileGen->_iProfileID), \'Search\');',1,28.1,'non,memb',0,0),(147,'profile','1120px','Profile Photo Switcher Block','_bx_photos_photo_switcher_block',0,0,'PHP','return BxDolService::call(\'photos\', \'profile_photo_switcher_block\', array(array(\'PID\' => $this->oProfileGen->_iProfileID)), \'Search\');',1,28.1,'non,memb',263,0),(148,'member','1120px','Profile Photos Block','_bx_photos_photo_block',1,0,'PHP','$iPID = $this->iMember;\r\n if ($iPID > 0) {\r\n $aParams = array();\r\n $aParams[\'PID\'] = $iPID;\r\n $aParams[\'Limit\'] = 10;\r\n $aParams[\'DisplayPagination\'] = 1;\r\n	 $sRet = BxDolService::call(\'photos\', \'profile_photo_block\', array($aParams), \'Search\');\r\n return $sRet;\r\n }',1,50,'non,memb',270,0),(149,'index','1120px','Feedback from your customers','_feedback_bcaption_index',0,0,'PHP','return BxDolService::call(\'feedback\', \'archive_block_index\', array(0, 0, false));',1,71.9,'non,memb',0,0),(150,'feedback','1120px','Feedback main content','_feedback_bcaption_view_main',1,0,'Content','',1,71.9,'non,memb',0,0),(151,'feedback','1120px','Feedback comments','_feedback_bcaption_view_comment',1,1,'Comment','',1,71.9,'non,memb',0,0),(152,'feedback','1120px','Feedback actions','_feedback_bcaption_view_action',2,0,'Action','',1,28.1,'non,memb',0,0),(153,'feedback','1120px','Feedback rating','_feedback_bcaption_view_vote',2,1,'Vote','',1,28.1,'non,memb',0,0),(154,'feedback','1120px','Social sharing','_sys_block_title_social_sharing',2,2,'SocialSharing','',1,28.1,'non,memb',0,0),(155,'index','1120px','Show list of featured news','_news_bcaption_featured',0,0,'PHP','return BxDolService::call(\'news\', \'featured_block_index\', array(0, 0, false));',1,71.9,'non,memb',0,0),(156,'index','1120px','Show list of latest news','_news_bcaption_latest',0,0,'PHP','return BxDolService::call(\'news\', \'archive_block_index\', array(0, 0, false));',1,71.9,'non,memb',0,0),(157,'member','1120px','Show list of featured news','_news_bcaption_featured',0,0,'PHP','return BxDolService::call(\'news\', \'featured_block_member\', array(0, 0, false));',1,71.9,'memb',0,0),(158,'member','1120px','Show list of latest news','_news_bcaption_latest',2,1,'PHP','return BxDolService::call(\'news\', \'archive_block_member\', array(0, 0, false));',1,50,'memb',0,0),(159,'news_single','1120px','News main content','_news_bcaption_view_main',1,0,'Content','',1,71.9,'non,memb',0,0),(160,'news_single','1120px','News comments','_news_bcaption_view_comment',1,1,'Comment','',1,71.9,'non,memb',0,0),(161,'news_single','1120px','News actions','_news_bcaption_view_action',2,0,'Action','',1,28.1,'non,memb',0,0),(162,'news_single','1120px','News rating','_news_bcaption_view_vote',2,1,'Vote','',1,28.1,'non,memb',0,0),(163,'news_single','1120px','Social sharing','_sys_block_title_social_sharing',2,2,'SocialSharing','',1,28.1,'non,memb',0,0),(164,'news_home','1120px','News latest','_news_bcaption_latest',1,1,'Latest','',1,71.9,'non,memb',0,0),(165,'news_home','1120px','News categories','_news_bcaption_categories',0,0,'Categories','',1,28.1,'non,memb',0,0),(166,'news_home','1120px','News tags','_news_bcaption_tags',0,0,'Tags','',1,28.1,'non,memb',0,0),(167,'news_home','1120px','News calendar','_news_bcaption_calendar',2,1,'Calendar','',1,28.1,'non,memb',0,0),(168,'news_home','1120px','News featured','_news_bcaption_featured',2,2,'Featured','',1,28.1,'non,memb',0,0),(295,'bx_gsearch','1140px','Search Results','_bx_gsearch_box_title_search_results',2,0,'SearchResults','',1,71.9,'non,memb',0,0),(296,'search_home','1120px','Google Search','_bx_gsearch_box_title',0,0,'PHP','return BxDolService::call(\'google_search\', \'get_search_control\', array());',1,71.9,'non,memb',0,0),(294,'bx_gsearch','1140px','Search Form','_bx_gsearch_box_title_search_form',1,0,'SearchForm','',1,28.1,'non,memb',0,0),(179,'pedit','1121px','Messenger Settings','_simple_messenger_bcaption_settings',2,4,'PHP','return BxDolService::call(\'simple_messenger\', \'get_settings\');',1,28.1,'memb',0,0),(206,'index','1120px','Quick Links','_Quick Links',0,0,'QuickLinks','',1,50,'memb',0,0),(197,'home','1240','Simple HTML Block','_HTML Block',2,0,'Echo','',11,23.1,'non,memb',0,0),(199,'','1240','Simple PHP Block','_PHP Block',0,0,'Sample','PHP',1,0,'non,memb',0,0),(205,'index','1120px','New Messages','_sys_bcpt_member_new_messages',0,0,'NewMessages','',1,50,'memb',0,0),(204,'index','1120px','Friend Requests','_sys_bcpt_member_friend_requests',0,0,'FriendRequests','',1,50,'memb',0,0),(201,'member','1120px','Simple PHP Block','_PHP Block',0,0,'PHP','',1,54.3,'non,memb',0,0),(202,'index','1120px','Post event to a Timeline','_wall_pc_post',0,0,'PHP','return BxDolService::call(\'wall\', \'post_block\', array($this->oProfileGen->_iProfileID));',1,50,'memb',0,0),(203,'index','1120px','View events on a Timeline','_wall_pc_view',0,0,'PHP','return BxDolService::call(\'wall\', \'view_block\', array($this->oProfileGen->_iProfileID));',1,50,'memb',0,0),(207,'index','1120px','Member Friends','_My Friends',0,0,'Friends','',1,21.7,'memb',0,0),(208,'index','1120px','Spy Personal','_bx_spy_notifications',0,0,'PHP','return BxDolService::call(\'spy\', \'get_spy_block\', array(\'index.php\', $this->iMember));',1,24.7,'memb',0,0),(209,'join','1120px','Simple HTML Block','PerSistersBlurb',1,0,'Echo','<p>PerSisters is all about taking care of you. Helping each other out.</p>',11,31.1,'non,memb',0,0),(210,'profile','1120px','Profile Fields Block','_FieldCaption_PersonalInterests_View',0,0,'PFBlock','70',1,0,'non,memb',0,0),(211,'profile_info','1120px','Profile Fields Block','_FieldCaption_PersonalInterests_View',0,0,'PFBlock','70',1,0,'non,memb',0,0),(212,'profile','1120px','Profile Fields Block','_FieldCaption_ProfileInfo_View',0,0,'PFBlock','73',1,0,'non,memb',0,0),(213,'profile_info','1120px','Profile Fields Block','_FieldCaption_ProfileInfo_View',0,0,'PFBlock','73',1,0,'non,memb',0,0),(214,'index','1120px','Classifieds','_bx_ads_Ads',2,1,'PHP','return BxDolService::call(\'ads\', \'ads_index_page\');',1,30.7,'memb',0,0),(215,'member','1120px','Classifieds','_bx_ads_Ads',0,0,'PHP','return BxDolService::call(\'ads\', \'ads_profile_page\', array($this->iMember));',1,26.7,'non,memb',0,0),(216,'profile','1120px','Classifieds','_bx_ads_Ads',3,0,'PHP','return BxDolService::call(\'ads\', \'ads_profile_page\', array($this->oProfileGen->_iProfileID));',1,18.8,'non,memb',0,0),(217,'ads','1140px','','_Description',1,0,'AdDescription','',1,71.9,'non,memb',0,0),(218,'ads','1140px','','_bx_ads_Ad_photos',1,1,'AdPhotos','',1,71.9,'non,memb',0,0),(219,'ads','1140px','','_Comments',1,2,'ViewComments','',1,71.9,'non,memb',0,0),(220,'ads','1140px','','_Info',2,0,'AdInfo','',1,28.1,'non,memb',0,0),(221,'ads','1140px','','_bx_ads_Custom_Values',2,1,'AdCustomInfo','',1,28.1,'non,memb',0,0),(222,'ads','1140px','','_Actions',2,2,'ActionList','',1,28.1,'non,memb',0,0),(223,'ads','1140px','','_sys_block_title_social_sharing',2,3,'SocialSharing','',1,28.1,'non,memb',0,0),(224,'ads','1140px','','_Rate',2,4,'Rate','',1,28.1,'non,memb',0,0),(225,'ads','1140px','','_bx_ads_Users_other_listing',2,5,'UserOtherAds','',1,28.1,'non,memb',0,0),(226,'ads_home','1120px','','_bx_ads_last_ads',2,0,'last','',0,28.1,'non,memb',0,0),(227,'ads_home','1120px','','_bx_ads_last_featured',1,0,'featured','',1,71.9,'non,memb',0,0),(228,'ads_home','1120px','','_bx_ads_Categories',1,1,'categories','',0,71.9,'non,memb',0,0),(229,'ads','1140px','Ad\'s Location','_Location',2,6,'PHP','return BxDolService::call(\'wmap\', \'location_block\', array(\'ads\', $this->oAds->oCmtsView->getId()));',1,28.1,'non,memb',0,0),(230,'ads_home','1120px','Map','_Map',0,0,'PHP','return BxDolService::call(\'wmap\', \'homepage_part_block\', array (\'ads\'));',1,71.9,'non,memb',0,0),(233,'index','1140px','Simple HTML Block','_HTML Block',1,0,'Echo','<p><strong>PerSisters.com</strong> is a FREE social network for <strong>single mothers and women</strong>. It will connect you in your own area with other single mothers and women to create and find together unlimited resources.</p>\n<p>Join our community for single mothers/women to meet like minded women, share stories and resources, share photos and videos, create and join interest groups, chat online and more!<br /><br /></p>',13,69.3,'non',0,0),(236,'testpage','1140px','Simple HTML Block','_HTML Block',2,0,'Echo','<p>test</p>',11,100,'memb',0,0),(237,'profile','1120px','Profile cover','_sys_bcpt_profile_cover',0,0,'Cover','',0,100,'non,memb',0,0),(242,'profile','1120px','Profile Timeline: View','_wall_pc_view_profile_tl',2,1,'PHP','return BxDolService::call(\'wall\', \'view_block_profile_timeline\', array($this->oProfileGen->_iProfileID));',1,56.1,'non,memb',0,0),(243,'member','1120px','Friends Timeline: View','_wall_pc_view_account_tl',0,0,'PHP','return BxDolService::call(\'wall\', \'view_block_account_timeline\', array($this->iMember));',1,26.7,'memb',0,0),(244,'bx_photos_home','1120px','','_bx_photos_cover',1,1,'Cover','',0,100,'non,memb',0,0),(245,'bx_photos_album_view','1120px','','_bx_photos_actions',2,2,'Actions','',1,28.1,'memb',0,0),(246,'bx_photos_crop','1140px','','_bx_photos_crop',1,0,'Crop','',1,100,'non,memb',0,0),(247,'bx_events_view','1120px','Event\'s Chat','_Chat',2,8,'PHP','return BxDolService::call(\'shoutbox\', \'get_shoutbox\', array(\'bx_events\', $this->aDataEntry[$this->_oDb->_sFieldId]));',11,28.1,'non,memb',0,0),(248,'index','1140px','Join Form Block','_Join now',0,0,'JoinForm','',1,50,'non',0,0),(249,'member','1120px','Simple HTML Block','Birthday Celebrations',0,0,'Echo','<p>Birthday Celebrations</p>',11,26.7,'memb',0,0),(250,'member','1120px','Simple HTML Block','Fun Soon',0,0,'Echo','<p>Fun Soon</p>',11,26.7,'memb',0,0),(251,'member','1120px','Simple HTML Block','Make an Ad',0,0,'Echo','<p>Make an Ad</p>',11,26.7,'memb',0,0),(252,'index','1140px','Forum Posts','_bx_forum_forum_posts',0,0,'RSS','{SiteUrl}forum/?action=rss_all#4',1,71.9,'non,memb',0,0),(253,'member','1120px','Forum Posts','_bx_forum_forum_posts',0,0,'RSS','{SiteUrl}forum/?action=rss_user&user={NickName}#4',1,71.9,'non,memb',0,0),(254,'profile','1120px','Last posts of a member in the forum','_bx_forum_forum_posts',0,0,'RSS','{SiteUrl}forum/?action=rss_user&user={NickName}#4',1,71.9,'non,memb',0,0),(255,'forums_index','1140px','Full Index','_bx_forums_index',1,0,'FullIndex','',0,100,'non,memb',0,0),(256,'forums_home','1140px','Quick Search','_bx_forums_quick_search',2,0,'Search','',1,28.1,'non,memb',0,0),(257,'forums_home','1140px','Short Index','_bx_forums_index',2,1,'ShortIndex','',1,28.1,'non,memb',0,0),(258,'forums_home','1140px','Recent Topics','_bx_forums_recent_topics',1,0,'RecentTopics','',0,71.9,'non,memb',0,0),(259,'bx_avatar_main','1140px','Tight block','_bx_ava_block_tight',2,0,'Tight','',1,28.1,'non,memb',0,0),(260,'bx_avatar_main','1140px','Wide block','_bx_ava_block_wide',1,0,'Wide','',1,71.9,'non,memb',0,0),(261,'pedit','1121px','Manage Avatars','_bx_ava_manage_avatars',2,5,'PHP','return BxDolService::call(\'avatar\', \'manage_avatars\', array ((int)$_REQUEST[\'ID\']));',1,28.1,'memb',0,0),(269,'bx_groups_view','1140px','Group\'s info block','_bx_groups_block_info',2,0,'Info','',1,28.1,'non,memb',0,0),(270,'bx_groups_view','1140px','Group\'s actions block','_bx_groups_block_actions',2,1,'Actions','',1,28.1,'non,memb',0,0),(271,'bx_groups_view','1140px','Group\'s rate block','_bx_groups_block_rate',2,2,'Rate','',1,28.1,'non,memb',0,0),(272,'bx_groups_view','1140px','Group\'s social sharing block','_sys_block_title_social_sharing',2,3,'SocialSharing','',1,28.1,'non,memb',0,0),(273,'bx_groups_view','1140px','Group\'s fans block','_bx_groups_block_fans',2,4,'Fans','',1,28.1,'non,memb',0,0),(274,'bx_groups_view','1140px','Group\'s unconfirmed fans block','_bx_groups_block_fans_unconfirmed',2,5,'FansUnconfirmed','',1,28.1,'memb',0,0),(275,'bx_groups_view','1140px','Group\'s Location','_Location',2,6,'PHP','return BxDolService::call(\'wmap\', \'location_block\', array(\'groups\', $this->aDataEntry[$this->_oDb->_sFieldId]));',1,28.1,'non,memb',0,0),(276,'bx_groups_view','1140px','Group\'s chat','_Chat',2,7,'PHP','return BxDolService::call(\'shoutbox\', \'get_shoutbox\', array(\'bx_groups\', $this->aDataEntry[$this->_oDb->_sFieldId]));',11,28.1,'non,memb',0,0),(277,'bx_groups_view','1140px','Group\'s description block','_bx_groups_block_desc',1,0,'Desc','',1,71.9,'non,memb',0,0),(278,'bx_groups_view','1140px','Group\'s photo block','_bx_groups_block_photo',1,1,'Photo','',1,71.9,'non,memb',0,0),(279,'bx_groups_view','1140px','Group\'s videos block','_bx_groups_block_video',1,2,'Video','',1,71.9,'non,memb',0,0),(280,'bx_groups_view','1140px','Group\'s sounds block','_bx_groups_block_sound',1,3,'Sound','',1,71.9,'non,memb',0,0),(281,'bx_groups_view','1140px','Group\'s files block','_bx_groups_block_files',1,4,'Files','',1,71.9,'non,memb',0,0),(282,'bx_groups_view','1140px','Group\'s comments block','_bx_groups_block_comments',1,5,'Comments','',1,71.9,'non,memb',0,0),(283,'bx_groups_view','1140px','Group\'s forum feed','_sys_block_title_forum_feed',1,6,'ForumFeed','',1,71.9,'non,memb',0,0),(284,'bx_groups_main','1140px','Latest Featured Group','_bx_groups_block_latest_featured_group',1,0,'LatestFeaturedGroup','',1,71.9,'non,memb',0,0),(285,'bx_groups_main','1140px','Recent Groups','_bx_groups_block_recent',1,1,'Recent','',1,71.9,'non,memb',0,0),(286,'bx_groups_main','1140px','Map','_Map',0,0,'PHP','return BxDolService::call(\'wmap\', \'homepage_part_block\', array (\'groups\'));',1,71.9,'non,memb',0,0),(287,'bx_groups_main','1140px','Groups Categories','_bx_groups_block_categories',2,0,'Categories','',1,28.1,'non,memb',0,0),(288,'bx_groups_my','1140px','Administration Owner','_bx_groups_block_administration_owner',1,0,'Owner','',1,100,'non,memb',0,0),(289,'bx_groups_my','1140px','User\'s groups','_bx_groups_block_users_groups',1,1,'Browse','',0,100,'non,memb',0,0),(290,'index','1140px','Groups','_bx_groups_block_homepage',0,0,'PHP','bx_import(\'BxDolService\'); return BxDolService::call(\'groups\', \'homepage_block\');',1,71.9,'non,memb',0,0),(291,'profile','1120px','Joined Groups','_bx_groups_block_my_groups_joined',0,0,'PHP','bx_import(\'BxDolService\'); return BxDolService::call(\'groups\', \'profile_block_joined\', array($this->oProfileGen->_iProfileID));',1,71.9,'non,memb',0,0),(292,'profile','1120px','User Groups','_bx_groups_block_my_groups',0,0,'PHP','bx_import(\'BxDolService\'); return BxDolService::call(\'groups\', \'profile_block\', array($this->oProfileGen->_iProfileID));',1,71.9,'non,memb',0,0),(293,'member','1120px','Joined Groups','_bx_groups_block_my_groups_joined',0,0,'PHP','bx_import(\'BxDolService\'); return BxDolService::call(\'groups\', \'profile_block_joined\', array($this->oProfileGen->_iProfileID));',1,71.9,'non,memb',0,0),(301,'','1140px','Simple Text Block','_Text Block',0,0,'Sample','Text',11,0,'non,memb',0,0),(302,'bx_photos_album_view','1120px','','_bx_photos_info_album',2,1,'Info','',1,28.1,'non,memb',0,0),(303,'bx_avatar_main','1140px','Simple PHP Block','_PHP Block',0,0,'PHP','',1,71.9,'non,memb',0,0),(304,'wall','1140px','Simple PHP Block','_PHP Block',0,0,'PHP','',1,50,'memb',0,0),(305,'wall','1140px','Simple Text Block','ADS GO HERE',2,0,'Text','ADS GO HERE',11,30,'memb',0,0),(379,'modzzz_articles_view','1140px','Article\'s info block','_modzzz_articles_block_info',3,2,'Info','',1,28.1,'non,memb',0,0),(378,'modzzz_articles_view','1140px','Article\'s rate block','_modzzz_articles_block_rate',3,1,'Rate','',1,28.1,'non,memb',0,0),(377,'modzzz_articles_view','1140px','Article\'s actions block','_modzzz_articles_block_actions',3,0,'Actions','',1,28.1,'non,memb',0,0),(376,'modzzz_articles_view','1140px','Article\'s comments block','_modzzz_articles_block_comments',2,7,'Comments','',1,71.9,'non,memb',0,0),(375,'modzzz_articles_view','1140px','Article\'s Related Articles','_modzzz_articles_block_related',2,8,'Related','',1,71.9,'non,memb',0,0),(374,'modzzz_articles_view','1140px','Article\'s files block','_modzzz_articles_block_files',2,5,'Files','',1,71.9,'non,memb',0,0),(373,'modzzz_articles_view','1140px','Article\'s sounds block','_modzzz_articles_block_sound',2,4,'Sound','',1,71.9,'non,memb',0,0),(371,'modzzz_articles_view','1140px','Article\'s video embed block','_modzzz_articles_block_video_embed',2,2,'VideoEmbed','',1,71.9,'non,memb',0,0),(372,'modzzz_articles_view','1140px','Article\'s videos block','_modzzz_articles_block_video',2,3,'Video','',1,71.9,'non,memb',0,0),(370,'modzzz_articles_view','1140px','Article\'s photo block','_modzzz_articles_block_photo',2,1,'Photo','',1,71.9,'non,memb',0,0),(369,'modzzz_articles_view','1140px','Article\'s description block','_modzzz_articles_block_desc',2,0,'Desc','',1,71.9,'non,memb',0,0),(368,'modzzz_articles_subcategory','1140px','Articles Sub-Categories','_modzzz_articles_block_subcategories',3,0,'SubCategories','',1,28.1,'non,memb',0,0),(320,'index','1140px','Show list of latest sites','_bx_sites_bcaption_latest',0,0,'PHP','return BxDolService::call(\'sites\', \'index_block\');',1,71.9,'non,memb',0,0),(321,'profile','1140px','Show list profile sites','_bx_sites',0,0,'PHP','return BxDolService::call(\'sites\', \'profile_block\', array($this->oProfileGen->_aProfile[\'NickName\']));',1,71.9,'non,memb',0,0),(322,'bx_sites_main','1140px','View public feature','_bx_sites_caption_public_feature',2,0,'ViewFeature','',1,28.1,'non,memb',0,0),(323,'bx_sites_main','1140px','View site categories','_bx_sites_caption_categories',2,1,'Categories','',1,28.1,'non,memb',0,0),(324,'bx_sites_main','1140px','View site tags','_bx_sites_caption_tags',2,2,'Tags','',1,28.1,'non,memb',0,0),(325,'bx_sites_main','1140px','View recently public site','_bx_sites_caption_public_last_featured',1,0,'ViewRecent','',1,71.9,'non,memb',0,0),(326,'bx_sites_main','1140px','View latest public sites','_bx_sites_caption_public_latest',1,1,'ViewAll','',1,71.9,'non,memb',0,0),(327,'bx_sites_profile','1140px','Administration','_bx_sites_bcaption_administration',1,0,'Administration','',1,100,'non,memb',0,0),(328,'bx_sites_profile','1140px','Owner Sites','_bx_sites_bcaption_owner_sites',1,1,'Owner','',1,100,'non,memb',0,0),(329,'bx_sites_view','1140px','Information on Site','_bx_sites_bcaption_information',2,0,'ViewInformation','',1,28.1,'non,memb',0,0),(330,'bx_sites_view','1140px','Actions for Site','_bx_sites_bcaption_actions',2,1,'ViewActions','',1,28.1,'non,memb',0,0),(331,'bx_sites_view','1140px','Site Social Sharing','_sys_block_title_social_sharing',2,2,'SocialSharing','',1,28.1,'non,memb',0,0),(332,'bx_sites_view','1140px','Image Site','_bx_sites_bcaption_image',1,0,'ViewImage','',1,71.9,'non,memb',0,0),(333,'bx_sites_view','1140px','Description Site','_bx_sites_bcaption_description',1,1,'ViewDescription','',1,71.9,'non,memb',0,0),(334,'bx_sites_view','1140px','Comments for Site','_bx_sites_bcaption_comments',1,2,'ViewComments','',1,71.9,'non,memb',0,0),(335,'bx_sites_hon','1140px','Previously Rated','_bx_sites_bcaption_previously',2,0,'ViewPreviously','',1,28.1,'non,memb',0,0),(336,'bx_sites_hon','1140px','Rate Site','_bx_sites_bcaption_rate',1,0,'ViewRate','',1,71.9,'non,memb',0,0),(366,'modzzz_articles_category','1140px','Articles Categories','_modzzz_articles_block_categories',3,0,'Categories','',1,28.1,'non,memb',0,0),(367,'modzzz_articles_subcategory','1140px','Articles Category Articles','_modzzz_articles_block_category_articles',2,0,'SubCategoryArticles','',1,71.9,'non,memb',0,0),(365,'modzzz_articles_category','1140px','Articles','_modzzz_articles_block_articles',2,0,'CategoryArticles','',1,71.9,'non,memb',0,0),(380,'modzzz_articles_view','1140px','Article\'s map view block','_Location',3,3,'PHP','return BxDolService::call(\'wmap\', \'location_block\', array(\'articles\', $this->aDataEntry[$this->_oDb->_sFieldId]));',1,28.1,'non,memb',0,0),(381,'modzzz_articles_view','1140px','Articles\'s tags block','_modzzz_articles_tags',3,4,'Tags','',1,28.1,'non,memb',0,0),(382,'modzzz_articles_view','1140px','Articles\'s social sharing block','_sys_block_title_social_sharing',3,5,'SocialSharing','',1,28.1,'non,memb',0,0),(383,'modzzz_articles_main','1140px','Browse Articles Alphabetically','_modzzz_articles_browse_alphabetically',1,0,'Alphabet','',1,100,'non,memb',0,0),(384,'modzzz_articles_main','1140px','Search Article','_modzzz_articles_block_search',2,0,'Search','',1,71.9,'non,memb',0,0),(385,'modzzz_articles_main','1140px','Latest Featured Article','_modzzz_articles_block_latest_featured_article',2,1,'LatestFeaturedArticle','',1,71.9,'non,memb',0,0),(386,'modzzz_articles_main','1140px','Recent Articles','_modzzz_articles_block_recent',2,2,'Recent','',1,71.9,'non,memb',0,0),(387,'modzzz_articles_main','1140px','Top Articles','_modzzz_articles_block_top',2,3,'Top','',1,71.9,'non,memb',0,0),(388,'modzzz_articles_main','1140px','Popular Articles','_modzzz_articles_block_popular',2,4,'Popular','',1,71.9,'non,memb',0,0),(389,'modzzz_articles_main','1140px','Article Create','_modzzz_articles_block_article_create',3,0,'Create','',1,28.1,'non,memb',0,0),(390,'modzzz_articles_main','1140px','Article Categories','_modzzz_articles_block_article_categories',3,1,'ArticleCategories','',1,28.1,'non,memb',0,0),(391,'modzzz_articles_main','1140px','Article Calendar','_modzzz_articles_block_calendar',3,2,'Calendar','',1,28.1,'non,memb',0,0),(392,'modzzz_articles_main','1140px','Article Archive','_modzzz_articles_block_archive',3,3,'Archive','',1,28.1,'non,memb',0,0),(393,'modzzz_articles_main','1140px','Article Tags','_tags_plural',3,4,'Tags','',1,28.1,'non,memb',0,0),(394,'modzzz_articles_main','1140px','Article Comments','_modzzz_articles_block_comments',3,5,'Comments','',1,28.1,'non,memb',0,0),(395,'modzzz_articles_my','1140px','Administration Owner','_modzzz_articles_block_administration_owner',2,0,'Owner','',1,100,'non,memb',0,0),(396,'modzzz_articles_my','1140px','User\'s articles','_modzzz_articles_block_users_articles',2,1,'Browse','',0,100,'non,memb',0,0),(397,'index','1140px','Articles','_modzzz_articles_block_homepage',2,5,'PHP','bx_import(\'BxDolService\'); return BxDolService::call(\'articles\', \'homepage_block\');',1,71.9,'non,memb',0,0),(398,'profile','1140px','User Articles','_modzzz_articles_block_my_articles',3,5,'PHP','bx_import(\'BxDolService\'); return BxDolService::call(\'articles\', \'profile_block\', array($this->oProfileGen->_iProfileID));',1,71.9,'non,memb',0,0);

--
-- Table structure for table `sys_page_compose_pages`
--

CREATE TABLE `sys_page_compose_pages` (
  `Name` varchar(255) NOT NULL DEFAULT '',
  `Title` varchar(255) NOT NULL DEFAULT '',
  `Order` int(10) unsigned NOT NULL DEFAULT '0',
  `System` tinyint(1) NOT NULL DEFAULT '1',
  PRIMARY KEY (`Name`)
) ENGINE=MyISAM DEFAULT CHARSET=utf8;

--
-- Dumping data for table `sys_page_compose_pages`
--

INSERT INTO `sys_page_compose_pages` VALUES ('index','Homepage',1,1),('member','Account',6,1),('profile','Profile',7,1),('pedit','Profile Edit',8,1),('profile_info','Profile Info',14,1),('profile_private','Profile Private',15,1),('browse_page','All Members',17,1),('mail_page','Mail Messages',18,1),('mail_page_view','Mail View Message',19,1),('mail_page_compose','Mail Compose Message',20,1),('search','Search Profiles',21,1),('join','Join Page',22,1),('friends','Friends',23,1),('communicator_page','Communicator',24,1),('search_home','Search Home',25,1),('tags_home','Tags Home',26,1),('tags_calendar','Tags Search',27,1),('tags_search','Tags Calendar',28,1),('tags_module','Tags Module',29,1),('categ_calendar','Categories Calendar',30,1),('categ_search','Categories Search',31,1),('categ_module','Categories Module',32,1),('testpage','Test Page',56,0),('bx_events_view','Events View Event',36,1),('bx_events_celendar','Events Calendar',37,1),('bx_events_main','Events Home',38,1),('bx_events_my','Events User',39,1),('wall','Wall',40,1),('bx_photos_view','Photos View Photo',41,1),('bx_photos_home','Photos Home',42,1),('bx_photos_rate','Photos Rate',43,1),('bx_photos_album_view','Photos View Album',44,1),('bx_photos_albums_owner','Photos Profile Albums',45,1),('feedback','Feedback',46,1),('news_single','News View Article',47,1),('news_home','News Home',48,1),('bx_gsearch','Search Google',70,1),('bx_wmap_edit','World Map Edit',72,1),('bx_wmap','World Map',71,1),('home','Home',53,0),('ads','Ads View',54,1),('ads_home','Ads Home',55,1),('bx_photos_crop','Photos Crop Photo',57,1),('forums_index','Forums Index',58,1),('forums_home','Forums Home',59,1),('bx_avatar_main','Avatar',62,1),('bx_groups_view','Groups View Group',66,1),('bx_groups_celendar','Groups Calendar',67,1),('bx_groups_main','Groups Home',68,1),('bx_groups_my','Groups User',69,1),('modzzz_articles_view','Article View',79,1),('bx_sites_main','Sites Home',75,1),('bx_sites_profile','Sites User',76,1),('bx_sites_view','Sites View Page',77,1),('bx_sites_hon','Sites Rate',78,1),('modzzz_articles_main','Articles Home',80,1),('modzzz_articles_my','Articles My',81,1),('modzzz_articles_category','Articles Category',82,1),('modzzz_articles_subcategory','Articles Sub-Category',83,1);

--
-- Table structure for table `sys_page_compose_privacy`
--

CREATE TABLE `sys_page_compose_privacy` (
  `id` int(11) unsigned NOT NULL AUTO_INCREMENT,
  `user_id` int(11) unsigned NOT NULL DEFAULT '0',
  `block_id` int(11) unsigned NOT NULL DEFAULT '0',
  `allow_view_block_to` int(11) unsigned NOT NULL DEFAULT '0',
  PRIMARY KEY (`id`),
  UNIQUE KEY `block` (`user_id`,`block_id`)
) ENGINE=MyISAM DEFAULT CHARSET=utf8;

--
-- Dumping data for table `sys_page_compose_privacy`
--


--
-- Table structure for table `sys_permalinks`
--

