-- Dumping data for table `bx_groups_forum_attachments`
--


--
-- Table structure for table `bx_groups_forum_cat`
--

CREATE TABLE `bx_groups_forum_cat` (
  `cat_id` int(10) unsigned NOT NULL AUTO_INCREMENT,
  `cat_uri` varchar(255) NOT NULL DEFAULT '',
  `cat_name` varchar(255) DEFAULT NULL,
  `cat_icon` varchar(32) NOT NULL DEFAULT '',
  `cat_order` float NOT NULL DEFAULT '0',
  `cat_expanded` tinyint(4) NOT NULL DEFAULT '0',
  PRIMARY KEY (`cat_id`),
  KEY `cat_order` (`cat_order`),
  KEY `cat_uri` (`cat_uri`)
) ENGINE=MyISAM AUTO_INCREMENT=2 DEFAULT CHARSET=utf8;

--
-- Dumping data for table `bx_groups_forum_cat`
--

INSERT INTO `bx_groups_forum_cat` VALUES (1,'Groups','Groups','',64,0);

--
-- Table structure for table `bx_groups_forum_flag`
--

CREATE TABLE `bx_groups_forum_flag` (
  `user` varchar(32) NOT NULL DEFAULT '',
  `topic_id` int(11) NOT NULL DEFAULT '0',
  `when` int(11) NOT NULL DEFAULT '0',
  PRIMARY KEY (`user`,`topic_id`)
) ENGINE=MyISAM DEFAULT CHARSET=utf8;

--
-- Dumping data for table `bx_groups_forum_flag`
--


--
-- Table structure for table `bx_groups_forum_post`
--

CREATE TABLE `bx_groups_forum_post` (
  `post_id` int(10) unsigned NOT NULL AUTO_INCREMENT,
  `topic_id` int(11) NOT NULL DEFAULT '0',
  `forum_id` int(11) NOT NULL DEFAULT '0',
  `user` varchar(32) NOT NULL DEFAULT '0',
  `post_text` mediumtext NOT NULL,
  `when` int(11) NOT NULL DEFAULT '0',
  `votes` int(11) NOT NULL DEFAULT '0',
  `reports` int(11) NOT NULL DEFAULT '0',
  `hidden` tinyint(4) NOT NULL DEFAULT '0',
  PRIMARY KEY (`post_id`),
  KEY `topic_id` (`topic_id`),
  KEY `forum_id` (`forum_id`),
  KEY `user` (`user`),
  KEY `when` (`when`)
) ENGINE=MyISAM DEFAULT CHARSET=utf8;

--
-- Dumping data for table `bx_groups_forum_post`
--


--
-- Table structure for table `bx_groups_forum_signatures`
--

CREATE TABLE `bx_groups_forum_signatures` (
  `user` varchar(32) NOT NULL,
  `signature` varchar(255) NOT NULL,
  `when` int(11) NOT NULL,
  PRIMARY KEY (`user`)
) ENGINE=MyISAM DEFAULT CHARSET=utf8;

--
-- Dumping data for table `bx_groups_forum_signatures`
--


--
-- Table structure for table `bx_groups_forum_topic`
--

CREATE TABLE `bx_groups_forum_topic` (
  `topic_id` int(10) unsigned NOT NULL AUTO_INCREMENT,
  `topic_uri` varchar(255) NOT NULL DEFAULT '',
  `forum_id` int(11) NOT NULL DEFAULT '0',
  `topic_title` varchar(255) NOT NULL DEFAULT '',
  `when` int(11) NOT NULL DEFAULT '0',
  `topic_posts` int(11) NOT NULL DEFAULT '0',
  `first_post_user` varchar(32) NOT NULL DEFAULT '0',
  `first_post_when` int(11) NOT NULL DEFAULT '0',
  `last_post_user` varchar(32) NOT NULL DEFAULT '',
  `last_post_when` int(11) NOT NULL DEFAULT '0',
  `topic_sticky` int(11) NOT NULL DEFAULT '0',
  `topic_locked` tinyint(4) NOT NULL DEFAULT '0',
  `topic_hidden` tinyint(4) NOT NULL DEFAULT '0',
  PRIMARY KEY (`topic_id`),
  KEY `forum_id` (`forum_id`),
  KEY `forum_id_2` (`forum_id`,`when`),
  KEY `topic_uri` (`topic_uri`)
) ENGINE=MyISAM DEFAULT CHARSET=utf8;

--
-- Dumping data for table `bx_groups_forum_topic`
--


--
-- Table structure for table `bx_groups_forum_user`
--

CREATE TABLE `bx_groups_forum_user` (
  `user_name` varchar(32) NOT NULL DEFAULT '',
  `user_pwd` varchar(32) NOT NULL DEFAULT '',
  `user_email` varchar(128) NOT NULL DEFAULT '',
  `user_join_date` int(11) NOT NULL DEFAULT '0',
  PRIMARY KEY (`user_name`),
  UNIQUE KEY `user_email` (`user_email`)
) ENGINE=MyISAM DEFAULT CHARSET=utf8;

--
-- Dumping data for table `bx_groups_forum_user`
--


--
-- Table structure for table `bx_groups_forum_user_activity`
--

CREATE TABLE `bx_groups_forum_user_activity` (
  `user` varchar(32) NOT NULL DEFAULT '',
  `act_current` int(11) NOT NULL DEFAULT '0',
  `act_last` int(11) NOT NULL DEFAULT '0',
  PRIMARY KEY (`user`)
) ENGINE=MyISAM DEFAULT CHARSET=utf8;

--
-- Dumping data for table `bx_groups_forum_user_activity`
--

INSERT INTO `bx_groups_forum_user_activity` VALUES ('ericamlee',1471532133,1448464449);

--
-- Table structure for table `bx_groups_forum_user_stat`
--

CREATE TABLE `bx_groups_forum_user_stat` (
  `user` varchar(32) NOT NULL DEFAULT '',
  `posts` int(11) NOT NULL DEFAULT '0',
  `user_last_post` int(11) NOT NULL DEFAULT '0',
  KEY `user` (`user`)
) ENGINE=MyISAM DEFAULT CHARSET=utf8;

--
-- Dumping data for table `bx_groups_forum_user_stat`
--


--
-- Table structure for table `bx_groups_forum_vote`
--

CREATE TABLE `bx_groups_forum_vote` (
  `user_name` varchar(32) NOT NULL DEFAULT '',
  `post_id` int(11) NOT NULL DEFAULT '0',
  `vote_when` int(11) NOT NULL DEFAULT '0',
  `vote_point` tinyint(4) NOT NULL DEFAULT '0',
  PRIMARY KEY (`user_name`,`post_id`)
) ENGINE=MyISAM DEFAULT CHARSET=utf8;

--
-- Dumping data for table `bx_groups_forum_vote`
--


--
-- Table structure for table `bx_groups_images`
--

CREATE TABLE `bx_groups_images` (
  `entry_id` int(10) unsigned NOT NULL,
  `media_id` int(10) unsigned NOT NULL,
  UNIQUE KEY `entry_id` (`entry_id`,`media_id`)
) ENGINE=MyISAM DEFAULT CHARSET=utf8;

--
-- Dumping data for table `bx_groups_images`
--

INSERT INTO `bx_groups_images` VALUES (7,46),(11,52),(11,53);

--
-- Table structure for table `bx_groups_main`
--

CREATE TABLE `bx_groups_main` (
  `id` int(10) unsigned NOT NULL AUTO_INCREMENT,
  `title` varchar(100) NOT NULL DEFAULT '',
  `uri` varchar(255) NOT NULL,
  `desc` text NOT NULL,
  `country` varchar(2) NOT NULL,
  `city` varchar(64) NOT NULL,
  `zip` varchar(16) NOT NULL,
  `status` enum('approved','pending') NOT NULL DEFAULT 'approved',
  `thumb` int(11) NOT NULL,
  `created` int(11) NOT NULL,
  `author_id` int(10) unsigned NOT NULL DEFAULT '0',
  `tags` varchar(255) NOT NULL DEFAULT '',
  `categories` text NOT NULL,
  `views` int(11) NOT NULL,
  `rate` float NOT NULL,
  `rate_count` int(11) NOT NULL,
  `comments_count` int(11) NOT NULL,
  `fans_count` int(11) NOT NULL,
  `featured` tinyint(4) NOT NULL,
  `allow_view_group_to` int(11) NOT NULL,
  `allow_view_fans_to` varchar(16) NOT NULL,
  `allow_comment_to` varchar(16) NOT NULL,
  `allow_rate_to` varchar(16) NOT NULL,
  `allow_post_in_forum_to` varchar(16) NOT NULL,
  `allow_view_forum_to` varchar(16) NOT NULL,
  `allow_join_to` int(11) NOT NULL,
  `join_confirmation` tinyint(4) NOT NULL DEFAULT '0',
  `allow_upload_photos_to` varchar(16) NOT NULL,
  `allow_upload_videos_to` varchar(16) NOT NULL,
  `allow_upload_sounds_to` varchar(16) NOT NULL,
  `allow_upload_files_to` varchar(16) NOT NULL,
  PRIMARY KEY (`id`),
  UNIQUE KEY `uri` (`uri`),
  KEY `author_id` (`author_id`),
  KEY `created` (`created`),
  FULLTEXT KEY `search` (`title`,`desc`,`tags`,`categories`),
  FULLTEXT KEY `tags` (`tags`),
  FULLTEXT KEY `categories` (`categories`)
) ENGINE=MyISAM AUTO_INCREMENT=13 DEFAULT CHARSET=utf8;

--
-- Dumping data for table `bx_groups_main`
--

INSERT INTO `bx_groups_main` VALUES (7,'Dog walkers unite','Dog-walkers-unite','<p>got a dog? gotta walk them? let\'s do it together. </p>','US','Amherst','01002','approved',46,1478298037,24,'','',7,0,0,0,1,0,3,'4','f','','f','f',3,0,'a','','',''),(6,'Meditate with Moms','Meditate-with-Moms','<p>come let the world go together... Share the energy</p>','US','Amherst','01002','approved',0,1476785074,23,'','',3,0,0,0,0,0,3,'4','f','','f','f',3,0,'a','','',''),(5,'Bitchy over 50','Bitchy-over-50','<p>you know the drill</p>','US','Amherst','01002','approved',0,1476468365,24,'','',1,0,0,0,0,0,3,'4','f','','f','f',3,0,'a','','',''),(11,'Women Against Sexual Abuse','Women-Against-Sexual-Abuse','<p>We women need to stand together against sexual abuse. Lets form a large group to help one another with this!</p>','US','','','approved',52,1546720603,3,'safe sharing,help one another,activism','Health & Wellness',8,0,0,0,0,0,3,'3','f','f','','',3,1,'a','','',''),(12,'Lol','Lol','<p style=\"padding-left:30px;\">Ll</p>','US','','','approved',0,1575614866,84,'love','Animals & Pets',1,0,0,0,0,0,3,'f','f','f','','',3,0,'a','','','');

--
-- Table structure for table `bx_groups_rating`
--

CREATE TABLE `bx_groups_rating` (
  `gal_id` smallint(6) NOT NULL DEFAULT '0',
  `gal_rating_count` int(11) NOT NULL DEFAULT '0',
  `gal_rating_sum` int(11) NOT NULL DEFAULT '0',
  UNIQUE KEY `gal_id` (`gal_id`)
) ENGINE=MyISAM DEFAULT CHARSET=utf8;

--
-- Dumping data for table `bx_groups_rating`
--


--
-- Table structure for table `bx_groups_rating_track`
--

CREATE TABLE `bx_groups_rating_track` (
  `gal_id` smallint(6) NOT NULL DEFAULT '0',
  `gal_ip` varchar(20) DEFAULT NULL,
  `gal_date` datetime DEFAULT NULL,
  KEY `gal_ip` (`gal_ip`,`gal_id`)
) ENGINE=MyISAM DEFAULT CHARSET=utf8;

--
-- Dumping data for table `bx_groups_rating_track`
--


--
-- Table structure for table `bx_groups_shoutbox`
--

CREATE TABLE `bx_groups_shoutbox` (
  `ID` int(10) unsigned NOT NULL AUTO_INCREMENT,
  `HandlerID` int(11) NOT NULL,
  `OwnerID` int(11) NOT NULL,
  `Message` blob NOT NULL,
  `Date` timestamp NOT NULL DEFAULT CURRENT_TIMESTAMP,
  `IP` int(10) unsigned NOT NULL,
  PRIMARY KEY (`ID`),
  KEY `IP` (`IP`),
  KEY `HandlerID` (`HandlerID`)
) ENGINE=MyISAM DEFAULT CHARSET=latin1;

--
-- Dumping data for table `bx_groups_shoutbox`
--


--
-- Table structure for table `bx_groups_sounds`
--

CREATE TABLE `bx_groups_sounds` (
  `entry_id` int(10) unsigned NOT NULL,
  `media_id` int(11) NOT NULL,
  UNIQUE KEY `entry_id` (`entry_id`,`media_id`)
) ENGINE=MyISAM DEFAULT CHARSET=utf8;

--
-- Dumping data for table `bx_groups_sounds`
--


--
-- Table structure for table `bx_groups_videos`
--

CREATE TABLE `bx_groups_videos` (
  `entry_id` int(10) unsigned NOT NULL,
  `media_id` int(11) NOT NULL,
  UNIQUE KEY `entry_id` (`entry_id`,`media_id`)
) ENGINE=MyISAM DEFAULT CHARSET=utf8;

--
-- Dumping data for table `bx_groups_videos`
--


--
-- Table structure for table `bx_groups_views_track`
--

CREATE TABLE `bx_groups_views_track` (
  `id` int(10) unsigned NOT NULL,
  `viewer` int(10) unsigned NOT NULL,
  `ip` int(10) unsigned NOT NULL,
  `ts` int(10) unsigned NOT NULL,
  KEY `id` (`id`,`viewer`,`ip`)
) ENGINE=MyISAM DEFAULT CHARSET=utf8;

--
-- Dumping data for table `bx_groups_views_track`
--

INSERT INTO `bx_groups_views_track` VALUES (7,3,2923395480,1479247575),(6,3,2923395480,1479248404),(7,12,851164926,1483042654),(7,39,1222881933,1546713669),(11,3,2923395480,1546720612),(11,48,3635313828,1546985176),(5,48,3635313828,1546985202),(11,0,627978969,1547758959),(11,0,2151949307,1552317183),(11,0,1240522516,1556574526),(11,0,1386805134,1562406835),(11,84,1268429206,1575608045),(7,84,1268429206,1575609496),(12,84,1268429206,1575614874),(6,84,1268429206,1575615021),(7,95,408624719,1585319815),(11,96,1768994645,1586264445),(6,113,2935898597,1588443313);

--
-- Table structure for table `bx_news_comments`
--

CREATE TABLE `bx_news_comments` (
  `cmt_id` int(11) NOT NULL AUTO_INCREMENT,
  `cmt_parent_id` int(11) NOT NULL DEFAULT '0',
  `cmt_object_id` int(11) NOT NULL DEFAULT '0',
  `cmt_author_id` int(10) unsigned NOT NULL DEFAULT '0',
  `cmt_text` text NOT NULL,
  `cmt_mood` tinyint(4) NOT NULL DEFAULT '0',
  `cmt_rate` int(11) NOT NULL DEFAULT '0',
  `cmt_rate_count` int(11) NOT NULL DEFAULT '0',
  `cmt_time` datetime NOT NULL DEFAULT '0000-00-00 00:00:00',
  `cmt_replies` int(11) NOT NULL DEFAULT '0',
  PRIMARY KEY (`cmt_id`),
  KEY `cmt_object_id` (`cmt_object_id`,`cmt_parent_id`)
) ENGINE=MyISAM DEFAULT CHARSET=utf8;

--
-- Dumping data for table `bx_news_comments`
--


--
-- Table structure for table `bx_news_comments_track`
--

CREATE TABLE `bx_news_comments_track` (
  `cmt_system_id` int(11) NOT NULL DEFAULT '0',
  `cmt_id` int(11) NOT NULL DEFAULT '0',
  `cmt_rate` tinyint(4) NOT NULL DEFAULT '0',
  `cmt_rate_author_id` int(10) unsigned NOT NULL DEFAULT '0',
  `cmt_rate_author_nip` int(11) unsigned NOT NULL DEFAULT '0',
  `cmt_rate_ts` int(11) NOT NULL DEFAULT '0',
  PRIMARY KEY (`cmt_system_id`,`cmt_id`,`cmt_rate_author_nip`)
) ENGINE=MyISAM DEFAULT CHARSET=utf8;

--
-- Dumping data for table `bx_news_comments_track`
--


--
-- Table structure for table `bx_news_entries`
--

CREATE TABLE `bx_news_entries` (
  `id` int(11) unsigned NOT NULL AUTO_INCREMENT,
  `author_id` int(11) unsigned NOT NULL DEFAULT '0',
  `caption` varchar(64) NOT NULL DEFAULT '',
  `snippet` text NOT NULL,
  `content` text NOT NULL,
  `when` int(11) NOT NULL DEFAULT '0',
  `uri` varchar(64) NOT NULL DEFAULT '',
  `tags` varchar(255) NOT NULL DEFAULT '',
  `categories` varchar(255) NOT NULL DEFAULT '',
  `comment` tinyint(4) NOT NULL DEFAULT '0',
  `vote` tinyint(4) NOT NULL DEFAULT '0',
  `date` int(11) NOT NULL DEFAULT '0',
  `status` tinyint(4) NOT NULL DEFAULT '0',
  `featured` tinyint(4) NOT NULL DEFAULT '0',
  `rate` int(11) NOT NULL DEFAULT '0',
  `rate_count` int(11) NOT NULL DEFAULT '0',
  `view_count` int(11) NOT NULL DEFAULT '0',
  `cmts_count` int(11) NOT NULL DEFAULT '0',
  PRIMARY KEY (`id`),
  UNIQUE KEY `uri` (`uri`),
  FULLTEXT KEY `search_group` (`caption`,`content`,`tags`,`categories`),
  FULLTEXT KEY `search_caption` (`caption`),
  FULLTEXT KEY `search_content` (`content`),
  FULLTEXT KEY `search_tags` (`tags`),
  FULLTEXT KEY `search_categories` (`categories`)
) ENGINE=MyISAM DEFAULT CHARSET=utf8;

--
-- Dumping data for table `bx_news_entries`
--


--
-- Table structure for table `bx_news_views_track`
--

CREATE TABLE `bx_news_views_track` (
  `id` int(10) unsigned NOT NULL,
  `viewer` int(10) unsigned NOT NULL,
  `ip` int(10) unsigned NOT NULL,
  `ts` int(10) unsigned NOT NULL,
  KEY `id` (`id`,`viewer`,`ip`)
) ENGINE=MyISAM DEFAULT CHARSET=utf8;

--
-- Dumping data for table `bx_news_views_track`
--


--
-- Table structure for table `bx_news_voting`
--

CREATE TABLE `bx_news_voting` (
  `news_id` bigint(8) NOT NULL DEFAULT '0',
  `news_rating_count` int(11) NOT NULL DEFAULT '0',
  `news_rating_sum` int(11) NOT NULL DEFAULT '0',
  UNIQUE KEY `news_id` (`news_id`)
) ENGINE=MyISAM DEFAULT CHARSET=utf8;

--
-- Dumping data for table `bx_news_voting`
--


--
-- Table structure for table `bx_news_voting_track`
--

CREATE TABLE `bx_news_voting_track` (
  `news_id` bigint(8) NOT NULL DEFAULT '0',
  `news_ip` varchar(20) DEFAULT NULL,
  `news_date` datetime DEFAULT NULL,
  KEY `news_ip` (`news_ip`,`news_id`)
) ENGINE=MyISAM DEFAULT CHARSET=utf8;

--
-- Dumping data for table `bx_news_voting_track`
--


--
-- Table structure for table `bx_pageac_member_menu_visibility`
--

CREATE TABLE `bx_pageac_member_menu_visibility` (
  `MenuItemID` int(11) NOT NULL,
  `MemLevels` text,
  PRIMARY KEY (`MenuItemID`)
) ENGINE=MyISAM DEFAULT CHARSET=utf8;

--
-- Dumping data for table `bx_pageac_member_menu_visibility`
--


--
-- Table structure for table `bx_pageac_page_blocks_visibility`
--

CREATE TABLE `bx_pageac_page_blocks_visibility` (
  `PageBlockID` int(11) NOT NULL,
  `MemLevels` text,
  PRIMARY KEY (`PageBlockID`)
) ENGINE=MyISAM DEFAULT CHARSET=utf8;

--
-- Dumping data for table `bx_pageac_page_blocks_visibility`
--


--
-- Table structure for table `bx_pageac_rules`
--

CREATE TABLE `bx_pageac_rules` (
  `ID` int(11) NOT NULL AUTO_INCREMENT,
  `Rule` text NOT NULL,
  `MemLevels` text,
  PRIMARY KEY (`ID`)
) ENGINE=MyISAM DEFAULT CHARSET=utf8;

--
-- Dumping data for table `bx_pageac_rules`
--


--
-- Table structure for table `bx_pageac_top_menu_visibility`
--

CREATE TABLE `bx_pageac_top_menu_visibility` (
  `MenuItemID` int(11) NOT NULL,
  `MemLevels` text,
  PRIMARY KEY (`MenuItemID`)
) ENGINE=MyISAM DEFAULT CHARSET=utf8;

--
-- Dumping data for table `bx_pageac_top_menu_visibility`
--


--
-- Table structure for table `bx_photos_cmts`
--

CREATE TABLE `bx_photos_cmts` (
  `cmt_id` int(11) NOT NULL AUTO_INCREMENT,
  `cmt_parent_id` int(11) NOT NULL DEFAULT '0',
  `cmt_object_id` int(10) unsigned NOT NULL DEFAULT '0',
  `cmt_author_id` int(10) unsigned NOT NULL DEFAULT '0',
  `cmt_text` text NOT NULL,
  `cmt_mood` tinyint(4) NOT NULL DEFAULT '0',
  `cmt_rate` int(11) NOT NULL DEFAULT '0',
  `cmt_rate_count` int(11) NOT NULL DEFAULT '0',
  `cmt_time` datetime NOT NULL DEFAULT '0000-00-00 00:00:00',
  `cmt_replies` int(11) NOT NULL DEFAULT '0',
  PRIMARY KEY (`cmt_id`),
  KEY `cmt_object_id` (`cmt_object_id`,`cmt_parent_id`)
) ENGINE=MyISAM AUTO_INCREMENT=12 DEFAULT CHARSET=utf8;

--
-- Dumping data for table `bx_photos_cmts`
--

INSERT INTO `bx_photos_cmts` VALUES (4,0,24,3,'interesting photo. Looks like the work I do with people',0,0,0,'2016-06-28 15:05:47',0),(5,0,34,24,'hi fanny!',0,1,1,'2016-10-13 18:03:44',0),(6,0,26,24,'I love this photo of you!',0,0,0,'2016-10-13 18:04:05',0),(7,0,34,3,'How many of those can you eat?',0,0,0,'2016-10-18 12:25:51',0),(8,0,39,24,'what a gorgeous photo!<br />\n',0,0,0,'2016-11-04 17:59:36',0),(9,0,38,24,'beautiful ladies!<br />\n',0,0,0,'2016-11-04 18:00:11',0),(10,0,38,3,'lovely photo my dear!!! ',0,0,0,'2016-11-15 16:46:20',0),(11,0,54,3,'welcome Sue!!! ',0,1,1,'2019-05-10 13:41:03',0);

--
-- Table structure for table `bx_photos_cmts_albums`
--

CREATE TABLE `bx_photos_cmts_albums` (
  `cmt_id` int(11) NOT NULL AUTO_INCREMENT,
  `cmt_parent_id` int(11) NOT NULL DEFAULT '0',
  `cmt_object_id` int(10) unsigned NOT NULL DEFAULT '0',
  `cmt_author_id` int(10) unsigned NOT NULL DEFAULT '0',
  `cmt_text` text NOT NULL,
  `cmt_mood` tinyint(4) NOT NULL DEFAULT '0',
  `cmt_rate` int(11) NOT NULL DEFAULT '0',
  `cmt_rate_count` int(11) NOT NULL DEFAULT '0',
  `cmt_time` datetime NOT NULL DEFAULT '0000-00-00 00:00:00',
  `cmt_replies` int(11) NOT NULL DEFAULT '0',
  PRIMARY KEY (`cmt_id`),
  KEY `cmt_object_id` (`cmt_object_id`,`cmt_parent_id`)
) ENGINE=MyISAM DEFAULT CHARSET=utf8;

--
-- Dumping data for table `bx_photos_cmts_albums`
--


--
-- Table structure for table `bx_photos_favorites`
--

CREATE TABLE `bx_photos_favorites` (
  `ID` int(10) unsigned NOT NULL DEFAULT '0',
  `Profile` int(10) unsigned NOT NULL DEFAULT '0',
  `Date` int(11) NOT NULL DEFAULT '0',
  PRIMARY KEY (`ID`,`Profile`)
) ENGINE=MyISAM DEFAULT CHARSET=utf8;

--
-- Dumping data for table `bx_photos_favorites`
--


--
-- Table structure for table `bx_photos_main`
--

CREATE TABLE `bx_photos_main` (
  `ID` int(10) unsigned NOT NULL AUTO_INCREMENT,
  `Categories` text NOT NULL,
  `Owner` int(10) unsigned DEFAULT NULL,
  `Ext` varchar(4) DEFAULT '',
  `Size` varchar(10) DEFAULT '',
  `Title` varchar(255) DEFAULT '',
  `Uri` varchar(255) NOT NULL DEFAULT '',
  `Desc` text NOT NULL,
  `Tags` varchar(255) NOT NULL DEFAULT '',
  `Date` int(11) NOT NULL DEFAULT '0',
  `Views` int(11) DEFAULT '0',
  `Rate` float NOT NULL DEFAULT '0',
  `RateCount` int(11) NOT NULL DEFAULT '0',
  `CommentsCount` int(11) NOT NULL DEFAULT '0',
  `Featured` tinyint(4) NOT NULL DEFAULT '0',
  `Status` enum('approved','disapproved','pending') NOT NULL DEFAULT 'pending',
  `Hash` varchar(32) NOT NULL DEFAULT '',
  PRIMARY KEY (`ID`),
  UNIQUE KEY `Hash` (`Hash`),
  KEY `Owner` (`Owner`),
  KEY `Date` (`Date`),
  FULLTEXT KEY `ftMain` (`Title`,`Tags`,`Desc`,`Categories`),
  FULLTEXT KEY `ftTags` (`Tags`),
  FULLTEXT KEY `ftCategories` (`Categories`)
) ENGINE=MyISAM AUTO_INCREMENT=74 DEFAULT CHARSET=utf8;

--
-- Dumping data for table `bx_photos_main`
--

INSERT INTO `bx_photos_main` VALUES (42,'Profile photos',3,'jpg','956x960','me cleanup 8:10:16','1479245519','me cleanup 8:10:16','',1479245519,0,0,0,0,0,'approved','e43547f6c15fb6777164c91fb8332391'),(40,'',24,'jpg','612x612','wake up','wake-up-2016-11-04','','',1478296736,0,0,0,0,0,'approved','753d21c716a28bd4e24764ef2086f58f'),(41,'',24,'jpg','550x550','Profile pic summer 2016','Profile-pic-summer-2016','','',1478297300,0,0,0,0,0,'approved','d2e334c99e06fc39f2ff2f9a9c362e64'),(4,'Profile Photos',3,'jpg','466x553','Avatar','Avatar-2015-04-10','Avatar','Profile Photos',1428638299,7,0,0,0,0,'approved','236ab576dfe334a8e56509785a3f1936'),(60,'Profile photos',93,'jpg','1536x2048','20200222_101946','1584979470','20200222_101946','',1584979470,0,0,0,0,0,'approved','35d0436799e11a363695aec144d1b655'),(39,'',27,'jpg','600x800','phone december 2014 089','phone-december-2014-089','','',1477623655,1,0,0,1,0,'approved','0ec57082e6252ea87f168a8b443c58ce'),(38,'',27,'jpg','1136x852','phone december 2014 217','phone-december-2014-217','','',1477623629,0,0,0,2,0,'approved','5ff7c7592d29ad47f8d2d7aca874e398'),(37,'',27,'jpg','1080x1920','phone december 2014 109','phone-december-2014-109','','',1477623582,0,0,0,0,0,'approved','026857d8a3010d0e557148e124be022f'),(59,'',90,'jpg','960x1280','D4AECEC9-C572-483E-AEAA-3A411B07A03F','D4AECEC9-C572-483E-AEAA-3A411B07A03F','','',1584890028,0,0,0,0,0,'approved','52d4b9dc68424f1f3067a91b6747ad53'),(58,'',87,'jpg','1682x1682','Amy Lovell','Amy-Lovell','','',1584279841,0,5,2,0,0,'approved','063aa7d45658bcad430589044f04b93f'),(24,'',3,'png','631x283','Screen Shot 2016-05-06 at 5.47.48 PM','Screen-Shot-2016-05-06-at-5-47-48-PM','','',1466271276,1,0,0,1,0,'approved','31217d842453420701fbb1cae5490dc7'),(25,'Profile photos',3,'png','271x185','Screen Shot 2016-04-06 at 4.33.20 PM','1466271456','Screen Shot 2016-04-06 at 4.33.20 PM','',1466271456,1,0,0,0,0,'approved','6b2328a1a787f22a14926bdd25a6cfd3'),(26,'',3,'png','242x300','Screen Shot 2016-04-05 at 1.35.36 PM','Screen-Shot-2016-04-05-at-1-35-36-PM','','',1466272050,1,5,2,1,0,'approved','0c1232b8dc6750d5a04702e2ae4a46e4'),(35,'',24,'jpg','2048x1158','IMAG0491','IMAG0491','','',1476396159,1,0,0,0,0,'approved','5f47c22e68544b59ee84ab2101c40bfc'),(36,'',23,'jpg','2048x1535','image','image','','',1476785362,0,0,0,0,0,'approved','01dd6778ddbaffed191d89e8ace403e5'),(46,'Groups',3,'png','365x473','','--2016-11-15','','groups',1479247957,0,0,0,0,0,'approved','ac4d4d9e5be4675672faa28d36a93554'),(45,'Events',3,'png','451x386','','-','','events',1479247486,0,0,0,0,0,'approved','a7922124501d6f488b477190f47cf235'),(44,'',3,'jpg','956x960','me cleanup 8:10:16','me-cleanup-8-10-16-2016-11-15','','',1479245681,0,0,0,0,0,'approved','9b3b9a8b10981df25aae80f7b83ec4c5'),(43,'',3,'jpg','956x960','me cleanup 8:10:16','me-cleanup-8-10-16','','',1479245554,1,0,0,0,0,'approved','a5fa0056ff524a35b696d520c4b5ba12'),(34,'',23,'jpg','1632x1224','IMG_0686','IMG-0686','','',1476371181,0,0,0,2,0,'approved','b97f2cf07cdd2668be6d63a919f1ed51'),(57,'',77,'png','178x185','Screen Shot 2018-12-07 at 4.44.06 PM','Screen-Shot-2018-12-07-at-4-44-06-PM','','',1565031156,0,0,0,0,0,'approved','73e2168f57d3be5c1a219a0a187c11f4'),(56,'Profile photos',37,'png','367x84','image','1559252307','image','',1559252307,0,0,0,0,0,'approved','1542318fd1412a2d1423918bf2bd96c2'),(50,'',37,'jpg','2021x1556','IMG_0273','IMG-0273','','',1546714559,0,0,0,0,0,'approved','167a50cb65ee654ad56837d9d288cc93'),(54,'',45,'jpg','1594x1806','855E375F-F30B-4F35-8849-50FFD79DD156','855E375F-F30B-4F35-8849-50FFD79DD156','','',1550336661,0,5,3,1,0,'approved','d308c308d2b18dddce247273e018884c'),(52,'Groups',3,'png','452x938','Women Against Sexual Abuse','Women-Against-Sexual-Abuse-2019-01-05','Women Against Sexual Abuse','groups',1546721074,0,0,0,0,0,'approved','627497831290e47c8bff7e3d2746b4cd'),(53,'Groups',3,'png','452x938','Women Against Sexual Abuse','Women-Against-Sexual-Abuse-2019-01-05-0','Women Against Sexual Abuse','groups',1546721075,0,0,0,0,0,'approved','a86cfb6cd6e3b8ea68abe3d7b0f5c7a8'),(55,'',45,'jpg','1594x1806','7B52DA3A-9552-4115-AA86-A991D987D9DB','7B52DA3A-9552-4115-AA86-A991D987D9DB','','',1550336910,0,0,0,0,0,'approved','ce6197ab29351ccf782dc7479b513b39'),(61,'Profile photos',93,'jpg','1536x2048','20200321_113811','1584979485','20200321_113811','',1584979485,1,0,0,0,0,'approved','5e0bfec49b6ffdddc59a2c29c2c672f9'),(62,'Profile photos',93,'jpg','1536x2048','20200307_195059','1584979498','20200307_195059','',1584979498,0,0,0,0,0,'approved','a135d8947e422064b1fa8d7f89e148fc'),(63,'Profile photos',93,'jpg','1536x2048','20200216_150955(0)','1584979515','20200216_150955(0)','',1584979515,0,0,0,0,0,'approved','d7498f88c716550508bfe5c8e736ade6'),(64,'Profile photos',93,'jpg','1536x2048','20200125_163717','1584979544','20200125_163717','',1584979544,0,0,0,0,0,'approved','07815b4468e6c872d56013c0e66c7bbe'),(65,'',95,'jpg','1080x1148','headshot2020','headshot2020','','',1585319727,0,5,2,0,0,'approved','de21bb52eb4368a7362950086cdc6d6c'),(66,'',97,'jpg','1539x2048','image','image-2020-04-15','','',1586961213,0,0,0,0,0,'approved','d0b777dc66829229ea6b0e804e821d34'),(67,'',111,'jpg','1000x1333','Jennifer headshot resized','Jennifer-headshot-resized','','',1588020626,0,0,0,0,0,'approved','3ace317a40d6183afd90f935dddc6676'),(68,'Profile photos',115,'jpg','1539x2048','DF47742A-06EA-49AD-A3C3-9A669DE9D1B3','1589028382','DF47742A-06EA-49AD-A3C3-9A669DE9D1B3','',1589028382,0,0,0,0,0,'approved','85f5a82ba38302d8f85e87db6d2074e0'),(69,'',115,'jpg','1539x2048','4CFEAEF6-4D85-4A1D-9503-771D7C78E6C5','4CFEAEF6-4D85-4A1D-9503-771D7C78E6C5','','',1589028453,1,5,1,0,0,'approved','86b8fd82884f4cb0e8262195c3eead42'),(70,'Profile photos',118,'jpg','341x772','headshot','1600492270','headshot','',1600492270,0,0,0,0,0,'approved','b51aafd2ce8fc443e4dc904503913200'),(71,'Profile photos',118,'jpg','1621x2048','IMG_3025','1600492725','IMG_3025','',1600492725,0,0,0,0,0,'approved','3112160367e90f9a47ad8adebddf8484'),(72,'Profile photos',118,'jpg','1621x2048','IMG_3025','1600492772','IMG_3025','',1600492772,0,0,0,0,0,'approved','987e5d71088d9006ad5cd4573e9f7e47'),(73,'Profile photos',118,'jpg','1621x2048','IMG_3025','1600492788','IMG_3025','',1600492788,0,0,0,0,0,'approved','a50487188b631851a0dcad6d2fd32e19');

--
-- Table structure for table `bx_photos_rating`
--

CREATE TABLE `bx_photos_rating` (
  `gal_id` int(10) unsigned NOT NULL DEFAULT '0',
  `gal_rating_count` int(11) NOT NULL DEFAULT '0',
  `gal_rating_sum` int(11) NOT NULL DEFAULT '0',
  UNIQUE KEY `med_id` (`gal_id`)
) ENGINE=MyISAM DEFAULT CHARSET=utf8;

--
-- Dumping data for table `bx_photos_rating`
--

INSERT INTO `bx_photos_rating` VALUES (26,2,10),(54,3,15),(58,2,10),(65,2,10),(69,1,5);

--
-- Table structure for table `bx_photos_views_track`
--

CREATE TABLE `bx_photos_views_track` (
  `id` int(10) unsigned NOT NULL,
  `viewer` int(10) unsigned NOT NULL,
  `ip` int(10) unsigned NOT NULL,
  `ts` int(10) unsigned NOT NULL,
  KEY `id` (`id`,`viewer`,`ip`)
) ENGINE=MyISAM DEFAULT CHARSET=utf8;

--
-- Dumping data for table `bx_photos_views_track`
--

INSERT INTO `bx_photos_views_track` VALUES (1,1,2903073612,1428510862),(4,1,2903073612,1429102806),(4,0,2923395480,1429190386),(1,2,2923395480,1429190452),(4,3,2923395480,1462471291),(10,12,2923333906,1443203682),(11,13,2923333906,1443404013),(12,13,2923333906,1443404115),(13,13,2923333906,1443404252),(4,0,1311682103,1443508481),(11,0,1311682103,1443508509),(10,0,1311682103,1443508524),(1,0,1311682103,1443508559),(2,0,1311682103,1443508695),(11,0,1123631568,1443562754),(1,0,1123631568,1443562764),(4,0,1123631554,1443562779),(10,0,1123631568,1443562939),(2,0,1123631554,1443563038),(1,0,1123632074,1443978766),(10,0,1123635138,1444019689),(11,0,1123635152,1444024236),(4,0,1123635138,1444028793),(2,12,2923333906,1445390798),(14,13,2923333906,1450815866),(15,12,851164926,1459987867),(16,12,851164926,1461688650),(17,12,2923395480,1462471349),(18,12,851164926,1466094978),(21,12,851164926,1466100193),(24,3,2923395480,1466271283),(27,19,851164926,1466450186),(23,19,851164926,1467134211),(25,3,847959309,1468869992),(22,12,851164926,1482351343),(32,12,851164926,1471630426),(30,12,851164926,1471630469),(39,3,2923395480,1477921325),(43,3,2923395480,1479245566),(26,3,2923395480,1483894602),(35,12,1240338797,1495984496),(61,93,2932264166,1584979563),(69,115,1816917187,1589028460);

--
-- Table structure for table `bx_photos_voting_track`
--

CREATE TABLE `bx_photos_voting_track` (
  `gal_id` int(10) unsigned NOT NULL DEFAULT '0',
  `gal_ip` varchar(20) DEFAULT NULL,
  `gal_date` datetime DEFAULT NULL,
  KEY `med_ip` (`gal_ip`,`gal_id`)
) ENGINE=MyISAM DEFAULT CHARSET=utf8;

--
-- Dumping data for table `bx_photos_voting_track`
--

INSERT INTO `bx_photos_voting_track` VALUES (26,'65.34.5.210','2016-10-27 23:07:31'),(26,'73.68.171.113','2016-10-13 18:01:23'),(54,'174.63.121.152','2019-03-12 14:57:13'),(54,'174.63.121.152','2019-03-29 14:23:24'),(54,'50.247.241.85','2019-05-10 13:40:45'),(58,'174.63.121.152','2020-03-27 09:23:21'),(65,'174.63.121.152','2020-04-08 10:29:27'),(58,'174.63.121.152','2020-04-08 10:29:39'),(69,'174.63.121.152','2020-11-05 15:09:45'),(65,'174.63.121.152','2020-11-05 15:09:57');

--
-- Table structure for table `bx_simple_messenger_messages`
--

CREATE TABLE `bx_simple_messenger_messages` (
  `ID` int(10) unsigned NOT NULL AUTO_INCREMENT,
  `Message` blob NOT NULL,
  `SenderID` int(11) NOT NULL,
  `RecipientID` int(11) NOT NULL,
  `Date` timestamp NOT NULL DEFAULT CURRENT_TIMESTAMP ON UPDATE CURRENT_TIMESTAMP,
  `SenderStatus` enum('active','close') COLLATE utf8_unicode_ci NOT NULL DEFAULT 'active',
  `RecipientStatus` enum('active','close') COLLATE utf8_unicode_ci NOT NULL,
  PRIMARY KEY (`ID`),
  KEY `SenderID` (`SenderID`),
  KEY `RecipientID` (`RecipientID`)
) ENGINE=MyISAM AUTO_INCREMENT=7 DEFAULT CHARSET=utf8 COLLATE=utf8_unicode_ci;

--
-- Dumping data for table `bx_simple_messenger_messages`
--

INSERT INTO `bx_simple_messenger_messages` VALUES (6,'Hello!! :D',50,3,'2019-01-18 16:39:33','active','active');

--
-- Table structure for table `bx_simple_messenger_privacy`
--

CREATE TABLE `bx_simple_messenger_privacy` (
  `author_id` int(11) NOT NULL,
  `allow_contact_to` int(11) NOT NULL,
  PRIMARY KEY (`author_id`)
) ENGINE=MyISAM DEFAULT CHARSET=utf8 COLLATE=utf8_unicode_ci;

--
-- Dumping data for table `bx_simple_messenger_privacy`
--

INSERT INTO `bx_simple_messenger_privacy` VALUES (17,5),(27,5),(12,5),(37,3),(88,5),(110,3),(130,3);

--
-- Table structure for table `bx_wall_comments`
--

CREATE TABLE `bx_wall_comments` (
  `cmt_id` int(11) NOT NULL AUTO_INCREMENT,
  `cmt_parent_id` int(11) NOT NULL DEFAULT '0',
  `cmt_object_id` int(11) NOT NULL DEFAULT '0',
  `cmt_author_id` int(10) unsigned NOT NULL DEFAULT '0',
  `cmt_text` text COLLATE utf8_unicode_ci NOT NULL,
  `cmt_mood` tinyint(4) NOT NULL DEFAULT '0',
  `cmt_rate` int(11) NOT NULL DEFAULT '0',
  `cmt_rate_count` int(11) NOT NULL DEFAULT '0',
  `cmt_time` datetime NOT NULL DEFAULT '0000-00-00 00:00:00',
  `cmt_replies` int(11) NOT NULL DEFAULT '0',
  PRIMARY KEY (`cmt_id`),
  KEY `cmt_object_id` (`cmt_object_id`,`cmt_parent_id`)
) ENGINE=MyISAM AUTO_INCREMENT=6 DEFAULT CHARSET=utf8 COLLATE=utf8_unicode_ci;

--
-- Dumping data for table `bx_wall_comments`
--

INSERT INTO `bx_wall_comments` VALUES (2,0,97,3,'interesting',0,0,0,'2016-06-01 22:48:10',0),(4,0,285,96,'Hi how are you doing ',0,0,0,'2020-04-07 09:14:16',0),(5,0,293,113,'hi Monique ',0,0,0,'2020-05-02 14:16:07',0);

--
-- Table structure for table `bx_wall_comments_track`
--

CREATE TABLE `bx_wall_comments_track` (
  `cmt_system_id` int(11) NOT NULL DEFAULT '0',
  `cmt_id` int(11) NOT NULL DEFAULT '0',
  `cmt_rate` tinyint(4) NOT NULL DEFAULT '0',
  `cmt_rate_author_id` int(10) unsigned NOT NULL DEFAULT '0',
  `cmt_rate_author_nip` int(11) unsigned NOT NULL DEFAULT '0',
  `cmt_rate_ts` int(11) NOT NULL DEFAULT '0',
  PRIMARY KEY (`cmt_system_id`,`cmt_id`,`cmt_rate_author_nip`)
) ENGINE=MyISAM DEFAULT CHARSET=utf8 COLLATE=utf8_unicode_ci;

--
-- Dumping data for table `bx_wall_comments_track`
--


--
-- Table structure for table `bx_wall_events`
--

CREATE TABLE `bx_wall_events` (
  `id` bigint(8) NOT NULL AUTO_INCREMENT,
  `owner_id` int(10) unsigned NOT NULL DEFAULT '0',
  `object_id` text COLLATE utf8_unicode_ci NOT NULL,
  `type` varchar(255) COLLATE utf8_unicode_ci NOT NULL,
  `action` varchar(255) COLLATE utf8_unicode_ci NOT NULL,
  `content` text COLLATE utf8_unicode_ci NOT NULL,
  `title` varchar(255) COLLATE utf8_unicode_ci NOT NULL,
  `description` text COLLATE utf8_unicode_ci NOT NULL,
  `reposts` int(11) unsigned NOT NULL DEFAULT '0',
  `date` int(11) unsigned NOT NULL DEFAULT '0',
  `active` tinyint(4) NOT NULL DEFAULT '1',
  `hidden` tinyint(4) NOT NULL DEFAULT '0',
  PRIMARY KEY (`id`),
  KEY `owner_id` (`owner_id`)
) ENGINE=MyISAM AUTO_INCREMENT=305 DEFAULT CHARSET=utf8 COLLATE=utf8_unicode_ci;

--
-- Dumping data for table `bx_wall_events`
--

INSERT INTO `bx_wall_events` VALUES (153,3,'4','ads','create','','Monique Hillen added new ad','Monique Hillen added new ad',0,1476406365,1,0),(154,0,'26','wall_common_text','','<div class=\"wall-post-text\">I\'m in</div>','PbZPJm4S9Z wrote','I\'m in',0,1476461268,1,0),(112,3,'23','bx_photos','commentPost','a:2:{s:10:\"comment_id\";i:2;s:17:\"comment_author_id\";i:3;}','Monique Hillen commented on a photo','The vision I have for the site :)',0,1466271667,1,0),(113,3,'26','bx_photos','add','a:2:{s:5:\"album\";s:14:\"Profile-photos\";s:12:\"privacy_view\";s:1:\"4\";}','Monique Hillen added new photo','',1,1466272057,1,0),(162,23,'11','modzzz_articles','add','a:1:{s:6:\"Status\";s:8:\"approved\";}','','',0,1476784866,1,0),(163,23,'12','modzzz_articles','add','a:1:{s:6:\"Status\";s:8:\"approved\";}','','',0,1476784962,1,0),(164,23,'6','bx_groups','add','a:1:{s:6:\"Status\";s:8:\"approved\";}','','',0,1476785074,1,0),(166,23,'23','profile','edit','a:2:{s:14:\"OldProfileInfo\";a:65:{s:2:\"ID\";s:2:\"23\";s:8:\"NickName\";s:10:\"9Jukj2dZdQ\";s:5:\"Email\";s:23:\"revisionary@comcast.net\";s:8:\"Password\";s:40:\"6ddb413492e4d8ab2aa84d65eda3d27c91f12b2f\";s:4:\"Salt\";s:8:\"c8Jp2fvz\";s:6:\"Status\";s:6:\"Active\";s:4:\"Role\";s:1:\"1\";s:6:\"Couple\";s:1:\"0\";s:3:\"Sex\";s:0:\"\";s:10:\"LookingFor\";s:0:\"\";s:8:\"Headline\";s:0:\"\";s:13:\"DescriptionMe\";s:263:\"I have 2 children  are out of the house now. I work freelance. I have a partner.  I feel most comfortable communicating and sharing time with women more than men., Even though I\'m in a relationship with a man.  Therefore I like the idea of an all women\'s website.\";s:7:\"Country\";s:2:\"US\";s:4:\"City\";s:0:\"\";s:11:\"DateOfBirth\";s:10:\"0000-00-00\";s:8:\"Featured\";s:1:\"0\";s:7:\"DateReg\";s:19:\"2016-10-13 10:56:29\";s:12:\"DateLastEdit\";s:19:\"0000-00-00 00:00:00\";s:13:\"DateLastLogin\";s:19:\"2016-10-18 05:51:10\";s:11:\"DateLastNav\";s:19:\"2016-10-18 06:10:37\";s:7:\"aff_num\";s:1:\"0\";s:4:\"Tags\";s:0:\"\";s:3:\"zip\";s:5:\"01060\";s:11:\"EmailNotify\";s:1:\"1\";s:6:\"LangID\";s:1:\"1\";s:11:\"UpdateMatch\";s:1:\"0\";s:5:\"Views\";s:1:\"1\";s:4:\"Rate\";s:1:\"0\";s:9:\"RateCount\";s:1:\"0\";s:13:\"CommentsCount\";s:1:\"0\";s:19:\"PrivacyDefaultGroup\";s:1:\"3\";s:13:\"allow_view_to\";s:1:\"3\";s:10:\"UserStatus\";s:6:\"online\";s:17:\"UserStatusMessage\";s:0:\"\";s:21:\"UserStatusMessageWhen\";s:1:\"0\";s:6:\"Avatar\";s:1:\"0\";s:6:\"Height\";s:0:\"\";s:6:\"Weight\";s:0:\"\";s:6:\"Income\";s:0:\"\";s:10:\"Occupation\";s:0:\"\";s:17:\"SpiritualPractice\";s:0:\"\";s:18:\"RelationshipStatus\";s:0:\"\";s:7:\"Hobbies\";s:46:\"Astrology,Art,Dance,Movies,Reading,Videography\";s:9:\"Interests\";s:0:\"\";s:9:\"Ethnicity\";s:5:\"Human\";s:13:\"FavoriteSites\";s:0:\"\";s:13:\"FavoriteMusic\";s:0:\"\";s:13:\"FavoriteFilms\";s:0:\"\";s:13:\"FavoriteBooks\";s:0:\"\";s:8:\"FullName\";s:16:\"Fanny Rothschild\";s:13:\"PoliticalView\";s:7:\"Liberal\";s:19:\"InterestsAltHealing\";s:52:\"Acupuncture,Chiropractic,Energy Therapies,Meditation\";s:12:\"InterestsArt\";s:28:\"Crafts,Videography,Galleries\";s:11:\"WomanStatus\";s:14:\"Involved Woman\";s:14:\"InterestsBooks\";s:37:\"Comedy,Drama,Fantasy,Literary Fiction\";s:22:\"InterestsEntertainment\";s:42:\"Animals,Concerts,Dancing,Traveling,Writing\";s:16:\"InterestsGeneral\";s:0:\"\";s:15:\"InterestsSports\";s:13:\"Aerobics,Yoga\";s:15:\"InterestsWomens\";s:136:\"Affordable Child Care,Equal Rights,Human Trafficking/Sex Slavery,Paid Sick and Parental Leave,Reproductive Rights,Violence Against Women\";s:14:\"InterestsMusic\";s:11:\"Banjo,Voice\";s:9:\"Education\";s:0:\"\";s:9:\"FirstName\";s:0:\"\";s:8:\"LastName\";s:0:\"\";s:8:\"NEW_ITEM\";s:0:\"\";s:15:\"FacebookProfile\";s:0:\"\";}s:7:\"privacy\";i:3;}','Fanny Rothschild ','',0,1476785458,1,0),(25,3,'4','bx_photos','add','a:3:{s:12:\"privacy_view\";s:1:\"3\";s:5:\"album\";s:19:\"persister1-s-photos\";s:5:\"idims\";a:1:{i:4;a:2:{s:1:\"w\";i:117;s:1:\"h\";i:140;}}}','persister1 added new photo','Avatar',0,1428638299,1,0),(28,3,'2','friend','accept','','persister1 is now friends with bethany','',0,1428981820,1,0),(286,88,'88','profile','edit','a:2:{s:14:\"OldProfileInfo\";a:64:{s:2:\"ID\";s:2:\"88\";s:8:\"NickName\";s:10:\"Gwnd8JhsZS\";s:5:\"Email\";s:21:\"J_Roberts86@yahoo.com\";s:8:\"Password\";s:40:\"9607bcd4a6f09707fcd9a0eaf1618cc8854c248b\";s:4:\"Salt\";s:8:\"R&H.b8G+\";s:6:\"Status\";s:6:\"Active\";s:4:\"Role\";s:1:\"1\";s:6:\"Couple\";s:1:\"0\";s:3:\"Sex\";s:0:\"\";s:10:\"LookingFor\";s:0:\"\";s:8:\"Headline\";s:0:\"\";s:13:\"DescriptionMe\";s:309:\"I am a mother of 3 needing help asap! I\'m in the beginning stages of a divorce and the kids and I are miserable at home. My kids are my life and they keep me busy. I can\'t afford much right now, praying for a kind heart and a helping hand. I need to get back on my feet after this rollercoaster of a marriage.\";s:7:\"Country\";s:2:\"US\";s:4:\"City\";s:0:\"\";s:11:\"DateOfBirth\";s:10:\"0000-00-00\";s:8:\"Featured\";s:1:\"0\";s:7:\"DateReg\";s:19:\"2020-03-17 03:39:45\";s:12:\"DateLastEdit\";s:19:\"2020-03-17 03:41:40\";s:13:\"DateLastLogin\";s:19:\"2020-03-17 03:40:16\";s:11:\"DateLastNav\";s:19:\"2020-03-17 03:41:41\";s:7:\"aff_num\";s:1:\"0\";s:4:\"Tags\";s:0:\"\";s:3:\"zip\";s:5:\"97013\";s:11:\"EmailNotify\";s:1:\"1\";s:6:\"LangID\";s:1:\"1\";s:11:\"UpdateMatch\";s:1:\"0\";s:5:\"Views\";s:1:\"0\";s:4:\"Rate\";s:1:\"0\";s:9:\"RateCount\";s:1:\"0\";s:13:\"CommentsCount\";s:1:\"0\";s:19:\"PrivacyDefaultGroup\";s:1:\"3\";s:13:\"allow_view_to\";s:1:\"3\";s:10:\"UserStatus\";s:6:\"online\";s:17:\"UserStatusMessage\";s:0:\"\";s:21:\"UserStatusMessageWhen\";s:1:\"0\";s:6:\"Avatar\";s:1:\"0\";s:6:\"Height\";s:0:\"\";s:6:\"Weight\";s:0:\"\";s:6:\"Income\";s:0:\"\";s:10:\"Occupation\";s:0:\"\";s:17:\"SpiritualPractice\";s:20:\"Christian / Catholic\";s:18:\"RelationshipStatus\";s:0:\"\";s:7:\"Hobbies\";s:99:\"Animals,Camping,Concerts,Hiking,Kids Arts/Crafts,Movies,Music,Play Sports,Traveling,Watching Sports\";s:9:\"Interests\";s:0:\"\";s:9:\"Ethnicity\";s:15:\"White/Caucasian\";s:13:\"FavoriteSites\";s:0:\"\";s:13:\"FavoriteMusic\";s:0:\"\";s:13:\"FavoriteFilms\";s:0:\"\";s:13:\"FavoriteBooks\";s:0:\"\";s:8:\"FullName\";s:8:\"Jennifer\";s:13:\"PoliticalView\";s:7:\"--Any--\";s:19:\"InterestsAltHealing\";s:0:\"\";s:12:\"InterestsArt\";s:0:\"\";s:11:\"WomanStatus\";s:13:\"Single Mother\";s:14:\"InterestsBooks\";s:0:\"\";s:22:\"InterestsEntertainment\";s:0:\"\";s:16:\"InterestsGeneral\";s:0:\"\";s:15:\"InterestsSports\";s:35:\"Baseball,Basketball,Football,Soccer\";s:15:\"InterestsWomens\";s:0:\"\";s:14:\"InterestsMusic\";s:0:\"\";s:9:\"Education\";s:17:\"Associates Degree\";s:9:\"FirstName\";s:0:\"\";s:8:\"LastName\";s:0:\"\";s:8:\"NEW_ITEM\";s:0:\"\";}s:7:\"privacy\";i:3;}','Jennifer ','',0,1584430907,1,0),(176,27,'7','bx_events','commentPost','a:2:{s:10:\"comment_id\";i:6;s:17:\"comment_author_id\";i:27;}','','',0,1477624089,1,0),(177,0,'27','wall_common_text','','<div class=\"wall-post-text\">i wonder if any of my sisters might want to exchange wellness, exercise and nutrition information?</div>','dRVHThGtVA wrote','i wonder if any of my sisters might want to exchange wellness, exercise and nutrition information?',0,1477624142,1,0),(175,27,'27','profile','edit','a:2:{s:14:\"OldProfileInfo\";a:65:{s:2:\"ID\";s:2:\"27\";s:8:\"NickName\";s:10:\"dRVHThGtVA\";s:5:\"Email\";s:19:\"jensprung@yahoo.com\";s:8:\"Password\";s:40:\"7a56c39c56b20defacb6402bd606487fb4347d08\";s:4:\"Salt\";s:8:\"XvfHipGG\";s:6:\"Status\";s:6:\"Active\";s:4:\"Role\";s:1:\"1\";s:6:\"Couple\";s:1:\"0\";s:3:\"Sex\";s:0:\"\";s:10:\"LookingFor\";s:0:\"\";s:8:\"Headline\";s:0:\"\";s:13:\"DescriptionMe\";s:1076:\"Hello, I am a nuerosomatic massage therapist, specializing in Visceral Manipulation, Temporomandibular Joint Dysfunction, Postural Distortions, Pelvic Floor, Trigger Point Therapy, Myofascial Release, Manual Therapies and more. I am a mother of three...a stepdaughter who is 43, a daughter who is 29 and a son who is 27. They, and my work, are my life. I am married to a very interesting fellow who sustains, supports and loves me deeply. I live in Amherst, MA and Treasure Island, FL. Working and teaching in both areas. My parents are still alive and thriving at 83 years of age. They live close to me. I am grateful and thankful. For many things. I work hard to support a healthy environment, eat whole organic foods, stay away from all chemicals in my life, home, work, etc. I have several causes that are close to my heart...creating safe healing for veterans and addicts, as well as my most amazing one year old grandson. A connection that is deep and true!\r\n I look forward to meeting people here and expanding my knowledge as well as sharing all there is to this life.\";s:7:\"Country\";s:2:\"US\";s:4:\"City\";s:0:\"\";s:11:\"DateOfBirth\";s:10:\"0000-00-00\";s:8:\"Featured\";s:1:\"0\";s:7:\"DateReg\";s:19:\"2016-10-14 20:22:02\";s:12:\"DateLastEdit\";s:19:\"2016-10-27 23:03:56\";s:13:\"DateLastLogin\";s:19:\"2016-10-27 22:53:32\";s:11:\"DateLastNav\";s:19:\"2016-10-27 23:03:57\";s:7:\"aff_num\";s:1:\"0\";s:4:\"Tags\";s:0:\"\";s:3:\"zip\";s:5:\"01002\";s:11:\"EmailNotify\";s:1:\"1\";s:6:\"LangID\";s:1:\"1\";s:11:\"UpdateMatch\";s:1:\"0\";s:5:\"Views\";s:1:\"0\";s:4:\"Rate\";s:1:\"0\";s:9:\"RateCount\";s:1:\"0\";s:13:\"CommentsCount\";s:1:\"0\";s:19:\"PrivacyDefaultGroup\";s:1:\"3\";s:13:\"allow_view_to\";s:1:\"3\";s:10:\"UserStatus\";s:6:\"online\";s:17:\"UserStatusMessage\";s:0:\"\";s:21:\"UserStatusMessageWhen\";s:1:\"0\";s:6:\"Avatar\";s:1:\"0\";s:6:\"Height\";s:0:\"\";s:6:\"Weight\";s:0:\"\";s:6:\"Income\";s:0:\"\";s:10:\"Occupation\";s:0:\"\";s:17:\"SpiritualPractice\";s:27:\"Spiritual but not religious\";s:18:\"RelationshipStatus\";s:0:\"\";s:7:\"Hobbies\";s:59:\"Astrology,Art,Beauty,Cycling,Crafts,Sculpting,Workout,Other\";s:9:\"Interests\";s:0:\"\";s:9:\"Ethnicity\";s:15:\"White/Caucasian\";s:13:\"FavoriteSites\";s:0:\"\";s:13:\"FavoriteMusic\";s:0:\"\";s:13:\"FavoriteFilms\";s:0:\"\";s:13:\"FavoriteBooks\";s:0:\"\";s:8:\"FullName\";s:15:\"Jennifer Sprung\";s:13:\"PoliticalView\";s:12:\"Very Liberal\";s:19:\"InterestsAltHealing\";s:73:\"Acupuncture,Bio Feedback,Energy Therapies,Herbalism,Homeopathy,Meditation\";s:12:\"InterestsArt\";s:0:\"\";s:11:\"WomanStatus\";s:14:\"Involved Woman\";s:14:\"InterestsBooks\";s:22:\"Comedy,Fantasy,Fiction\";s:22:\"InterestsEntertainment\";s:16:\"Concerts,Writing\";s:16:\"InterestsGeneral\";s:0:\"\";s:15:\"InterestsSports\";s:53:\"Aerobics,Cycling,Swimming,Weight Lifting,Workout,Yoga\";s:15:\"InterestsWomens\";s:249:\"Affordable Child Care,Discrimination in the Work Force,Equal Rights,Free Speech,Health,Human Trafficking/Sex Slavery,Inadequate Representation,Paid Sick and Parental Leave,Poverty,Pregnancy,Reproductive Rights,Violence Against Women,Women’s Rights\";s:14:\"InterestsMusic\";s:0:\"\";s:9:\"Education\";s:0:\"\";s:9:\"FirstName\";s:0:\"\";s:8:\"LastName\";s:0:\"\";s:8:\"NEW_ITEM\";s:0:\"\";s:15:\"FacebookProfile\";s:0:\"\";}s:7:\"privacy\";i:3;}','Jennifer Sprung ','',0,1477623852,1,0),(284,87,'87','wall_common_repost','','a:3:{s:4:\"type\";s:15:\"modzzz_articles\";s:6:\"action\";s:3:\"add\";s:9:\"object_id\";s:2:\"47\";}','Amy Lovell reposted a article','',0,1584280875,1,0),(285,88,'88','profile','edit','a:1:{s:14:\"OldProfileInfo\";a:128:{i:0;s:2:\"88\";s:2:\"ID\";s:2:\"88\";i:1;s:10:\"Gwnd8JhsZS\";s:8:\"NickName\";s:10:\"Gwnd8JhsZS\";i:2;s:21:\"J_Roberts86@yahoo.com\";s:5:\"Email\";s:21:\"J_Roberts86@yahoo.com\";i:3;s:40:\"9607bcd4a6f09707fcd9a0eaf1618cc8854c248b\";s:8:\"Password\";s:40:\"9607bcd4a6f09707fcd9a0eaf1618cc8854c248b\";i:4;s:8:\"R&H.b8G+\";s:4:\"Salt\";s:8:\"R&H.b8G+\";i:5;s:6:\"Active\";s:6:\"Status\";s:6:\"Active\";i:6;s:1:\"1\";s:4:\"Role\";s:1:\"1\";i:7;s:1:\"0\";s:6:\"Couple\";s:1:\"0\";i:8;s:0:\"\";s:3:\"Sex\";s:0:\"\";i:9;s:0:\"\";s:10:\"LookingFor\";s:0:\"\";i:10;s:0:\"\";s:8:\"Headline\";s:0:\"\";i:11;s:309:\"I am a mother of 3 needing help asap! I\'m in the beginning stages of a divorce and the kids and I are miserable at home. My kids are my life and they keep me busy. I can\'t afford much right now, praying for a kind heart and a helping hand. I need to get back on my feet after this rollercoaster of a marriage.\";s:13:\"DescriptionMe\";s:309:\"I am a mother of 3 needing help asap! I\'m in the beginning stages of a divorce and the kids and I are miserable at home. My kids are my life and they keep me busy. I can\'t afford much right now, praying for a kind heart and a helping hand. I need to get back on my feet after this rollercoaster of a marriage.\";i:12;s:2:\"US\";s:7:\"Country\";s:2:\"US\";i:13;s:0:\"\";s:4:\"City\";s:0:\"\";i:14;s:10:\"0000-00-00\";s:11:\"DateOfBirth\";s:10:\"0000-00-00\";i:15;s:1:\"0\";s:8:\"Featured\";s:1:\"0\";i:16;s:19:\"2020-03-17 03:39:45\";s:7:\"DateReg\";s:19:\"2020-03-17 03:39:45\";i:17;s:19:\"0000-00-00 00:00:00\";s:12:\"DateLastEdit\";s:19:\"0000-00-00 00:00:00\";i:18;s:19:\"2020-03-17 03:40:16\";s:13:\"DateLastLogin\";s:19:\"2020-03-17 03:40:16\";i:19;s:19:\"2020-03-17 03:41:34\";s:11:\"DateLastNav\";s:19:\"2020-03-17 03:41:34\";i:20;s:1:\"0\";s:7:\"aff_num\";s:1:\"0\";i:21;s:0:\"\";s:4:\"Tags\";s:0:\"\";i:22;s:5:\"98381\";s:3:\"zip\";s:5:\"98381\";i:23;s:1:\"1\";s:11:\"EmailNotify\";s:1:\"1\";i:24;s:1:\"1\";s:6:\"LangID\";s:1:\"1\";i:25;s:1:\"0\";s:11:\"UpdateMatch\";s:1:\"0\";i:26;s:1:\"0\";s:5:\"Views\";s:1:\"0\";i:27;s:1:\"0\";s:4:\"Rate\";s:1:\"0\";i:28;s:1:\"0\";s:9:\"RateCount\";s:1:\"0\";i:29;s:1:\"0\";s:13:\"CommentsCount\";s:1:\"0\";i:30;s:1:\"3\";s:19:\"PrivacyDefaultGroup\";s:1:\"3\";i:31;s:1:\"3\";s:13:\"allow_view_to\";s:1:\"3\";i:32;s:6:\"online\";s:10:\"UserStatus\";s:6:\"online\";i:33;s:0:\"\";s:17:\"UserStatusMessage\";s:0:\"\";i:34;s:1:\"0\";s:21:\"UserStatusMessageWhen\";s:1:\"0\";i:35;s:1:\"0\";s:6:\"Avatar\";s:1:\"0\";i:36;s:0:\"\";s:6:\"Height\";s:0:\"\";i:37;s:0:\"\";s:6:\"Weight\";s:0:\"\";i:38;s:0:\"\";s:6:\"Income\";s:0:\"\";i:39;s:0:\"\";s:10:\"Occupation\";s:0:\"\";i:40;s:20:\"Christian / Catholic\";s:17:\"SpiritualPractice\";s:20:\"Christian / Catholic\";i:41;s:0:\"\";s:18:\"RelationshipStatus\";s:0:\"\";i:42;s:99:\"Animals,Camping,Concerts,Hiking,Kids Arts/Crafts,Movies,Music,Play Sports,Traveling,Watching Sports\";s:7:\"Hobbies\";s:99:\"Animals,Camping,Concerts,Hiking,Kids Arts/Crafts,Movies,Music,Play Sports,Traveling,Watching Sports\";i:43;s:0:\"\";s:9:\"Interests\";s:0:\"\";i:44;s:15:\"White/Caucasian\";s:9:\"Ethnicity\";s:15:\"White/Caucasian\";i:45;s:0:\"\";s:13:\"FavoriteSites\";s:0:\"\";i:46;s:0:\"\";s:13:\"FavoriteMusic\";s:0:\"\";i:47;s:0:\"\";s:13:\"FavoriteFilms\";s:0:\"\";i:48;s:0:\"\";s:13:\"FavoriteBooks\";s:0:\"\";i:49;s:8:\"Jennifer\";s:8:\"FullName\";s:8:\"Jennifer\";i:50;s:7:\"--Any--\";s:13:\"PoliticalView\";s:7:\"--Any--\";i:51;s:0:\"\";s:19:\"InterestsAltHealing\";s:0:\"\";i:52;s:0:\"\";s:12:\"InterestsArt\";s:0:\"\";i:53;s:13:\"Single Mother\";s:11:\"WomanStatus\";s:13:\"Single Mother\";i:54;s:0:\"\";s:14:\"InterestsBooks\";s:0:\"\";i:55;s:0:\"\";s:22:\"InterestsEntertainment\";s:0:\"\";i:56;s:0:\"\";s:16:\"InterestsGeneral\";s:0:\"\";i:57;s:35:\"Baseball,Basketball,Football,Soccer\";s:15:\"InterestsSports\";s:35:\"Baseball,Basketball,Football,Soccer\";i:58;s:0:\"\";s:15:\"InterestsWomens\";s:0:\"\";i:59;s:0:\"\";s:14:\"InterestsMusic\";s:0:\"\";i:60;s:17:\"Associates Degree\";s:9:\"Education\";s:17:\"Associates Degree\";i:61;s:0:\"\";s:9:\"FirstName\";s:0:\"\";i:62;s:0:\"\";s:8:\"LastName\";s:0:\"\";i:63;s:0:\"\";s:8:\"NEW_ITEM\";s:0:\"\";}}','Jennifer ','',0,1584430900,1,0),(130,3,'3','wall_common_repost','','a:3:{s:4:\"type\";s:9:\"bx_photos\";s:6:\"action\";s:3:\"add\";s:9:\"object_id\";s:2:\"26\";}','Monique Hillen reposted a photo','',0,1468869798,1,0),(209,3,'3','profile','edit','a:1:{s:14:\"OldProfileInfo\";a:130:{i:0;s:1:\"3\";s:2:\"ID\";s:1:\"3\";i:1;s:10:\"persister1\";s:8:\"NickName\";s:10:\"persister1\";i:2;s:23:\"moniquehillen@gmail.com\";s:5:\"Email\";s:23:\"moniquehillen@gmail.com\";i:3;s:40:\"c2fcdbc19e4715893780825d39372754dcf7d148\";s:8:\"Password\";s:40:\"c2fcdbc19e4715893780825d39372754dcf7d148\";i:4;s:8:\"BSAxcFXM\";s:4:\"Salt\";s:8:\"BSAxcFXM\";i:5;s:6:\"Active\";s:6:\"Status\";s:6:\"Active\";i:6;s:1:\"3\";s:4:\"Role\";s:1:\"3\";i:7;s:1:\"0\";s:6:\"Couple\";s:1:\"0\";i:8;s:6:\"female\";s:3:\"Sex\";s:6:\"female\";i:9;s:6:\"female\";s:10:\"LookingFor\";s:6:\"female\";i:10;s:8:\"Founder1\";s:8:\"Headline\";s:8:\"Founder1\";i:11;s:105:\"Single mom of 3 sons, raised kids alone for the last 14 years. Although my last son just left the nest :(\";s:13:\"DescriptionMe\";s:105:\"Single mom of 3 sons, raised kids alone for the last 14 years. Although my last son just left the nest :(\";i:12;s:2:\"US\";s:7:\"Country\";s:2:\"US\";i:13;s:7:\"Amherst\";s:4:\"City\";s:7:\"Amherst\";i:14;s:10:\"1960-05-15\";s:11:\"DateOfBirth\";s:10:\"1960-05-15\";i:15;s:1:\"0\";s:8:\"Featured\";s:1:\"0\";i:16;s:19:\"2015-04-10 03:58:19\";s:7:\"DateReg\";s:19:\"2015-04-10 03:58:19\";i:17;s:19:\"2016-10-18 11:09:54\";s:12:\"DateLastEdit\";s:19:\"2016-10-18 11:09:54\";i:18;s:19:\"2017-03-10 10:47:22\";s:13:\"DateLastLogin\";s:19:\"2017-03-10 10:47:22\";i:19;s:19:\"2017-03-10 10:48:01\";s:11:\"DateLastNav\";s:19:\"2017-03-10 10:48:01\";i:20;s:1:\"0\";s:7:\"aff_num\";s:1:\"0\";i:21;s:0:\"\";s:4:\"Tags\";s:0:\"\";i:22;s:5:\"01002\";s:3:\"zip\";s:5:\"01002\";i:23;s:1:\"1\";s:11:\"EmailNotify\";s:1:\"1\";i:24;s:1:\"1\";s:6:\"LangID\";s:1:\"1\";i:25;s:1:\"0\";s:11:\"UpdateMatch\";s:1:\"0\";i:26;s:2:\"16\";s:5:\"Views\";s:2:\"16\";i:27;s:1:\"0\";s:4:\"Rate\";s:1:\"0\";i:28;s:1:\"0\";s:9:\"RateCount\";s:1:\"0\";i:29;s:1:\"0\";s:13:\"CommentsCount\";s:1:\"0\";i:30;s:1:\"3\";s:19:\"PrivacyDefaultGroup\";s:1:\"3\";i:31;s:1:\"4\";s:13:\"allow_view_to\";s:1:\"4\";i:32;s:6:\"online\";s:10:\"UserStatus\";s:6:\"online\";i:33;s:38:\"wondering if this works. Cold outside \";s:17:\"UserStatusMessage\";s:38:\"wondering if this works. Cold outside \";i:34;s:10:\"1456942976\";s:21:\"UserStatusMessageWhen\";s:10:\"1456942976\";i:35;s:1:\"0\";s:6:\"Avatar\";s:1:\"0\";i:36;s:0:\"\";s:6:\"Height\";s:0:\"\";i:37;s:0:\"\";s:6:\"Weight\";s:0:\"\";i:38;s:0:\"\";s:6:\"Income\";s:0:\"\";i:39;s:0:\"\";s:10:\"Occupation\";s:0:\"\";i:40;s:27:\"Spiritual but not religious\";s:17:\"SpiritualPractice\";s:27:\"Spiritual but not religious\";i:41;s:0:\"\";s:18:\"RelationshipStatus\";s:0:\"\";i:42;s:0:\"\";s:7:\"Hobbies\";s:0:\"\";i:43;s:0:\"\";s:9:\"Interests\";s:0:\"\";i:44;s:5:\"Human\";s:9:\"Ethnicity\";s:5:\"Human\";i:45;s:0:\"\";s:13:\"FavoriteSites\";s:0:\"\";i:46;s:0:\"\";s:13:\"FavoriteMusic\";s:0:\"\";i:47;s:0:\"\";s:13:\"FavoriteFilms\";s:0:\"\";i:48;s:0:\"\";s:13:\"FavoriteBooks\";s:0:\"\";i:49;s:14:\"Monique Hillen\";s:8:\"FullName\";s:14:\"Monique Hillen\";i:50;s:12:\"Very Liberal\";s:13:\"PoliticalView\";s:12:\"Very Liberal\";i:51;s:48:\"Energy Therapies,Herbalism,Homeopathy,Meditation\";s:19:\"InterestsAltHealing\";s:48:\"Energy Therapies,Herbalism,Homeopathy,Meditation\";i:52;s:38:\"Painting,Photography,Galleries,Museums\";s:12:\"InterestsArt\";s:38:\"Painting,Photography,Galleries,Museums\";i:53;s:26:\"Single Mother,Single Woman\";s:11:\"WomanStatus\";s:26:\"Single Mother,Single Woman\";i:54;s:19:\"Fiction,Non Fiction\";s:14:\"InterestsBooks\";s:19:\"Fiction,Non Fiction\";i:55;s:57:\"Concerts,Cooking,Dancing,Gardening,Hiking,Music,Traveling\";s:22:\"InterestsEntertainment\";s:57:\"Concerts,Cooking,Dancing,Gardening,Hiking,Music,Traveling\";i:56;s:0:\"\";s:16:\"InterestsGeneral\";s:0:\"\";i:57;s:19:\"Cycling,Golf,Tennis\";s:15:\"InterestsSports\";s:19:\"Cycling,Golf,Tennis\";i:58;s:168:\"Discrimination in the Work Force,Equal Rights,Free Speech,Health,Human Trafficking/Sex Slavery,Inadequate Representation,Poverty,Violence Against Women,Women’s Rights\";s:15:\"InterestsWomens\";s:168:\"Discrimination in the Work Force,Equal Rights,Free Speech,Health,Human Trafficking/Sex Slavery,Inadequate Representation,Poverty,Violence Against Women,Women’s Rights\";i:59;s:12:\"Viola,Violin\";s:14:\"InterestsMusic\";s:12:\"Viola,Violin\";i:60;s:15:\"Master\'s Degree\";s:9:\"Education\";s:15:\"Master\'s Degree\";i:61;s:0:\"\";s:9:\"FirstName\";s:0:\"\";i:62;s:0:\"\";s:8:\"LastName\";s:0:\"\";i:63;s:0:\"\";s:8:\"NEW_ITEM\";s:0:\"\";i:64;s:0:\"\";s:15:\"FacebookProfile\";s:0:\"\";}}','Monique Hillen edited her profile','',0,1489160893,1,0),(173,0,'27','wall_common_text','','<div class=\"wall-post-text\">Hello Everyone! I am very excited to be a member of PerSisters! Thank you!!!</div>','dRVHThGtVA wrote','Hello Everyone! I am very excited to be a member of PerSisters! Thank you!!!',0,1477623740,1,0),(174,27,'27','profile','edit','a:1:{s:14:\"OldProfileInfo\";a:130:{i:0;s:2:\"27\";s:2:\"ID\";s:2:\"27\";i:1;s:10:\"dRVHThGtVA\";s:8:\"NickName\";s:10:\"dRVHThGtVA\";i:2;s:19:\"jensprung@yahoo.com\";s:5:\"Email\";s:19:\"jensprung@yahoo.com\";i:3;s:40:\"7a56c39c56b20defacb6402bd606487fb4347d08\";s:8:\"Password\";s:40:\"7a56c39c56b20defacb6402bd606487fb4347d08\";i:4;s:8:\"XvfHipGG\";s:4:\"Salt\";s:8:\"XvfHipGG\";i:5;s:6:\"Active\";s:6:\"Status\";s:6:\"Active\";i:6;s:1:\"1\";s:4:\"Role\";s:1:\"1\";i:7;s:1:\"0\";s:6:\"Couple\";s:1:\"0\";i:8;s:0:\"\";s:3:\"Sex\";s:0:\"\";i:9;s:0:\"\";s:10:\"LookingFor\";s:0:\"\";i:10;s:0:\"\";s:8:\"Headline\";s:0:\"\";i:11;s:1076:\"Hello, I am a nuerosomatic massage therapist, specializing in Visceral Manipulation, Temporomandibular Joint Dysfunction, Postural Distortions, Pelvic Floor, Trigger Point Therapy, Myofascial Release, Manual Therapies and more. I am a mother of three...a stepdaughter who is 43, a daughter who is 29 and a son who is 27. They, and my work, are my life. I am married to a very interesting fellow who sustains, supports and loves me deeply. I live in Amherst, MA and Treasure Island, FL. Working and teaching in both areas. My parents are still alive and thriving at 83 years of age. They live close to me. I am grateful and thankful. For many things. I work hard to support a healthy environment, eat whole organic foods, stay away from all chemicals in my life, home, work, etc. I have several causes that are close to my heart...creating safe healing for veterans and addicts, as well as my most amazing one year old grandson. A connection that is deep and true!\r\n I look forward to meeting people here and expanding my knowledge as well as sharing all there is to this life.\";s:13:\"DescriptionMe\";s:1076:\"Hello, I am a nuerosomatic massage therapist, specializing in Visceral Manipulation, Temporomandibular Joint Dysfunction, Postural Distortions, Pelvic Floor, Trigger Point Therapy, Myofascial Release, Manual Therapies and more. I am a mother of three...a stepdaughter who is 43, a daughter who is 29 and a son who is 27. They, and my work, are my life. I am married to a very interesting fellow who sustains, supports and loves me deeply. I live in Amherst, MA and Treasure Island, FL. Working and teaching in both areas. My parents are still alive and thriving at 83 years of age. They live close to me. I am grateful and thankful. For many things. I work hard to support a healthy environment, eat whole organic foods, stay away from all chemicals in my life, home, work, etc. I have several causes that are close to my heart...creating safe healing for veterans and addicts, as well as my most amazing one year old grandson. A connection that is deep and true!\r\n I look forward to meeting people here and expanding my knowledge as well as sharing all there is to this life.\";i:12;s:2:\"US\";s:7:\"Country\";s:2:\"US\";i:13;s:0:\"\";s:4:\"City\";s:0:\"\";i:14;s:10:\"0000-00-00\";s:11:\"DateOfBirth\";s:10:\"0000-00-00\";i:15;s:1:\"0\";s:8:\"Featured\";s:1:\"0\";i:16;s:19:\"2016-10-14 20:22:02\";s:7:\"DateReg\";s:19:\"2016-10-14 20:22:02\";i:17;s:19:\"0000-00-00 00:00:00\";s:12:\"DateLastEdit\";s:19:\"0000-00-00 00:00:00\";i:18;s:19:\"2016-10-27 22:53:32\";s:13:\"DateLastLogin\";s:19:\"2016-10-27 22:53:32\";i:19;s:19:\"2016-10-27 23:03:36\";s:11:\"DateLastNav\";s:19:\"2016-10-27 23:03:36\";i:20;s:1:\"0\";s:7:\"aff_num\";s:1:\"0\";i:21;s:0:\"\";s:4:\"Tags\";s:0:\"\";i:22;s:5:\"01002\";s:3:\"zip\";s:5:\"01002\";i:23;s:1:\"1\";s:11:\"EmailNotify\";s:1:\"1\";i:24;s:1:\"1\";s:6:\"LangID\";s:1:\"1\";i:25;s:1:\"0\";s:11:\"UpdateMatch\";s:1:\"0\";i:26;s:1:\"0\";s:5:\"Views\";s:1:\"0\";i:27;s:1:\"0\";s:4:\"Rate\";s:1:\"0\";i:28;s:1:\"0\";s:9:\"RateCount\";s:1:\"0\";i:29;s:1:\"0\";s:13:\"CommentsCount\";s:1:\"0\";i:30;s:1:\"3\";s:19:\"PrivacyDefaultGroup\";s:1:\"3\";i:31;s:1:\"3\";s:13:\"allow_view_to\";s:1:\"3\";i:32;s:6:\"online\";s:10:\"UserStatus\";s:6:\"online\";i:33;s:0:\"\";s:17:\"UserStatusMessage\";s:0:\"\";i:34;s:1:\"0\";s:21:\"UserStatusMessageWhen\";s:1:\"0\";i:35;s:1:\"0\";s:6:\"Avatar\";s:1:\"0\";i:36;s:0:\"\";s:6:\"Height\";s:0:\"\";i:37;s:0:\"\";s:6:\"Weight\";s:0:\"\";i:38;s:0:\"\";s:6:\"Income\";s:0:\"\";i:39;s:0:\"\";s:10:\"Occupation\";s:0:\"\";i:40;s:27:\"Spiritual but not religious\";s:17:\"SpiritualPractice\";s:27:\"Spiritual but not religious\";i:41;s:0:\"\";s:18:\"RelationshipStatus\";s:0:\"\";i:42;s:59:\"Astrology,Art,Beauty,Cycling,Crafts,Sculpting,Workout,Other\";s:7:\"Hobbies\";s:59:\"Astrology,Art,Beauty,Cycling,Crafts,Sculpting,Workout,Other\";i:43;s:0:\"\";s:9:\"Interests\";s:0:\"\";i:44;s:15:\"White/Caucasian\";s:9:\"Ethnicity\";s:15:\"White/Caucasian\";i:45;s:0:\"\";s:13:\"FavoriteSites\";s:0:\"\";i:46;s:0:\"\";s:13:\"FavoriteMusic\";s:0:\"\";i:47;s:0:\"\";s:13:\"FavoriteFilms\";s:0:\"\";i:48;s:0:\"\";s:13:\"FavoriteBooks\";s:0:\"\";i:49;s:15:\"Jennifer Sprung\";s:8:\"FullName\";s:15:\"Jennifer Sprung\";i:50;s:12:\"Very Liberal\";s:13:\"PoliticalView\";s:12:\"Very Liberal\";i:51;s:73:\"Acupuncture,Bio Feedback,Energy Therapies,Herbalism,Homeopathy,Meditation\";s:19:\"InterestsAltHealing\";s:73:\"Acupuncture,Bio Feedback,Energy Therapies,Herbalism,Homeopathy,Meditation\";i:52;s:0:\"\";s:12:\"InterestsArt\";s:0:\"\";i:53;s:14:\"Involved Woman\";s:11:\"WomanStatus\";s:14:\"Involved Woman\";i:54;s:22:\"Comedy,Fantasy,Fiction\";s:14:\"InterestsBooks\";s:22:\"Comedy,Fantasy,Fiction\";i:55;s:16:\"Concerts,Writing\";s:22:\"InterestsEntertainment\";s:16:\"Concerts,Writing\";i:56;s:0:\"\";s:16:\"InterestsGeneral\";s:0:\"\";i:57;s:0:\"\";s:15:\"InterestsSports\";s:0:\"\";i:58;s:249:\"Affordable Child Care,Discrimination in the Work Force,Equal Rights,Free Speech,Health,Human Trafficking/Sex Slavery,Inadequate Representation,Paid Sick and Parental Leave,Poverty,Pregnancy,Reproductive Rights,Violence Against Women,Women’s Rights\";s:15:\"InterestsWomens\";s:249:\"Affordable Child Care,Discrimination in the Work Force,Equal Rights,Free Speech,Health,Human Trafficking/Sex Slavery,Inadequate Representation,Paid Sick and Parental Leave,Poverty,Pregnancy,Reproductive Rights,Violence Against Women,Women’s Rights\";i:59;s:0:\"\";s:14:\"InterestsMusic\";s:0:\"\";i:60;s:0:\"\";s:9:\"Education\";s:0:\"\";i:61;s:0:\"\";s:9:\"FirstName\";s:0:\"\";i:62;s:0:\"\";s:8:\"LastName\";s:0:\"\";i:63;s:0:\"\";s:8:\"NEW_ITEM\";s:0:\"\";i:64;s:0:\"\";s:15:\"FacebookProfile\";s:0:\"\";}}','Jennifer Sprung ','',0,1477623836,1,0),(169,3,'34','bx_photos','commentPost','a:2:{s:10:\"comment_id\";i:7;s:17:\"comment_author_id\";i:3;}','','',0,1476807951,1,0),(167,3,'24','friend','accept','','','',0,1476803039,1,0),(168,3,'3','profile','edit','a:1:{s:14:\"OldProfileInfo\";a:130:{i:0;s:1:\"3\";s:2:\"ID\";s:1:\"3\";i:1;s:10:\"persister1\";s:8:\"NickName\";s:10:\"persister1\";i:2;s:23:\"moniquehillen@gmail.com\";s:5:\"Email\";s:23:\"moniquehillen@gmail.com\";i:3;s:40:\"ce9ff19a1ee379431a8abd8e009c8fee563989bc\";s:8:\"Password\";s:40:\"ce9ff19a1ee379431a8abd8e009c8fee563989bc\";i:4;s:9:\"NJE8UJ0WJ\";s:4:\"Salt\";s:9:\"NJE8UJ0WJ\";i:5;s:6:\"Active\";s:6:\"Status\";s:6:\"Active\";i:6;s:1:\"3\";s:4:\"Role\";s:1:\"3\";i:7;s:1:\"0\";s:6:\"Couple\";s:1:\"0\";i:8;s:6:\"female\";s:3:\"Sex\";s:6:\"female\";i:9;s:6:\"female\";s:10:\"LookingFor\";s:6:\"female\";i:10;s:8:\"Founder1\";s:8:\"Headline\";s:8:\"Founder1\";i:11;s:66:\"Single mom of 3 sons, raised kids alone for the last 12.5 years.  \";s:13:\"DescriptionMe\";s:66:\"Single mom of 3 sons, raised kids alone for the last 12.5 years.  \";i:12;s:2:\"US\";s:7:\"Country\";s:2:\"US\";i:13;s:7:\"Amherst\";s:4:\"City\";s:7:\"Amherst\";i:14;s:10:\"1960-05-15\";s:11:\"DateOfBirth\";s:10:\"1960-05-15\";i:15;s:1:\"0\";s:8:\"Featured\";s:1:\"0\";i:16;s:19:\"2015-04-10 03:58:19\";s:7:\"DateReg\";s:19:\"2015-04-10 03:58:19\";i:17;s:19:\"0000-00-00 00:00:00\";s:12:\"DateLastEdit\";s:19:\"0000-00-00 00:00:00\";i:18;s:19:\"2016-10-14 19:40:26\";s:13:\"DateLastLogin\";s:19:\"2016-10-14 19:40:26\";i:19;s:19:\"2016-10-18 11:09:30\";s:11:\"DateLastNav\";s:19:\"2016-10-18 11:09:30\";i:20;s:1:\"0\";s:7:\"aff_num\";s:1:\"0\";i:21;s:0:\"\";s:4:\"Tags\";s:0:\"\";i:22;s:5:\"01002\";s:3:\"zip\";s:5:\"01002\";i:23;s:1:\"1\";s:11:\"EmailNotify\";s:1:\"1\";i:24;s:1:\"1\";s:6:\"LangID\";s:1:\"1\";i:25;s:1:\"0\";s:11:\"UpdateMatch\";s:1:\"0\";i:26;s:2:\"16\";s:5:\"Views\";s:2:\"16\";i:27;s:1:\"0\";s:4:\"Rate\";s:1:\"0\";i:28;s:1:\"0\";s:9:\"RateCount\";s:1:\"0\";i:29;s:1:\"0\";s:13:\"CommentsCount\";s:1:\"0\";i:30;s:1:\"3\";s:19:\"PrivacyDefaultGroup\";s:1:\"3\";i:31;s:1:\"4\";s:13:\"allow_view_to\";s:1:\"4\";i:32;s:6:\"online\";s:10:\"UserStatus\";s:6:\"online\";i:33;s:38:\"wondering if this works. Cold outside \";s:17:\"UserStatusMessage\";s:38:\"wondering if this works. Cold outside \";i:34;s:10:\"1456942976\";s:21:\"UserStatusMessageWhen\";s:10:\"1456942976\";i:35;s:1:\"0\";s:6:\"Avatar\";s:1:\"0\";i:36;s:0:\"\";s:6:\"Height\";s:0:\"\";i:37;s:0:\"\";s:6:\"Weight\";s:0:\"\";i:38;s:0:\"\";s:6:\"Income\";s:0:\"\";i:39;s:0:\"\";s:10:\"Occupation\";s:0:\"\";i:40;s:0:\"\";s:17:\"SpiritualPractice\";s:0:\"\";i:41;s:0:\"\";s:18:\"RelationshipStatus\";s:0:\"\";i:42;s:0:\"\";s:7:\"Hobbies\";s:0:\"\";i:43;s:0:\"\";s:9:\"Interests\";s:0:\"\";i:44;s:0:\"\";s:9:\"Ethnicity\";s:0:\"\";i:45;s:0:\"\";s:13:\"FavoriteSites\";s:0:\"\";i:46;s:0:\"\";s:13:\"FavoriteMusic\";s:0:\"\";i:47;s:0:\"\";s:13:\"FavoriteFilms\";s:0:\"\";i:48;s:0:\"\";s:13:\"FavoriteBooks\";s:0:\"\";i:49;s:14:\"Monique Hillen\";s:8:\"FullName\";s:14:\"Monique Hillen\";i:50;s:0:\"\";s:13:\"PoliticalView\";s:0:\"\";i:51;s:0:\"\";s:19:\"InterestsAltHealing\";s:0:\"\";i:52;s:0:\"\";s:12:\"InterestsArt\";s:0:\"\";i:53;s:0:\"\";s:11:\"WomanStatus\";s:0:\"\";i:54;s:0:\"\";s:14:\"InterestsBooks\";s:0:\"\";i:55;s:0:\"\";s:22:\"InterestsEntertainment\";s:0:\"\";i:56;s:0:\"\";s:16:\"InterestsGeneral\";s:0:\"\";i:57;s:0:\"\";s:15:\"InterestsSports\";s:0:\"\";i:58;s:0:\"\";s:15:\"InterestsWomens\";s:0:\"\";i:59;s:0:\"\";s:14:\"InterestsMusic\";s:0:\"\";i:60;s:0:\"\";s:9:\"Education\";s:0:\"\";i:61;s:0:\"\";s:9:\"FirstName\";s:0:\"\";i:62;s:0:\"\";s:8:\"LastName\";s:0:\"\";i:63;s:0:\"\";s:8:\"NEW_ITEM\";s:0:\"\";i:64;s:0:\"\";s:15:\"FacebookProfile\";s:0:\"\";}}','Monique Hillen edited her profile','',0,1476803394,1,0),(280,84,'12','bx_groups','add','a:1:{s:6:\"Status\";s:8:\"approved\";}','','',0,1575614866,1,0),(281,87,'47','modzzz_articles','add','a:1:{s:6:\"Status\";s:8:\"approved\";}','','',1,1584279701,1,0),(282,87,'58','bx_photos','add','a:2:{s:5:\"album\";s:14:\"Profile-Photos\";s:12:\"privacy_view\";s:1:\"5\";}','Amy Lovell added new photo','',0,1584279878,1,0),(283,87,'87','profile','edit','a:1:{s:14:\"OldProfileInfo\";a:128:{i:0;s:2:\"87\";s:2:\"ID\";s:2:\"87\";i:1;s:10:\"yS6xrQhNLu\";s:8:\"NickName\";s:10:\"yS6xrQhNLu\";i:2;s:25:\"Amy@thebloomcommunity.org\";s:5:\"Email\";s:25:\"Amy@thebloomcommunity.org\";i:3;s:40:\"522eecf43a11e3469839026dddedbe2ea09f97cf\";s:8:\"Password\";s:40:\"522eecf43a11e3469839026dddedbe2ea09f97cf\";i:4;s:8:\"L7h5V!tU\";s:4:\"Salt\";s:8:\"L7h5V!tU\";i:5;s:6:\"Active\";s:6:\"Status\";s:6:\"Active\";i:6;s:1:\"1\";s:4:\"Role\";s:1:\"1\";i:7;s:1:\"0\";s:6:\"Couple\";s:1:\"0\";i:8;s:0:\"\";s:3:\"Sex\";s:0:\"\";i:9;s:0:\"\";s:10:\"LookingFor\";s:0:\"\";i:10;s:0:\"\";s:8:\"Headline\";s:0:\"\";i:11;s:0:\"\";s:13:\"DescriptionMe\";s:0:\"\";i:12;s:2:\"US\";s:7:\"Country\";s:2:\"US\";i:13;s:0:\"\";s:4:\"City\";s:0:\"\";i:14;s:10:\"0000-00-00\";s:11:\"DateOfBirth\";s:10:\"0000-00-00\";i:15;s:1:\"0\";s:8:\"Featured\";s:1:\"0\";i:16;s:19:\"2020-03-14 11:48:14\";s:7:\"DateReg\";s:19:\"2020-03-14 11:48:14\";i:17;s:19:\"0000-00-00 00:00:00\";s:12:\"DateLastEdit\";s:19:\"0000-00-00 00:00:00\";i:18;s:19:\"2020-03-15 09:33:51\";s:13:\"DateLastLogin\";s:19:\"2020-03-15 09:33:51\";i:19;s:19:\"2020-03-15 09:57:29\";s:11:\"DateLastNav\";s:19:\"2020-03-15 09:57:29\";i:20;s:1:\"0\";s:7:\"aff_num\";s:1:\"0\";i:21;s:0:\"\";s:4:\"Tags\";s:0:\"\";i:22;s:5:\"01060\";s:3:\"zip\";s:5:\"01060\";i:23;s:1:\"1\";s:11:\"EmailNotify\";s:1:\"1\";i:24;s:1:\"1\";s:6:\"LangID\";s:1:\"1\";i:25;s:1:\"0\";s:11:\"UpdateMatch\";s:1:\"0\";i:26;s:1:\"0\";s:5:\"Views\";s:1:\"0\";i:27;s:1:\"0\";s:4:\"Rate\";s:1:\"0\";i:28;s:1:\"0\";s:9:\"RateCount\";s:1:\"0\";i:29;s:1:\"0\";s:13:\"CommentsCount\";s:1:\"0\";i:30;s:1:\"3\";s:19:\"PrivacyDefaultGroup\";s:1:\"3\";i:31;s:1:\"3\";s:13:\"allow_view_to\";s:1:\"3\";i:32;s:6:\"online\";s:10:\"UserStatus\";s:6:\"online\";i:33;s:0:\"\";s:17:\"UserStatusMessage\";s:0:\"\";i:34;s:1:\"0\";s:21:\"UserStatusMessageWhen\";s:1:\"0\";i:35;s:1:\"0\";s:6:\"Avatar\";s:1:\"0\";i:36;s:0:\"\";s:6:\"Height\";s:0:\"\";i:37;s:0:\"\";s:6:\"Weight\";s:0:\"\";i:38;s:0:\"\";s:6:\"Income\";s:0:\"\";i:39;s:0:\"\";s:10:\"Occupation\";s:0:\"\";i:40;s:8:\"Paganism\";s:17:\"SpiritualPractice\";s:8:\"Paganism\";i:41;s:0:\"\";s:18:\"RelationshipStatus\";s:0:\"\";i:42;s:218:\"Animals,Art,Astrology,Camping,Concerts,Cooking,Crafts,Dancing,Decorating,Drawing,Galleries,Gardening,Health,Hiking,Kids Arts/Crafts,Knitting,Museums,Music,Painting,Photography,Reading,Sewing,Sculpture,Traveling,Writing\";s:7:\"Hobbies\";s:218:\"Animals,Art,Astrology,Camping,Concerts,Cooking,Crafts,Dancing,Decorating,Drawing,Galleries,Gardening,Health,Hiking,Kids Arts/Crafts,Knitting,Museums,Music,Painting,Photography,Reading,Sewing,Sculpture,Traveling,Writing\";i:43;s:0:\"\";s:9:\"Interests\";s:0:\"\";i:44;s:15:\"White/Caucasian\";s:9:\"Ethnicity\";s:15:\"White/Caucasian\";i:45;s:0:\"\";s:13:\"FavoriteSites\";s:0:\"\";i:46;s:0:\"\";s:13:\"FavoriteMusic\";s:0:\"\";i:47;s:0:\"\";s:13:\"FavoriteFilms\";s:0:\"\";i:48;s:0:\"\";s:13:\"FavoriteBooks\";s:0:\"\";i:49;s:10:\"Amy Lovell\";s:8:\"FullName\";s:10:\"Amy Lovell\";i:50;s:14:\"Non-Conformist\";s:13:\"PoliticalView\";s:14:\"Non-Conformist\";i:51;s:73:\"Acupuncture,Chiropractic,Energy Therapies,Herbalism,Homeopathy,Meditation\";s:19:\"InterestsAltHealing\";s:73:\"Acupuncture,Chiropractic,Energy Therapies,Herbalism,Homeopathy,Meditation\";i:52;s:50:\"Crafts,Drawing,Jewelry Making,Painting,Photography\";s:12:\"InterestsArt\";s:50:\"Crafts,Drawing,Jewelry Making,Painting,Photography\";i:53;s:13:\"Single Mother\";s:11:\"WomanStatus\";s:13:\"Single Mother\";i:54;s:36:\"Literary Fiction,Non Fiction,Science\";s:14:\"InterestsBooks\";s:36:\"Literary Fiction,Non Fiction,Science\";i:55;s:0:\"\";s:22:\"InterestsEntertainment\";s:0:\"\";i:56;s:0:\"\";s:16:\"InterestsGeneral\";s:0:\"\";i:57;s:20:\"Skiing,Swimming,Yoga\";s:15:\"InterestsSports\";s:20:\"Skiing,Swimming,Yoga\";i:58;s:249:\"Affordable Child Care,Discrimination in the Work Force,Equal Rights,Free Speech,Health,Human Trafficking/Sex Slavery,Inadequate Representation,Paid Sick and Parental Leave,Poverty,Pregnancy,Reproductive Rights,Violence Against Women,Women’s Rights\";s:15:\"InterestsWomens\";s:249:\"Affordable Child Care,Discrimination in the Work Force,Equal Rights,Free Speech,Health,Human Trafficking/Sex Slavery,Inadequate Representation,Paid Sick and Parental Leave,Poverty,Pregnancy,Reproductive Rights,Violence Against Women,Women’s Rights\";i:59;s:0:\"\";s:14:\"InterestsMusic\";s:0:\"\";i:60;s:17:\"Bachelor\'s Degree\";s:9:\"Education\";s:17:\"Bachelor\'s Degree\";i:61;s:0:\"\";s:9:\"FirstName\";s:0:\"\";i:62;s:0:\"\";s:8:\"LastName\";s:0:\"\";i:63;s:0:\"\";s:8:\"NEW_ITEM\";s:0:\"\";}}','Amy Lovell ','',0,1584280671,1,0),(56,3,'3','profile','edit_status_message','a:1:{i:0;s:38:\"wondering if this works. Cold outside \";}','Monique Hillen changed her profile status message','wondering if this works. Cold outside ',0,1456942976,1,0),(254,77,'57','bx_photos','add','a:2:{s:5:\"album\";s:14:\"Profile-Photos\";s:12:\"privacy_view\";s:1:\"5\";}','PerSisters Team added new photo','',0,1565031160,1,0),(255,77,'77','wall_common_text','','<div class=\"wall-post-text\">Hi Everyone, This is the Persisters Team. We created this profile to post resources for all of you, and stories that might be of your interest. Welcome to PerSisters. Together we got this!</div>','8sf3yeUHfC wrote','Hi Everyone, This is the Persisters Team. We created this profile to post resources for all of you, and stories that might be of your interest. Welcome to PerSisters. Together we got this!',0,1565031224,1,0),(256,39,'77','friend','accept','','','',0,1565039473,1,0),(257,37,'3','friend','accept','','','',0,1565088692,1,0),(258,12,'28','modzzz_articles','add','a:1:{s:6:\"Status\";s:8:\"approved\";}','','',0,1565378001,1,0),(259,12,'29','modzzz_articles','add','a:1:{s:6:\"Status\";s:8:\"approved\";}','','',0,1565378769,1,0),(260,77,'30','modzzz_articles','add','a:1:{s:6:\"Status\";s:8:\"approved\";}','','',0,1565380790,1,0),(261,77,'31','modzzz_articles','add','a:1:{s:6:\"Status\";s:8:\"approved\";}','','',0,1565381236,1,0),(262,77,'32','modzzz_articles','add','a:1:{s:6:\"Status\";s:8:\"approved\";}','','',0,1565381610,1,0),(110,3,'3','wall_common_photos','','a:2:{s:4:\"type\";s:6:\"photos\";s:2:\"id\";i:24;}','Monique Hillen added a photo','',0,1466271280,1,0),(263,77,'33','modzzz_articles','add','a:1:{s:6:\"Status\";s:8:\"approved\";}','','',0,1565382095,1,0),(264,77,'34','modzzz_articles','add','a:1:{s:6:\"Status\";s:8:\"approved\";}','','',0,1565382577,1,0),(265,77,'35','modzzz_articles','add','a:1:{s:6:\"Status\";s:8:\"approved\";}','','',0,1565382918,1,0),(266,77,'36','modzzz_articles','add','a:1:{s:6:\"Status\";s:8:\"approved\";}','','',0,1565383277,1,0),(267,0,'37','wall_common_text','','<div class=\"wall-post-text\">I really need support right now.<br />\r\nMay.</div>','86sHuX9XKv wrote','I really need support right now.<br />\r\nMay.',0,1566821921,1,0),(268,0,'37','wall_common_text','','<div class=\"wall-post-text\">My photo makes me look happier than I am. Sorry.<br />\r\n</div>','86sHuX9XKv wrote','My photo makes me look happier than I am. Sorry.<br />\r\n',0,1566822022,1,0),(269,77,'37','modzzz_articles','add','a:1:{s:6:\"Status\";s:8:\"approved\";}','','',0,1567087133,1,0),(270,77,'38','modzzz_articles','add','a:1:{s:6:\"Status\";s:8:\"approved\";}','','',0,1567107292,1,0),(271,77,'39','modzzz_articles','add','a:1:{s:6:\"Status\";s:8:\"approved\";}','','',0,1567107554,1,0),(272,77,'40','modzzz_articles','add','a:1:{s:6:\"Status\";s:8:\"approved\";}','','',0,1567108008,1,0),(273,77,'41','modzzz_articles','add','a:1:{s:6:\"Status\";s:8:\"approved\";}','','',0,1567108160,1,0),(274,77,'42','modzzz_articles','add','a:1:{s:6:\"Status\";s:8:\"approved\";}','','',0,1567108368,1,0),(275,77,'43','modzzz_articles','add','a:1:{s:6:\"Status\";s:8:\"approved\";}','','',0,1567108509,1,0),(276,77,'44','modzzz_articles','add','a:1:{s:6:\"Status\";s:8:\"approved\";}','','',0,1567108543,1,0),(277,77,'45','modzzz_articles','add','a:1:{s:6:\"Status\";s:8:\"approved\";}','','',0,1567108986,1,0),(278,77,'46','modzzz_articles','add','a:1:{s:6:\"Status\";s:8:\"approved\";}','','',0,1567109317,1,0),(279,84,'84','wall_common_repost','','a:3:{s:4:\"type\";s:9:\"bx_groups\";s:6:\"action\";s:3:\"add\";s:9:\"object_id\";s:2:\"11\";}','Jessie reposted a group','',0,1575611395,1,0),(111,3,'3','wall_common_text','','<div class=\"wall-post-text\">I want to see if I can edit my text after I post it. I could not figure it out when i posted a photo. I will try again. It all looks a bit too complicated right now. </div>','persister1 wrote','I want to see if I can edit my text after I post it. I could not figure it out when i posted a photo. I will try again. It all looks a bit too complicated right now. ',0,1466271418,1,0),(73,3,'17','bx_photos','commentPost','a:2:{s:10:\"comment_id\";i:1;s:17:\"comment_author_id\";i:3;}','Monique Hillen commented on a photo','nice night sky!!\n',0,1463087007,1,0),(84,0,'3','wall_common_text','','<div class=\"wall-post-text\">https://www.youtube.com/watch?v=EjM3NzGJ28I</div>','persister1 wrote','https://www.youtube.com/watch?v=EjM3NzGJ28I',0,1463670765,1,0),(124,3,'24','bx_photos','commentPost','a:2:{s:10:\"comment_id\";i:4;s:17:\"comment_author_id\";i:3;}','','',0,1467140747,1,0),(149,0,'24','wall_common_photos','','a:2:{s:4:\"type\";s:6:\"photos\";s:2:\"id\";i:35;}','Robin Jaffin added a photo','',0,1476396187,1,0),(150,0,'24','wall_common_text','','<div class=\"wall-post-text\">I\'m so thrilled to be a member of PerSisters! </div>','zBQpjhpCG8 wrote','I\'m so thrilled to be a member of PerSisters! ',0,1476396196,1,0),(251,3,'54','bx_photos','commentPost','a:2:{s:10:\"comment_id\";i:11;s:17:\"comment_author_id\";i:3;}','','',0,1557510063,1,0),(252,37,'37','profile','edit','a:1:{s:14:\"OldProfileInfo\";a:128:{i:0;s:2:\"37\";s:2:\"ID\";s:2:\"37\";i:1;s:10:\"86sHuX9XKv\";s:8:\"NickName\";s:10:\"86sHuX9XKv\";i:2;s:18:\"noremac180@aol.com\";s:5:\"Email\";s:18:\"noremac180@aol.com\";i:3;s:40:\"e8a25bc37329fd4d190f4de512ea00db50d8baf0\";s:8:\"Password\";s:40:\"e8a25bc37329fd4d190f4de512ea00db50d8baf0\";i:4;s:8:\"K+B.W2V/\";s:4:\"Salt\";s:8:\"K+B.W2V/\";i:5;s:6:\"Active\";s:6:\"Status\";s:6:\"Active\";i:6;s:1:\"1\";s:4:\"Role\";s:1:\"1\";i:7;s:1:\"0\";s:6:\"Couple\";s:1:\"0\";i:8;s:0:\"\";s:3:\"Sex\";s:0:\"\";i:9;s:0:\"\";s:10:\"LookingFor\";s:0:\"\";i:10;s:0:\"\";s:8:\"Headline\";s:0:\"\";i:11;s:63:\"Divorced single mother with grown twins living in New York City\";s:13:\"DescriptionMe\";s:63:\"Divorced single mother with grown twins living in New York City\";i:12;s:2:\"US\";s:7:\"Country\";s:2:\"US\";i:13;s:0:\"\";s:4:\"City\";s:0:\"\";i:14;s:10:\"0000-00-00\";s:11:\"DateOfBirth\";s:10:\"0000-00-00\";i:15;s:1:\"0\";s:8:\"Featured\";s:1:\"0\";i:16;s:19:\"2017-03-10 10:56:29\";s:7:\"DateReg\";s:19:\"2017-03-10 10:56:29\";i:17;s:19:\"2019-01-05 14:02:53\";s:12:\"DateLastEdit\";s:19:\"2019-01-05 14:02:53\";i:18;s:19:\"2019-05-30 14:56:40\";s:13:\"DateLastLogin\";s:19:\"2019-05-30 14:56:40\";i:19;s:19:\"2019-05-30 15:01:05\";s:11:\"DateLastNav\";s:19:\"2019-05-30 15:01:05\";i:20;s:1:\"0\";s:7:\"aff_num\";s:1:\"0\";i:21;s:0:\"\";s:4:\"Tags\";s:0:\"\";i:22;s:10:\"10065-7794\";s:3:\"zip\";s:10:\"10065-7794\";i:23;s:1:\"1\";s:11:\"EmailNotify\";s:1:\"1\";i:24;s:1:\"1\";s:6:\"LangID\";s:1:\"1\";i:25;s:1:\"0\";s:11:\"UpdateMatch\";s:1:\"0\";i:26;s:1:\"3\";s:5:\"Views\";s:1:\"3\";i:27;s:1:\"0\";s:4:\"Rate\";s:1:\"0\";i:28;s:1:\"0\";s:9:\"RateCount\";s:1:\"0\";i:29;s:1:\"0\";s:13:\"CommentsCount\";s:1:\"0\";i:30;s:1:\"3\";s:19:\"PrivacyDefaultGroup\";s:1:\"3\";i:31;s:1:\"3\";s:13:\"allow_view_to\";s:1:\"3\";i:32;s:6:\"online\";s:10:\"UserStatus\";s:6:\"online\";i:33;s:0:\"\";s:17:\"UserStatusMessage\";s:0:\"\";i:34;s:1:\"0\";s:21:\"UserStatusMessageWhen\";s:1:\"0\";i:35;s:1:\"0\";s:6:\"Avatar\";s:1:\"0\";i:36;s:0:\"\";s:6:\"Height\";s:0:\"\";i:37;s:0:\"\";s:6:\"Weight\";s:0:\"\";i:38;s:0:\"\";s:6:\"Income\";s:0:\"\";i:39;s:0:\"\";s:10:\"Occupation\";s:0:\"\";i:40;s:22:\"Christian / Protestant\";s:17:\"SpiritualPractice\";s:22:\"Christian / Protestant\";i:41;s:0:\"\";s:18:\"RelationshipStatus\";s:0:\"\";i:42;s:119:\"Animals,Antiques,Cooking,Cycling,Fashion,Gardening,Movies,Museums,Music,Photography,Play Sports,Watching Sports,Workout\";s:7:\"Hobbies\";s:119:\"Animals,Antiques,Cooking,Cycling,Fashion,Gardening,Movies,Museums,Music,Photography,Play Sports,Watching Sports,Workout\";i:43;s:0:\"\";s:9:\"Interests\";s:0:\"\";i:44;s:15:\"White/Caucasian\";s:9:\"Ethnicity\";s:15:\"White/Caucasian\";i:45;s:0:\"\";s:13:\"FavoriteSites\";s:0:\"\";i:46;s:0:\"\";s:13:\"FavoriteMusic\";s:0:\"\";i:47;s:0:\"\";s:13:\"FavoriteFilms\";s:0:\"\";i:48;s:0:\"\";s:13:\"FavoriteBooks\";s:0:\"\";i:49;s:11:\"Liz Francis\";s:8:\"FullName\";s:11:\"Liz Francis\";i:50;s:18:\"Middle of The Road\";s:13:\"PoliticalView\";s:18:\"Middle of The Road\";i:51;s:0:\"\";s:19:\"InterestsAltHealing\";s:0:\"\";i:52;s:19:\"Photography,Museums\";s:12:\"InterestsArt\";s:19:\"Photography,Museums\";i:53;s:28:\"Single Mother,Involved Woman\";s:11:\"WomanStatus\";s:28:\"Single Mother,Involved Woman\";i:54;s:23:\"Drama,Fiction,Thrillers\";s:14:\"InterestsBooks\";s:23:\"Drama,Fiction,Thrillers\";i:55;s:79:\"Animals,Antiques,Cooking,Decorating,Gardening,Music,Physical Exercise,Traveling\";s:22:\"InterestsEntertainment\";s:79:\"Animals,Antiques,Cooking,Decorating,Gardening,Music,Physical Exercise,Traveling\";i:56;s:0:\"\";s:16:\"InterestsGeneral\";s:0:\"\";i:57;s:84:\"Cycling,Football,Golf,Racquetball,Skiing,Soccer,Swimming,Weight Lifting,Workout,Yoga\";s:15:\"InterestsSports\";s:84:\"Cycling,Football,Golf,Racquetball,Skiing,Soccer,Swimming,Weight Lifting,Workout,Yoga\";i:58;s:68:\"Discrimination in the Work Force,Equal Rights,Violence Against Women\";s:15:\"InterestsWomens\";s:68:\"Discrimination in the Work Force,Equal Rights,Violence Against Women\";i:59;s:13:\"Piano,Trumpet\";s:14:\"InterestsMusic\";s:13:\"Piano,Trumpet\";i:60;s:15:\"Master\'s Degree\";s:9:\"Education\";s:15:\"Master\'s Degree\";i:61;s:0:\"\";s:9:\"FirstName\";s:0:\"\";i:62;s:0:\"\";s:8:\"LastName\";s:0:\"\";i:63;s:0:\"\";s:8:\"NEW_ITEM\";s:0:\"\";}}','May Francis ','',0,1559242894,1,0),(155,26,'9','modzzz_articles','add','a:1:{s:6:\"Status\";s:8:\"approved\";}','','',0,1476462127,1,0),(156,24,'10','modzzz_articles','add','a:1:{s:6:\"Status\";s:8:\"approved\";}','','',0,1476468302,1,0),(157,24,'5','bx_groups','add','a:1:{s:6:\"Status\";s:8:\"approved\";}','','',0,1476468366,1,0),(158,24,'7','bx_events','add','a:1:{s:6:\"Status\";s:8:\"approved\";}','Robin Jaffin added new event','help me get all the harvest into cans',0,1476468494,1,0),(159,24,'7','bx_events','commentPost','a:2:{s:10:\"comment_id\";i:5;s:17:\"comment_author_id\";i:24;}','','',0,1476468542,1,0),(160,24,'24','profile','edit','a:2:{s:14:\"OldProfileInfo\";a:65:{s:2:\"ID\";s:2:\"24\";s:8:\"NickName\";s:10:\"zBQpjhpCG8\";s:5:\"Email\";s:22:\"robin.jaffin@gmail.com\";s:8:\"Password\";s:40:\"79e84b74e0450d0b44801457fe643cd1aa7ee463\";s:4:\"Salt\";s:8:\"wy.+wFWR\";s:6:\"Status\";s:6:\"Active\";s:4:\"Role\";s:1:\"1\";s:6:\"Couple\";s:1:\"0\";s:3:\"Sex\";s:0:\"\";s:10:\"LookingFor\";s:0:\"\";s:8:\"Headline\";s:0:\"\";s:13:\"DescriptionMe\";s:228:\"I am a 56 year old single woman living in New England with a grown daughter who lives on the West Coast. I am in a relationship but do not live with my partner. I love to garden, cook and spend as much time outside as possible. \";s:7:\"Country\";s:2:\"US\";s:4:\"City\";s:0:\"\";s:11:\"DateOfBirth\";s:10:\"0000-00-00\";s:8:\"Featured\";s:1:\"0\";s:7:\"DateReg\";s:19:\"2016-10-13 15:01:38\";s:12:\"DateLastEdit\";s:19:\"0000-00-00 00:00:00\";s:13:\"DateLastLogin\";s:19:\"2016-10-14 08:52:33\";s:11:\"DateLastNav\";s:19:\"2016-10-14 14:13:09\";s:7:\"aff_num\";s:1:\"0\";s:4:\"Tags\";s:0:\"\";s:3:\"zip\";s:5:\"01060\";s:11:\"EmailNotify\";s:1:\"1\";s:6:\"LangID\";s:1:\"1\";s:11:\"UpdateMatch\";s:1:\"0\";s:5:\"Views\";s:1:\"0\";s:4:\"Rate\";s:1:\"0\";s:9:\"RateCount\";s:1:\"0\";s:13:\"CommentsCount\";s:1:\"0\";s:19:\"PrivacyDefaultGroup\";s:1:\"3\";s:13:\"allow_view_to\";s:1:\"3\";s:10:\"UserStatus\";s:6:\"online\";s:17:\"UserStatusMessage\";s:0:\"\";s:21:\"UserStatusMessageWhen\";s:1:\"0\";s:6:\"Avatar\";s:1:\"0\";s:6:\"Height\";s:0:\"\";s:6:\"Weight\";s:0:\"\";s:6:\"Income\";s:0:\"\";s:10:\"Occupation\";s:0:\"\";s:17:\"SpiritualPractice\";s:7:\"Atheist\";s:18:\"RelationshipStatus\";s:0:\"\";s:7:\"Hobbies\";s:9:\"Gardening\";s:9:\"Interests\";s:0:\"\";s:9:\"Ethnicity\";s:15:\"White/Caucasian\";s:13:\"FavoriteSites\";s:0:\"\";s:13:\"FavoriteMusic\";s:0:\"\";s:13:\"FavoriteFilms\";s:0:\"\";s:13:\"FavoriteBooks\";s:0:\"\";s:8:\"FullName\";s:12:\"Robin Jaffin\";s:13:\"PoliticalView\";s:7:\"Liberal\";s:19:\"InterestsAltHealing\";s:11:\"Acupuncture\";s:12:\"InterestsArt\";s:11:\"Photography\";s:11:\"WomanStatus\";s:12:\"Single Woman\";s:14:\"InterestsBooks\";s:7:\"Fiction\";s:22:\"InterestsEntertainment\";s:7:\"Dancing\";s:16:\"InterestsGeneral\";s:0:\"\";s:15:\"InterestsSports\";s:0:\"\";s:15:\"InterestsWomens\";s:7:\"Poverty\";s:14:\"InterestsMusic\";s:0:\"\";s:9:\"Education\";s:14:\"Masters Degree\";s:9:\"FirstName\";s:0:\"\";s:8:\"LastName\";s:0:\"\";s:8:\"NEW_ITEM\";s:0:\"\";s:15:\"FacebookProfile\";s:0:\"\";}s:7:\"privacy\";i:4;}','Robin Jaffin ','',0,1476468812,1,0),(161,24,'24','profile','edit','a:1:{s:14:\"OldProfileInfo\";a:130:{i:0;s:2:\"24\";s:2:\"ID\";s:2:\"24\";i:1;s:10:\"zBQpjhpCG8\";s:8:\"NickName\";s:10:\"zBQpjhpCG8\";i:2;s:22:\"robin.jaffin@gmail.com\";s:5:\"Email\";s:22:\"robin.jaffin@gmail.com\";i:3;s:40:\"79e84b74e0450d0b44801457fe643cd1aa7ee463\";s:8:\"Password\";s:40:\"79e84b74e0450d0b44801457fe643cd1aa7ee463\";i:4;s:8:\"wy.+wFWR\";s:4:\"Salt\";s:8:\"wy.+wFWR\";i:5;s:6:\"Active\";s:6:\"Status\";s:6:\"Active\";i:6;s:1:\"1\";s:4:\"Role\";s:1:\"1\";i:7;s:1:\"0\";s:6:\"Couple\";s:1:\"0\";i:8;s:0:\"\";s:3:\"Sex\";s:0:\"\";i:9;s:0:\"\";s:10:\"LookingFor\";s:0:\"\";i:10;s:0:\"\";s:8:\"Headline\";s:0:\"\";i:11;s:228:\"I am a 56 year old single woman living in New England with a grown daughter who lives on the West Coast. I am in a relationship but do not live with my partner. I love to garden, cook and spend as much time outside as possible. \";s:13:\"DescriptionMe\";s:228:\"I am a 56 year old single woman living in New England with a grown daughter who lives on the West Coast. I am in a relationship but do not live with my partner. I love to garden, cook and spend as much time outside as possible. \";i:12;s:2:\"US\";s:7:\"Country\";s:2:\"US\";i:13;s:0:\"\";s:4:\"City\";s:0:\"\";i:14;s:10:\"0000-00-00\";s:11:\"DateOfBirth\";s:10:\"0000-00-00\";i:15;s:1:\"0\";s:8:\"Featured\";s:1:\"0\";i:16;s:19:\"2016-10-13 15:01:38\";s:7:\"DateReg\";s:19:\"2016-10-13 15:01:38\";i:17;s:19:\"0000-00-00 00:00:00\";s:12:\"DateLastEdit\";s:19:\"0000-00-00 00:00:00\";i:18;s:19:\"2016-10-14 08:52:33\";s:13:\"DateLastLogin\";s:19:\"2016-10-14 08:52:33\";i:19;s:19:\"2016-10-14 14:16:03\";s:11:\"DateLastNav\";s:19:\"2016-10-14 14:16:03\";i:20;s:1:\"0\";s:7:\"aff_num\";s:1:\"0\";i:21;s:0:\"\";s:4:\"Tags\";s:0:\"\";i:22;s:5:\"01060\";s:3:\"zip\";s:5:\"01060\";i:23;s:1:\"1\";s:11:\"EmailNotify\";s:1:\"1\";i:24;s:1:\"1\";s:6:\"LangID\";s:1:\"1\";i:25;s:1:\"0\";s:11:\"UpdateMatch\";s:1:\"0\";i:26;s:1:\"0\";s:5:\"Views\";s:1:\"0\";i:27;s:1:\"0\";s:4:\"Rate\";s:1:\"0\";i:28;s:1:\"0\";s:9:\"RateCount\";s:1:\"0\";i:29;s:1:\"0\";s:13:\"CommentsCount\";s:1:\"0\";i:30;s:1:\"3\";s:19:\"PrivacyDefaultGroup\";s:1:\"3\";i:31;s:1:\"4\";s:13:\"allow_view_to\";s:1:\"4\";i:32;s:6:\"online\";s:10:\"UserStatus\";s:6:\"online\";i:33;s:0:\"\";s:17:\"UserStatusMessage\";s:0:\"\";i:34;s:1:\"0\";s:21:\"UserStatusMessageWhen\";s:1:\"0\";i:35;s:1:\"0\";s:6:\"Avatar\";s:1:\"0\";i:36;s:0:\"\";s:6:\"Height\";s:0:\"\";i:37;s:0:\"\";s:6:\"Weight\";s:0:\"\";i:38;s:0:\"\";s:6:\"Income\";s:0:\"\";i:39;s:0:\"\";s:10:\"Occupation\";s:0:\"\";i:40;s:7:\"Atheist\";s:17:\"SpiritualPractice\";s:7:\"Atheist\";i:41;s:0:\"\";s:18:\"RelationshipStatus\";s:0:\"\";i:42;s:9:\"Gardening\";s:7:\"Hobbies\";s:9:\"Gardening\";i:43;s:0:\"\";s:9:\"Interests\";s:0:\"\";i:44;s:15:\"White/Caucasian\";s:9:\"Ethnicity\";s:15:\"White/Caucasian\";i:45;s:0:\"\";s:13:\"FavoriteSites\";s:0:\"\";i:46;s:0:\"\";s:13:\"FavoriteMusic\";s:0:\"\";i:47;s:0:\"\";s:13:\"FavoriteFilms\";s:0:\"\";i:48;s:0:\"\";s:13:\"FavoriteBooks\";s:0:\"\";i:49;s:12:\"Robin Jaffin\";s:8:\"FullName\";s:12:\"Robin Jaffin\";i:50;s:7:\"Liberal\";s:13:\"PoliticalView\";s:7:\"Liberal\";i:51;s:11:\"Acupuncture\";s:19:\"InterestsAltHealing\";s:11:\"Acupuncture\";i:52;s:11:\"Photography\";s:12:\"InterestsArt\";s:11:\"Photography\";i:53;s:12:\"Single Woman\";s:11:\"WomanStatus\";s:12:\"Single Woman\";i:54;s:7:\"Fiction\";s:14:\"InterestsBooks\";s:7:\"Fiction\";i:55;s:7:\"Dancing\";s:22:\"InterestsEntertainment\";s:7:\"Dancing\";i:56;s:0:\"\";s:16:\"InterestsGeneral\";s:0:\"\";i:57;s:0:\"\";s:15:\"InterestsSports\";s:0:\"\";i:58;s:7:\"Poverty\";s:15:\"InterestsWomens\";s:7:\"Poverty\";i:59;s:0:\"\";s:14:\"InterestsMusic\";s:0:\"\";i:60;s:14:\"Masters Degree\";s:9:\"Education\";s:14:\"Masters Degree\";i:61;s:0:\"\";s:9:\"FirstName\";s:0:\"\";i:62;s:0:\"\";s:8:\"LastName\";s:0:\"\";i:63;s:0:\"\";s:8:\"NEW_ITEM\";s:0:\"\";i:64;s:0:\"\";s:15:\"FacebookProfile\";s:0:\"\";}}','Robin Jaffin ','',0,1476468982,1,0),(148,0,'23','wall_common_photos','','a:2:{s:4:\"type\";s:6:\"photos\";s:2:\"id\";i:34;}','Fanny Rothschild added a photo','',0,1476371189,1,0),(151,24,'34','bx_photos','commentPost','a:2:{s:10:\"comment_id\";i:5;s:17:\"comment_author_id\";i:24;}','','',0,1476396224,1,0),(152,24,'26','bx_photos','commentPost','a:2:{s:10:\"comment_id\";i:6;s:17:\"comment_author_id\";i:24;}','','',0,1476396245,1,0),(147,3,'3','wall_common_repost','','a:3:{s:4:\"type\";s:16:\"wall_common_text\";s:6:\"action\";s:0:\"\";s:9:\"object_id\";s:2:\"30\";}','Monique Hillen reposted a text','',0,1473872995,1,0),(178,27,'3','friend','accept','','','',0,1477924613,1,0),(179,25,'3','wall_common_text','','<div class=\"wall-post-text\">Hi Pam, How is the school thing going?!<br />\r\n</div>','persister1 wrote','Hi Pam, How is the school thing going?!<br />\r\n',0,1478104821,1,0),(184,24,'24','wall_common_repost','','a:3:{s:4:\"type\";s:18:\"wall_common_photos\";s:6:\"action\";s:0:\"\";s:9:\"object_id\";s:3:\"171\";}','Robin Jaffin reposted a photo','',0,1478296824,1,0),(185,24,'24','wall_common_repost','','a:3:{s:4:\"type\";s:18:\"wall_common_photos\";s:6:\"action\";s:0:\"\";s:9:\"object_id\";s:3:\"172\";}','Robin Jaffin reposted a photo','',0,1478296839,1,0),(187,24,'24','profile','edit','a:1:{s:14:\"OldProfileInfo\";a:130:{i:0;s:2:\"24\";s:2:\"ID\";s:2:\"24\";i:1;s:10:\"zBQpjhpCG8\";s:8:\"NickName\";s:10:\"zBQpjhpCG8\";i:2;s:22:\"robin.jaffin@gmail.com\";s:5:\"Email\";s:22:\"robin.jaffin@gmail.com\";i:3;s:40:\"79e84b74e0450d0b44801457fe643cd1aa7ee463\";s:8:\"Password\";s:40:\"79e84b74e0450d0b44801457fe643cd1aa7ee463\";i:4;s:8:\"wy.+wFWR\";s:4:\"Salt\";s:8:\"wy.+wFWR\";i:5;s:6:\"Active\";s:6:\"Status\";s:6:\"Active\";i:6;s:1:\"1\";s:4:\"Role\";s:1:\"1\";i:7;s:1:\"0\";s:6:\"Couple\";s:1:\"0\";i:8;s:0:\"\";s:3:\"Sex\";s:0:\"\";i:9;s:0:\"\";s:10:\"LookingFor\";s:0:\"\";i:10;s:0:\"\";s:8:\"Headline\";s:0:\"\";i:11;s:228:\"I am a 56 year old single woman living in New England with a grown daughter who lives on the West Coast. I am in a relationship but do not live with my partner. I love to garden, cook and spend as much time outside as possible. \";s:13:\"DescriptionMe\";s:228:\"I am a 56 year old single woman living in New England with a grown daughter who lives on the West Coast. I am in a relationship but do not live with my partner. I love to garden, cook and spend as much time outside as possible. \";i:12;s:2:\"US\";s:7:\"Country\";s:2:\"US\";i:13;s:0:\"\";s:4:\"City\";s:0:\"\";i:14;s:10:\"0000-00-00\";s:11:\"DateOfBirth\";s:10:\"0000-00-00\";i:15;s:1:\"1\";s:8:\"Featured\";s:1:\"1\";i:16;s:19:\"2016-10-13 15:01:38\";s:7:\"DateReg\";s:19:\"2016-10-13 15:01:38\";i:17;s:19:\"2016-10-14 14:16:22\";s:12:\"DateLastEdit\";s:19:\"2016-10-14 14:16:22\";i:18;s:19:\"2016-11-04 17:57:47\";s:13:\"DateLastLogin\";s:19:\"2016-11-04 17:57:47\";i:19;s:19:\"2016-11-04 18:16:29\";s:11:\"DateLastNav\";s:19:\"2016-11-04 18:16:29\";i:20;s:1:\"0\";s:7:\"aff_num\";s:1:\"0\";i:21;s:0:\"\";s:4:\"Tags\";s:0:\"\";i:22;s:5:\"01060\";s:3:\"zip\";s:5:\"01060\";i:23;s:1:\"1\";s:11:\"EmailNotify\";s:1:\"1\";i:24;s:1:\"1\";s:6:\"LangID\";s:1:\"1\";i:25;s:1:\"0\";s:11:\"UpdateMatch\";s:1:\"0\";i:26;s:1:\"1\";s:5:\"Views\";s:1:\"1\";i:27;s:1:\"0\";s:4:\"Rate\";s:1:\"0\";i:28;s:1:\"0\";s:9:\"RateCount\";s:1:\"0\";i:29;s:1:\"0\";s:13:\"CommentsCount\";s:1:\"0\";i:30;s:1:\"3\";s:19:\"PrivacyDefaultGroup\";s:1:\"3\";i:31;s:1:\"4\";s:13:\"allow_view_to\";s:1:\"4\";i:32;s:6:\"online\";s:10:\"UserStatus\";s:6:\"online\";i:33;s:0:\"\";s:17:\"UserStatusMessage\";s:0:\"\";i:34;s:1:\"0\";s:21:\"UserStatusMessageWhen\";s:1:\"0\";i:35;s:1:\"0\";s:6:\"Avatar\";s:1:\"0\";i:36;s:0:\"\";s:6:\"Height\";s:0:\"\";i:37;s:0:\"\";s:6:\"Weight\";s:0:\"\";i:38;s:0:\"\";s:6:\"Income\";s:0:\"\";i:39;s:0:\"\";s:10:\"Occupation\";s:0:\"\";i:40;s:7:\"Atheist\";s:17:\"SpiritualPractice\";s:7:\"Atheist\";i:41;s:0:\"\";s:18:\"RelationshipStatus\";s:0:\"\";i:42;s:26:\"Crafts,Vegetable Gardening\";s:7:\"Hobbies\";s:26:\"Crafts,Vegetable Gardening\";i:43;s:0:\"\";s:9:\"Interests\";s:0:\"\";i:44;s:15:\"White/Caucasian\";s:9:\"Ethnicity\";s:15:\"White/Caucasian\";i:45;s:0:\"\";s:13:\"FavoriteSites\";s:0:\"\";i:46;s:0:\"\";s:13:\"FavoriteMusic\";s:0:\"\";i:47;s:0:\"\";s:13:\"FavoriteFilms\";s:0:\"\";i:48;s:0:\"\";s:13:\"FavoriteBooks\";s:0:\"\";i:49;s:12:\"Robin Jaffin\";s:8:\"FullName\";s:12:\"Robin Jaffin\";i:50;s:7:\"Liberal\";s:13:\"PoliticalView\";s:7:\"Liberal\";i:51;s:11:\"Acupuncture\";s:19:\"InterestsAltHealing\";s:11:\"Acupuncture\";i:52;s:11:\"Photography\";s:12:\"InterestsArt\";s:11:\"Photography\";i:53;s:12:\"Single Woman\";s:11:\"WomanStatus\";s:12:\"Single Woman\";i:54;s:7:\"Fiction\";s:14:\"InterestsBooks\";s:7:\"Fiction\";i:55;s:46:\"Animals,Antiques,Art,Cooking,Dancing,Gardening\";s:22:\"InterestsEntertainment\";s:46:\"Animals,Antiques,Art,Cooking,Dancing,Gardening\";i:56;s:0:\"\";s:16:\"InterestsGeneral\";s:0:\"\";i:57;s:0:\"\";s:15:\"InterestsSports\";s:0:\"\";i:58;s:0:\"\";s:15:\"InterestsWomens\";s:0:\"\";i:59;s:0:\"\";s:14:\"InterestsMusic\";s:0:\"\";i:60;s:0:\"\";s:9:\"Education\";s:0:\"\";i:61;s:0:\"\";s:9:\"FirstName\";s:0:\"\";i:62;s:0:\"\";s:8:\"LastName\";s:0:\"\";i:63;s:0:\"\";s:8:\"NEW_ITEM\";s:0:\"\";i:64;s:0:\"\";s:15:\"FacebookProfile\";s:0:\"\";}}','Robin Jaffin ','',0,1478297793,1,0),(188,24,'8','bx_events','add','a:1:{s:6:\"Status\";s:8:\"approved\";}','Robin Jaffin added new event','Dog walking in the back field',0,1478297954,1,0),(189,24,'7','bx_groups','add','a:1:{s:6:\"Status\";s:8:\"approved\";}','zBQpjhpCG8 added new group','got a dog? gotta walk them? let\'s do it together. ',1,1478298037,1,0),(248,3,'57','friend','accept','','','',0,1554404255,1,0),(194,3,'3','wall_common_repost','','a:3:{s:4:\"type\";s:9:\"bx_groups\";s:6:\"action\";s:3:\"add\";s:9:\"object_id\";s:1:\"7\";}','Monique Hillen reposted a group','',0,1479247660,1,0),(195,3,'8','bx_groups','add','a:1:{s:6:\"Status\";s:8:\"approved\";}','persister1 added new group','We stand strong against sexism',0,1479248285,1,0),(196,3,'13','modzzz_articles','add','a:1:{s:6:\"Status\";s:8:\"approved\";}','','',0,1479249051,1,0),(213,0,'37','wall_common_text','','<div class=\"wall-post-text\">A wonderful Good Morning to everyone !</div>','86sHuX9XKv wrote','A wonderful Good Morning to everyone !',0,1529584381,1,0),(217,37,'50','bx_photos','add','a:2:{s:5:\"album\";s:14:\"Profile-Photos\";s:12:\"privacy_view\";s:1:\"5\";}','Francis added new photo','',0,1546714760,1,0),(218,37,'37','profile','edit','a:1:{s:14:\"OldProfileInfo\";a:128:{i:0;s:2:\"37\";s:2:\"ID\";s:2:\"37\";i:1;s:10:\"86sHuX9XKv\";s:8:\"NickName\";s:10:\"86sHuX9XKv\";i:2;s:18:\"noremac180@aol.com\";s:5:\"Email\";s:18:\"noremac180@aol.com\";i:3;s:40:\"e8a25bc37329fd4d190f4de512ea00db50d8baf0\";s:8:\"Password\";s:40:\"e8a25bc37329fd4d190f4de512ea00db50d8baf0\";i:4;s:8:\"K+B.W2V/\";s:4:\"Salt\";s:8:\"K+B.W2V/\";i:5;s:6:\"Active\";s:6:\"Status\";s:6:\"Active\";i:6;s:1:\"1\";s:4:\"Role\";s:1:\"1\";i:7;s:1:\"0\";s:6:\"Couple\";s:1:\"0\";i:8;s:0:\"\";s:3:\"Sex\";s:0:\"\";i:9;s:0:\"\";s:10:\"LookingFor\";s:0:\"\";i:10;s:0:\"\";s:8:\"Headline\";s:0:\"\";i:11;s:0:\"\";s:13:\"DescriptionMe\";s:0:\"\";i:12;s:2:\"US\";s:7:\"Country\";s:2:\"US\";i:13;s:0:\"\";s:4:\"City\";s:0:\"\";i:14;s:10:\"0000-00-00\";s:11:\"DateOfBirth\";s:10:\"0000-00-00\";i:15;s:1:\"0\";s:8:\"Featured\";s:1:\"0\";i:16;s:19:\"2017-03-10 10:56:29\";s:7:\"DateReg\";s:19:\"2017-03-10 10:56:29\";i:17;s:19:\"2018-06-21 08:57:35\";s:12:\"DateLastEdit\";s:19:\"2018-06-21 08:57:35\";i:18;s:19:\"2019-01-05 13:47:24\";s:13:\"DateLastLogin\";s:19:\"2019-01-05 13:47:24\";i:19;s:19:\"2019-01-05 14:02:25\";s:11:\"DateLastNav\";s:19:\"2019-01-05 14:02:25\";i:20;s:1:\"0\";s:7:\"aff_num\";s:1:\"0\";i:21;s:0:\"\";s:4:\"Tags\";s:0:\"\";i:22;s:10:\"10065-7794\";s:3:\"zip\";s:10:\"10065-7794\";i:23;s:1:\"1\";s:11:\"EmailNotify\";s:1:\"1\";i:24;s:1:\"1\";s:6:\"LangID\";s:1:\"1\";i:25;s:1:\"0\";s:11:\"UpdateMatch\";s:1:\"0\";i:26;s:1:\"2\";s:5:\"Views\";s:1:\"2\";i:27;s:1:\"0\";s:4:\"Rate\";s:1:\"0\";i:28;s:1:\"0\";s:9:\"RateCount\";s:1:\"0\";i:29;s:1:\"0\";s:13:\"CommentsCount\";s:1:\"0\";i:30;s:1:\"3\";s:19:\"PrivacyDefaultGroup\";s:1:\"3\";i:31;s:1:\"3\";s:13:\"allow_view_to\";s:1:\"3\";i:32;s:6:\"online\";s:10:\"UserStatus\";s:6:\"online\";i:33;s:0:\"\";s:17:\"UserStatusMessage\";s:0:\"\";i:34;s:1:\"0\";s:21:\"UserStatusMessageWhen\";s:1:\"0\";i:35;s:1:\"0\";s:6:\"Avatar\";s:1:\"0\";i:36;s:0:\"\";s:6:\"Height\";s:0:\"\";i:37;s:0:\"\";s:6:\"Weight\";s:0:\"\";i:38;s:0:\"\";s:6:\"Income\";s:0:\"\";i:39;s:0:\"\";s:10:\"Occupation\";s:0:\"\";i:40;s:22:\"Christian / Protestant\";s:17:\"SpiritualPractice\";s:22:\"Christian / Protestant\";i:41;s:0:\"\";s:18:\"RelationshipStatus\";s:0:\"\";i:42;s:111:\"Animals,Antiques,Cooking,Cycling,Gardening,Movies,Museums,Music,Photography,Play Sports,Watching Sports,Workout\";s:7:\"Hobbies\";s:111:\"Animals,Antiques,Cooking,Cycling,Gardening,Movies,Museums,Music,Photography,Play Sports,Watching Sports,Workout\";i:43;s:0:\"\";s:9:\"Interests\";s:0:\"\";i:44;s:15:\"White/Caucasian\";s:9:\"Ethnicity\";s:15:\"White/Caucasian\";i:45;s:0:\"\";s:13:\"FavoriteSites\";s:0:\"\";i:46;s:0:\"\";s:13:\"FavoriteMusic\";s:0:\"\";i:47;s:0:\"\";s:13:\"FavoriteFilms\";s:0:\"\";i:48;s:0:\"\";s:13:\"FavoriteBooks\";s:0:\"\";i:49;s:7:\"Francis\";s:8:\"FullName\";s:7:\"Francis\";i:50;s:18:\"Middle of The Road\";s:13:\"PoliticalView\";s:18:\"Middle of The Road\";i:51;s:0:\"\";s:19:\"InterestsAltHealing\";s:0:\"\";i:52;s:19:\"Photography,Museums\";s:12:\"InterestsArt\";s:19:\"Photography,Museums\";i:53;s:14:\"Involved Woman\";s:11:\"WomanStatus\";s:14:\"Involved Woman\";i:54;s:17:\"Fiction,Thrillers\";s:14:\"InterestsBooks\";s:17:\"Fiction,Thrillers\";i:55;s:68:\"Animals,Antiques,Cooking,Gardening,Music,Physical Exercise,Traveling\";s:22:\"InterestsEntertainment\";s:68:\"Animals,Antiques,Cooking,Gardening,Music,Physical Exercise,Traveling\";i:56;s:0:\"\";s:16:\"InterestsGeneral\";s:0:\"\";i:57;s:79:\"Cycling,Football,Golf,Racquetball,Skiing,Soccer,Swimming,Weight Lifting,Workout\";s:15:\"InterestsSports\";s:79:\"Cycling,Football,Golf,Racquetball,Skiing,Soccer,Swimming,Weight Lifting,Workout\";i:58;s:68:\"Discrimination in the Work Force,Equal Rights,Violence Against Women\";s:15:\"InterestsWomens\";s:68:\"Discrimination in the Work Force,Equal Rights,Violence Against Women\";i:59;s:13:\"Piano,Trumpet\";s:14:\"InterestsMusic\";s:13:\"Piano,Trumpet\";i:60;s:15:\"Master\'s Degree\";s:9:\"Education\";s:15:\"Master\'s Degree\";i:61;s:0:\"\";s:9:\"FirstName\";s:0:\"\";i:62;s:0:\"\";s:8:\"LastName\";s:0:\"\";i:63;s:0:\"\";s:8:\"NEW_ITEM\";s:0:\"\";}}','Liz Francis ','',0,1546714973,1,0),(219,37,'37','profile','edit','a:2:{s:14:\"OldProfileInfo\";a:64:{s:2:\"ID\";s:2:\"37\";s:8:\"NickName\";s:10:\"86sHuX9XKv\";s:5:\"Email\";s:18:\"noremac180@aol.com\";s:8:\"Password\";s:40:\"e8a25bc37329fd4d190f4de512ea00db50d8baf0\";s:4:\"Salt\";s:8:\"K+B.W2V/\";s:6:\"Status\";s:6:\"Active\";s:4:\"Role\";s:1:\"1\";s:6:\"Couple\";s:1:\"0\";s:3:\"Sex\";s:0:\"\";s:10:\"LookingFor\";s:0:\"\";s:8:\"Headline\";s:0:\"\";s:13:\"DescriptionMe\";s:63:\"Divorced single mother with grown twins living in New York City\";s:7:\"Country\";s:2:\"US\";s:4:\"City\";s:0:\"\";s:11:\"DateOfBirth\";s:10:\"0000-00-00\";s:8:\"Featured\";s:1:\"0\";s:7:\"DateReg\";s:19:\"2017-03-10 10:56:29\";s:12:\"DateLastEdit\";s:19:\"2019-01-05 14:02:53\";s:13:\"DateLastLogin\";s:19:\"2019-01-05 13:47:24\";s:11:\"DateLastNav\";s:19:\"2019-01-05 14:02:54\";s:7:\"aff_num\";s:1:\"0\";s:4:\"Tags\";s:0:\"\";s:3:\"zip\";s:10:\"10065-7794\";s:11:\"EmailNotify\";s:1:\"1\";s:6:\"LangID\";s:1:\"1\";s:11:\"UpdateMatch\";s:1:\"0\";s:5:\"Views\";s:1:\"2\";s:4:\"Rate\";s:1:\"0\";s:9:\"RateCount\";s:1:\"0\";s:13:\"CommentsCount\";s:1:\"0\";s:19:\"PrivacyDefaultGroup\";s:1:\"3\";s:13:\"allow_view_to\";s:1:\"3\";s:10:\"UserStatus\";s:6:\"online\";s:17:\"UserStatusMessage\";s:0:\"\";s:21:\"UserStatusMessageWhen\";s:1:\"0\";s:6:\"Avatar\";s:1:\"0\";s:6:\"Height\";s:0:\"\";s:6:\"Weight\";s:0:\"\";s:6:\"Income\";s:0:\"\";s:10:\"Occupation\";s:0:\"\";s:17:\"SpiritualPractice\";s:22:\"Christian / Protestant\";s:18:\"RelationshipStatus\";s:0:\"\";s:7:\"Hobbies\";s:119:\"Animals,Antiques,Cooking,Cycling,Fashion,Gardening,Movies,Museums,Music,Photography,Play Sports,Watching Sports,Workout\";s:9:\"Interests\";s:0:\"\";s:9:\"Ethnicity\";s:15:\"White/Caucasian\";s:13:\"FavoriteSites\";s:0:\"\";s:13:\"FavoriteMusic\";s:0:\"\";s:13:\"FavoriteFilms\";s:0:\"\";s:13:\"FavoriteBooks\";s:0:\"\";s:8:\"FullName\";s:11:\"Liz Francis\";s:13:\"PoliticalView\";s:18:\"Middle of The Road\";s:19:\"InterestsAltHealing\";s:0:\"\";s:12:\"InterestsArt\";s:19:\"Photography,Museums\";s:11:\"WomanStatus\";s:28:\"Single Mother,Involved Woman\";s:14:\"InterestsBooks\";s:23:\"Drama,Fiction,Thrillers\";s:22:\"InterestsEntertainment\";s:79:\"Animals,Antiques,Cooking,Decorating,Gardening,Music,Physical Exercise,Traveling\";s:16:\"InterestsGeneral\";s:0:\"\";s:15:\"InterestsSports\";s:84:\"Cycling,Football,Golf,Racquetball,Skiing,Soccer,Swimming,Weight Lifting,Workout,Yoga\";s:15:\"InterestsWomens\";s:68:\"Discrimination in the Work Force,Equal Rights,Violence Against Women\";s:14:\"InterestsMusic\";s:13:\"Piano,Trumpet\";s:9:\"Education\";s:15:\"Master\'s Degree\";s:9:\"FirstName\";s:0:\"\";s:8:\"LastName\";s:0:\"\";s:8:\"NEW_ITEM\";s:0:\"\";}s:7:\"privacy\";i:3;}','Liz Francis ','',0,1546714984,1,0),(220,3,'3','profile','edit','a:1:{s:14:\"OldProfileInfo\";a:128:{i:0;s:1:\"3\";s:2:\"ID\";s:1:\"3\";i:1;s:10:\"persister1\";s:8:\"NickName\";s:10:\"persister1\";i:2;s:23:\"moniquehillen@gmail.com\";s:5:\"Email\";s:23:\"moniquehillen@gmail.com\";i:3;s:40:\"c0fe32a552b86b3d7efb5021386cc6c508670734\";s:8:\"Password\";s:40:\"c0fe32a552b86b3d7efb5021386cc6c508670734\";i:4;s:8:\"BSAxcFXM\";s:4:\"Salt\";s:8:\"BSAxcFXM\";i:5;s:6:\"Active\";s:6:\"Status\";s:6:\"Active\";i:6;s:1:\"3\";s:4:\"Role\";s:1:\"3\";i:7;s:1:\"0\";s:6:\"Couple\";s:1:\"0\";i:8;s:6:\"female\";s:3:\"Sex\";s:6:\"female\";i:9;s:6:\"female\";s:10:\"LookingFor\";s:6:\"female\";i:10;s:8:\"Founder1\";s:8:\"Headline\";s:8:\"Founder1\";i:11;s:105:\"Single mom of 3 sons, raised kids alone for the last 14 years. Although my last son just left the nest :(\";s:13:\"DescriptionMe\";s:105:\"Single mom of 3 sons, raised kids alone for the last 14 years. Although my last son just left the nest :(\";i:12;s:2:\"US\";s:7:\"Country\";s:2:\"US\";i:13;s:7:\"Amherst\";s:4:\"City\";s:7:\"Amherst\";i:14;s:10:\"1960-05-15\";s:11:\"DateOfBirth\";s:10:\"1960-05-15\";i:15;s:1:\"0\";s:8:\"Featured\";s:1:\"0\";i:16;s:19:\"2015-04-10 03:58:19\";s:7:\"DateReg\";s:19:\"2015-04-10 03:58:19\";i:17;s:19:\"2017-07-25 17:51:34\";s:12:\"DateLastEdit\";s:19:\"2017-07-25 17:51:34\";i:18;s:19:\"2019-01-05 15:15:01\";s:13:\"DateLastLogin\";s:19:\"2019-01-05 15:15:01\";i:19;s:19:\"2019-01-05 15:15:58\";s:11:\"DateLastNav\";s:19:\"2019-01-05 15:15:58\";i:20;s:1:\"0\";s:7:\"aff_num\";s:1:\"0\";i:21;s:0:\"\";s:4:\"Tags\";s:0:\"\";i:22;s:5:\"01002\";s:3:\"zip\";s:5:\"01002\";i:23;s:1:\"1\";s:11:\"EmailNotify\";s:1:\"1\";i:24;s:1:\"1\";s:6:\"LangID\";s:1:\"1\";i:25;s:1:\"0\";s:11:\"UpdateMatch\";s:1:\"0\";i:26;s:2:\"16\";s:5:\"Views\";s:2:\"16\";i:27;s:1:\"0\";s:4:\"Rate\";s:1:\"0\";i:28;s:1:\"0\";s:9:\"RateCount\";s:1:\"0\";i:29;s:1:\"0\";s:13:\"CommentsCount\";s:1:\"0\";i:30;s:1:\"3\";s:19:\"PrivacyDefaultGroup\";s:1:\"3\";i:31;s:1:\"4\";s:13:\"allow_view_to\";s:1:\"4\";i:32;s:6:\"online\";s:10:\"UserStatus\";s:6:\"online\";i:33;s:38:\"wondering if this works. Cold outside \";s:17:\"UserStatusMessage\";s:38:\"wondering if this works. Cold outside \";i:34;s:10:\"1456942976\";s:21:\"UserStatusMessageWhen\";s:10:\"1456942976\";i:35;s:1:\"0\";s:6:\"Avatar\";s:1:\"0\";i:36;s:0:\"\";s:6:\"Height\";s:0:\"\";i:37;s:0:\"\";s:6:\"Weight\";s:0:\"\";i:38;s:0:\"\";s:6:\"Income\";s:0:\"\";i:39;s:0:\"\";s:10:\"Occupation\";s:0:\"\";i:40;s:27:\"Spiritual but not religious\";s:17:\"SpiritualPractice\";s:27:\"Spiritual but not religious\";i:41;s:0:\"\";s:18:\"RelationshipStatus\";s:0:\"\";i:42;s:0:\"\";s:7:\"Hobbies\";s:0:\"\";i:43;s:0:\"\";s:9:\"Interests\";s:0:\"\";i:44;s:5:\"Human\";s:9:\"Ethnicity\";s:5:\"Human\";i:45;s:0:\"\";s:13:\"FavoriteSites\";s:0:\"\";i:46;s:0:\"\";s:13:\"FavoriteMusic\";s:0:\"\";i:47;s:0:\"\";s:13:\"FavoriteFilms\";s:0:\"\";i:48;s:0:\"\";s:13:\"FavoriteBooks\";s:0:\"\";i:49;s:14:\"Monique Hillen\";s:8:\"FullName\";s:14:\"Monique Hillen\";i:50;s:12:\"Very Liberal\";s:13:\"PoliticalView\";s:12:\"Very Liberal\";i:51;s:48:\"Energy Therapies,Herbalism,Homeopathy,Meditation\";s:19:\"InterestsAltHealing\";s:48:\"Energy Therapies,Herbalism,Homeopathy,Meditation\";i:52;s:38:\"Painting,Photography,Galleries,Museums\";s:12:\"InterestsArt\";s:38:\"Painting,Photography,Galleries,Museums\";i:53;s:26:\"Single Mother,Single Woman\";s:11:\"WomanStatus\";s:26:\"Single Mother,Single Woman\";i:54;s:19:\"Fiction,Non Fiction\";s:14:\"InterestsBooks\";s:19:\"Fiction,Non Fiction\";i:55;s:57:\"Concerts,Cooking,Dancing,Gardening,Hiking,Music,Traveling\";s:22:\"InterestsEntertainment\";s:57:\"Concerts,Cooking,Dancing,Gardening,Hiking,Music,Traveling\";i:56;s:0:\"\";s:16:\"InterestsGeneral\";s:0:\"\";i:57;s:19:\"Cycling,Golf,Tennis\";s:15:\"InterestsSports\";s:19:\"Cycling,Golf,Tennis\";i:58;s:168:\"Discrimination in the Work Force,Equal Rights,Free Speech,Health,Human Trafficking/Sex Slavery,Inadequate Representation,Poverty,Violence Against Women,Women’s Rights\";s:15:\"InterestsWomens\";s:168:\"Discrimination in the Work Force,Equal Rights,Free Speech,Health,Human Trafficking/Sex Slavery,Inadequate Representation,Poverty,Violence Against Women,Women’s Rights\";i:59;s:12:\"Viola,Violin\";s:14:\"InterestsMusic\";s:12:\"Viola,Violin\";i:60;s:15:\"Master\'s Degree\";s:9:\"Education\";s:15:\"Master\'s Degree\";i:61;s:0:\"\";s:9:\"FirstName\";s:0:\"\";i:62;s:0:\"\";s:8:\"LastName\";s:0:\"\";i:63;s:0:\"\";s:8:\"NEW_ITEM\";s:0:\"\";}}','Monique Hillen edited her profile','',0,1546719382,1,0),(221,3,'14','modzzz_articles','add','a:1:{s:6:\"Status\";s:5:\"draft\";}','','',0,1546719891,1,0),(222,3,'15','modzzz_articles','add','a:1:{s:6:\"Status\";s:5:\"draft\";}','','',0,1546720045,1,0),(224,3,'7','ads','create','','Monique Hillen added new ad','Monique Hillen added new ad',0,1546720203,1,0),(227,3,'11','bx_groups','add','a:1:{s:6:\"Status\";s:8:\"approved\";}','','',1,1546720603,1,0),(232,3,'21','modzzz_articles','add','a:1:{s:6:\"Status\";s:5:\"draft\";}','','',0,1546882288,1,0),(238,24,'3','friend','accept','','','',0,1546977226,1,0),(240,50,'50','profile','edit','a:1:{s:14:\"OldProfileInfo\";a:128:{i:0;s:2:\"50\";s:2:\"ID\";s:2:\"50\";i:1;s:10:\"aR5qUuRMG7\";s:8:\"NickName\";s:10:\"aR5qUuRMG7\";i:2;s:24:\"evadandylion@hotmail.com\";s:5:\"Email\";s:24:\"evadandylion@hotmail.com\";i:3;s:40:\"2f2532544972e97834574f59af93e8565fabeb56\";s:8:\"Password\";s:40:\"2f2532544972e97834574f59af93e8565fabeb56\";i:4;s:8:\"BrstNam&\";s:4:\"Salt\";s:8:\"BrstNam&\";i:5;s:6:\"Active\";s:6:\"Status\";s:6:\"Active\";i:6;s:1:\"1\";s:4:\"Role\";s:1:\"1\";i:7;s:1:\"0\";s:6:\"Couple\";s:1:\"0\";i:8;s:0:\"\";s:3:\"Sex\";s:0:\"\";i:9;s:0:\"\";s:10:\"LookingFor\";s:0:\"\";i:10;s:0:\"\";s:8:\"Headline\";s:0:\"\";i:11;s:3:\"⭐\";s:13:\"DescriptionMe\";s:3:\"⭐\";i:12;s:2:\"US\";s:7:\"Country\";s:2:\"US\";i:13;s:0:\"\";s:4:\"City\";s:0:\"\";i:14;s:10:\"0000-00-00\";s:11:\"DateOfBirth\";s:10:\"0000-00-00\";i:15;s:1:\"0\";s:8:\"Featured\";s:1:\"0\";i:16;s:19:\"2019-01-18 11:31:41\";s:7:\"DateReg\";s:19:\"2019-01-18 11:31:41\";i:17;s:19:\"0000-00-00 00:00:00\";s:12:\"DateLastEdit\";s:19:\"0000-00-00 00:00:00\";i:18;s:19:\"2019-01-18 11:33:27\";s:13:\"DateLastLogin\";s:19:\"2019-01-18 11:33:27\";i:19;s:19:\"2019-01-18 11:41:42\";s:11:\"DateLastNav\";s:19:\"2019-01-18 11:41:42\";i:20;s:1:\"0\";s:7:\"aff_num\";s:1:\"0\";i:21;s:0:\"\";s:4:\"Tags\";s:0:\"\";i:22;s:5:\"01002\";s:3:\"zip\";s:5:\"01002\";i:23;s:1:\"1\";s:11:\"EmailNotify\";s:1:\"1\";i:24;s:1:\"1\";s:6:\"LangID\";s:1:\"1\";i:25;s:1:\"0\";s:11:\"UpdateMatch\";s:1:\"0\";i:26;s:1:\"0\";s:5:\"Views\";s:1:\"0\";i:27;s:1:\"0\";s:4:\"Rate\";s:1:\"0\";i:28;s:1:\"0\";s:9:\"RateCount\";s:1:\"0\";i:29;s:1:\"0\";s:13:\"CommentsCount\";s:1:\"0\";i:30;s:1:\"3\";s:19:\"PrivacyDefaultGroup\";s:1:\"3\";i:31;s:1:\"3\";s:13:\"allow_view_to\";s:1:\"3\";i:32;s:6:\"online\";s:10:\"UserStatus\";s:6:\"online\";i:33;s:0:\"\";s:17:\"UserStatusMessage\";s:0:\"\";i:34;s:1:\"0\";s:21:\"UserStatusMessageWhen\";s:1:\"0\";i:35;s:1:\"0\";s:6:\"Avatar\";s:1:\"0\";i:36;s:0:\"\";s:6:\"Height\";s:0:\"\";i:37;s:0:\"\";s:6:\"Weight\";s:0:\"\";i:38;s:0:\"\";s:6:\"Income\";s:0:\"\";i:39;s:0:\"\";s:10:\"Occupation\";s:0:\"\";i:40;s:27:\"Spiritual but not religious\";s:17:\"SpiritualPractice\";s:27:\"Spiritual but not religious\";i:41;s:0:\"\";s:18:\"RelationshipStatus\";s:0:\"\";i:42;s:277:\"Animals,Antiques,Art,Astrology,Beauty,Camping,Concerts,Cooking,Crafts,Dancing,Decorating,Drawing,Fashion,Galleries,Gardening,Health,Hiking,Jewelry Making,Kids Arts/Crafts,Knitting,Museums,Music,Painting,Photography,Reading,Singing,Sewing,Sculpture,Traveling,Woodworking,Writing\";s:7:\"Hobbies\";s:277:\"Animals,Antiques,Art,Astrology,Beauty,Camping,Concerts,Cooking,Crafts,Dancing,Decorating,Drawing,Fashion,Galleries,Gardening,Health,Hiking,Jewelry Making,Kids Arts/Crafts,Knitting,Museums,Music,Painting,Photography,Reading,Singing,Sewing,Sculpture,Traveling,Woodworking,Writing\";i:43;s:0:\"\";s:9:\"Interests\";s:0:\"\";i:44;s:5:\"Human\";s:9:\"Ethnicity\";s:5:\"Human\";i:45;s:0:\"\";s:13:\"FavoriteSites\";s:0:\"\";i:46;s:0:\"\";s:13:\"FavoriteMusic\";s:0:\"\";i:47;s:0:\"\";s:13:\"FavoriteFilms\";s:0:\"\";i:48;s:0:\"\";s:13:\"FavoriteBooks\";s:0:\"\";i:49;s:3:\"Eva\";s:8:\"FullName\";s:3:\"Eva\";i:50;s:19:\"Other Point of View\";s:13:\"PoliticalView\";s:19:\"Other Point of View\";i:51;s:51:\"Acupuncture,Chiropractic,Energy Therapies,Herbalism\";s:19:\"InterestsAltHealing\";s:51:\"Acupuncture,Chiropractic,Energy Therapies,Herbalism\";i:52;s:56:\"Crafts,Drawing,Jewelry Making,Painting,Galleries,Museums\";s:12:\"InterestsArt\";s:56:\"Crafts,Drawing,Jewelry Making,Painting,Galleries,Museums\";i:53;s:12:\"Single Woman\";s:11:\"WomanStatus\";s:12:\"Single Woman\";i:54;s:99:\"Comedy,Drama,Erotica,Fantasy,Fiction,Literary Fiction,Mystery,Non Fiction,Romance,Science,Thrillers\";s:14:\"InterestsBooks\";s:99:\"Comedy,Drama,Erotica,Fantasy,Fiction,Literary Fiction,Mystery,Non Fiction,Romance,Science,Thrillers\";i:55;s:0:\"\";s:22:\"InterestsEntertainment\";s:0:\"\";i:56;s:0:\"\";s:16:\"InterestsGeneral\";s:0:\"\";i:57;s:19:\"Swimming,Yoga,Zumba\";s:15:\"InterestsSports\";s:19:\"Swimming,Yoga,Zumba\";i:58;s:249:\"Affordable Child Care,Discrimination in the Work Force,Equal Rights,Free Speech,Health,Human Trafficking/Sex Slavery,Inadequate Representation,Paid Sick and Parental Leave,Poverty,Pregnancy,Reproductive Rights,Violence Against Women,Women’s Rights\";s:15:\"InterestsWomens\";s:249:\"Affordable Child Care,Discrimination in the Work Force,Equal Rights,Free Speech,Health,Human Trafficking/Sex Slavery,Inadequate Representation,Paid Sick and Parental Leave,Poverty,Pregnancy,Reproductive Rights,Violence Against Women,Women’s Rights\";i:59;s:31:\"Banjo,Djembe Drum,Ukulele,Voice\";s:14:\"InterestsMusic\";s:31:\"Banjo,Djembe Drum,Ukulele,Voice\";i:60;s:12:\"Some College\";s:9:\"Education\";s:12:\"Some College\";i:61;s:0:\"\";s:9:\"FirstName\";s:0:\"\";i:62;s:0:\"\";s:8:\"LastName\";s:0:\"\";i:63;s:0:\"\";s:8:\"NEW_ITEM\";s:0:\"\";}}','Eva D ','',0,1547829719,1,0),(241,3,'50','friend','accept','','','',0,1547850974,1,0),(242,3,'3','wall_common_text','','<div class=\"wall-post-text\">Hello to everyone!! Welcome to PerSisters, our brand new and free social media for single mothers and women. I worked on it for over 2 years so I truly excited for it to take off. I need your help with this. Please spread the word because the more members, the more mutual support. </div>','persister1 wrote','Hello to everyone!! Welcome to PerSisters, our brand new and free social media for single mothers and women. I worked on it for over 2 years so I truly excited for it to take off. I need your help with this. Please spread the word because the more members, the more mutual support. ',0,1547935887,1,0),(243,45,'57','friend','accept','','','',0,1550336134,1,0),(244,45,'54','bx_photos','add','a:2:{s:5:\"album\";s:10:\"02-16-2019\";s:12:\"privacy_view\";s:1:\"5\";}','Susan Lowery added new photo','',0,1550336677,1,0),(246,23,'57','friend','accept','','','',0,1550340796,1,0),(247,23,'3','friend','accept','','','',0,1550340797,1,0),(250,24,'57','friend','accept','','','',0,1555450412,1,0),(287,0,'90','wall_common_photos','','a:2:{s:4:\"type\";s:6:\"photos\";s:2:\"id\";i:59;}','Jolene Heske added a photo','',0,1584890036,1,0),(288,95,'65','bx_photos','add','a:2:{s:5:\"album\";s:14:\"Profile-Photos\";s:12:\"privacy_view\";s:1:\"5\";}','Laura LeClair added new photo','',0,1585319738,1,0),(289,3,'3','profile','edit','a:1:{s:14:\"OldProfileInfo\";a:128:{i:0;s:1:\"3\";s:2:\"ID\";s:1:\"3\";i:1;s:10:\"persister1\";s:8:\"NickName\";s:10:\"persister1\";i:2;s:23:\"moniquehillen@gmail.com\";s:5:\"Email\";s:23:\"moniquehillen@gmail.com\";i:3;s:40:\"c0fe32a552b86b3d7efb5021386cc6c508670734\";s:8:\"Password\";s:40:\"c0fe32a552b86b3d7efb5021386cc6c508670734\";i:4;s:8:\"BSAxcFXM\";s:4:\"Salt\";s:8:\"BSAxcFXM\";i:5;s:6:\"Active\";s:6:\"Status\";s:6:\"Active\";i:6;s:1:\"3\";s:4:\"Role\";s:1:\"3\";i:7;s:1:\"0\";s:6:\"Couple\";s:1:\"0\";i:8;s:6:\"female\";s:3:\"Sex\";s:6:\"female\";i:9;s:6:\"female\";s:10:\"LookingFor\";s:6:\"female\";i:10;s:8:\"Founder1\";s:8:\"Headline\";s:8:\"Founder1\";i:11;s:105:\"Single mom of 3 sons, raised kids alone for the last 14 years. Although my last son just left the nest :(\";s:13:\"DescriptionMe\";s:105:\"Single mom of 3 sons, raised kids alone for the last 14 years. Although my last son just left the nest :(\";i:12;s:2:\"US\";s:7:\"Country\";s:2:\"US\";i:13;s:7:\"Amherst\";s:4:\"City\";s:7:\"Amherst\";i:14;s:10:\"1960-05-15\";s:11:\"DateOfBirth\";s:10:\"1960-05-15\";i:15;s:1:\"0\";s:8:\"Featured\";s:1:\"0\";i:16;s:19:\"2015-04-10 03:58:19\";s:7:\"DateReg\";s:19:\"2015-04-10 03:58:19\";i:17;s:19:\"2019-01-05 15:16:17\";s:12:\"DateLastEdit\";s:19:\"2019-01-05 15:16:17\";i:18;s:19:\"2020-04-08 16:31:55\";s:13:\"DateLastLogin\";s:19:\"2020-04-08 16:31:55\";i:19;s:19:\"2020-04-08 16:33:02\";s:11:\"DateLastNav\";s:19:\"2020-04-08 16:33:02\";i:20;s:1:\"0\";s:7:\"aff_num\";s:1:\"0\";i:21;s:0:\"\";s:4:\"Tags\";s:0:\"\";i:22;s:5:\"01002\";s:3:\"zip\";s:5:\"01002\";i:23;s:1:\"1\";s:11:\"EmailNotify\";s:1:\"1\";i:24;s:1:\"1\";s:6:\"LangID\";s:1:\"1\";i:25;s:1:\"0\";s:11:\"UpdateMatch\";s:1:\"0\";i:26;s:2:\"16\";s:5:\"Views\";s:2:\"16\";i:27;s:1:\"0\";s:4:\"Rate\";s:1:\"0\";i:28;s:1:\"0\";s:9:\"RateCount\";s:1:\"0\";i:29;s:1:\"0\";s:13:\"CommentsCount\";s:1:\"0\";i:30;s:1:\"3\";s:19:\"PrivacyDefaultGroup\";s:1:\"3\";i:31;s:1:\"4\";s:13:\"allow_view_to\";s:1:\"4\";i:32;s:6:\"online\";s:10:\"UserStatus\";s:6:\"online\";i:33;s:38:\"wondering if this works. Cold outside \";s:17:\"UserStatusMessage\";s:38:\"wondering if this works. Cold outside \";i:34;s:10:\"1456942976\";s:21:\"UserStatusMessageWhen\";s:10:\"1456942976\";i:35;s:1:\"0\";s:6:\"Avatar\";s:1:\"0\";i:36;s:0:\"\";s:6:\"Height\";s:0:\"\";i:37;s:0:\"\";s:6:\"Weight\";s:0:\"\";i:38;s:0:\"\";s:6:\"Income\";s:0:\"\";i:39;s:0:\"\";s:10:\"Occupation\";s:0:\"\";i:40;s:27:\"Spiritual but not religious\";s:17:\"SpiritualPractice\";s:27:\"Spiritual but not religious\";i:41;s:0:\"\";s:18:\"RelationshipStatus\";s:0:\"\";i:42;s:0:\"\";s:7:\"Hobbies\";s:0:\"\";i:43;s:0:\"\";s:9:\"Interests\";s:0:\"\";i:44;s:5:\"Human\";s:9:\"Ethnicity\";s:5:\"Human\";i:45;s:0:\"\";s:13:\"FavoriteSites\";s:0:\"\";i:46;s:0:\"\";s:13:\"FavoriteMusic\";s:0:\"\";i:47;s:0:\"\";s:13:\"FavoriteFilms\";s:0:\"\";i:48;s:0:\"\";s:13:\"FavoriteBooks\";s:0:\"\";i:49;s:14:\"Monique Hillen\";s:8:\"FullName\";s:14:\"Monique Hillen\";i:50;s:12:\"Very Liberal\";s:13:\"PoliticalView\";s:12:\"Very Liberal\";i:51;s:48:\"Energy Therapies,Herbalism,Homeopathy,Meditation\";s:19:\"InterestsAltHealing\";s:48:\"Energy Therapies,Herbalism,Homeopathy,Meditation\";i:52;s:38:\"Painting,Photography,Galleries,Museums\";s:12:\"InterestsArt\";s:38:\"Painting,Photography,Galleries,Museums\";i:53;s:26:\"Single Mother,Single Woman\";s:11:\"WomanStatus\";s:26:\"Single Mother,Single Woman\";i:54;s:19:\"Fiction,Non Fiction\";s:14:\"InterestsBooks\";s:19:\"Fiction,Non Fiction\";i:55;s:57:\"Concerts,Cooking,Dancing,Gardening,Hiking,Music,Traveling\";s:22:\"InterestsEntertainment\";s:57:\"Concerts,Cooking,Dancing,Gardening,Hiking,Music,Traveling\";i:56;s:0:\"\";s:16:\"InterestsGeneral\";s:0:\"\";i:57;s:32:\"Cycling,Golf,Tennis,Workout,Yoga\";s:15:\"InterestsSports\";s:32:\"Cycling,Golf,Tennis,Workout,Yoga\";i:58;s:168:\"Discrimination in the Work Force,Equal Rights,Free Speech,Health,Human Trafficking/Sex Slavery,Inadequate Representation,Poverty,Violence Against Women,Women’s Rights\";s:15:\"InterestsWomens\";s:168:\"Discrimination in the Work Force,Equal Rights,Free Speech,Health,Human Trafficking/Sex Slavery,Inadequate Representation,Poverty,Violence Against Women,Women’s Rights\";i:59;s:12:\"Viola,Violin\";s:14:\"InterestsMusic\";s:12:\"Viola,Violin\";i:60;s:15:\"Master\'s Degree\";s:9:\"Education\";s:15:\"Master\'s Degree\";i:61;s:0:\"\";s:9:\"FirstName\";s:0:\"\";i:62;s:0:\"\";s:8:\"LastName\";s:0:\"\";i:63;s:0:\"\";s:8:\"NEW_ITEM\";s:0:\"\";}}','Monique Hillen edited her profile','',0,1586378001,1,0),(290,97,'97','wall_common_photos','','a:2:{s:4:\"type\";s:6:\"photos\";s:2:\"id\";i:66;}','Rebecca Edwards added a photo','',0,1586961217,1,0),(291,103,'103','profile','edit','a:1:{s:14:\"OldProfileInfo\";a:128:{i:0;s:3:\"103\";s:2:\"ID\";s:3:\"103\";i:1;s:10:\"R66qREUQzY\";s:8:\"NickName\";s:10:\"R66qREUQzY\";i:2;s:29:\"rebeccanurickwood@hotmail.com\";s:5:\"Email\";s:29:\"rebeccanurickwood@hotmail.com\";i:3;s:40:\"6b0191dfbd1d6be301571192173e709ae862ded6\";s:8:\"Password\";s:40:\"6b0191dfbd1d6be301571192173e709ae862ded6\";i:4;s:8:\"uvWeWmD=\";s:4:\"Salt\";s:8:\"uvWeWmD=\";i:5;s:6:\"Active\";s:6:\"Status\";s:6:\"Active\";i:6;s:1:\"1\";s:4:\"Role\";s:1:\"1\";i:7;s:1:\"0\";s:6:\"Couple\";s:1:\"0\";i:8;s:0:\"\";s:3:\"Sex\";s:0:\"\";i:9;s:0:\"\";s:10:\"LookingFor\";s:0:\"\";i:10;s:0:\"\";s:8:\"Headline\";s:0:\"\";i:11;s:136:\"Single (divorced) mother with two young boys. Looking to connect with / get support from / provide support to other like minded people! \";s:13:\"DescriptionMe\";s:136:\"Single (divorced) mother with two young boys. Looking to connect with / get support from / provide support to other like minded people! \";i:12;s:2:\"US\";s:7:\"Country\";s:2:\"US\";i:13;s:0:\"\";s:4:\"City\";s:0:\"\";i:14;s:10:\"0000-00-00\";s:11:\"DateOfBirth\";s:10:\"0000-00-00\";i:15;s:1:\"0\";s:8:\"Featured\";s:1:\"0\";i:16;s:19:\"2020-04-16 03:45:39\";s:7:\"DateReg\";s:19:\"2020-04-16 03:45:39\";i:17;s:19:\"0000-00-00 00:00:00\";s:12:\"DateLastEdit\";s:19:\"0000-00-00 00:00:00\";i:18;s:19:\"2020-04-16 03:48:03\";s:13:\"DateLastLogin\";s:19:\"2020-04-16 03:48:03\";i:19;s:19:\"2020-04-16 03:48:46\";s:11:\"DateLastNav\";s:19:\"2020-04-16 03:48:46\";i:20;s:1:\"0\";s:7:\"aff_num\";s:1:\"0\";i:21;s:0:\"\";s:4:\"Tags\";s:0:\"\";i:22;s:5:\"06907\";s:3:\"zip\";s:5:\"06907\";i:23;s:1:\"1\";s:11:\"EmailNotify\";s:1:\"1\";i:24;s:1:\"1\";s:6:\"LangID\";s:1:\"1\";i:25;s:1:\"0\";s:11:\"UpdateMatch\";s:1:\"0\";i:26;s:1:\"0\";s:5:\"Views\";s:1:\"0\";i:27;s:1:\"0\";s:4:\"Rate\";s:1:\"0\";i:28;s:1:\"0\";s:9:\"RateCount\";s:1:\"0\";i:29;s:1:\"0\";s:13:\"CommentsCount\";s:1:\"0\";i:30;s:1:\"3\";s:19:\"PrivacyDefaultGroup\";s:1:\"3\";i:31;s:1:\"3\";s:13:\"allow_view_to\";s:1:\"3\";i:32;s:6:\"online\";s:10:\"UserStatus\";s:6:\"online\";i:33;s:0:\"\";s:17:\"UserStatusMessage\";s:0:\"\";i:34;s:1:\"0\";s:21:\"UserStatusMessageWhen\";s:1:\"0\";i:35;s:1:\"0\";s:6:\"Avatar\";s:1:\"0\";i:36;s:0:\"\";s:6:\"Height\";s:0:\"\";i:37;s:0:\"\";s:6:\"Weight\";s:0:\"\";i:38;s:0:\"\";s:6:\"Income\";s:0:\"\";i:39;s:0:\"\";s:10:\"Occupation\";s:0:\"\";i:40;s:6:\"Jewish\";s:17:\"SpiritualPractice\";s:6:\"Jewish\";i:41;s:0:\"\";s:18:\"RelationshipStatus\";s:0:\"\";i:42;s:109:\"Beauty,Cooking,Crafts,Dancing,Kids Arts/Crafts,Movies,Museums,Photography,Play Sports,Watching Sports,Workout\";s:7:\"Hobbies\";s:109:\"Beauty,Cooking,Crafts,Dancing,Kids Arts/Crafts,Movies,Museums,Photography,Play Sports,Watching Sports,Workout\";i:43;s:0:\"\";s:9:\"Interests\";s:0:\"\";i:44;s:5:\"Human\";s:9:\"Ethnicity\";s:5:\"Human\";i:45;s:0:\"\";s:13:\"FavoriteSites\";s:0:\"\";i:46;s:0:\"\";s:13:\"FavoriteMusic\";s:0:\"\";i:47;s:0:\"\";s:13:\"FavoriteFilms\";s:0:\"\";i:48;s:0:\"\";s:13:\"FavoriteBooks\";s:0:\"\";i:49;s:19:\"REBECCA NURICK WOOD\";s:8:\"FullName\";s:19:\"REBECCA NURICK WOOD\";i:50;s:13:\"Non-Political\";s:13:\"PoliticalView\";s:13:\"Non-Political\";i:51;s:0:\"\";s:19:\"InterestsAltHealing\";s:0:\"\";i:52;s:19:\"Photography,Museums\";s:12:\"InterestsArt\";s:19:\"Photography,Museums\";i:53;s:13:\"Single Mother\";s:11:\"WomanStatus\";s:13:\"Single Mother\";i:54;s:0:\"\";s:14:\"InterestsBooks\";s:0:\"\";i:55;s:0:\"\";s:22:\"InterestsEntertainment\";s:0:\"\";i:56;s:0:\"\";s:16:\"InterestsGeneral\";s:0:\"\";i:57;s:62:\"Aerobics,Football,Running,Skiing,Tennis,Weight Lifting,Workout\";s:15:\"InterestsSports\";s:62:\"Aerobics,Football,Running,Skiing,Tennis,Weight Lifting,Workout\";i:58;s:175:\"Affordable Child Care,Discrimination in the Work Force,Equal Rights,Free Speech,Health,Paid Sick and Parental Leave,Reproductive Rights,Violence Against Women,Women’s Rights\";s:15:\"InterestsWomens\";s:175:\"Affordable Child Care,Discrimination in the Work Force,Equal Rights,Free Speech,Health,Paid Sick and Parental Leave,Reproductive Rights,Violence Against Women,Women’s Rights\";i:59;s:0:\"\";s:14:\"InterestsMusic\";s:0:\"\";i:60;s:17:\"Bachelor\'s Degree\";s:9:\"Education\";s:17:\"Bachelor\'s Degree\";i:61;s:0:\"\";s:9:\"FirstName\";s:0:\"\";i:62;s:0:\"\";s:8:\"LastName\";s:0:\"\";i:63;s:0:\"\";s:8:\"NEW_ITEM\";s:0:\"\";}}','Rebecca N W ','',0,1587023344,1,0),(293,3,'3','profile','edit','a:1:{s:14:\"OldProfileInfo\";a:128:{i:0;s:1:\"3\";s:2:\"ID\";s:1:\"3\";i:1;s:10:\"persister1\";s:8:\"NickName\";s:10:\"persister1\";i:2;s:23:\"moniquehillen@gmail.com\";s:5:\"Email\";s:23:\"moniquehillen@gmail.com\";i:3;s:40:\"5bddc7f53aa3650ca7c06ac8c5a1182579ebc78a\";s:8:\"Password\";s:40:\"5bddc7f53aa3650ca7c06ac8c5a1182579ebc78a\";i:4;s:8:\"BSAxcFXM\";s:4:\"Salt\";s:8:\"BSAxcFXM\";i:5;s:6:\"Active\";s:6:\"Status\";s:6:\"Active\";i:6;s:1:\"3\";s:4:\"Role\";s:1:\"3\";i:7;s:1:\"0\";s:6:\"Couple\";s:1:\"0\";i:8;s:6:\"female\";s:3:\"Sex\";s:6:\"female\";i:9;s:6:\"female\";s:10:\"LookingFor\";s:6:\"female\";i:10;s:8:\"Founder1\";s:8:\"Headline\";s:8:\"Founder1\";i:11;s:105:\"Single mom of 3 sons, raised kids alone for the last 14 years. Although my last son just left the nest :(\";s:13:\"DescriptionMe\";s:105:\"Single mom of 3 sons, raised kids alone for the last 14 years. Although my last son just left the nest :(\";i:12;s:2:\"US\";s:7:\"Country\";s:2:\"US\";i:13;s:7:\"Amherst\";s:4:\"City\";s:7:\"Amherst\";i:14;s:10:\"1960-05-15\";s:11:\"DateOfBirth\";s:10:\"1960-05-15\";i:15;s:1:\"0\";s:8:\"Featured\";s:1:\"0\";i:16;s:19:\"2015-04-10 03:58:19\";s:7:\"DateReg\";s:19:\"2015-04-10 03:58:19\";i:17;s:19:\"2020-04-08 16:33:21\";s:12:\"DateLastEdit\";s:19:\"2020-04-08 16:33:21\";i:18;s:19:\"2020-04-18 12:22:06\";s:13:\"DateLastLogin\";s:19:\"2020-04-18 12:22:06\";i:19;s:19:\"2020-04-18 12:22:18\";s:11:\"DateLastNav\";s:19:\"2020-04-18 12:22:18\";i:20;s:1:\"0\";s:7:\"aff_num\";s:1:\"0\";i:21;s:0:\"\";s:4:\"Tags\";s:0:\"\";i:22;s:5:\"01002\";s:3:\"zip\";s:5:\"01002\";i:23;s:1:\"1\";s:11:\"EmailNotify\";s:1:\"1\";i:24;s:1:\"1\";s:6:\"LangID\";s:1:\"1\";i:25;s:1:\"0\";s:11:\"UpdateMatch\";s:1:\"0\";i:26;s:2:\"16\";s:5:\"Views\";s:2:\"16\";i:27;s:1:\"0\";s:4:\"Rate\";s:1:\"0\";i:28;s:1:\"0\";s:9:\"RateCount\";s:1:\"0\";i:29;s:1:\"0\";s:13:\"CommentsCount\";s:1:\"0\";i:30;s:1:\"3\";s:19:\"PrivacyDefaultGroup\";s:1:\"3\";i:31;s:1:\"4\";s:13:\"allow_view_to\";s:1:\"4\";i:32;s:6:\"online\";s:10:\"UserStatus\";s:6:\"online\";i:33;s:38:\"wondering if this works. Cold outside \";s:17:\"UserStatusMessage\";s:38:\"wondering if this works. Cold outside \";i:34;s:10:\"1456942976\";s:21:\"UserStatusMessageWhen\";s:10:\"1456942976\";i:35;s:1:\"0\";s:6:\"Avatar\";s:1:\"0\";i:36;s:0:\"\";s:6:\"Height\";s:0:\"\";i:37;s:0:\"\";s:6:\"Weight\";s:0:\"\";i:38;s:0:\"\";s:6:\"Income\";s:0:\"\";i:39;s:0:\"\";s:10:\"Occupation\";s:0:\"\";i:40;s:27:\"Spiritual but not religious\";s:17:\"SpiritualPractice\";s:27:\"Spiritual but not religious\";i:41;s:0:\"\";s:18:\"RelationshipStatus\";s:0:\"\";i:42;s:0:\"\";s:7:\"Hobbies\";s:0:\"\";i:43;s:0:\"\";s:9:\"Interests\";s:0:\"\";i:44;s:5:\"Human\";s:9:\"Ethnicity\";s:5:\"Human\";i:45;s:0:\"\";s:13:\"FavoriteSites\";s:0:\"\";i:46;s:0:\"\";s:13:\"FavoriteMusic\";s:0:\"\";i:47;s:0:\"\";s:13:\"FavoriteFilms\";s:0:\"\";i:48;s:0:\"\";s:13:\"FavoriteBooks\";s:0:\"\";i:49;s:14:\"Monique Hillen\";s:8:\"FullName\";s:14:\"Monique Hillen\";i:50;s:12:\"Very Liberal\";s:13:\"PoliticalView\";s:12:\"Very Liberal\";i:51;s:48:\"Energy Therapies,Herbalism,Homeopathy,Meditation\";s:19:\"InterestsAltHealing\";s:48:\"Energy Therapies,Herbalism,Homeopathy,Meditation\";i:52;s:38:\"Painting,Photography,Galleries,Museums\";s:12:\"InterestsArt\";s:38:\"Painting,Photography,Galleries,Museums\";i:53;s:26:\"Single Mother,Single Woman\";s:11:\"WomanStatus\";s:26:\"Single Mother,Single Woman\";i:54;s:19:\"Fiction,Non Fiction\";s:14:\"InterestsBooks\";s:19:\"Fiction,Non Fiction\";i:55;s:57:\"Concerts,Cooking,Dancing,Gardening,Hiking,Music,Traveling\";s:22:\"InterestsEntertainment\";s:57:\"Concerts,Cooking,Dancing,Gardening,Hiking,Music,Traveling\";i:56;s:0:\"\";s:16:\"InterestsGeneral\";s:0:\"\";i:57;s:32:\"Cycling,Golf,Tennis,Workout,Yoga\";s:15:\"InterestsSports\";s:32:\"Cycling,Golf,Tennis,Workout,Yoga\";i:58;s:168:\"Discrimination in the Work Force,Equal Rights,Free Speech,Health,Human Trafficking/Sex Slavery,Inadequate Representation,Poverty,Violence Against Women,Women’s Rights\";s:15:\"InterestsWomens\";s:168:\"Discrimination in the Work Force,Equal Rights,Free Speech,Health,Human Trafficking/Sex Slavery,Inadequate Representation,Poverty,Violence Against Women,Women’s Rights\";i:59;s:12:\"Viola,Violin\";s:14:\"InterestsMusic\";s:12:\"Viola,Violin\";i:60;s:15:\"Master\'s Degree\";s:9:\"Education\";s:15:\"Master\'s Degree\";i:61;s:0:\"\";s:9:\"FirstName\";s:0:\"\";i:62;s:0:\"\";s:8:\"LastName\";s:0:\"\";i:63;s:0:\"\";s:8:\"NEW_ITEM\";s:0:\"\";}}','Monique Hillen edited her profile','',0,1587226968,1,0),(294,109,'109','profile','edit','a:1:{s:14:\"OldProfileInfo\";a:128:{i:0;s:3:\"109\";s:2:\"ID\";s:3:\"109\";i:1;s:10:\"e8DrXQ2jPw\";s:8:\"NickName\";s:10:\"e8DrXQ2jPw\";i:2;s:26:\"rebeccagfeinberg@gmail.com\";s:5:\"Email\";s:26:\"rebeccagfeinberg@gmail.com\";i:3;s:40:\"0487c95000640cb05c8d3d0595831402b2cd0179\";s:8:\"Password\";s:40:\"0487c95000640cb05c8d3d0595831402b2cd0179\";i:4;s:8:\"PTNS2dgJ\";s:4:\"Salt\";s:8:\"PTNS2dgJ\";i:5;s:6:\"Active\";s:6:\"Status\";s:6:\"Active\";i:6;s:1:\"1\";s:4:\"Role\";s:1:\"1\";i:7;s:1:\"0\";s:6:\"Couple\";s:1:\"0\";i:8;s:0:\"\";s:3:\"Sex\";s:0:\"\";i:9;s:0:\"\";s:10:\"LookingFor\";s:0:\"\";i:10;s:0:\"\";s:8:\"Headline\";s:0:\"\";i:11;s:0:\"\";s:13:\"DescriptionMe\";s:0:\"\";i:12;s:2:\"US\";s:7:\"Country\";s:2:\"US\";i:13;s:0:\"\";s:4:\"City\";s:0:\"\";i:14;s:10:\"0000-00-00\";s:11:\"DateOfBirth\";s:10:\"0000-00-00\";i:15;s:1:\"0\";s:8:\"Featured\";s:1:\"0\";i:16;s:19:\"2020-04-19 11:40:49\";s:7:\"DateReg\";s:19:\"2020-04-19 11:40:49\";i:17;s:19:\"0000-00-00 00:00:00\";s:12:\"DateLastEdit\";s:19:\"0000-00-00 00:00:00\";i:18;s:19:\"2020-04-19 11:41:17\";s:13:\"DateLastLogin\";s:19:\"2020-04-19 11:41:17\";i:19;s:19:\"2020-04-19 11:44:21\";s:11:\"DateLastNav\";s:19:\"2020-04-19 11:44:21\";i:20;s:1:\"0\";s:7:\"aff_num\";s:1:\"0\";i:21;s:0:\"\";s:4:\"Tags\";s:0:\"\";i:22;s:5:\"01002\";s:3:\"zip\";s:5:\"01002\";i:23;s:1:\"1\";s:11:\"EmailNotify\";s:1:\"1\";i:24;s:1:\"1\";s:6:\"LangID\";s:1:\"1\";i:25;s:1:\"0\";s:11:\"UpdateMatch\";s:1:\"0\";i:26;s:1:\"0\";s:5:\"Views\";s:1:\"0\";i:27;s:1:\"0\";s:4:\"Rate\";s:1:\"0\";i:28;s:1:\"0\";s:9:\"RateCount\";s:1:\"0\";i:29;s:1:\"0\";s:13:\"CommentsCount\";s:1:\"0\";i:30;s:1:\"3\";s:19:\"PrivacyDefaultGroup\";s:1:\"3\";i:31;s:1:\"3\";s:13:\"allow_view_to\";s:1:\"3\";i:32;s:6:\"online\";s:10:\"UserStatus\";s:6:\"online\";i:33;s:0:\"\";s:17:\"UserStatusMessage\";s:0:\"\";i:34;s:1:\"0\";s:21:\"UserStatusMessageWhen\";s:1:\"0\";i:35;s:1:\"0\";s:6:\"Avatar\";s:1:\"0\";i:36;s:0:\"\";s:6:\"Height\";s:0:\"\";i:37;s:0:\"\";s:6:\"Weight\";s:0:\"\";i:38;s:0:\"\";s:6:\"Income\";s:0:\"\";i:39;s:0:\"\";s:10:\"Occupation\";s:0:\"\";i:40;N;s:17:\"SpiritualPractice\";N;i:41;s:0:\"\";s:18:\"RelationshipStatus\";s:0:\"\";i:42;s:0:\"\";s:7:\"Hobbies\";s:0:\"\";i:43;s:0:\"\";s:9:\"Interests\";s:0:\"\";i:44;N;s:9:\"Ethnicity\";N;i:45;s:0:\"\";s:13:\"FavoriteSites\";s:0:\"\";i:46;s:0:\"\";s:13:\"FavoriteMusic\";s:0:\"\";i:47;s:0:\"\";s:13:\"FavoriteFilms\";s:0:\"\";i:48;s:0:\"\";s:13:\"FavoriteBooks\";s:0:\"\";i:49;s:16:\"Rebecca Feinberg\";s:8:\"FullName\";s:16:\"Rebecca Feinberg\";i:50;N;s:13:\"PoliticalView\";N;i:51;s:0:\"\";s:19:\"InterestsAltHealing\";s:0:\"\";i:52;s:0:\"\";s:12:\"InterestsArt\";s:0:\"\";i:53;s:13:\"Single Mother\";s:11:\"WomanStatus\";s:13:\"Single Mother\";i:54;s:0:\"\";s:14:\"InterestsBooks\";s:0:\"\";i:55;s:0:\"\";s:22:\"InterestsEntertainment\";s:0:\"\";i:56;s:0:\"\";s:16:\"InterestsGeneral\";s:0:\"\";i:57;s:0:\"\";s:15:\"InterestsSports\";s:0:\"\";i:58;s:0:\"\";s:15:\"InterestsWomens\";s:0:\"\";i:59;s:0:\"\";s:14:\"InterestsMusic\";s:0:\"\";i:60;N;s:9:\"Education\";N;i:61;s:0:\"\";s:9:\"FirstName\";s:0:\"\";i:62;s:0:\"\";s:8:\"LastName\";s:0:\"\";i:63;s:0:\"\";s:8:\"NEW_ITEM\";s:0:\"\";}}','Rebecca Feinberg ','',0,1587311077,1,0),(295,0,'111','wall_common_photos','','a:2:{s:4:\"type\";s:6:\"photos\";s:2:\"id\";i:67;}','Jennifer Page added a photo','',0,1588020636,1,0),(296,115,'69','bx_photos','add','a:2:{s:5:\"album\";s:14:\"Profile-Photos\";s:12:\"privacy_view\";s:1:\"5\";}','Melanie Struzzi Sutton added new photo','',0,1589028456,1,0),(297,103,'115','wall_common_text','','<div class=\"wall-post-text\">Hi - I’m in the same boat! Nice to meet you ','Vxjr9wJxW8 wrote','Hi - I’m in the same boat! Nice to meet you ',0,1589028946,1,0),(298,130,'130','profile','edit','a:1:{s:14:\"OldProfileInfo\";a:128:{i:0;s:3:\"130\";s:2:\"ID\";s:3:\"130\";i:1;s:10:\"uV8NCLP2x7\";s:8:\"NickName\";s:10:\"uV8NCLP2x7\";i:2;s:23:\"farmergirlbrown@aol.com\";s:5:\"Email\";s:23:\"farmergirlbrown@aol.com\";i:3;s:40:\"9b8417e8d2df017c5bd2bc06567daea1f25c4d9b\";s:8:\"Password\";s:40:\"9b8417e8d2df017c5bd2bc06567daea1f25c4d9b\";i:4;s:8:\"P/Q3Htj5\";s:4:\"Salt\";s:8:\"P/Q3Htj5\";i:5;s:6:\"Active\";s:6:\"Status\";s:6:\"Active\";i:6;s:1:\"1\";s:4:\"Role\";s:1:\"1\";i:7;s:1:\"0\";s:6:\"Couple\";s:1:\"0\";i:8;s:0:\"\";s:3:\"Sex\";s:0:\"\";i:9;s:0:\"\";s:10:\"LookingFor\";s:0:\"\";i:10;s:0:\"\";s:8:\"Headline\";s:0:\"\";i:11;s:9:\"I\'m a mom\";s:13:\"DescriptionMe\";s:9:\"I\'m a mom\";i:12;s:2:\"US\";s:7:\"Country\";s:2:\"US\";i:13;s:0:\"\";s:4:\"City\";s:0:\"\";i:14;s:10:\"0000-00-00\";s:11:\"DateOfBirth\";s:10:\"0000-00-00\";i:15;s:1:\"0\";s:8:\"Featured\";s:1:\"0\";i:16;s:19:\"2020-12-17 09:03:39\";s:7:\"DateReg\";s:19:\"2020-12-17 09:03:39\";i:17;s:19:\"0000-00-00 00:00:00\";s:12:\"DateLastEdit\";s:19:\"0000-00-00 00:00:00\";i:18;s:19:\"2020-12-17 10:25:48\";s:13:\"DateLastLogin\";s:19:\"2020-12-17 10:25:48\";i:19;s:19:\"2020-12-17 18:24:26\";s:11:\"DateLastNav\";s:19:\"2020-12-17 18:24:26\";i:20;s:1:\"0\";s:7:\"aff_num\";s:1:\"0\";i:21;s:0:\"\";s:4:\"Tags\";s:0:\"\";i:22;s:5:\"39213\";s:3:\"zip\";s:5:\"39213\";i:23;s:1:\"1\";s:11:\"EmailNotify\";s:1:\"1\";i:24;s:1:\"1\";s:6:\"LangID\";s:1:\"1\";i:25;s:1:\"0\";s:11:\"UpdateMatch\";s:1:\"0\";i:26;s:1:\"0\";s:5:\"Views\";s:1:\"0\";i:27;s:1:\"0\";s:4:\"Rate\";s:1:\"0\";i:28;s:1:\"0\";s:9:\"RateCount\";s:1:\"0\";i:29;s:1:\"0\";s:13:\"CommentsCount\";s:1:\"0\";i:30;s:1:\"3\";s:19:\"PrivacyDefaultGroup\";s:1:\"3\";i:31;s:1:\"3\";s:13:\"allow_view_to\";s:1:\"3\";i:32;s:6:\"online\";s:10:\"UserStatus\";s:6:\"online\";i:33;s:0:\"\";s:17:\"UserStatusMessage\";s:0:\"\";i:34;s:1:\"0\";s:21:\"UserStatusMessageWhen\";s:1:\"0\";i:35;s:1:\"0\";s:6:\"Avatar\";s:1:\"0\";i:36;s:0:\"\";s:6:\"Height\";s:0:\"\";i:37;s:0:\"\";s:6:\"Weight\";s:0:\"\";i:38;s:0:\"\";s:6:\"Income\";s:0:\"\";i:39;s:0:\"\";s:10:\"Occupation\";s:0:\"\";i:40;N;s:17:\"SpiritualPractice\";N;i:41;s:0:\"\";s:18:\"RelationshipStatus\";s:0:\"\";i:42;s:48:\"Camping,Gardening,Health,Hiking,Kids Arts/Crafts\";s:7:\"Hobbies\";s:48:\"Camping,Gardening,Health,Hiking,Kids Arts/Crafts\";i:43;s:0:\"\";s:9:\"Interests\";s:0:\"\";i:44;N;s:9:\"Ethnicity\";N;i:45;s:0:\"\";s:13:\"FavoriteSites\";s:0:\"\";i:46;s:0:\"\";s:13:\"FavoriteMusic\";s:0:\"\";i:47;s:0:\"\";s:13:\"FavoriteFilms\";s:0:\"\";i:48;s:0:\"\";s:13:\"FavoriteBooks\";s:0:\"\";i:49;s:6:\"Marie \";s:8:\"FullName\";s:6:\"Marie \";i:50;N;s:13:\"PoliticalView\";N;i:51;s:34:\"Acupuncture,Chiropractic,Herbalism\";s:19:\"InterestsAltHealing\";s:34:\"Acupuncture,Chiropractic,Herbalism\";i:52;s:26:\"Jewelry Making,Photography\";s:12:\"InterestsArt\";s:26:\"Jewelry Making,Photography\";i:53;s:13:\"Single Mother\";s:11:\"WomanStatus\";s:13:\"Single Mother\";i:54;s:0:\"\";s:14:\"InterestsBooks\";s:0:\"\";i:55;s:0:\"\";s:22:\"InterestsEntertainment\";s:0:\"\";i:56;s:0:\"\";s:16:\"InterestsGeneral\";s:0:\"\";i:57;s:0:\"\";s:15:\"InterestsSports\";s:0:\"\";i:58;s:6:\"Health\";s:15:\"InterestsWomens\";s:6:\"Health\";i:59;s:0:\"\";s:14:\"InterestsMusic\";s:0:\"\";i:60;s:12:\"Some College\";s:9:\"Education\";s:12:\"Some College\";i:61;s:0:\"\";s:9:\"FirstName\";s:0:\"\";i:62;s:0:\"\";s:8:\"LastName\";s:0:\"\";i:63;s:0:\"\";s:8:\"NEW_ITEM\";s:0:\"\";}}','Marie  ','',0,1608247495,1,0),(299,130,'130','profile','edit','a:1:{s:14:\"OldProfileInfo\";a:128:{i:0;s:3:\"130\";s:2:\"ID\";s:3:\"130\";i:1;s:10:\"uV8NCLP2x7\";s:8:\"NickName\";s:10:\"uV8NCLP2x7\";i:2;s:23:\"farmergirlbrown@aol.com\";s:5:\"Email\";s:23:\"farmergirlbrown@aol.com\";i:3;s:40:\"9b8417e8d2df017c5bd2bc06567daea1f25c4d9b\";s:8:\"Password\";s:40:\"9b8417e8d2df017c5bd2bc06567daea1f25c4d9b\";i:4;s:8:\"P/Q3Htj5\";s:4:\"Salt\";s:8:\"P/Q3Htj5\";i:5;s:6:\"Active\";s:6:\"Status\";s:6:\"Active\";i:6;s:1:\"1\";s:4:\"Role\";s:1:\"1\";i:7;s:1:\"0\";s:6:\"Couple\";s:1:\"0\";i:8;s:0:\"\";s:3:\"Sex\";s:0:\"\";i:9;s:0:\"\";s:10:\"LookingFor\";s:0:\"\";i:10;s:0:\"\";s:8:\"Headline\";s:0:\"\";i:11;s:49:\"I\'m a mom who is a champion for women\'s wellness.\";s:13:\"DescriptionMe\";s:49:\"I\'m a mom who is a champion for women\'s wellness.\";i:12;s:2:\"US\";s:7:\"Country\";s:2:\"US\";i:13;s:0:\"\";s:4:\"City\";s:0:\"\";i:14;s:10:\"0000-00-00\";s:11:\"DateOfBirth\";s:10:\"0000-00-00\";i:15;s:1:\"0\";s:8:\"Featured\";s:1:\"0\";i:16;s:19:\"2020-12-17 09:03:39\";s:7:\"DateReg\";s:19:\"2020-12-17 09:03:39\";i:17;s:19:\"2020-12-17 18:24:55\";s:12:\"DateLastEdit\";s:19:\"2020-12-17 18:24:55\";i:18;s:19:\"2020-12-17 10:25:48\";s:13:\"DateLastLogin\";s:19:\"2020-12-17 10:25:48\";i:19;s:19:\"2020-12-17 18:25:26\";s:11:\"DateLastNav\";s:19:\"2020-12-17 18:25:26\";i:20;s:1:\"0\";s:7:\"aff_num\";s:1:\"0\";i:21;s:0:\"\";s:4:\"Tags\";s:0:\"\";i:22;s:5:\"39213\";s:3:\"zip\";s:5:\"39213\";i:23;s:1:\"1\";s:11:\"EmailNotify\";s:1:\"1\";i:24;s:1:\"1\";s:6:\"LangID\";s:1:\"1\";i:25;s:1:\"0\";s:11:\"UpdateMatch\";s:1:\"0\";i:26;s:1:\"0\";s:5:\"Views\";s:1:\"0\";i:27;s:1:\"0\";s:4:\"Rate\";s:1:\"0\";i:28;s:1:\"0\";s:9:\"RateCount\";s:1:\"0\";i:29;s:1:\"0\";s:13:\"CommentsCount\";s:1:\"0\";i:30;s:1:\"3\";s:19:\"PrivacyDefaultGroup\";s:1:\"3\";i:31;s:1:\"3\";s:13:\"allow_view_to\";s:1:\"3\";i:32;s:6:\"online\";s:10:\"UserStatus\";s:6:\"online\";i:33;s:0:\"\";s:17:\"UserStatusMessage\";s:0:\"\";i:34;s:1:\"0\";s:21:\"UserStatusMessageWhen\";s:1:\"0\";i:35;s:1:\"0\";s:6:\"Avatar\";s:1:\"0\";i:36;s:0:\"\";s:6:\"Height\";s:0:\"\";i:37;s:0:\"\";s:6:\"Weight\";s:0:\"\";i:38;s:0:\"\";s:6:\"Income\";s:0:\"\";i:39;s:0:\"\";s:10:\"Occupation\";s:0:\"\";i:40;N;s:17:\"SpiritualPractice\";N;i:41;s:0:\"\";s:18:\"RelationshipStatus\";s:0:\"\";i:42;s:48:\"Camping,Gardening,Health,Hiking,Kids Arts/Crafts\";s:7:\"Hobbies\";s:48:\"Camping,Gardening,Health,Hiking,Kids Arts/Crafts\";i:43;s:0:\"\";s:9:\"Interests\";s:0:\"\";i:44;N;s:9:\"Ethnicity\";N;i:45;s:0:\"\";s:13:\"FavoriteSites\";s:0:\"\";i:46;s:0:\"\";s:13:\"FavoriteMusic\";s:0:\"\";i:47;s:0:\"\";s:13:\"FavoriteFilms\";s:0:\"\";i:48;s:0:\"\";s:13:\"FavoriteBooks\";s:0:\"\";i:49;s:6:\"Marie \";s:8:\"FullName\";s:6:\"Marie \";i:50;N;s:13:\"PoliticalView\";N;i:51;s:34:\"Acupuncture,Chiropractic,Herbalism\";s:19:\"InterestsAltHealing\";s:34:\"Acupuncture,Chiropractic,Herbalism\";i:52;s:26:\"Jewelry Making,Photography\";s:12:\"InterestsArt\";s:26:\"Jewelry Making,Photography\";i:53;s:13:\"Single Mother\";s:11:\"WomanStatus\";s:13:\"Single Mother\";i:54;s:0:\"\";s:14:\"InterestsBooks\";s:0:\"\";i:55;s:0:\"\";s:22:\"InterestsEntertainment\";s:0:\"\";i:56;s:0:\"\";s:16:\"InterestsGeneral\";s:0:\"\";i:57;s:0:\"\";s:15:\"InterestsSports\";s:0:\"\";i:58;s:90:\"Health,Paid Sick and Parental Leave,Poverty,Pregnancy,Reproductive Rights,Women’s Rights\";s:15:\"InterestsWomens\";s:90:\"Health,Paid Sick and Parental Leave,Poverty,Pregnancy,Reproductive Rights,Women’s Rights\";i:59;s:0:\"\";s:14:\"InterestsMusic\";s:0:\"\";i:60;s:12:\"Some College\";s:9:\"Education\";s:12:\"Some College\";i:61;s:0:\"\";s:9:\"FirstName\";s:0:\"\";i:62;s:0:\"\";s:8:\"LastName\";s:0:\"\";i:63;s:0:\"\";s:8:\"NEW_ITEM\";s:0:\"\";}}','Marie  ','',0,1608247550,1,0),(300,3,'96','friend','accept','','','',0,1624893736,1,0),(301,141,'141','profile','edit','a:2:{s:14:\"OldProfileInfo\";a:64:{s:2:\"ID\";s:3:\"141\";s:8:\"NickName\";s:10:\"JdDnpadADn\";s:5:\"Email\";s:24:\"sssherrie@protonmail.com\";s:8:\"Password\";s:40:\"5d79edc26a4fc5c177c5672c6e8702fa988a26cb\";s:4:\"Salt\";s:8:\"J=RmB39J\";s:6:\"Status\";s:6:\"Active\";s:4:\"Role\";s:1:\"1\";s:6:\"Couple\";s:1:\"0\";s:3:\"Sex\";s:0:\"\";s:10:\"LookingFor\";s:0:\"\";s:8:\"Headline\";s:0:\"\";s:13:\"DescriptionMe\";s:0:\"\";s:7:\"Country\";s:2:\"US\";s:4:\"City\";s:0:\"\";s:11:\"DateOfBirth\";s:10:\"0000-00-00\";s:8:\"Featured\";s:1:\"0\";s:7:\"DateReg\";s:19:\"2021-07-01 08:15:37\";s:12:\"DateLastEdit\";s:19:\"0000-00-00 00:00:00\";s:13:\"DateLastLogin\";s:19:\"2021-07-01 08:20:56\";s:11:\"DateLastNav\";s:19:\"2021-07-01 08:26:11\";s:7:\"aff_num\";s:1:\"0\";s:4:\"Tags\";s:0:\"\";s:3:\"zip\";s:5:\"46143\";s:11:\"EmailNotify\";s:1:\"1\";s:6:\"LangID\";s:1:\"1\";s:11:\"UpdateMatch\";s:1:\"0\";s:5:\"Views\";s:1:\"0\";s:4:\"Rate\";s:1:\"0\";s:9:\"RateCount\";s:1:\"0\";s:13:\"CommentsCount\";s:1:\"0\";s:19:\"PrivacyDefaultGroup\";s:1:\"3\";s:13:\"allow_view_to\";s:1:\"3\";s:10:\"UserStatus\";s:6:\"online\";s:17:\"UserStatusMessage\";s:0:\"\";s:21:\"UserStatusMessageWhen\";s:1:\"0\";s:6:\"Avatar\";s:1:\"0\";s:6:\"Height\";s:0:\"\";s:6:\"Weight\";s:0:\"\";s:6:\"Income\";s:0:\"\";s:10:\"Occupation\";s:0:\"\";s:17:\"SpiritualPractice\";N;s:18:\"RelationshipStatus\";s:0:\"\";s:7:\"Hobbies\";s:65:\"Animals,Concerts,Galleries,Hiking,Museums,Music,Reading,Traveling\";s:9:\"Interests\";s:0:\"\";s:9:\"Ethnicity\";s:15:\"White/Caucasian\";s:13:\"FavoriteSites\";s:0:\"\";s:13:\"FavoriteMusic\";s:0:\"\";s:13:\"FavoriteFilms\";s:0:\"\";s:13:\"FavoriteBooks\";s:0:\"\";s:8:\"FullName\";s:10:\"Stephanie \";s:13:\"PoliticalView\";N;s:19:\"InterestsAltHealing\";s:0:\"\";s:12:\"InterestsArt\";s:24:\"Crafts,Galleries,Museums\";s:11:\"WomanStatus\";s:26:\"Single Mother,Single Woman\";s:14:\"InterestsBooks\";s:42:\"Drama,Fiction,Literary Fiction,Non Fiction\";s:22:\"InterestsEntertainment\";s:0:\"\";s:16:\"InterestsGeneral\";s:0:\"\";s:15:\"InterestsSports\";s:12:\"Workout,Yoga\";s:15:\"InterestsWomens\";s:249:\"Affordable Child Care,Discrimination in the Work Force,Equal Rights,Free Speech,Health,Human Trafficking/Sex Slavery,Inadequate Representation,Paid Sick and Parental Leave,Poverty,Pregnancy,Reproductive Rights,Violence Against Women,Women’s Rights\";s:14:\"InterestsMusic\";s:0:\"\";s:9:\"Education\";N;s:9:\"FirstName\";s:0:\"\";s:8:\"LastName\";s:0:\"\";s:8:\"NEW_ITEM\";s:0:\"\";}s:7:\"privacy\";i:3;}','Stephanie  ','',0,1625142373,1,0),(302,141,'141','profile','edit','a:1:{s:14:\"OldProfileInfo\";a:128:{i:0;s:3:\"141\";s:2:\"ID\";s:3:\"141\";i:1;s:10:\"JdDnpadADn\";s:8:\"NickName\";s:10:\"JdDnpadADn\";i:2;s:24:\"sssherrie@protonmail.com\";s:5:\"Email\";s:24:\"sssherrie@protonmail.com\";i:3;s:40:\"5d79edc26a4fc5c177c5672c6e8702fa988a26cb\";s:8:\"Password\";s:40:\"5d79edc26a4fc5c177c5672c6e8702fa988a26cb\";i:4;s:8:\"J=RmB39J\";s:4:\"Salt\";s:8:\"J=RmB39J\";i:5;s:6:\"Active\";s:6:\"Status\";s:6:\"Active\";i:6;s:1:\"1\";s:4:\"Role\";s:1:\"1\";i:7;s:1:\"0\";s:6:\"Couple\";s:1:\"0\";i:8;s:0:\"\";s:3:\"Sex\";s:0:\"\";i:9;s:0:\"\";s:10:\"LookingFor\";s:0:\"\";i:10;s:0:\"\";s:8:\"Headline\";s:0:\"\";i:11;s:0:\"\";s:13:\"DescriptionMe\";s:0:\"\";i:12;s:2:\"US\";s:7:\"Country\";s:2:\"US\";i:13;s:0:\"\";s:4:\"City\";s:0:\"\";i:14;s:10:\"0000-00-00\";s:11:\"DateOfBirth\";s:10:\"0000-00-00\";i:15;s:1:\"0\";s:8:\"Featured\";s:1:\"0\";i:16;s:19:\"2021-07-01 08:15:37\";s:7:\"DateReg\";s:19:\"2021-07-01 08:15:37\";i:17;s:19:\"0000-00-00 00:00:00\";s:12:\"DateLastEdit\";s:19:\"0000-00-00 00:00:00\";i:18;s:19:\"2021-07-01 08:27:48\";s:13:\"DateLastLogin\";s:19:\"2021-07-01 08:27:48\";i:19;s:19:\"2021-07-01 08:29:58\";s:11:\"DateLastNav\";s:19:\"2021-07-01 08:29:58\";i:20;s:1:\"0\";s:7:\"aff_num\";s:1:\"0\";i:21;s:0:\"\";s:4:\"Tags\";s:0:\"\";i:22;s:5:\"46143\";s:3:\"zip\";s:5:\"46143\";i:23;s:1:\"1\";s:11:\"EmailNotify\";s:1:\"1\";i:24;s:1:\"1\";s:6:\"LangID\";s:1:\"1\";i:25;s:1:\"0\";s:11:\"UpdateMatch\";s:1:\"0\";i:26;s:1:\"0\";s:5:\"Views\";s:1:\"0\";i:27;s:1:\"0\";s:4:\"Rate\";s:1:\"0\";i:28;s:1:\"0\";s:9:\"RateCount\";s:1:\"0\";i:29;s:1:\"0\";s:13:\"CommentsCount\";s:1:\"0\";i:30;s:1:\"3\";s:19:\"PrivacyDefaultGroup\";s:1:\"3\";i:31;s:1:\"3\";s:13:\"allow_view_to\";s:1:\"3\";i:32;s:6:\"online\";s:10:\"UserStatus\";s:6:\"online\";i:33;s:0:\"\";s:17:\"UserStatusMessage\";s:0:\"\";i:34;s:1:\"0\";s:21:\"UserStatusMessageWhen\";s:1:\"0\";i:35;s:1:\"0\";s:6:\"Avatar\";s:1:\"0\";i:36;s:0:\"\";s:6:\"Height\";s:0:\"\";i:37;s:0:\"\";s:6:\"Weight\";s:0:\"\";i:38;s:0:\"\";s:6:\"Income\";s:0:\"\";i:39;s:0:\"\";s:10:\"Occupation\";s:0:\"\";i:40;N;s:17:\"SpiritualPractice\";N;i:41;s:0:\"\";s:18:\"RelationshipStatus\";s:0:\"\";i:42;s:65:\"Animals,Concerts,Galleries,Hiking,Museums,Music,Reading,Traveling\";s:7:\"Hobbies\";s:65:\"Animals,Concerts,Galleries,Hiking,Museums,Music,Reading,Traveling\";i:43;s:0:\"\";s:9:\"Interests\";s:0:\"\";i:44;s:15:\"White/Caucasian\";s:9:\"Ethnicity\";s:15:\"White/Caucasian\";i:45;s:0:\"\";s:13:\"FavoriteSites\";s:0:\"\";i:46;s:0:\"\";s:13:\"FavoriteMusic\";s:0:\"\";i:47;s:0:\"\";s:13:\"FavoriteFilms\";s:0:\"\";i:48;s:0:\"\";s:13:\"FavoriteBooks\";s:0:\"\";i:49;s:10:\"Stephanie \";s:8:\"FullName\";s:10:\"Stephanie \";i:50;N;s:13:\"PoliticalView\";N;i:51;s:0:\"\";s:19:\"InterestsAltHealing\";s:0:\"\";i:52;s:24:\"Crafts,Galleries,Museums\";s:12:\"InterestsArt\";s:24:\"Crafts,Galleries,Museums\";i:53;s:26:\"Single Mother,Single Woman\";s:11:\"WomanStatus\";s:26:\"Single Mother,Single Woman\";i:54;s:42:\"Drama,Fiction,Literary Fiction,Non Fiction\";s:14:\"InterestsBooks\";s:42:\"Drama,Fiction,Literary Fiction,Non Fiction\";i:55;s:0:\"\";s:22:\"InterestsEntertainment\";s:0:\"\";i:56;s:0:\"\";s:16:\"InterestsGeneral\";s:0:\"\";i:57;s:12:\"Workout,Yoga\";s:15:\"InterestsSports\";s:12:\"Workout,Yoga\";i:58;s:249:\"Affordable Child Care,Discrimination in the Work Force,Equal Rights,Free Speech,Health,Human Trafficking/Sex Slavery,Inadequate Representation,Paid Sick and Parental Leave,Poverty,Pregnancy,Reproductive Rights,Violence Against Women,Women’s Rights\";s:15:\"InterestsWomens\";s:249:\"Affordable Child Care,Discrimination in the Work Force,Equal Rights,Free Speech,Health,Human Trafficking/Sex Slavery,Inadequate Representation,Paid Sick and Parental Leave,Poverty,Pregnancy,Reproductive Rights,Violence Against Women,Women’s Rights\";i:59;s:0:\"\";s:14:\"InterestsMusic\";s:0:\"\";i:60;N;s:9:\"Education\";N;i:61;s:0:\"\";s:9:\"FirstName\";s:0:\"\";i:62;s:0:\"\";s:8:\"LastName\";s:0:\"\";i:63;s:0:\"\";s:8:\"NEW_ITEM\";s:0:\"\";}}','Stephanie  ','',0,1625142609,1,0),(303,141,'141','profile','edit','a:1:{s:14:\"OldProfileInfo\";a:128:{i:0;s:3:\"141\";s:2:\"ID\";s:3:\"141\";i:1;s:10:\"JdDnpadADn\";s:8:\"NickName\";s:10:\"JdDnpadADn\";i:2;s:24:\"sssherrie@protonmail.com\";s:5:\"Email\";s:24:\"sssherrie@protonmail.com\";i:3;s:40:\"5d79edc26a4fc5c177c5672c6e8702fa988a26cb\";s:8:\"Password\";s:40:\"5d79edc26a4fc5c177c5672c6e8702fa988a26cb\";i:4;s:8:\"J=RmB39J\";s:4:\"Salt\";s:8:\"J=RmB39J\";i:5;s:6:\"Active\";s:6:\"Status\";s:6:\"Active\";i:6;s:1:\"1\";s:4:\"Role\";s:1:\"1\";i:7;s:1:\"0\";s:6:\"Couple\";s:1:\"0\";i:8;s:0:\"\";s:3:\"Sex\";s:0:\"\";i:9;s:0:\"\";s:10:\"LookingFor\";s:0:\"\";i:10;s:0:\"\";s:8:\"Headline\";s:0:\"\";i:11;s:0:\"\";s:13:\"DescriptionMe\";s:0:\"\";i:12;s:2:\"US\";s:7:\"Country\";s:2:\"US\";i:13;s:0:\"\";s:4:\"City\";s:0:\"\";i:14;s:10:\"0000-00-00\";s:11:\"DateOfBirth\";s:10:\"0000-00-00\";i:15;s:1:\"0\";s:8:\"Featured\";s:1:\"0\";i:16;s:19:\"2021-07-01 08:15:37\";s:7:\"DateReg\";s:19:\"2021-07-01 08:15:37\";i:17;s:19:\"2021-07-01 08:30:09\";s:12:\"DateLastEdit\";s:19:\"2021-07-01 08:30:09\";i:18;s:19:\"2021-07-01 08:27:48\";s:13:\"DateLastLogin\";s:19:\"2021-07-01 08:27:48\";i:19;s:19:\"2021-07-01 08:31:40\";s:11:\"DateLastNav\";s:19:\"2021-07-01 08:31:40\";i:20;s:1:\"0\";s:7:\"aff_num\";s:1:\"0\";i:21;s:0:\"\";s:4:\"Tags\";s:0:\"\";i:22;s:5:\"46143\";s:3:\"zip\";s:5:\"46143\";i:23;s:1:\"1\";s:11:\"EmailNotify\";s:1:\"1\";i:24;s:1:\"1\";s:6:\"LangID\";s:1:\"1\";i:25;s:1:\"0\";s:11:\"UpdateMatch\";s:1:\"0\";i:26;s:1:\"0\";s:5:\"Views\";s:1:\"0\";i:27;s:1:\"0\";s:4:\"Rate\";s:1:\"0\";i:28;s:1:\"0\";s:9:\"RateCount\";s:1:\"0\";i:29;s:1:\"0\";s:13:\"CommentsCount\";s:1:\"0\";i:30;s:1:\"3\";s:19:\"PrivacyDefaultGroup\";s:1:\"3\";i:31;s:1:\"3\";s:13:\"allow_view_to\";s:1:\"3\";i:32;s:6:\"online\";s:10:\"UserStatus\";s:6:\"online\";i:33;s:0:\"\";s:17:\"UserStatusMessage\";s:0:\"\";i:34;s:1:\"0\";s:21:\"UserStatusMessageWhen\";s:1:\"0\";i:35;s:1:\"0\";s:6:\"Avatar\";s:1:\"0\";i:36;s:0:\"\";s:6:\"Height\";s:0:\"\";i:37;s:0:\"\";s:6:\"Weight\";s:0:\"\";i:38;s:0:\"\";s:6:\"Income\";s:0:\"\";i:39;s:0:\"\";s:10:\"Occupation\";s:0:\"\";i:40;N;s:17:\"SpiritualPractice\";N;i:41;s:0:\"\";s:18:\"RelationshipStatus\";s:0:\"\";i:42;s:65:\"Animals,Concerts,Galleries,Hiking,Museums,Music,Reading,Traveling\";s:7:\"Hobbies\";s:65:\"Animals,Concerts,Galleries,Hiking,Museums,Music,Reading,Traveling\";i:43;s:0:\"\";s:9:\"Interests\";s:0:\"\";i:44;s:15:\"White/Caucasian\";s:9:\"Ethnicity\";s:15:\"White/Caucasian\";i:45;s:0:\"\";s:13:\"FavoriteSites\";s:0:\"\";i:46;s:0:\"\";s:13:\"FavoriteMusic\";s:0:\"\";i:47;s:0:\"\";s:13:\"FavoriteFilms\";s:0:\"\";i:48;s:0:\"\";s:13:\"FavoriteBooks\";s:0:\"\";i:49;s:10:\"Stephanie \";s:8:\"FullName\";s:10:\"Stephanie \";i:50;N;s:13:\"PoliticalView\";N;i:51;s:0:\"\";s:19:\"InterestsAltHealing\";s:0:\"\";i:52;s:24:\"Crafts,Galleries,Museums\";s:12:\"InterestsArt\";s:24:\"Crafts,Galleries,Museums\";i:53;s:26:\"Single Mother,Single Woman\";s:11:\"WomanStatus\";s:26:\"Single Mother,Single Woman\";i:54;s:42:\"Drama,Fiction,Literary Fiction,Non Fiction\";s:14:\"InterestsBooks\";s:42:\"Drama,Fiction,Literary Fiction,Non Fiction\";i:55;s:60:\"Animals,Antiques,Art,Concerts,Hiking,Music,Traveling,Writing\";s:22:\"InterestsEntertainment\";s:60:\"Animals,Antiques,Art,Concerts,Hiking,Music,Traveling,Writing\";i:56;s:0:\"\";s:16:\"InterestsGeneral\";s:0:\"\";i:57;s:12:\"Workout,Yoga\";s:15:\"InterestsSports\";s:12:\"Workout,Yoga\";i:58;s:249:\"Affordable Child Care,Discrimination in the Work Force,Equal Rights,Free Speech,Health,Human Trafficking/Sex Slavery,Inadequate Representation,Paid Sick and Parental Leave,Poverty,Pregnancy,Reproductive Rights,Violence Against Women,Women’s Rights\";s:15:\"InterestsWomens\";s:249:\"Affordable Child Care,Discrimination in the Work Force,Equal Rights,Free Speech,Health,Human Trafficking/Sex Slavery,Inadequate Representation,Paid Sick and Parental Leave,Poverty,Pregnancy,Reproductive Rights,Violence Against Women,Women’s Rights\";i:59;s:0:\"\";s:14:\"InterestsMusic\";s:0:\"\";i:60;N;s:9:\"Education\";N;i:61;s:0:\"\";s:9:\"FirstName\";s:0:\"\";i:62;s:0:\"\";s:8:\"LastName\";s:0:\"\";i:63;s:0:\"\";s:8:\"NEW_ITEM\";s:0:\"\";}}','Stephanie  ','',0,1625142721,1,0),(304,141,'141','profile','edit','a:1:{s:14:\"OldProfileInfo\";a:128:{i:0;s:3:\"141\";s:2:\"ID\";s:3:\"141\";i:1;s:10:\"JdDnpadADn\";s:8:\"NickName\";s:10:\"JdDnpadADn\";i:2;s:24:\"sssherrie@protonmail.com\";s:5:\"Email\";s:24:\"sssherrie@protonmail.com\";i:3;s:40:\"5d79edc26a4fc5c177c5672c6e8702fa988a26cb\";s:8:\"Password\";s:40:\"5d79edc26a4fc5c177c5672c6e8702fa988a26cb\";i:4;s:8:\"J=RmB39J\";s:4:\"Salt\";s:8:\"J=RmB39J\";i:5;s:6:\"Active\";s:6:\"Status\";s:6:\"Active\";i:6;s:1:\"1\";s:4:\"Role\";s:1:\"1\";i:7;s:1:\"0\";s:6:\"Couple\";s:1:\"0\";i:8;s:0:\"\";s:3:\"Sex\";s:0:\"\";i:9;s:0:\"\";s:10:\"LookingFor\";s:0:\"\";i:10;s:0:\"\";s:8:\"Headline\";s:0:\"\";i:11;s:0:\"\";s:13:\"DescriptionMe\";s:0:\"\";i:12;s:2:\"US\";s:7:\"Country\";s:2:\"US\";i:13;s:0:\"\";s:4:\"City\";s:0:\"\";i:14;s:10:\"0000-00-00\";s:11:\"DateOfBirth\";s:10:\"0000-00-00\";i:15;s:1:\"0\";s:8:\"Featured\";s:1:\"0\";i:16;s:19:\"2021-07-01 08:15:37\";s:7:\"DateReg\";s:19:\"2021-07-01 08:15:37\";i:17;s:19:\"2021-07-01 08:32:01\";s:12:\"DateLastEdit\";s:19:\"2021-07-01 08:32:01\";i:18;s:19:\"2021-07-01 08:27:48\";s:13:\"DateLastLogin\";s:19:\"2021-07-01 08:27:48\";i:19;s:19:\"2021-07-01 08:33:42\";s:11:\"DateLastNav\";s:19:\"2021-07-01 08:33:42\";i:20;s:1:\"0\";s:7:\"aff_num\";s:1:\"0\";i:21;s:0:\"\";s:4:\"Tags\";s:0:\"\";i:22;s:5:\"46143\";s:3:\"zip\";s:5:\"46143\";i:23;s:1:\"1\";s:11:\"EmailNotify\";s:1:\"1\";i:24;s:1:\"1\";s:6:\"LangID\";s:1:\"1\";i:25;s:1:\"0\";s:11:\"UpdateMatch\";s:1:\"0\";i:26;s:1:\"0\";s:5:\"Views\";s:1:\"0\";i:27;s:1:\"0\";s:4:\"Rate\";s:1:\"0\";i:28;s:1:\"0\";s:9:\"RateCount\";s:1:\"0\";i:29;s:1:\"0\";s:13:\"CommentsCount\";s:1:\"0\";i:30;s:1:\"3\";s:19:\"PrivacyDefaultGroup\";s:1:\"3\";i:31;s:1:\"3\";s:13:\"allow_view_to\";s:1:\"3\";i:32;s:6:\"online\";s:10:\"UserStatus\";s:6:\"online\";i:33;s:0:\"\";s:17:\"UserStatusMessage\";s:0:\"\";i:34;s:1:\"0\";s:21:\"UserStatusMessageWhen\";s:1:\"0\";i:35;s:1:\"0\";s:6:\"Avatar\";s:1:\"0\";i:36;s:0:\"\";s:6:\"Height\";s:0:\"\";i:37;s:0:\"\";s:6:\"Weight\";s:0:\"\";i:38;s:0:\"\";s:6:\"Income\";s:0:\"\";i:39;s:0:\"\";s:10:\"Occupation\";s:0:\"\";i:40;N;s:17:\"SpiritualPractice\";N;i:41;s:0:\"\";s:18:\"RelationshipStatus\";s:0:\"\";i:42;s:65:\"Animals,Concerts,Galleries,Hiking,Museums,Music,Reading,Traveling\";s:7:\"Hobbies\";s:65:\"Animals,Concerts,Galleries,Hiking,Museums,Music,Reading,Traveling\";i:43;s:0:\"\";s:9:\"Interests\";s:0:\"\";i:44;s:15:\"White/Caucasian\";s:9:\"Ethnicity\";s:15:\"White/Caucasian\";i:45;s:0:\"\";s:13:\"FavoriteSites\";s:0:\"\";i:46;s:0:\"\";s:13:\"FavoriteMusic\";s:0:\"\";i:47;s:0:\"\";s:13:\"FavoriteFilms\";s:0:\"\";i:48;s:0:\"\";s:13:\"FavoriteBooks\";s:0:\"\";i:49;s:10:\"Stephanie \";s:8:\"FullName\";s:10:\"Stephanie \";i:50;N;s:13:\"PoliticalView\";N;i:51;s:61:\"Chiropractic,Energy Therapies,Herbalism,Homeopathy,Meditation\";s:19:\"InterestsAltHealing\";s:61:\"Chiropractic,Energy Therapies,Herbalism,Homeopathy,Meditation\";i:52;s:24:\"Crafts,Galleries,Museums\";s:12:\"InterestsArt\";s:24:\"Crafts,Galleries,Museums\";i:53;s:26:\"Single Mother,Single Woman\";s:11:\"WomanStatus\";s:26:\"Single Mother,Single Woman\";i:54;s:36:\"Fiction,Literary Fiction,Non Fiction\";s:14:\"InterestsBooks\";s:36:\"Fiction,Literary Fiction,Non Fiction\";i:55;s:60:\"Animals,Antiques,Art,Concerts,Hiking,Music,Traveling,Writing\";s:22:\"InterestsEntertainment\";s:60:\"Animals,Antiques,Art,Concerts,Hiking,Music,Traveling,Writing\";i:56;s:0:\"\";s:16:\"InterestsGeneral\";s:0:\"\";i:57;s:12:\"Workout,Yoga\";s:15:\"InterestsSports\";s:12:\"Workout,Yoga\";i:58;s:249:\"Affordable Child Care,Discrimination in the Work Force,Equal Rights,Free Speech,Health,Human Trafficking/Sex Slavery,Inadequate Representation,Paid Sick and Parental Leave,Poverty,Pregnancy,Reproductive Rights,Violence Against Women,Women’s Rights\";s:15:\"InterestsWomens\";s:249:\"Affordable Child Care,Discrimination in the Work Force,Equal Rights,Free Speech,Health,Human Trafficking/Sex Slavery,Inadequate Representation,Paid Sick and Parental Leave,Poverty,Pregnancy,Reproductive Rights,Violence Against Women,Women’s Rights\";i:59;s:0:\"\";s:14:\"InterestsMusic\";s:0:\"\";i:60;N;s:9:\"Education\";N;i:61;s:0:\"\";s:9:\"FirstName\";s:0:\"\";i:62;s:0:\"\";s:8:\"LastName\";s:0:\"\";i:63;s:0:\"\";s:8:\"NEW_ITEM\";s:0:\"\";}}','Stephanie  ','',0,1625142842,1,0);

--
-- Table structure for table `bx_wall_handlers`
--

CREATE TABLE `bx_wall_handlers` (
  `id` int(11) NOT NULL AUTO_INCREMENT,
  `alert_unit` varchar(64) COLLATE utf8_unicode_ci NOT NULL DEFAULT '',
  `alert_action` varchar(64) COLLATE utf8_unicode_ci NOT NULL DEFAULT '',
  `module_uri` varchar(64) COLLATE utf8_unicode_ci NOT NULL DEFAULT '',
  `module_class` varchar(64) COLLATE utf8_unicode_ci NOT NULL DEFAULT '',
  `module_method` varchar(64) COLLATE utf8_unicode_ci NOT NULL DEFAULT '',
  `groupable` tinyint(1) NOT NULL DEFAULT '0',
  `group_by` varchar(64) COLLATE utf8_unicode_ci NOT NULL DEFAULT '',
  `timeline` tinyint(1) NOT NULL DEFAULT '1',
  `outline` tinyint(1) NOT NULL DEFAULT '0',
  PRIMARY KEY (`id`),
  UNIQUE KEY `handler` (`alert_unit`,`alert_action`,`module_uri`,`module_class`,`module_method`)
) ENGINE=MyISAM AUTO_INCREMENT=39 DEFAULT CHARSET=utf8 COLLATE=utf8_unicode_ci;

--
-- Dumping data for table `bx_wall_handlers`
--

INSERT INTO `bx_wall_handlers` VALUES (1,'wall_common_text','','','','',0,'',1,0),(2,'wall_common_link','','','','',0,'',1,0),(3,'wall_common_photos','','','','',0,'',1,0),(4,'wall_common_sounds','','','','',0,'',1,0),(5,'wall_common_videos','','','','',0,'',1,0),(6,'profile','edit','','','',0,'',1,0),(7,'profile','edit_status_message','','','',0,'',1,0),(8,'profile','commentPost','','','',0,'',1,0),(9,'profile','delete','','','',0,'',1,0),(10,'friend','accept','','','',0,'',1,0),(13,'bx_events','add','events','Module','get_wall_post',0,'',1,1),(14,'bx_events','commentPost','events','Module','get_wall_post_comment',0,'',1,0),(15,'bx_photos','add','photos','Search','get_wall_post',1,'album',1,1),(16,'bx_photos','commentPost','photos','Search','get_wall_post_comment',0,'',1,0),(26,'bx_groups','commentPost','groups','Module','get_wall_post_comment',0,'',1,0),(25,'bx_groups','add','groups','Module','get_wall_post',0,'',1,1),(37,'ads','comment_add','ads','Module','get_wall_add_comment',0,'',1,0),(36,'ads','create','ads','Module','get_wall_post',0,'',1,1),(23,'bx_avatar','add','avatar','Module','get_wall_post',0,'',1,0),(24,'bx_avatar','change','avatar','Module','get_wall_post',0,'',1,0),(27,'wall_common_repost','','','','',0,'',1,0),(28,'profile','comment_add','','','',0,'',1,0),(29,'comment','add','','','',0,'',0,0),(38,'ads','commentPost','ads','Module','get_wall_post_comment',0,'',1,0),(33,'modzzz_articles','add','articles','Module','get_wall_post',0,'',1,1),(34,'modzzz_articles','comment_add','articles','Module','get_wall_add_comment',0,'',1,0),(35,'modzzz_articles','commentPost','articles','Module','get_wall_post_comment',0,'',1,0);

--
-- Table structure for table `bx_wall_repost_track`
--

CREATE TABLE `bx_wall_repost_track` (
  `event_id` int(11) NOT NULL DEFAULT '0',
  `author_id` int(11) NOT NULL DEFAULT '0',
  `author_nip` int(11) unsigned NOT NULL DEFAULT '0',
  `reposted_id` int(11) NOT NULL DEFAULT '0',
  `date` int(11) NOT NULL DEFAULT '0',
  UNIQUE KEY `event_id` (`event_id`),
  KEY `repost` (`reposted_id`,`author_nip`)
) ENGINE=MyISAM DEFAULT CHARSET=utf8;

--
-- Dumping data for table `bx_wall_repost_track`
--

INSERT INTO `bx_wall_repost_track` VALUES (72,12,2923395480,71,1462472766),(130,3,847959309,113,1468869798),(131,12,847959309,97,1468869808),(147,3,2923395480,30,1473872995),(184,24,1229237105,171,1478296824),(185,24,1229237105,172,1478296839),(194,3,2923395480,189,1479247660),(279,84,1268429206,227,1575611395),(284,87,2931819014,281,1584280875);

--
-- Table structure for table `bx_wall_voting`
--

CREATE TABLE `bx_wall_voting` (
  `wall_id` bigint(8) NOT NULL DEFAULT '0',
  `wall_rating_count` int(11) NOT NULL DEFAULT '0',
  `wall_rating_sum` int(11) NOT NULL DEFAULT '0',
  UNIQUE KEY `wall_id` (`wall_id`)
) ENGINE=MyISAM DEFAULT CHARSET=utf8;

--
-- Dumping data for table `bx_wall_voting`
--

INSERT INTO `bx_wall_voting` VALUES (97,1,5),(148,2,10),(150,1,5),(166,1,5),(168,1,5),(161,1,5),(154,1,5),(171,3,15),(172,1,5),(131,1,5),(249,1,5),(287,4,20),(267,2,10),(268,1,5),(286,1,5),(295,1,5);

--
-- Table structure for table `bx_wall_voting_track`
--

CREATE TABLE `bx_wall_voting_track` (
  `wall_id` bigint(8) NOT NULL DEFAULT '0',
  `wall_ip` varchar(20) DEFAULT NULL,
  `wall_date` datetime DEFAULT NULL,
  KEY `wall_ip` (`wall_ip`,`wall_id`)
) ENGINE=MyISAM DEFAULT CHARSET=utf8;

--
-- Dumping data for table `bx_wall_voting_track`
--

INSERT INTO `bx_wall_voting_track` VALUES (97,'174.63.121.152','2016-06-01 22:46:26'),(148,'174.63.121.152','2016-10-18 12:25:26'),(150,'65.34.5.210','2016-10-27 23:01:34'),(166,'65.34.5.210','2016-10-27 23:06:50'),(168,'65.34.5.210','2016-10-27 23:06:51'),(161,'65.34.5.210','2016-10-27 23:06:57'),(148,'65.34.5.210','2016-10-27 23:07:27'),(154,'65.34.5.210','2016-10-27 23:07:38'),(171,'174.63.121.152','2016-11-02 12:37:27'),(172,'73.68.171.113','2016-11-04 17:59:13'),(171,'73.68.171.113','2016-11-04 18:00:16'),(171,'174.63.121.152','2016-11-15 16:44:36'),(131,'50.187.190.254','2016-12-05 14:02:32'),(249,'69.203.217.170','2019-04-13 19:07:20'),(287,'174.63.121.152','2020-03-27 09:23:16'),(287,'105.112.183.85','2020-04-07 09:13:41'),(267,'105.112.183.85','2020-04-07 09:14:35'),(268,'105.112.183.85','2020-04-07 09:16:45'),(287,'174.63.121.152','2020-04-08 10:29:34'),(286,'174.63.121.152','2020-04-08 10:29:37'),(267,'174.63.121.152','2020-04-08 10:29:42'),(295,'174.63.121.152','2020-11-05 15:09:47'),(287,'174.63.121.152','2020-11-05 15:09:59');

--
-- Table structure for table `bx_wmap_locations`
--

CREATE TABLE `bx_wmap_locations` (
  `id` int(10) unsigned NOT NULL,
  `part` varchar(16) NOT NULL,
  `ts` int(10) unsigned NOT NULL,
  `lat` double NOT NULL,
  `lng` double NOT NULL,
  `zoom` tinyint(4) NOT NULL DEFAULT '-1',
  `type` char(16) NOT NULL,
  `address` varchar(255) NOT NULL,
  `city` varchar(255) NOT NULL,
  `country` varchar(2) NOT NULL,
  `title` varchar(255) NOT NULL,
  `uri` varchar(255) NOT NULL,
  `privacy` varchar(64) NOT NULL,
  `failed` tinyint(4) NOT NULL,
  PRIMARY KEY (`id`,`part`),
  KEY `lat` (`lat`),
  KEY `lng` (`lng`)
) ENGINE=InnoDB DEFAULT CHARSET=utf8;

--
-- Dumping data for table `bx_wmap_locations`
--

INSERT INTO `bx_wmap_locations` VALUES (3,'profiles',1587226968,0,0,-1,'','Amherst, US','Amherst','','persister1','3','4',1),(4,'ads',1476406365,42.3403799,-72.4968189,-1,'','01002, US','01002','US','baby crib','baby-crib','3',0),(5,'groups',1476468366,42.3403799,-72.4968189,-1,'','Amherst, US','Amherst','US','Bitchy over 50','Bitchy-over-50','3',0),(6,'groups',1476785074,42.3403799,-72.4968189,-1,'','Amherst, US','Amherst','US','Meditate with Moms','Meditate-with-Moms','3',0),(7,'ads',1546720203,0,0,-1,'','','','','Bike','Bike','5',1),(7,'events',1476468494,42.3920512,-72.5316611,-1,'','Amherst, MA 01002, US','Amherst, MA 01002','US','Canning my ass off','Canning-my-ass-off','3',0),(7,'groups',1478298037,42.3403799,-72.4968189,-1,'','Amherst, US','Amherst','US','Dog walkers unite','Dog-walkers-unite','3',0),(8,'events',1478297954,42.3732216,-72.5198537,-1,'','Amherst, MA 01002, US','Amherst, MA 01002','US','Walk the dogs','Walk-the-dogs','3',0),(9,'events',1479247487,42.3732216,-72.5198537,-1,'','amherst, MA 01002, US','amherst, MA 01002','US','Dog talk','Dog-talk','3',0),(11,'groups',1546721080,0,0,-1,'','','','','Women Against Sexual Abuse','Women-Against-Sexual-Abuse','3',1),(12,'groups',1575614866,0,0,-1,'','','','','Lol','Lol','3',1),(14,'articles',1547059238,0,0,-1,'','','','','Hairdresser','Hairdresser','3',1),(21,'articles',1547055924,0,0,-1,'','','','','Naturopath Laila Tomsovic','Naturopath-Laila-Tomsovic','3',1),(23,'profiles',1476785457,42.3250492,-72.6411923,-1,'',', US','','US','9Jukj2dZdQ','23','3',0),(24,'profiles',1478297793,42.3250492,-72.6411923,-1,'',', US','','US','zBQpjhpCG8','24','4',0),(25,'profiles',1476394204,42.3250492,-72.6411923,-1,'',', US','','US','GhUZaRPUhU','25','3',0),(26,'profiles',1476461146,42.3403799,-72.4968189,-1,'',', US','','US','PbZPJm4S9Z','26','3',0),(27,'profiles',1477623852,42.3403799,-72.4968189,-1,'',', US','','US','dRVHThGtVA','27','3',0),(28,'profiles',1478109860,42.3403799,-72.4968189,-1,'',', US','','US','bQgGsccZ34','28','3',0),(29,'profiles',1479244602,42.3403799,-72.4968189,-1,'',', US','','US','A3EKaWGBHV','29','3',0),(30,'articles',1565380790,0,0,-1,'','','','','no cost energy assesment ','no-cost-energy-assesment','3',1),(31,'articles',1565381236,0,0,-1,'','','','','Free Women\'s Clinic in Springfield, MA','Free-Women-s-Clinic-in-Springfield-MA','3',1),(32,'articles',1565381610,0,0,-1,'','','','','Women, Infants and Children\'s MA nutrion program WIC','Women-Infants-and-Children-s-MA-nutrion-program-WIC','3',1),(33,'articles',1565382095,0,0,-1,'','','','','Massachusetts Rent assistance program ','Massachusetts-Rent-assistance-program','3',1),(34,'articles',1565382703,0,0,-1,'','','','','Rent Assitance Program through a religous organization','Rent-Assitance-Program-through-a-religous-organization','3',1),(35,'articles',1565382918,0,0,-1,'','','','','Food assistance ','Food-assistance','3',1),(36,'articles',1565383277,0,0,-1,'','','','','Homeless shelters','Homeless-shelters','3',1),(37,'articles',1567087133,0,0,-1,'','','','','Women Running for the 2020 presidential elections','Women-Running-for-the-2020-presidential-elections','3',1),(37,'profiles',1559242894,0,0,-1,'',', US','','','86sHuX9XKv','37','3',1),(38,'articles',1567107292,0,0,-1,'','','','','Welfare in Massachusetts','Welfare-in-Massachusetts','3',1),(39,'articles',1567107554,0,0,-1,'','','','','Public Housing','Public-Housing','3',1),(39,'profiles',1531077020,40.7645239,-73.9624327,-1,'',', US','','US','vkhjh8DNZp','39','3',0),(40,'articles',1567108008,0,0,-1,'','','','','Springfield, MA Low Income Housing','Springfield-MA-Low-Income-Housing','3',1),(40,'profiles',1531077066,40.8624613,-73.9918181,-1,'',', US','','US','PgK5Lq9jDX','40','3',0),(41,'articles',1567108160,0,0,-1,'','','','','Low Income Housing in Holyoke, MA','Low-Income-Housing-in-Holyoke-MA','3',1),(42,'articles',1567108368,0,0,-1,'','','','','Halway houses in Springfield, MA','Halway-houses-in-Springfield-MA','3',1),(42,'profiles',1546712712,0,0,-1,'','','','','cFLQz5hA6k','42','3',1),(43,'articles',1567108509,0,0,-1,'','','','','Halfway Houses in Holyoke, MA','Halfway-Houses-in-Holyoke-MA','3',1),(43,'profiles',1546716538,0,0,-1,'','','','','Cp5u3vYzu2','43','3',1),(44,'articles',1567108543,0,0,-1,'','','','','Halfway Houses in Holyoke, MA','Halfway-Houses-in-Holyoke-MA-2019-08-29','3',1),(45,'articles',1567108986,0,0,-1,'','','','','Assistance with Paying Bills/Office of Housing SPRINGFIELD','Assistance-with-Paying-Bills-Office-of-Housing-SPRINGFIELD','3',1),(45,'profiles',1546746251,0,0,-1,'','','','','ckYFZcvt4h','45','3',1),(46,'articles',1567109317,0,0,-1,'','','','','Help with paying bills in Holyoke','Help-with-paying-bills-in-Holyoke','3',1),(46,'profiles',1546861624,0,0,-1,'','','','','mVUjgXsesm','46','3',1),(47,'articles',1584279701,0,0,-1,'','','','','The Bloom Community Workspace & Family Center','The-Bloom-Community-Workspace-Family-Center','3',1),(47,'profiles',1546961631,0,0,-1,'','','','','bBXYfy2CpQ','47','3',1),(48,'profiles',1546985009,0,0,-1,'','','','','qKG9XqaXpL','48','3',1),(50,'profiles',1547829719,0,0,-1,'','','','','aR5qUuRMG7','50','3',1),(53,'profiles',1549232848,0,0,-1,'','','','','mZggQZa92Y','53','3',1),(54,'profiles',1549640149,0,0,-1,'','','','','ExHMAqpGcB','54','3',1),(55,'profiles',1549898985,0,0,-1,'','','','','TXv98icNqF','55','3',1),(56,'profiles',1550173740,0,0,-1,'','','','','XfBpxhgJ23','56','3',1),(57,'profiles',1550328820,0,0,-1,'','','','','D6qsBKWvXr','57','3',1),(58,'profiles',1552064238,0,0,-1,'','','','','wifVjLAaTv','58','3',1),(62,'profiles',1554750968,0,0,-1,'','','','','GHJh6WVaTx','62','3',1),(63,'profiles',1555127996,0,0,-1,'','','','','dVD5239W6M','63','3',1),(67,'profiles',1559052183,0,0,-1,'','','','','Xe2kMm4jHB','67','3',1),(72,'profiles',1559413671,0,0,-1,'','','','','ELBx44U8kT','72','5',1),(73,'profiles',1559973358,0,0,-1,'','','','','vp4eAuermf','73','3',1),(74,'profiles',1562281695,0,0,-1,'','','','','r29LqS8L45','74','3',1),(77,'profiles',1565030068,0,0,-1,'','','','','8sf3yeUHfC','77','3',1),(80,'profiles',1571814160,0,0,-1,'','','','','5hKtKR3CXf','80','3',1),(82,'profiles',1573678584,0,0,-1,'','','','','62JALN5mAX','82','3',1),(83,'profiles',1575136221,0,0,-1,'','','','','2gvEtMX6si','83','3',1),(84,'profiles',1575598440,0,0,-1,'','','','','kvpS2VVBwY','84','3',1),(87,'profiles',1584280671,0,0,-1,'','','','','yS6xrQhNLu','87','3',1),(88,'profiles',1584430907,0,0,-1,'','','','','Gwnd8JhsZS','88','3',1),(90,'profiles',1584889866,0,0,-1,'','','','','8is9quRL5x','90','3',1),(91,'profiles',1584891577,0,0,-1,'','','','','Gg2M7DfFJa','91','3',1),(93,'profiles',1584979372,0,0,-1,'','','','','UeSc8yP66b','93','3',1),(95,'profiles',1585319667,0,0,-1,'','','','','DqncumJSmi','95','3',1),(96,'profiles',1586264175,0,0,-1,'','','','','7EvXCMH2cF','96','3',1),(97,'profiles',1586961091,0,0,-1,'','','','','kh84CvBTjp','97','3',1),(98,'profiles',1586959938,0,0,-1,'','','','','NQm67DPxzA','98','3',1),(99,'profiles',1586964280,0,0,-1,'','','','','7Jynnwtfk6','99','3',1),(100,'profiles',1586971894,0,0,-1,'','','','','hKp6ygQJrX','100','3',1),(101,'profiles',1586973118,0,0,-1,'','','','','3T6agaL3UX','101','3',1),(103,'profiles',1587023344,0,0,-1,'','','','','R66qREUQzY','103','3',1),(104,'profiles',1587035917,0,0,-1,'','','','','QHzAFfxKDH','104','3',1),(107,'profiles',1587092754,0,0,-1,'','','','','86kfCvXpZb','107','3',1),(109,'profiles',1587311077,0,0,-1,'','','','','e8DrXQ2jPw','109','3',1),(110,'profiles',1587319469,0,0,-1,'','','','','5fXicRCizb','110','3',1),(111,'profiles',1588020417,0,0,-1,'','','','','FvmSuqPJCv','111','3',1),(113,'profiles',1588394354,0,0,-1,'','','','','LgqmcMg7wv','113','3',1),(114,'profiles',1588799177,0,0,-1,'','','','','NDxct2hufr','114','3',1),(115,'profiles',1588967715,0,0,-1,'','','','','Vxjr9wJxW8','115','3',1),(116,'profiles',1589850194,0,0,-1,'','','','','JBfvfivaLC','116','3',1),(117,'profiles',1594491371,0,0,-1,'','','','','aXZaFdVp7h','117','3',1),(118,'profiles',1600492073,0,0,-1,'','','','','2vFkQEdxgh','118','3',1),(127,'profiles',1607293422,0,0,-1,'','','','','CRSWcbgQWh','127','3',1),(128,'profiles',1607370272,0,0,-1,'','','','','jPiBQVPzDB','128','3',1),(129,'profiles',1607865042,0,0,-1,'','','','','8kKXPvRtmh','129','3',1),(130,'profiles',1608247550,0,0,-1,'','','','','uV8NCLP2x7','130','3',1),(133,'profiles',1624803185,0,0,-1,'','','','','ZpBTXKJbXS','133','3',1),(137,'profiles',1625152854,0,0,-1,'','','','','9RmWBFBkGY','137','3',1),(141,'profiles',1625142842,0,0,-1,'','','','','JdDnpadADn','141','3',1);

--
-- Table structure for table `bx_wmap_parts`
--

CREATE TABLE `bx_wmap_parts` (
  `id` int(10) unsigned NOT NULL AUTO_INCREMENT,
  `part` varchar(16) NOT NULL,
  `title` varchar(64) NOT NULL,
  `title_singular` varchar(64) NOT NULL,
  `icon` varchar(255) NOT NULL,
  `icon_site` varchar(255) NOT NULL,
  `join_table` varchar(64) NOT NULL,
  `join_where` varchar(255) NOT NULL,
  `join_field_id` varchar(64) NOT NULL,
  `join_field_country` varchar(64) NOT NULL,
  `join_field_city` varchar(64) NOT NULL,
  `join_field_state` varchar(64) NOT NULL,
  `join_field_zip` varchar(64) NOT NULL,
  `join_field_address` varchar(64) NOT NULL,
  `join_field_latitude` varchar(64) NOT NULL,
  `join_field_longitude` varchar(64) NOT NULL,
  `join_field_title` varchar(64) NOT NULL,
  `join_field_uri` varchar(64) NOT NULL,
  `join_field_author` varchar(64) NOT NULL,
  `join_field_privacy` varchar(64) NOT NULL,
  `permalink` varchar(64) NOT NULL,
  `enabled` tinyint(4) NOT NULL DEFAULT '1',
  PRIMARY KEY (`id`),
  UNIQUE KEY `part` (`part`)
) ENGINE=InnoDB AUTO_INCREMENT=7 DEFAULT CHARSET=utf8;

--
-- Dumping data for table `bx_wmap_parts`
--

INSERT INTO `bx_wmap_parts` VALUES (1,'profiles','_Profiles','_Profile','map_marker_profiles.png','user','Profiles','AND `p`.`Status` = \'Active\'','ID','Country','City','','zip','','','','NickName','ID','ID','allow_view_to','profile.php?ID=',1),(2,'events','_bx_events','_bx_events_single','modules/boonex/events/|map_marker.png','calendar','bx_events_main','AND `p`.`Status` = \'approved\'','ID','Country','City','','','Place','','','Title','EntryUri','ResponsibleID','allow_view_event_to','modules/?r=events/view/',1),(4,'groups','_bx_groups','_bx_events_single','modules/boonex/groups/|map_marker.png','users','bx_groups_main','AND `p`.`status` = \'approved\'','id','country','city','','zip','','','','title','uri','author_id','allow_view_group_to','modules/?r=groups/view/',1),(5,'ads','_bx_ads_Ads','_bx_ads_Ad','modules/boonex/ads/|map_marker.png','money','bx_ads_main','AND `p`.`Status` = \'active\' AND UNIX_TIMESTAMP() - `p`.`LifeTime`*24*60*60 < `p`.`DateTime`','ID','Country','City','','','','','','Subject','EntryUri','IDProfile','AllowView','modules/boonex/ads/classifieds.php?entryUri=',1),(6,'articles','_modzzz_articles','_modzzz_articles_single','modules/modzzz/articles/|map_marker.png','file','modzzz_articles_main','AND `p`.`status` = \'approved\'','id','country','city','state','zip','street','','','title','uri','author_id','allow_view_article_to','modules/?r=articles/view/',1);

--
-- Table structure for table `bx_zip_countries_geonames`
--

CREATE TABLE `bx_zip_countries_geonames` (
  `ISO2` varchar(2) NOT NULL DEFAULT '',
  PRIMARY KEY (`ISO2`)
) ENGINE=MyISAM DEFAULT CHARSET=utf8;

--
-- Dumping data for table `bx_zip_countries_geonames`
--


--
-- Table structure for table `bx_zip_countries_google`
--

CREATE TABLE `bx_zip_countries_google` (
  `ISO2` varchar(2) NOT NULL DEFAULT '',
  PRIMARY KEY (`ISO2`)
) ENGINE=MyISAM DEFAULT CHARSET=utf8;

--
-- Dumping data for table `bx_zip_countries_google`
--

INSERT INTO `bx_zip_countries_google` VALUES ('AR'),('AT'),('AU'),('BB'),('BE'),('BR'),('CA'),('CH'),('CL'),('CN'),('CZ'),('DE'),('DK'),('EE'),('EG'),('ES'),('FI'),('FR'),('GB'),('HK'),('HR'),('HU'),('IL'),('IN'),('IT'),('JP'),('KR'),('LI'),('LT'),('LU'),('LV'),('MO'),('MY'),('NL'),('NO'),('NZ'),('PL'),('PT'),('RU'),('SE'),('SG'),('SI'),('SK'),('TW'),('US');

--
-- Table structure for table `modzzz_articles_admins`
--

CREATE TABLE `modzzz_articles_admins` (
  `id_entry` int(10) unsigned NOT NULL,
  `id_profile` int(10) unsigned NOT NULL,
  `when` int(10) unsigned NOT NULL,
  PRIMARY KEY (`id_entry`,`id_profile`)
) ENGINE=MyISAM DEFAULT CHARSET=utf8;

--
-- Dumping data for table `modzzz_articles_admins`
--


--
-- Table structure for table `modzzz_articles_categ`
--

CREATE TABLE `modzzz_articles_categ` (
  `id` int(10) unsigned NOT NULL AUTO_INCREMENT,
  `parent` int(11) NOT NULL DEFAULT '0',
  `name` varchar(255) NOT NULL DEFAULT '',
  `uri` varchar(255) NOT NULL DEFAULT '',
  `icon` varchar(255) NOT NULL DEFAULT '',
  `active` int(11) NOT NULL DEFAULT '1',
  PRIMARY KEY (`id`)
) ENGINE=MyISAM AUTO_INCREMENT=136 DEFAULT CHARSET=utf8;

--
-- Dumping data for table `modzzz_articles_categ`
--

INSERT INTO `modzzz_articles_categ` VALUES (3,0,'Travel & Leisure','Travel-Leisure','',1),(134,0,'Child Care','child-care','',1),(135,0,'Spirituality','spirituality','',1),(8,1,'Accounting','Accounting','',1),(9,1,'Affiliate Programs','Affiliate-Programs','',1),(10,1,'Agriculture','Agriculture','',1),(11,1,'Architecture and Interior Design','Architecture-and-Interior-Design','',1),(12,1,'Branding','Branding','',1),(13,1,'Business Ideas','Business-Ideas','',1),(14,1,'Business Opporunity','Business-Opporunity','',1),(15,1,'Consulting','Consulting','',1),(16,1,'Customer Service','Customer-Service','',1),(17,1,'Ecommerce','Ecommerce','',1),(18,1,'Entrepreneurship','Entrepreneurship','',1),(19,1,'Ethics','Ethics','',1),(20,1,'Franchising','Franchising','',1),(21,1,'Fundraising','Fundraising','',1),(22,1,'Furnishings and Supplies','Furnishings-and-Supplies','',1),(23,1,'Human Resources','Human-Resources','',1),(24,1,'Industrial Mechanical','Industrial-Mechanical','',1),(25,1,'International Business','International-Business','',1),(26,1,'Leadership','Leadership','',1),(27,1,'Management','Management','',1),(28,1,'Marketing','Marketing','',1),(29,1,'Negotiation','Negotiation','',1),(30,1,'Networking','Networking','',1),(31,1,'Non Profit','Non-Profit','',1),(32,1,'Outsourcing','Outsourcing','',1),(33,1,'Presentation','Presentation','',1),(34,1,'Product Reviews','Product-Reviews','',1),(35,1,'Productivity','Productivity','',1),(36,1,'Retail','Retail','',1),(37,1,'Risk Management','Risk-Management','',1),(38,1,'Sales','Sales','',1),(39,1,'Sales Management','Sales-Management','',1),(40,1,'Sales Teleselling','Sales-Teleselling','',1),(41,1,'Sales Training','Sales-Training','',1),(42,1,'Security','Security','',1),(43,1,'Services Reviews','Services-Reviews','',1),(44,1,'Shipping','Shipping','',1),(45,1,'Small Business','Small-Business','',1),(46,1,'Strategic Planning','Strategic-Planning','',1),(47,1,'Team Building','Team-Building','',1),(48,1,'Venture Capital','Venture-Capital','',1),(49,1,'Workplace Communication','Workplace-Communication','',1),(50,1,'Workplace Safety','Workplace-Safety','',1),(51,2,'Career Management','Career-Management','',1),(52,2,'Interviews','Interviews','',1),(53,2,'Recruitment','Recruitment','',1),(54,2,'Resumes','Resumes','',1),(55,3,'Airline Travel','Airline-Travel','',1),(56,3,'Aviation Airplanes','Aviation-Airplanes','',1),(57,3,'Bed Breakfast Inns','Bed-Breakfast-Inns','',1),(58,3,'Budget Travel','Budget-Travel','',1),(59,3,'Camping','Camping','',1),(60,3,'Car Rentals','Car-Rentals','',1),(61,3,'Charter Jets','Charter-Jets','',1),(62,3,'City Guides and Information','City-Guides-and-Information','',1),(63,3,'Cruise Ship Reviews','Cruise-Ship-Reviews','',1),(64,3,'Cruising','Cruising','',1),(65,3,'Destination Tips','Destination-Tips','',1),(66,3,'Hotels and Lodging','Hotels-and-Lodging','',1),(67,3,'Outdoors','Outdoors','',1),(68,3,'Timeshare','Timeshare','',1),(69,3,'Travel Reviews','Travel-Reviews','',1),(70,3,'Travel Tips','Travel-Tips','',1),(71,3,'Vacation Rentals','Vacation-Rentals','',1),(72,4,'Astronomy','Astronomy','',1),(73,4,'Biology','Biology','',1),(74,4,'Childhood Education','Childhood-Education','',1),(75,4,'College University','College-University','',1),(76,4,'Continuing Education','Continuing-Education','',1),(77,4,'Financial Aid','Financial-Aid','',1),(78,4,'Homeschooling','Homeschooling','',1),(79,4,'International Studies','International-Studies','',1),(80,4,'Languages','Languages','',1),(81,4,'Mathematics','Mathematics','',1),(82,4,'Online Education','Online-Education','',1),(83,4,'Philosophy','Philosophy','',1),(84,4,'Science','Science','',1),(85,4,'Special Education','Special-Education','',1),(86,4,'Standardized Tests','Standardized-Tests','',1),(87,4,'Study Techniques','Study-Techniques','',1),(88,4,'Teaching','Teaching','',1),(89,4,'Tutoring','Tutoring','',1),(90,4,'Vocational Trade Schools','Vocational-Trade-Schools','',1),(91,5,'Accounting','Accounting','',1),(92,5,'Banking','Banking','',1),(93,5,'Bankruptcy','Bankruptcy','',1),(94,5,'Budgeting','Budgeting','',1),(95,5,'Credit','Credit','',1),(96,5,'Credit Counseling','Credit-Counseling','',1),(97,5,'Credit Tips','Credit-Tips','',1),(98,5,'Debt Consolidation','Debt-Consolidation','',1),(99,5,'Debt Management','Debt-Management','',1),(100,5,'Debt Relief','Debt-Relief','',1),(101,5,'Estate Plan Trusts','Estate-Plan-Trusts','',1),(102,5,'Insurance','Insurance','',1),(103,5,'Investing','Investing','',1),(104,5,'Loans','Loans','',1),(105,5,'Mortgage','Mortgage','',1),(106,5,'Personal Finance','Personal-Finance','',1),(107,5,'Taxes','Taxes','',1),(108,5,'Wealth Building','Wealth-Building','',1),(109,6,'Biotechnology','Biotechnology','',1),(110,6,'Cable and Satellite TV','Cable-and-Satellite-TV','',1),(111,6,'Cell Phones','Cell-Phones','',1),(112,6,'Communication','Communication','',1),(113,6,'Electronics','Electronics','',1),(114,6,'Gadgets and Gizmos','Gadgets-and-Gizmos','',1),(115,6,'GPS','GPS','',1),(116,6,'Information Technology','Information-Technology','',1),(117,6,'Video Conferencing','Video-Conferencing','',1),(118,6,'VoIP','VoIP','',1),(119,7,'Antiques','Antiques','',1),(120,7,'Arts','Arts','',1),(121,7,'Dance','Dance','',1),(122,7,'Humanities','Humanities','',1),(123,7,'Literature','Literature','',1),(124,7,'Movies','Movies','',1),(125,7,'Music','Music','',1),(126,7,'Painting','Painting','',1),(127,7,'Photography','Photography','',1),(128,7,'Poetry','Poetry','',1),(129,7,'Television','Television','',1),(130,7,'Visual Art','Visual-Art','',1),(131,0,'Helpful Tips','main','',1),(132,0,'Health','health','',1);

--
-- Table structure for table `modzzz_articles_cmts`
--

CREATE TABLE `modzzz_articles_cmts` (
  `cmt_id` int(11) NOT NULL AUTO_INCREMENT,
  `cmt_parent_id` int(11) NOT NULL DEFAULT '0',
  `cmt_object_id` int(12) NOT NULL DEFAULT '0',
  `cmt_author_id` int(10) unsigned NOT NULL DEFAULT '0',
  `cmt_text` text NOT NULL,
  `cmt_mood` tinyint(4) NOT NULL DEFAULT '0',
  `cmt_rate` int(11) NOT NULL DEFAULT '0',
  `cmt_rate_count` int(11) NOT NULL DEFAULT '0',
  `cmt_time` datetime NOT NULL DEFAULT '0000-00-00 00:00:00',
  `cmt_replies` int(11) NOT NULL DEFAULT '0',
  PRIMARY KEY (`cmt_id`),
  KEY `cmt_object_id` (`cmt_object_id`,`cmt_parent_id`)
) ENGINE=MyISAM DEFAULT CHARSET=utf8;

--
-- Dumping data for table `modzzz_articles_cmts`
--


--
-- Table structure for table `modzzz_articles_cmts_track`
--

CREATE TABLE `modzzz_articles_cmts_track` (
  `cmt_system_id` int(11) NOT NULL DEFAULT '0',
  `cmt_id` int(11) NOT NULL DEFAULT '0',
  `cmt_rate` tinyint(4) NOT NULL DEFAULT '0',
  `cmt_rate_author_id` int(10) unsigned NOT NULL DEFAULT '0',
  `cmt_rate_author_nip` int(11) unsigned NOT NULL DEFAULT '0',
  `cmt_rate_ts` int(11) NOT NULL DEFAULT '0',
  PRIMARY KEY (`cmt_system_id`,`cmt_id`,`cmt_rate_author_nip`)
) ENGINE=MyISAM DEFAULT CHARSET=utf8;

--
-- Dumping data for table `modzzz_articles_cmts_track`
--


--
-- Table structure for table `modzzz_articles_entries`
--

CREATE TABLE `modzzz_articles_entries` (
  `id` int(11) unsigned NOT NULL AUTO_INCREMENT,
  `author_id` int(11) unsigned NOT NULL DEFAULT '0',
  `caption` varchar(64) NOT NULL DEFAULT '',
  `snippet` text NOT NULL,
  `content` text NOT NULL,
  `when` int(11) NOT NULL DEFAULT '0',
  `uri` varchar(64) NOT NULL DEFAULT '',
  `tags` varchar(255) NOT NULL DEFAULT '',
  `categories` varchar(255) NOT NULL DEFAULT '',
  `comment` tinyint(4) NOT NULL DEFAULT '0',
  `vote` tinyint(4) NOT NULL DEFAULT '0',
  `date` int(11) NOT NULL DEFAULT '0',
  `status` tinyint(4) NOT NULL DEFAULT '0',
  `featured` tinyint(4) NOT NULL DEFAULT '0',
  `rate` int(11) NOT NULL DEFAULT '0',
  `rate_count` int(11) NOT NULL DEFAULT '0',
  `view_count` int(11) NOT NULL DEFAULT '0',
  `cmts_count` int(11) NOT NULL DEFAULT '0',
  PRIMARY KEY (`id`),
  UNIQUE KEY `uri` (`uri`),
  FULLTEXT KEY `search_group` (`caption`,`content`,`tags`,`categories`),
  FULLTEXT KEY `search_caption` (`caption`),
  FULLTEXT KEY `search_content` (`content`),
  FULLTEXT KEY `search_tags` (`tags`),
  FULLTEXT KEY `search_categories` (`categories`)
) ENGINE=MyISAM DEFAULT CHARSET=utf8;

--
-- Dumping data for table `modzzz_articles_entries`
--


--
-- Table structure for table `modzzz_articles_favorites`
--

CREATE TABLE `modzzz_articles_favorites` (
  `id_entry` int(10) unsigned NOT NULL,
  `id_profile` int(10) unsigned NOT NULL,
  `when` int(10) unsigned NOT NULL,
  PRIMARY KEY (`id_entry`,`id_profile`)
) ENGINE=MyISAM DEFAULT CHARSET=utf8;

--
-- Dumping data for table `modzzz_articles_favorites`
--


--
-- Table structure for table `modzzz_articles_files`
--

CREATE TABLE `modzzz_articles_files` (
  `entry_id` int(10) unsigned NOT NULL,
  `media_id` int(11) NOT NULL,
  UNIQUE KEY `entry_id` (`entry_id`,`media_id`)
) ENGINE=MyISAM DEFAULT CHARSET=utf8;

--
-- Dumping data for table `modzzz_articles_files`
--


--
-- Table structure for table `modzzz_articles_images`
--

CREATE TABLE `modzzz_articles_images` (
  `entry_id` int(10) unsigned NOT NULL,
  `media_id` int(10) unsigned NOT NULL,
  UNIQUE KEY `entry_id` (`entry_id`,`media_id`)
) ENGINE=MyISAM DEFAULT CHARSET=utf8;

--
-- Dumping data for table `modzzz_articles_images`
--


--
-- Table structure for table `modzzz_articles_main`
--

CREATE TABLE `modzzz_articles_main` (
  `id` int(10) unsigned NOT NULL AUTO_INCREMENT,
  `title` varchar(100) NOT NULL DEFAULT '',
  `uri` varchar(255) NOT NULL,
  `snippet` text NOT NULL,
  `desc` text NOT NULL,
  `country` varchar(2) NOT NULL,
  `city` varchar(64) NOT NULL,
  `state` varchar(10) NOT NULL DEFAULT '',
  `street` varchar(150) NOT NULL,
  `zip` varchar(16) NOT NULL,
  `status` enum('approved','pending','draft') NOT NULL DEFAULT 'approved',
  `thumb` int(11) NOT NULL,
  `created` int(11) NOT NULL,
  `author_id` int(10) unsigned NOT NULL DEFAULT '0',
  `letter` varchar(1) NOT NULL DEFAULT '',
  `tags` varchar(255) NOT NULL DEFAULT '',
  `category_id` int(11) NOT NULL DEFAULT '0',
  `parent_category_id` int(11) NOT NULL DEFAULT '0',
  `categories` text NOT NULL,
  `publish` int(11) NOT NULL DEFAULT '1',
  `when` int(11) NOT NULL DEFAULT '0',
  `views` int(11) NOT NULL,
  `rate` float NOT NULL,
  `rate_count` int(11) NOT NULL,
  `comments_count` int(11) NOT NULL,
  `featured` tinyint(4) NOT NULL,
  `article_membership_filter` varchar(100) NOT NULL DEFAULT '',
  `allow_view_article_to` int(11) NOT NULL,
  `allow_comment_to` int(11) NOT NULL,
  `allow_rate_to` int(11) NOT NULL,
  `allow_upload_photos_to` varchar(16) NOT NULL,
  `allow_upload_videos_to` varchar(16) NOT NULL,
  `allow_upload_sounds_to` varchar(16) NOT NULL,
  `allow_upload_files_to` varchar(16) NOT NULL,
  `anonymous` int(11) NOT NULL DEFAULT '0',
  `votes` int(11) NOT NULL DEFAULT '0',
  `video_embed` text NOT NULL,
  `website` varchar(255) DEFAULT NULL,
  `phone` varchar(255) DEFAULT NULL,
  `email` varchar(255) DEFAULT NULL,
  PRIMARY KEY (`id`),
  UNIQUE KEY `uri` (`uri`),
  KEY `author_id` (`author_id`),
  KEY `created` (`created`),
  FULLTEXT KEY `search` (`title`,`desc`,`tags`),
  FULLTEXT KEY `tags` (`tags`)
) ENGINE=MyISAM AUTO_INCREMENT=48 DEFAULT CHARSET=utf8;

--
-- Dumping data for table `modzzz_articles_main`
--

INSERT INTO `modzzz_articles_main` VALUES (21,'Naturopath Laila Tomsovic','Naturopath-Laila-Tomsovic','Approach in natural healing, and not symptomatic treatment in conventional healing. ','<p>Unfortunately MA does not recognize naturopathis doctors as doctors yet so you cannot see them using your insurance. VT does.</p>\r\n<p>1 413 665 1505</p>\r\n<p>http://drlaila.com</p>','US','Northampton, MA','','','01060','approved',0,1546882288,3,'n','',0,0,'',1,0,1,0,0,0,0,'',0,0,0,'','','','',0,0,'',NULL,NULL,NULL),(14,'Hairdresser','Hairdresser','Chameleons Hair Salon in Northampton, MA ','<p>Michael and Frankie are the best hairdressers there</p>\r\n<p>Phone number 413 586 2234</p>','US','Northampton','MA','2 Conz St # 64','01060','approved',0,1546719891,3,'h','',0,0,'',1,0,3,0,0,0,0,'',0,0,0,'','','','',0,0,'','https://www.facebook.com/Chameleons-Hair-Salon-63114030996','(413) 586-2234',''),(31,'Free Women\'s Clinic in Springfield, MA','Free-Women-s-Clinic-in-Springfield-MA','Clearway Clinic for free pregnancy consultations.','<p>Here you can find pregnancy counseling and get a free pregnancy tests, free ultrasounds, nurse consultations, medical diagnosis, and STD testing</p>','','Springfield, MA','','1259 E. Columbus Avenue ','01105','approved',0,1565381236,77,'f','',0,0,'',1,0,0,0,0,0,0,'',0,0,0,'','','','',0,0,'','https://clearwayclinic.com/parenting/','774-515-9719',''),(30,'no cost energy assesment ','no-cost-energy-assesment','To see if you are eligible for free electricity in Massachusetts','<p>A lot of single mothers or women live under the poverty level or just above. The state of Massachusetts has resources for women who do. This is one resource to lower your electric bill.</p>','US','','','','','approved',0,1565380790,77,'n','',0,0,'',1,0,0,0,0,0,0,'',0,0,0,'','','','',0,0,'','https://www.masssave.com/en/saving/energy-assessments/','',''),(32,'Women, Infants and Children\'s MA nutrion program WIC','Women-Infants-and-Children-s-MA-nutrion-program-WIC','Here you can find support for the nutrition of your family ','<p>WIC is a nutrition program that provides healthy foods, nutrition education, breastfeeding support, and referrals to healthcare and other services, free of charge, to Massachusetts families who qualify.</p>\r\n<p>Here you can find the WIC offices in the greater Springfield area:</p>\r\n<p><a href=\"https://www.mass.gov/women-infants-children-wic-nutrition-program/locations?_page=1&amp;page=1&amp;location=Springfield.+MA&amp;tags=\" class=\"bx-link\" rel=\"nofollow\">https://www.mass.gov/women-infants-children-wic-nutrition-program/locations?_page=1&amp;page=1&amp;location=Springfield.+MA&amp;tags=</a></p>\r\n<p> </p>\r\n<p>The main WIC Springfield\'s clinic is listed below</p>','US','Springfield, MA','','1985 Main St., ','01103','approved',0,1565381610,77,'w','',0,0,'',1,0,1,0,0,0,0,'',0,0,0,'','','','',0,0,'','https://www.mass.gov/women-infants-children-wic-nutrition-program','(800) 942-1007',''),(33,'Massachusetts Rent assistance program ','Massachusetts-Rent-assistance-program','HAP inc. is one of the two rent assitance programs in Springfield\r\n','<p>If you have trouble paying your rent, please contact HAP Inc. They will check if you are eligible for rent assistance. </p>','US','Springfield, MA','','322 Main Street ','01105','approved',0,1565382094,77,'m','',0,0,'',1,0,1,0,0,0,0,'',0,0,0,'','','','',0,0,'','https://www.rentalassistance.us/li/ma_hap-inc','(413) 233-1500',''),(34,'Rent/Fuel/Utility assitance Program through a religous organization','Rent-Assitance-Program-through-a-religous-organization','The Dicocese of Springfield has a rent assistance program','<p>If you have trouble paying for your rent as a single mother you can contact this organization to see  if your are eligitable for rent assistance</p>\n<p> </p>','US','Springfield, MA','AL','65 Elliot Street','01105','approved',0,1565382577,77,'r','',0,0,'',1,0,1,0,0,0,0,'',0,0,0,'','','','',0,0,'','https://www.rentalassistance.us/li/ma_office-for-community-development-holyoke','(413) 452-0605',''),(35,'Food assistance ','Food-assistance','Open Pantry Community Services Emergency Food Pantry','<p>If you have trouble buying food for you and your chidren consider going to a food pantry. Below is a way to find a Food Pantry near you</p>','US','Springfield, MA','','287 State Street ','01101','approved',0,1565382918,77,'f','',0,0,'',1,0,0,0,0,0,0,'',0,0,0,'','','','',0,0,'','https://www.foodpantriesnear.me/','(413) 737-5354',''),(36,'Homeless shelters','Homeless-shelters','A place you and your kids can rest your heads if you are homeless\r\n','<p>The website below will list all the shelters in the Pioneer Valley Area to Hartford, CT</p>','US','Springfield, MA and surroundings','','','','approved',0,1565383277,77,'h','',0,0,'',1,0,0,0,0,0,0,'',0,0,0,'','','','',0,0,'','https://www.homelessshelterdirectory.org/cgi-bin/id/city.cgi?city=Springfield&state=MA','',''),(37,'Women Running for the 2020 presidential elections','Women-Running-for-the-2020-presidential-elections','What are our choices of women presidential candidates for 2020. Resource New York Times\r\n\r\n','<div class=\"g-item g-text\">\r\n<div class=\"g-name\"><strong>Tulsi Gabbard</strong><span class=\"g-age\">, 38 Democrat<br /></span></div>\r\n<div class=\"g-title\">Congresswoman from Hawaii; Army National Guard veteran</div>\r\n<div class=\"g-title\"> </div>\r\n<div class=\"g-title\">“There are a lot of challenges that are facing the American people that I’m concerned about and that I want to help solve.” - Tulsi Gabbard</div>\r\n<p class=\"g-body\"><a href=\"https://www.nytimes.com/politics/first-draft/2016/02/28/tulsi-gabbard-rising-democratic-star-endorses-bernie-sanders/\" class=\"bx-link\" rel=\"nofollow\">Supported Bernie Sanders</a> in the 2016 primaries.</p>\r\n</div>\r\n<div class=\"g-item g-text\">\r\n<p class=\"g-body\">Has drawn condemnation for meeting with Syria’s president, Bashar al-Assad, whose regime has been accused of <a href=\"https://www.nytimes.com/2019/01/11/us/politics/tulsi-gabbard-2020-president-announcement.html\" class=\"bx-link\" rel=\"nofollow\">using chemical weapons</a> against civilians.</p>\r\n</div>\r\n<div class=\"g-item g-text\">\r\n<p class=\"g-body\">Has <a href=\"https://www.nytimes.com/2019/01/17/us/politics/tulsi-gabbard-gay-lgbtq.html\" class=\"bx-link\" rel=\"nofollow\">apologized for her history</a> of anti-gay statements and her past work for an anti-gay advocacy group.</p>\r\n</div>\r\n<div class=\"g-item g-text\">\r\n<p class=\"g-body\"><strong>Signature issue:</strong> Opposition to American military intervention overseas, including in countries like Syria.</p>\r\n<p class=\"g-body\"> </p>\r\n<div class=\"g-name\"><strong>Kamala Harris</strong><span class=\"g-age\">, 54 Democrat<br /></span></div>\r\n<div class=\"g-title\">Senator from California; former attorney general of California; former San Francisco district attorney</div>\r\n<div class=\"g-title\"> </div>\r\n<div class=\"g-title\">“I believe our country wants and needs some leadership that provides a vision of the country in which everyone could see themselves.” - Kamala Harris</div>\r\n<div class=\"g-title\"> </div>\r\n<div class=\"g-title\">Would bring a star power and history-making potential to the race that few other Democrats can match.\r\n<div class=\"g-item g-text\">\r\n<p class=\"g-body\">One of few new Democrats to join the Senate after 2016.</p>\r\n</div>\r\n<div class=\"g-item g-text\">\r\n<p class=\"g-body\"><a href=\"https://www.nytimes.com/2017/07/06/us/politics/senator-kamala-harris-democrats.html\" class=\"bx-link\" rel=\"nofollow\">Quickly drew notice</a> for her tough questioning of Mr. Trump’s cabinet nominees — and later, his <a href=\"https://www.nytimes.com/2018/09/06/us/politics/kavanaugh-hearings-kamala-harris-cory-booker.html\" class=\"bx-link\" rel=\"nofollow\">Supreme Court nominee</a> Brett M. Kavanaugh.</p>\r\n</div>\r\n<div class=\"g-item g-text\">\r\n<p class=\"g-body\"><strong>Signature issues:</strong> Unveiled middle-class tax cut legislation last fall, and has championed a liberal civil rights agenda in the Senate.</p>\r\n<p class=\"g-body\"> </p>\r\n<div class=\"g-item g-cand\">\r\n<div class=\"g-cand-wrapper\">\r\n<div class=\"g-info g-balance\">\r\n<div class=\"g-name\"><strong>Amy Klobuchar</strong><span class=\"g-age\">, 59 Democrat<br /></span></div>\r\n<div class=\"g-title\">Senator from Minnesota; former Hennepin County, Minn., attorney</div>\r\n<div class=\"g-img-quote-wrapper\">\r\n<div class=\"g-img-note-wrapper\">\r\n<div class=\"g-img g-running\"> </div>\r\n<div class=\"g-dem g-small-note\">Democrat</div>\r\n</div>\r\n<div class=\"g-quote\"> </div>\r\n<div class=\"g-quote\">“It is time to organize, time to galvanize, time to take back our democracy.” - Amy Klobuchar</div>\r\n</div>\r\n</div>\r\n</div>\r\n</div>\r\n<div class=\"g-item g-text\">\r\n<p class=\"g-body\">Became a hero to many Democrats for her stern, cool <a href=\"https://www.nytimes.com/2018/10/01/us/politics/brett-kavanaugh-temperament-honesty.html\" class=\"bx-link\" rel=\"nofollow\">questioning of Brett M. Kavanaugh</a> during his confirmation hearings.</p>\r\n</div>\r\n<div class=\"g-item g-text\">\r\n<p class=\"g-body\">Has called for Democrats to focus on reclaiming the swing states in the middle of the country.</p>\r\n</div>\r\n<div class=\"g-item g-text\">\r\n<p class=\"g-body\"><strong>Signature issues:</strong> Has championed legislation to combat the opioid crisis and drug addiction, and to address the cost of prescription drugs.</p>\r\n<p class=\"g-body\"> </p>\r\n<div class=\"g-item g-cand\">\r\n<div class=\"g-cand-wrapper\">\r\n<div class=\"g-info g-balance\">\r\n<div class=\"g-name\"><strong>Elizabeth Warren</strong><span class=\"g-age\">, 70 Democrat<br /></span></div>\r\n<div class=\"g-title\">Senator from Massachusetts; former Harvard professor</div>\r\n<div class=\"g-img-quote-wrapper\">\r\n<div class=\"g-img-note-wrapper\">\r\n<div class=\"g-img g-running\"> </div>\r\n<div class=\"g-dem g-small-note\">Democrat</div>\r\n</div>\r\n<div class=\"g-quote\"> </div>\r\n<div class=\"g-quote\">“It’s time for women to go to Washington and fix our broken government, and that includes a woman at the top.” - Elizabeth Warren</div>\r\n</div>\r\n</div>\r\n</div>\r\n</div>\r\n<div class=\"g-item g-text\">\r\n<p class=\"g-body\">Has done some of the most extensive preparations for a <a href=\"https://www.nytimes.com/2018/12/31/us/politics/elizabeth-warren-2020-president-announcement.html\" class=\"bx-link\" rel=\"nofollow\">presidential run</a>.</p>\r\n</div>\r\n<div class=\"g-item g-text\">\r\n<p class=\"g-body\">Attempted to dispatch questions about her Native American heritage by <a href=\"https://www.nytimes.com/2018/10/15/us/politics/elizabeth-warren-dna-ancestry.html\" class=\"bx-link\" rel=\"nofollow\">releasing the results of a DNA test</a>.</p>\r\n</div>\r\n<div class=\"g-item g-text\">\r\n<p class=\"g-body\">That effort <a href=\"https://www.nytimes.com/2018/12/06/us/politics/elizabeth-warren-dna-test-2020.html?module=inline\" class=\"bx-link\" rel=\"nofollow\">raised questions</a> about her readiness for a national bid.</p>\r\n</div>\r\n<div class=\"g-item g-text\">\r\n<p class=\"g-body\"><strong>Signature issues:</strong> Income inequality and what she sees as a middle class under attack from big corporations and political corruption.</p>\r\n<p class=\"g-body\"> </p>\r\n<div class=\"g-item g-cand\">\r\n<div class=\"g-cand-wrapper\">\r\n<div class=\"g-info g-balance\">\r\n<div class=\"g-name\"><strong>Marianne Williamson</strong><span class=\"g-age\">, 67 Democrat<br /></span></div>\r\n<div class=\"g-title\">Self-help author, new age lecturer</div>\r\n<div class=\"g-img-quote-wrapper\">\r\n<div class=\"g-img-note-wrapper\">\r\n<div class=\"g-img g-running\"> </div>\r\n<div class=\"g-dem g-small-note\">Democrat</div>\r\n</div>\r\n<div class=\"g-quote\"> </div>\r\n<div class=\"g-quote\">“We need a moral and spiritual awakening in the country … Nothing short of that is adequate to fundamentally change the patterns of our political dysfunction.” - Marianne Williamson</div>\r\n</div>\r\n</div>\r\n</div>\r\n</div>\r\n<div class=\"g-item g-text\">\r\n<p class=\"g-body\">The author of more than a dozen self-help and spirituality books.</p>\r\n</div>\r\n<div class=\"g-item g-text\">\r\n<p class=\"g-body\">Ran for Congress as an independent in 2014, and lost.</p>\r\n</div>\r\n<div class=\"g-item g-text\">\r\n<p class=\"g-body\">Championed the rights of gay men with AIDS, founding a charity that now supplies meals to people with serious illnesses.</p>\r\n</div>\r\n<div class=\"g-item g-text\">\r\n<p class=\"g-body\"><strong>Signature issues:</strong> Has proposed $100 billion in reparations for slavery, with $10 billion to be distributed annually over a decade for economic and education projects.</p>\r\n<p class=\"g-body\"> </p>\r\n<p class=\"g-body\"> </p>\r\n</div>\r\n</div>\r\n</div>\r\n</div>\r\n</div>\r\n<p class=\"g-body\"> </p>\r\n<p class=\"g-body\"> </p>\r\n</div>','US','','','','','approved',0,1567087133,77,'w','',0,0,'',1,0,0,0,0,0,0,'',0,0,0,'','','','',0,0,'','https://www.nytimes.com/interactive/2019/us/politics/2020-presidential-candidates.html','',''),(38,'Welfare in Massachusetts','Welfare-in-Massachusetts','WelfareOffices.org provides listings of government welfare offices, hours, photos, and details. ','<div class=\"widget-container widget_categories\">\n<h3 class=\"widget-title\">Categories Of Assistance</h3>\n<ul><li>Child Assistance</li>\n<li>Food Assistance</li>\n<li>Housing Assistance</li>\n<li>Job Finding Assistance</li>\n<li>Cash Assistance</li>\n<li>Medical Assistance</li>\n<li>Utility Assistance</li>\n<li>Legal Assistance</li>\n</ul></div>','US','','MA','','','approved',0,1567107292,77,'w','',0,0,'',1,0,0,0,0,0,0,'',0,0,0,'','','','',0,0,'','https://www.welfareoffices.org/st/massachusetts','',''),(39,'Public Housing','Public-Housing','PublicHousing.com\'s listings include subsidized affordable and low income apartment properties. ','<p>The forms of listings include: <strong>HUD apartments, Public Housing Apartments, Low Income Apartments, Subsidized Apartments, Senior Subsidized Apartments, Apartments for Disabled and local Housing Authority listings and apartments</strong>. Rental rates often times vary based on income. The site lists all the cities in Massachusetts for low income housing.</p>','US','Springfield, MA','MA','','','approved',0,1567107554,77,'p','',0,0,'',1,0,0,0,0,0,0,'',0,0,0,'','','','',0,0,'','https://www.publichousing.com/state/massachusetts','',''),(40,'Springfield, MA Low Income Housing','Springfield-MA-Low-Income-Housing','Find low income apartments in Springfield along with non profit organizations that help with low income housing along with HUD apartments, public housing apartments, public housing authorities, and housing assistance agencies. ','<p>There are 31 low income housing possibilities within Springfield, MA</p>','US','Springfield','MA','','','approved',0,1567108008,77,'s','',0,0,'',1,0,0,0,0,0,0,'',0,0,0,'','','','',0,0,'','https://www.lowincomehousing.us/MA/springfield.html','',''),(41,'Low Income Housing in Holyoke, MA','Low-Income-Housing-in-Holyoke-MA','Find low income apartments in Holyoke, MA along with non profit organizations that help with low income housing along with HUD apartments, public housing apartments, public housing authorities, and housing assistance agencies. ','<p>There are 14 low income housing complexes in Holyoke, MA</p>','US','Holyoke','MA','','','approved',0,1567108160,77,'l','',0,0,'',1,0,0,0,0,0,0,'',0,0,0,'','','','',0,0,'','https://www.lowincomehousing.us/MA/holyoke.html','',''),(42,'Halway houses in Springfield, MA','Halway-houses-in-Springfield-MA','Call 1-800-496-0542 to speak with an alcohol or drug abuse counselor.\r\n\r\n','<p>Their goal is to help those that need help. The listings include as many halfway houses / sober living facility locations as possible for the users. Many of the in patient treatment center halfway houses offer low income and sliding scale payment programs.</p>','US','Springfield','MA','','','approved',0,1567108368,77,'h','',0,0,'',1,0,0,0,0,0,0,'',0,0,0,'','','','',0,0,'','https://www.halfwayhouses.us/city/ma-springfield','',''),(43,'Halfway Houses in Holyoke, MA','Halfway-Houses-in-Holyoke-MA','Call 1-800-496-0542 to speak with an alcohol or drug abuse counselor.','<p>Their goal is to help those that need help. Their listings include as many halfway houses / sober living facility locations as possible for their users. Many of the in patient treatment center halfway houses offer low income and sliding scale payment programs.</p>','US','Holyoke','MA','','','approved',0,1567108509,77,'h','',0,0,'',1,0,0,0,0,0,0,'',0,0,0,'','','','',0,0,'','https://www.halfwayhouses.us/city/ma-holyoke','',''),(44,'Halfway Houses in Holyoke, MA','Halfway-Houses-in-Holyoke-MA-2019-08-29','Call 1-800-496-0542 to speak with an alcohol or drug abuse counselor.','<p>Their goal is to help those that need help. Their listings include as many halfway houses / sober living facility locations as possible for their users. Many of the in patient treatment center halfway houses offer low income and sliding scale payment programs.</p>','US','Holyoke','','','','approved',0,1567108543,77,'h','',0,0,'',1,0,0,0,0,0,0,'',0,0,0,'','','','',0,0,'','https://www.halfwayhouses.us/city/ma-holyoke','',''),(45,'Assistance with Paying Bills/Office of Housing SPRINGFIELD','Assistance-with-Paying-Bills-Office-of-Housing-SPRINGFIELD','Assistance with paying bills for low income families','<p>Office of Housing in Springfield can help low income families with bill paying.</p>','','Springfield, MA ','','1600 E. Columbus Avenue','','approved',0,1567108986,77,'a','',0,0,'',1,0,0,0,0,0,0,'',0,0,0,'','','','',0,0,'','http://www.billshelp.org/li/2562_office-of-housing-springfield','(413) 787 6500',''),(46,'Help with paying bills in Holyoke','Help-with-paying-bills-in-Holyoke','Organization for helping paying bills','<p>This organization might be of help with paying bills for low income families</p>','','Holyoke, MA','','Room 400, City Hall Annex','','approved',0,1567109317,77,'h','',0,0,'',1,0,0,0,0,0,0,'',0,0,0,'','','','',0,0,'','http://www.billshelp.org/ci/ma-holyoke','(413) 322-5610',''),(47,'The Bloom Community Workspace & Family Center','The-Bloom-Community-Workspace-Family-Center','Community Coworking with On-site Childcare','<p style=\"margin:0px;font-size:11px;line-height:normal;font-family:\'Helvetica Neue\';color:#000000;\"><span>The Bloom Community Workspace, Wellness &amp; Family Center </span>is a non-profit co-working &amp; private office space with flexible on-site childcare and wellness support located in the heart of downtown Northampton, Massachusetts. </p>\n<p style=\"margin:0px;font-size:11px;line-height:normal;font-family:\'Helvetica Neue\';color:#000000;\"> </p>\n<p style=\"margin:0px;font-size:11px;line-height:normal;font-family:\'Helvetica Neue\';color:#000000;\"><span>With a variety of professional spaces available for work, meetings, events, and therapeutic sessions, Bloom strengthens community resiliency by empowering working parents to achieve financial security while nurturing familial integrity and personal wellness. </span></p>\n<p style=\"margin:0px;font-size:11px;line-height:normal;font-family:\'Helvetica Neue\';color:#000000;\"> </p>\n<p style=\"margin:0px;font-size:11px;line-height:normal;font-family:\'Helvetica Neue\';color:#000000;\"><span>Our membership community includes self-employed entrepreneurs &amp; service practitioners, remote workers, freelance contractors, and parents who need access to quiet, productive workspace alongside flexible, enriching childcare, all under one roof. Our on-site Family Center allows us to bridge the gap between work and home and integrate our ideal life balance, so we can reach our career goals without sacrificing personal or family wellbeing.</span></p>\n<p style=\"margin:0px;font-size:11px;line-height:normal;font-family:\'Helvetica Neue\';color:#000000;\"> </p>\n<p style=\"margin:0px;font-size:11px;line-height:normal;font-family:\'Helvetica Neue\';color:#000000;\"><span>The Bloom Family Center is a unique childcare and early education environment in Northampton, MA. Our inclusive Play School program provides onsite childcare to working parents committed to strengthening the health and well-being of their families and the local community. Our approach includes low child:caregiver ratios and a gentle play-to-learn model that reflects Montessori, Waldorf, and attachment parenting styles, integrating a natural learning curriculum designed to encourage and support skill building, cooperation and empathy across all age tiers. Our cooperative model affords our members low-cost childcare at variable rates $5-10/hour. Flexible drop-in childcare is open to all ages in our Play School from 9am to 5:30pm, Monday through Friday.</span></p>\n<p style=\"margin:0px;font-size:11px;line-height:normal;font-family:\'Helvetica Neue\';color:#000000;\"> </p>\n<p style=\"margin:0px;font-size:11px;line-height:normal;font-family:\'Helvetica Neue\';color:#000000;\"><span>Our new Wellness Suite is available by the hour to therapeutic practitioners of all types, who can also offer our on-site childcare to their clients as a unique and convenient amenity to their service. Reserved desk space in the Wellness Suite is also available. All of our members receive discounts on childcare and room rental rates. </span></p>\n<p style=\"margin:0px;font-size:11px;line-height:normal;font-family:\'Helvetica Neue\';color:#000000;\"> </p>\n<p style=\"margin:0px;font-size:11px;line-height:normal;font-family:\'Helvetica Neue\';color:#000000;\"><span>Financial aid is available through Membership Grants open to economically disadvantaged women seeking to create financial independence for their families, with special consideration given to single mothers, survivors of domestic violence, and mothers continuing their education. Work/trade scholarships are also available to skilled applicants on a limited basis.</span></p>\n<p style=\"margin:0px;font-size:11px;line-height:normal;font-family:\'Helvetica Neue\';color:#000000;\"> </p>\n<p style=\"margin:0px;font-size:11px;line-height:normal;font-family:\'Helvetica Neue\';color:#000000;\"><span>When we work together, we CAN have it all...family, career &amp; self-care. We balance it all at Bloom!</span></p>\n<p style=\"margin:0px;font-size:11px;line-height:normal;font-family:\'Helvetica Neue\';color:#000000;\"> </p>\n<p style=\"margin:0px;font-size:16px;line-height:normal;font-family:Helvetica;color:#000000;\"><span>The Bloom Community Workspace, Wellness &amp; Family Center ∞ </span></p>\n<p style=\"margin:0px;font-size:11px;line-height:normal;font-family:\'Helvetica Neue\';color:#000000;\"> </p>\n<p style=\"margin:0px;font-size:16px;line-height:normal;font-family:Helvetica;color:#000000;\"><span>20 Hampton Avenue Suite 160, Northampton MA 01060 ∞ </span></p>\n<p style=\"margin:0px;font-size:16px;line-height:normal;font-family:Helvetica;color:#000000;\"><span><span> </span></span></p>\n<h4 style=\"margin:0px;line-height:1.2;font-weight:400;color:#ffffff;font-family:\'Open Sans\', \'Helvetica Neue\', Arial, Helvetica, sans-serif;\"> </h4>','US','Northampton','MA','20 Hampton Avenue Suite 160+180+185','01060','approved',0,1584279701,87,'t','',0,0,'',1,0,1,0,0,0,0,'',0,0,0,'','','','',0,0,'','www.thebloomcommunity.org','413-341-2184','hello@thebloomcommunity.org');

--
-- Table structure for table `modzzz_articles_rating`
--

CREATE TABLE `modzzz_articles_rating` (
  `gal_id` smallint(6) NOT NULL DEFAULT '0',
  `gal_rating_count` int(11) NOT NULL DEFAULT '0',
  `gal_rating_sum` int(11) NOT NULL DEFAULT '0',
  UNIQUE KEY `gal_id` (`gal_id`)
) ENGINE=MyISAM DEFAULT CHARSET=utf8;

--
-- Dumping data for table `modzzz_articles_rating`
--


--
-- Table structure for table `modzzz_articles_rating_track`
--

CREATE TABLE `modzzz_articles_rating_track` (
  `gal_id` smallint(6) NOT NULL DEFAULT '0',
  `gal_ip` varchar(20) DEFAULT NULL,
  `gal_date` datetime DEFAULT NULL,
  KEY `gal_ip` (`gal_ip`,`gal_id`)
) ENGINE=MyISAM DEFAULT CHARSET=utf8;

--
-- Dumping data for table `modzzz_articles_rating_track`
--


--
-- Table structure for table `modzzz_articles_react_admin`
--

CREATE TABLE `modzzz_articles_react_admin` (
  `ID` int(11) NOT NULL AUTO_INCREMENT,
  `Name` varchar(255) NOT NULL DEFAULT '',
  `Active` int(11) NOT NULL,
  PRIMARY KEY (`ID`)
) ENGINE=MyISAM AUTO_INCREMENT=6 DEFAULT CHARSET=utf8;

--
-- Dumping data for table `modzzz_articles_react_admin`
--

INSERT INTO `modzzz_articles_react_admin` VALUES (1,'lol',1),(2,'wow',1),(3,'sorry, hugs',1),(4,'you rock',1),(5,'I understand',1);

--
-- Table structure for table `modzzz_articles_react_tracking`
--

CREATE TABLE `modzzz_articles_react_tracking` (
  `ReactID` int(11) NOT NULL,
  `ConfessID` int(11) NOT NULL,
  `MemberID` int(11) NOT NULL,
  PRIMARY KEY (`ReactID`,`ConfessID`,`MemberID`)
) ENGINE=MyISAM DEFAULT CHARSET=utf8;

--
-- Dumping data for table `modzzz_articles_react_tracking`
--


--
-- Table structure for table `modzzz_articles_sounds`
--

CREATE TABLE `modzzz_articles_sounds` (
  `entry_id` int(10) unsigned NOT NULL,
  `media_id` int(11) NOT NULL,
  UNIQUE KEY `entry_id` (`entry_id`,`media_id`)
) ENGINE=MyISAM DEFAULT CHARSET=utf8;

--
-- Dumping data for table `modzzz_articles_sounds`
--


--
-- Table structure for table `modzzz_articles_videos`
--

CREATE TABLE `modzzz_articles_videos` (
  `entry_id` int(10) unsigned NOT NULL,
  `media_id` int(11) NOT NULL,
  UNIQUE KEY `entry_id` (`entry_id`,`media_id`)
) ENGINE=MyISAM DEFAULT CHARSET=utf8;

--
-- Dumping data for table `modzzz_articles_videos`
--


--
-- Table structure for table `modzzz_articles_views_track`
--

CREATE TABLE `modzzz_articles_views_track` (
  `id` int(10) unsigned NOT NULL,
  `viewer` int(10) unsigned NOT NULL,
  `ip` int(10) unsigned NOT NULL,
  `ts` int(10) unsigned NOT NULL,
  KEY `id` (`id`,`viewer`,`ip`)
) ENGINE=MyISAM DEFAULT CHARSET=utf8;

--
-- Dumping data for table `modzzz_articles_views_track`
--

INSERT INTO `modzzz_articles_views_track` VALUES (21,12,1206626112,1546889585),(14,12,1206626112,1547049850),(34,77,2923395480,1565382615),(47,87,2931819014,1584280857),(14,3,1206626112,1625054128),(32,3,1206626112,1625054137),(33,3,1206626112,1625054157);

--
-- Table structure for table `modzzz_articles_vote_tracking`
--

CREATE TABLE `modzzz_articles_vote_tracking` (
  `ID` int(11) NOT NULL,
  `OwnerID` int(11) NOT NULL,
  PRIMARY KEY (`ID`,`OwnerID`)
) ENGINE=MyISAM DEFAULT CHARSET=utf8;

--
-- Dumping data for table `modzzz_articles_vote_tracking`
--


--
-- Table structure for table `modzzz_articles_youtube`
--

CREATE TABLE `modzzz_articles_youtube` (
  `id` int(10) unsigned NOT NULL AUTO_INCREMENT,
  `id_entry` int(10) unsigned NOT NULL,
  `url` varchar(255) NOT NULL,
  `title` varchar(255) NOT NULL,
  PRIMARY KEY (`id`)
) ENGINE=MyISAM DEFAULT CHARSET=utf8;

--
-- Dumping data for table `modzzz_articles_youtube`
--


--
-- Table structure for table `modzzz_manager_archive`
--

CREATE TABLE `modzzz_manager_archive` (
  `ID` int(10) unsigned NOT NULL AUTO_INCREMENT,
  `Caption` varchar(100) NOT NULL,
  `Icon` varchar(100) NOT NULL,
  `Url` varchar(250) NOT NULL,
  `Script` varchar(250) NOT NULL,
  `Eval` text NOT NULL,
  `Order` int(5) NOT NULL,
  `Type` varchar(20) NOT NULL,
  `bDisplayInSubMenuHeader` tinyint(1) NOT NULL DEFAULT '0',
  `Date` int(5) NOT NULL,
  PRIMARY KEY (`ID`)
) ENGINE=MyISAM AUTO_INCREMENT=153 DEFAULT CHARSET=utf8;

--
-- Dumping data for table `modzzz_manager_archive`
--

INSERT INTO `modzzz_manager_archive` VALUES (82,'{cpt_feature}','asterisk','','getHtmlData(\'ajaxy_popup_result_div_{ID}\', \'list_pop.php?action={act_feature}&ID={ID}\', false, \'post\'); return false;','',15,'Profile',0,1482418819),(7,'{cpt_greet}','hand-o-right','','{evalResult}','if ({ID} == {member_id}) return;\r\n\r\nreturn \"$.post(\'greet.php\', { sendto: \'{ID}\' }, function(sData){ $(\'#ajaxy_popup_result_div_{ID}\').html(sData) } );return false;\";\r\n',5,'Profile',0,1482418890),(8,'{cpt_get_mail}','envelope-o','','{evalResult}','if ({ID} == {member_id}) return;\r\n\r\n$bAnonymousMode  = \'{anonym_mode}\';\r\n\r\nif ( !$bAnonymousMode ) {\r\n    return \"$.post(\'freemail.php\', { ID: \'{ID}\' }, function(sData){ $(\'#ajaxy_popup_result_div_{ID}\').html(sData) } );return false;\";\r\n}\r\n',6,'Profile',0,1482418899),(3,'{cpt_fave}','asterisk','','{evalResult}','return $GLOBALS[\'oTopMenu\']->getScriptFaveAdd({ID}, {member_id});',3,'Profile',0,1482418915),(4,'{cpt_remove_fave}','asterisk','','{evalResult}','return $GLOBALS[\'oTopMenu\']->getScriptFaveCancel({ID}, {member_id});',3,'Profile',0,1482418919),(10,'{cpt_report}','exclamation-circle','','{evalResult}','if ({ID} == {member_id}) return;\r\n\r\nreturn  \"$.post(\'list_pop.php?action=spam\', { ID: \'{ID}\' }, function(sData){ $(\'#ajaxy_popup_result_div_{ID}\').html(sData) } );return false;\";\r\n',8,'Profile',0,1482418940),(104,'{TitleSubscribe}','paperclip','','{ScriptSubscribe}','',13,'bx_groups',0,1482419173),(100,'{TitleUploadPhotos}','picture-o','{BaseUri}upload_photos/{URI}','','',9,'bx_groups',0,1482419195),(81,'{cpt_delete_spam}','times','','getHtmlData(\'ajaxy_popup_result_div_{ID}\', \'list_pop.php?action=delete_spam&ID={ID}\', false, \'post\', true); return false;','',12,'Profile',0,1482426964),(98,'{AddToFeatured}','star-o','','getHtmlData( \'ajaxy_popup_result_div_{ID}\', \'{evalResult}\', false, \'post\');return false;','$oConfig = $GLOBALS[\'oBxGroupsModule\']->_oConfig; return BX_DOL_URL_ROOT . $oConfig->getBaseUri() . \'mark_featured/{ID}\';',6,'bx_groups',0,1482419260),(152,'_bx_ads_RSS','rss','rss_factory.php?action=ads&pid={owner_id}','','',8,'bx_ads',0,1482419532),(80,'{cpt_delete}','times','','getHtmlData(\'ajaxy_popup_result_div_{ID}\', \'list_pop.php?action=delete&ID={ID}\', false, \'post\', true); return false;','',11,'Profile',0,1482426975),(79,'{cpt_ban}','exclamation-circle','','getHtmlData(\'ajaxy_popup_result_div_{ID}\', \'list_pop.php?action={act_ban}&ID={ID}\', false, \'post\'); return false;','',10,'Profile',0,1482427004),(78,'{cpt_activate}','check','','getHtmlData(\'ajaxy_popup_result_div_{ID}\', \'list_pop.php?action={act_activate}&ID={ID}\', false, \'post\'); return false;','',9,'Profile',0,1482427011);

--
-- Table structure for table `sys_account_custom_stat_elements`
--

CREATE TABLE `sys_account_custom_stat_elements` (
  `ID` int(2) NOT NULL AUTO_INCREMENT,
  `Label` varchar(128) NOT NULL,
  `Value` varchar(255) NOT NULL,
  PRIMARY KEY (`ID`)
) ENGINE=MyISAM AUTO_INCREMENT=11 DEFAULT CHARSET=utf8;

--
-- Dumping data for table `sys_account_custom_stat_elements`
--

INSERT INTO `sys_account_custom_stat_elements` VALUES (1,'_bx_events','__bx_events__ (<a href=\"modules/?r=events/browse/my&bx_events_filter=add_event\">__l_add__</a>)'),(2,'_bx_photos','__phs__ (<a href=\"modules/?r=photos/albums/my/main/\">__l_add__</a>)'),(7,'_bx_groups','__bx_groups__ (<a href=\"modules/?r=groups/browse/my&bx_groups_filter=add_group\">__l_add__</a>)'),(10,'_bx_ads_Ads','__mad__ (<a href=\"__site_url__ads/my_page/add/\">__l_add__</a>)'),(6,'_bx_forums','__mop__ (<a href=\"__site_url__forum/\">__l_add__</a>)'),(9,'_modzzz_articles','__modzzz_articles__ (<a href=\"modules/?r=articles/browse/my&filter=add_article\">__l_add__</a>)');

--
-- Table structure for table `sys_acl_actions`
--

CREATE TABLE `sys_acl_actions` (
  `ID` smallint(5) unsigned NOT NULL AUTO_INCREMENT,
  `Name` varchar(255) NOT NULL DEFAULT '',
  `AdditionalParamName` varchar(80) DEFAULT NULL,
  PRIMARY KEY (`ID`)
) ENGINE=MyISAM AUTO_INCREMENT=111 DEFAULT CHARSET=utf8;

--
-- Dumping data for table `sys_acl_actions`
--

INSERT INTO `sys_acl_actions` VALUES (1,'send greetings',NULL),(2,'view profiles',NULL),(3,'vote',NULL),(4,'send messages',NULL),(5,'get other members emails',NULL),(6,'comments post',NULL),(7,'comments vote',NULL),(8,'comments edit own',NULL),(9,'comments remove own',NULL),(15,'events view',NULL),(16,'events browse',NULL),(17,'events search',NULL),(18,'events add',NULL),(19,'events comments delete and edit',NULL),(20,'events edit any event',NULL),(21,'events delete any event',NULL),(22,'events mark as featured',NULL),(23,'events approve',NULL),(24,'events broadcast message',NULL),(25,'timeline post comment',''),(26,'timeline delete comment',''),(27,'photos view',NULL),(28,'photos add',NULL),(29,'photos delete',NULL),(30,'photos approve',NULL),(31,'photos edit',NULL),(32,'Feedback Delete',''),(33,'News Delete',''),(69,'groups view group',NULL),(35,'use simple messenger',NULL),(109,'ads delete any ad',NULL),(108,'ads edit any ad',NULL),(107,'ads add',NULL),(106,'ads search',NULL),(105,'ads browse',NULL),(104,'ads view',NULL),(51,'forum public read',NULL),(52,'forum public post',NULL),(53,'forum private read',NULL),(54,'forum private post',NULL),(55,'forum search',NULL),(56,'forum files download',NULL),(57,'forum edit all',NULL),(58,'forum delete all',NULL),(59,'forum make sticky',NULL),(60,'forum del topics',NULL),(61,'forum move topics',NULL),(62,'forum hide topics',NULL),(63,'forum unhide topics',NULL),(64,'forum hide posts',NULL),(65,'forum unhide posts',NULL),(66,'avatar upload',NULL),(67,'avatar edit any',NULL),(68,'avatar delete any',NULL),(70,'groups browse',NULL),(71,'groups search',NULL),(72,'groups add group',NULL),(73,'groups comments delete and edit',NULL),(74,'groups edit any group',NULL),(75,'groups delete any group',NULL),(76,'groups mark as featured',NULL),(77,'groups approve groups',NULL),(78,'groups broadcast message',NULL),(79,'timeline repost',''),(92,'articles mark as favorite',NULL),(110,'ads approving',NULL),(93,'articles autoapprove article',NULL),(94,'articles view article',NULL),(95,'articles browse',NULL),(96,'articles search',NULL),(97,'articles add article',NULL),(98,'articles comments delete and edit',NULL),(99,'articles edit any article',NULL),(100,'articles delete any article',NULL),(101,'articles mark as featured',NULL),(102,'articles approve articles',NULL),(103,'articles allow embed',NULL);

--
-- Table structure for table `sys_acl_actions_track`
--

CREATE TABLE `sys_acl_actions_track` (
  `IDAction` smallint(5) unsigned NOT NULL DEFAULT '0',
  `IDMember` int(10) unsigned NOT NULL DEFAULT '0',
  `ActionsLeft` smallint(5) unsigned NOT NULL DEFAULT '0',
  `ValidSince` datetime DEFAULT NULL,
  PRIMARY KEY (`IDAction`,`IDMember`)
) ENGINE=MyISAM DEFAULT CHARSET=utf8;

--
-- Dumping data for table `sys_acl_actions_track`
--

INSERT INTO `sys_acl_actions_track` VALUES (1,1,4,'2015-05-05 01:21:51'),(1,2,4,'2015-06-10 00:38:01'),(4,2,9,'2015-04-08 16:08:21'),(4,1,9,'2015-04-08 16:27:43'),(1,3,4,'2021-06-30 08:45:50'),(1,12,4,'2019-05-02 13:09:14'),(4,12,0,'2016-12-22 13:18:08'),(1,13,4,'2016-06-03 13:11:56'),(4,3,10,'2016-11-15 16:42:13'),(1,17,4,'2016-06-16 12:30:42'),(1,19,4,'2016-06-28 12:45:52'),(4,19,10,'2016-06-16 15:00:52'),(1,24,4,'2019-05-01 14:51:58'),(1,26,4,'2016-10-14 12:18:18'),(4,24,9,'2016-11-04 18:06:11'),(1,23,4,'2016-10-18 06:06:50'),(1,27,4,'2016-10-27 23:02:23'),(1,36,4,'2016-12-22 13:20:48'),(1,37,4,'2020-10-09 21:18:14'),(1,39,4,'2019-05-30 17:44:47'),(1,40,4,'2018-07-08 23:54:22'),(1,46,4,'2019-01-07 06:48:26'),(1,48,4,'2019-01-08 17:04:30'),(1,50,4,'2019-11-05 10:25:53'),(1,53,4,'2019-02-03 17:28:46'),(1,57,4,'2019-02-16 09:59:07'),(1,45,4,'2019-02-16 11:57:24'),(1,58,4,'2019-03-08 12:02:59'),(1,55,4,'2019-04-13 19:07:30'),(1,72,4,'2019-06-01 14:26:10'),(1,77,4,'2019-08-29 15:55:13'),(1,80,4,'2019-10-23 03:03:10'),(1,84,4,'2019-12-05 23:53:31'),(1,87,4,'2020-03-14 15:29:27'),(1,93,4,'2020-03-23 12:03:45'),(1,94,4,'2020-03-23 13:10:49'),(1,95,4,'2020-03-27 10:35:02'),(1,96,4,'2020-04-07 09:01:21'),(1,97,4,'2020-04-15 10:32:56'),(1,100,4,'2020-04-15 13:33:33'),(1,101,4,'2020-04-15 13:53:22'),(1,103,4,'2020-04-16 03:48:38'),(1,108,4,'2020-04-16 18:00:53'),(1,109,4,'2020-04-19 11:42:12'),(1,110,4,'2020-04-19 14:05:08'),(1,111,4,'2020-04-27 16:50:44'),(1,113,4,'2020-05-02 14:14:09'),(1,114,4,'2020-05-06 17:08:07'),(1,115,4,'2020-05-09 08:46:33'),(1,118,4,'2020-09-19 01:19:04'),(1,127,4,'2020-12-06 17:25:42'),(1,130,4,'2020-12-17 18:18:35'),(1,141,4,'2021-07-01 08:24:34'),(1,133,4,'2021-07-01 18:38:42');

--
-- Table structure for table `sys_acl_level_prices`
--

CREATE TABLE `sys_acl_level_prices` (
  `id` int(11) NOT NULL AUTO_INCREMENT,
  `IDLevel` smallint(5) unsigned NOT NULL DEFAULT '0',
  `Days` int(10) unsigned NOT NULL DEFAULT '1',
  `Price` float unsigned NOT NULL DEFAULT '1',
  PRIMARY KEY (`id`),
  UNIQUE KEY `type` (`IDLevel`,`Days`)
) ENGINE=MyISAM DEFAULT CHARSET=utf8;

--
-- Dumping data for table `sys_acl_level_prices`
--


--
-- Table structure for table `sys_acl_levels`
--

CREATE TABLE `sys_acl_levels` (
  `ID` int(11) NOT NULL AUTO_INCREMENT,
  `Name` varchar(100) NOT NULL DEFAULT '',
  `Icon` varchar(255) NOT NULL DEFAULT '',
  `Description` text NOT NULL,
  `Active` enum('yes','no') NOT NULL DEFAULT 'no',
  `Purchasable` enum('yes','no') NOT NULL DEFAULT 'yes',
  `Removable` enum('yes','no') NOT NULL DEFAULT 'yes',
  `Order` int(11) NOT NULL DEFAULT '0',
  PRIMARY KEY (`ID`),
  UNIQUE KEY `Name` (`Name`)
) ENGINE=MyISAM AUTO_INCREMENT=4 DEFAULT CHARSET=utf8;

--
-- Dumping data for table `sys_acl_levels`
--

INSERT INTO `sys_acl_levels` VALUES (1,'Non-member','non-member.png','','yes','no','no',0),(2,'Standard','member.png','','yes','no','no',0),(3,'Promotion','promotion.png','','yes','no','no',0);

--
-- Table structure for table `sys_acl_levels_members`
--

CREATE TABLE `sys_acl_levels_members` (
  `IDMember` int(10) unsigned NOT NULL DEFAULT '0',
  `IDLevel` smallint(5) unsigned NOT NULL DEFAULT '0',
  `DateStarts` datetime NOT NULL DEFAULT '0000-00-00 00:00:00',
  `DateExpires` datetime DEFAULT NULL,
  `TransactionID` varchar(16) NOT NULL DEFAULT '',
  `Expiring` tinyint(4) unsigned NOT NULL DEFAULT '0',
  PRIMARY KEY (`IDMember`,`IDLevel`,`DateStarts`)
) ENGINE=MyISAM DEFAULT CHARSET=utf8;

--
-- Dumping data for table `sys_acl_levels_members`
--


--
-- Table structure for table `sys_acl_matrix`
--

CREATE TABLE `sys_acl_matrix` (
  `IDLevel` smallint(5) unsigned NOT NULL DEFAULT '0',
  `IDAction` smallint(5) unsigned NOT NULL DEFAULT '0',
  `AllowedCount` smallint(5) unsigned DEFAULT NULL,
  `AllowedPeriodLen` smallint(5) unsigned DEFAULT NULL,
  `AllowedPeriodStart` datetime DEFAULT NULL,
  `AllowedPeriodEnd` datetime DEFAULT NULL,
  `AdditionalParamValue` varchar(255) DEFAULT NULL,
  PRIMARY KEY (`IDLevel`,`IDAction`)
) ENGINE=MyISAM DEFAULT CHARSET=utf8;

--
-- Dumping data for table `sys_acl_matrix`
--

INSERT INTO `sys_acl_matrix` VALUES (1,2,NULL,NULL,NULL,NULL,NULL),(1,3,NULL,NULL,NULL,NULL,NULL),(1,7,NULL,NULL,NULL,NULL,NULL),(2,1,4,24,NULL,NULL,NULL),(2,2,NULL,NULL,NULL,NULL,NULL),(2,3,NULL,NULL,NULL,NULL,NULL),(2,4,NULL,NULL,NULL,NULL,NULL),(2,6,NULL,NULL,NULL,NULL,NULL),(2,7,NULL,NULL,NULL,NULL,NULL),(2,8,NULL,NULL,NULL,NULL,NULL),(2,9,NULL,NULL,NULL,NULL,NULL),(3,1,NULL,NULL,NULL,NULL,NULL),(3,2,NULL,NULL,NULL,NULL,NULL),(3,3,NULL,NULL,NULL,NULL,NULL),(3,4,NULL,NULL,NULL,NULL,NULL),(3,6,NULL,NULL,NULL,NULL,NULL),(3,7,NULL,NULL,NULL,NULL,NULL),(3,8,NULL,NULL,NULL,NULL,NULL),(3,9,NULL,NULL,NULL,NULL,NULL),(1,13,NULL,NULL,NULL,NULL,NULL),(2,13,NULL,NULL,NULL,NULL,NULL),(3,13,NULL,NULL,NULL,NULL,NULL),(1,14,NULL,NULL,NULL,NULL,NULL),(2,14,NULL,NULL,NULL,NULL,NULL),(3,14,NULL,NULL,NULL,NULL,NULL),(1,15,NULL,NULL,NULL,NULL,NULL),(2,15,NULL,NULL,NULL,NULL,NULL),(3,15,NULL,NULL,NULL,NULL,NULL),(1,16,NULL,NULL,NULL,NULL,NULL),(2,16,NULL,NULL,NULL,NULL,NULL),(3,16,NULL,NULL,NULL,NULL,NULL),(1,17,NULL,NULL,NULL,NULL,NULL),(2,17,NULL,NULL,NULL,NULL,NULL),(3,17,NULL,NULL,NULL,NULL,NULL),(2,18,NULL,NULL,NULL,NULL,NULL),(3,18,NULL,NULL,NULL,NULL,NULL),(2,25,NULL,NULL,NULL,NULL,NULL),(3,25,NULL,NULL,NULL,NULL,NULL),(1,27,NULL,NULL,NULL,NULL,NULL),(2,27,NULL,NULL,NULL,NULL,NULL),(3,27,NULL,NULL,NULL,NULL,NULL),(2,28,NULL,NULL,NULL,NULL,NULL),(3,28,NULL,NULL,NULL,NULL,NULL),(2,69,NULL,NULL,NULL,NULL,NULL),(1,69,NULL,NULL,NULL,NULL,NULL),(2,35,NULL,NULL,NULL,NULL,NULL),(3,35,NULL,NULL,NULL,NULL,NULL),(2,39,NULL,NULL,NULL,NULL,NULL),(3,39,NULL,NULL,NULL,NULL,NULL),(3,107,NULL,NULL,NULL,NULL,NULL),(2,107,NULL,NULL,NULL,NULL,NULL),(3,106,NULL,NULL,NULL,NULL,NULL),(2,106,NULL,NULL,NULL,NULL,NULL),(1,106,NULL,NULL,NULL,NULL,NULL),(3,105,NULL,NULL,NULL,NULL,NULL),(2,105,NULL,NULL,NULL,NULL,NULL),(1,105,NULL,NULL,NULL,NULL,NULL),(3,104,NULL,NULL,NULL,NULL,NULL),(2,104,NULL,NULL,NULL,NULL,NULL),(1,104,NULL,NULL,NULL,NULL,NULL),(1,51,NULL,NULL,NULL,NULL,NULL),(2,51,NULL,NULL,NULL,NULL,NULL),(3,51,NULL,NULL,NULL,NULL,NULL),(2,52,NULL,NULL,NULL,NULL,NULL),(3,52,NULL,NULL,NULL,NULL,NULL),(3,53,NULL,NULL,NULL,NULL,NULL),(3,54,NULL,NULL,NULL,NULL,NULL),(1,55,NULL,NULL,NULL,NULL,NULL),(2,55,NULL,NULL,NULL,NULL,NULL),(3,55,NULL,NULL,NULL,NULL,NULL),(2,56,NULL,NULL,NULL,NULL,NULL),(3,56,NULL,NULL,NULL,NULL,NULL),(2,66,NULL,NULL,NULL,NULL,NULL),(3,66,NULL,NULL,NULL,NULL,NULL),(3,69,NULL,NULL,NULL,NULL,NULL),(1,70,NULL,NULL,NULL,NULL,NULL),(2,70,NULL,NULL,NULL,NULL,NULL),(3,70,NULL,NULL,NULL,NULL,NULL),(1,71,NULL,NULL,NULL,NULL,NULL),(2,71,NULL,NULL,NULL,NULL,NULL),(3,71,NULL,NULL,NULL,NULL,NULL),(2,72,NULL,NULL,NULL,NULL,NULL),(3,72,NULL,NULL,NULL,NULL,NULL),(2,79,NULL,NULL,NULL,NULL,NULL),(3,79,NULL,NULL,NULL,NULL,NULL),(2,84,NULL,NULL,NULL,NULL,NULL),(3,84,NULL,NULL,NULL,NULL,NULL),(1,91,NULL,NULL,NULL,NULL,NULL),(2,91,NULL,NULL,NULL,NULL,NULL),(3,91,NULL,NULL,NULL,NULL,NULL),(2,92,NULL,NULL,NULL,NULL,NULL),(3,92,NULL,NULL,NULL,NULL,NULL),(2,93,NULL,NULL,NULL,NULL,NULL),(3,93,NULL,NULL,NULL,NULL,NULL),(1,94,NULL,NULL,NULL,NULL,NULL),(2,94,NULL,NULL,NULL,NULL,NULL),(3,94,NULL,NULL,NULL,NULL,NULL),(1,95,NULL,NULL,NULL,NULL,NULL),(2,95,NULL,NULL,NULL,NULL,NULL),(3,95,NULL,NULL,NULL,NULL,NULL),(1,96,NULL,NULL,NULL,NULL,NULL),(2,96,NULL,NULL,NULL,NULL,NULL),(3,96,NULL,NULL,NULL,NULL,NULL),(2,97,NULL,NULL,NULL,NULL,NULL),(3,97,NULL,NULL,NULL,NULL,NULL),(2,103,NULL,NULL,NULL,NULL,NULL),(3,103,NULL,NULL,NULL,NULL,NULL),(1,4,NULL,NULL,NULL,NULL,NULL);

--
-- Table structure for table `sys_admin_ban_list`
--

CREATE TABLE `sys_admin_ban_list` (
  `ProfID` int(10) unsigned NOT NULL DEFAULT '0',
  `Time` int(10) unsigned NOT NULL DEFAULT '0',
  `DateTime` datetime NOT NULL DEFAULT '0000-00-00 00:00:00',
  PRIMARY KEY (`ProfID`)
) ENGINE=MyISAM DEFAULT CHARSET=utf8;

--
-- Dumping data for table `sys_admin_ban_list`
--


--
-- Table structure for table `sys_albums`
--

CREATE TABLE `sys_albums` (
  `ID` int(10) NOT NULL AUTO_INCREMENT,
  `Caption` varchar(128) NOT NULL DEFAULT '',
  `Uri` varchar(255) NOT NULL DEFAULT '',
  `Location` varchar(128) NOT NULL DEFAULT '',
  `Description` varchar(255) NOT NULL DEFAULT '',
  `Type` varchar(20) NOT NULL DEFAULT '',
  `Owner` int(10) NOT NULL DEFAULT '0',
  `Status` enum('active','passive') NOT NULL DEFAULT 'active',
  `Date` int(10) NOT NULL DEFAULT '0',
  `ObjCount` int(10) NOT NULL DEFAULT '0',
  `LastObjId` int(10) NOT NULL DEFAULT '0',
  `AllowAlbumView` int(10) NOT NULL DEFAULT '3',
  PRIMARY KEY (`ID`),
  UNIQUE KEY `Uri` (`Uri`,`Type`,`Owner`),
  KEY `Owner` (`Owner`)
) ENGINE=MyISAM AUTO_INCREMENT=110 DEFAULT CHARSET=utf8;

--
-- Dumping data for table `sys_albums`
--

INSERT INTO `sys_albums` VALUES (48,'Cover photos','Cover-photos','','','bx_photos',24,'active',1478297286,0,0,5),(49,'11.15.2016','11-15-2016','','','bx_photos',3,'active',1479245648,0,0,5),(50,'Hidden','Hidden','','','bx_photos',3,'active',1479247486,4,53,8),(4,'persister1\'s photos','persister1-s-photos','Undefined','','bx_photos',3,'active',1428638299,1,4,3),(47,'Profile photos','Profile-photos','','','bx_photos',27,'active',1477623743,0,0,5),(43,'Profile photos','Profile-photos','','','bx_photos',23,'active',1476785210,1,36,5),(67,'Profile Photos','Profile-Photos','','','bx_photos',66,'active',1559052172,0,0,5),(68,'May Francis\'s timeline photos','May-Francis-s-timeline-photos','','','bx_photos',37,'active',1559252307,1,56,5),(44,'Cover photos','Cover-photos','','','bx_photos',23,'active',1476785223,0,0,5),(16,'persister1\'s cover photos','persister1-s-cover-photos','Undefined','','bx_photos',3,'active',1443490279,0,0,3),(46,'Jennifer Sprung\'s timeline photos','Jennifer-Sprung-s-timeline-photos','','','bx_photos',27,'active',1477623582,3,39,5),(45,'10.18.2016','10-18-2016','','','bx_photos',23,'active',1476785384,0,0,5),(31,'Profile photos','Profile-photos','','','bx_photos',3,'active',1466271236,3,44,4),(32,'Monique Hillen\'s timeline photos','Monique-Hillen-s-timeline-photos','','','bx_photos',3,'active',1466271276,3,42,4),(69,'Profile Photos','Profile-Photos','','','bx_photos',72,'active',1559413570,0,0,5),(70,'Profile Photos','Profile-Photos','','','bx_photos',77,'active',1565030117,1,57,5),(71,'Cover photos','Cover-photos','','','bx_photos',77,'active',1565030130,0,0,5),(40,'Robin Jaffin\'s timeline photos','Robin-Jaffin-s-timeline-photos','','','bx_photos',24,'active',1476396159,2,40,5),(33,'Cover photos','Cover-photos','','','bx_photos',3,'active',1466271310,0,0,4),(42,'Profile photos','Profile-photos','','','bx_photos',26,'active',1476461898,0,0,5),(41,'Profile photos','Profile-photos','','','bx_photos',24,'active',1476410071,1,41,5),(72,'08.05.2019','08-05-2019','','','bx_photos',77,'active',1565030140,0,0,5),(39,'Fanny Rothschild\'s timeline photos','Fanny-Rothschild-s-timeline-photos','','','bx_photos',23,'active',1476371181,1,34,5),(57,'Profile Photos','Profile-Photos','','','bx_photos',39,'active',1546713566,0,0,5),(73,'Profile Photos','Profile-Photos','','','bx_photos',12,'active',1565626706,0,0,5),(74,'Profile Photos','Profile-Photos','','','bx_photos',80,'active',1571814213,0,0,5),(55,'Profile Photos','Profile-Photos','','','bx_photos',37,'active',1529584420,1,50,5),(56,'Profile Photos','Profile-Photos','','','bx_photos',40,'active',1531108462,0,0,5),(58,'Cover photos','Cover-photos','','','bx_photos',37,'active',1546714127,0,0,5),(59,'Profile Photos','Profile-Photos','','','bx_photos',48,'active',1546985096,0,0,5),(60,'Profile Photos','Profile-Photos','','','bx_photos',50,'active',1547829504,0,0,5),(61,'Profile Photos','Profile-Photos','','','bx_photos',53,'active',1549232926,0,0,5),(62,'Profile Photos','Profile-Photos','','','bx_photos',45,'active',1550336244,1,55,5),(63,'Cover photos','Cover-photos','','','bx_photos',45,'active',1550336251,0,0,5),(64,'02.16.2019','02-16-2019','','','bx_photos',45,'active',1550336272,1,54,5),(65,'02.16.2019 (2)','02-16-2019-2','','','bx_photos',45,'active',1550336945,0,0,5),(66,'Profile Photos','Profile-Photos','','','bx_photos',58,'active',1552064579,0,0,5),(75,'Profile Photos','Profile-Photos','','','bx_photos',81,'active',1575597650,0,0,5),(76,'Profile Photos','Profile-Photos','','','bx_photos',84,'active',1575608011,0,0,5),(77,'Profile Photos','Profile-Photos','','','bx_photos',87,'active',1584214167,1,58,5),(78,'Cover photos','Cover-photos','','','bx_photos',87,'active',1584279773,0,0,5),(79,'Jolene Heske\'s timeline photos','Jolene-Heske-s-timeline-photos','','','bx_photos',90,'active',1584890028,1,59,5),(80,'Profile Photos','Profile-Photos','','','bx_photos',93,'active',1584979425,5,64,5),(81,'Cover photos','Cover-photos','','','bx_photos',93,'active',1584979430,0,0,5),(83,'Profile Photos','Profile-Photos','','','bx_photos',95,'active',1585319702,1,65,5),(84,'Cover photos','Cover-photos','','','bx_photos',95,'active',1585319717,0,0,5),(85,'Profile Photos','Profile-Photos','','','bx_photos',96,'active',1586264523,0,0,5),(86,'Profile Photos','Profile-Photos','','','bx_photos',97,'active',1586961176,0,0,5),(87,'Rebecca Edwards\'s timeline photos','Rebecca-Edwards-s-timeline-photos','','','bx_photos',97,'active',1586961213,1,66,5),(88,'Profile Photos','Profile-Photos','','','bx_photos',103,'active',1587023318,0,0,5),(90,'Profile Photos','Profile-Photos','','','bx_photos',109,'active',1587310956,0,0,5),(91,'Profile Photos','Profile-Photos','','','bx_photos',110,'active',1587319508,0,0,5),(92,'Profile Photos','Profile-Photos','','','bx_photos',106,'active',1587658010,0,0,5),(93,'Jennifer Page\'s timeline photos','Jennifer-Page-s-timeline-photos','','','bx_photos',111,'active',1588020626,1,67,5),(94,'Profile Photos','Profile-Photos','','','bx_photos',111,'active',1588020644,0,0,5),(95,'Profile Photos','Profile-Photos','','','bx_photos',113,'active',1588443249,0,0,5),(96,'Cover photos','Cover-photos','','','bx_photos',113,'active',1588443254,0,0,5),(97,'Profile Photos','Profile-Photos','','','bx_photos',114,'active',1588799287,0,0,5),(98,'Melanie Struzzi Sutton\'s timeline photos','Melanie-Struzzi-Sutton-s-timeline-photos','','','bx_photos',115,'active',1589028382,1,68,5),(99,'Profile Photos','Profile-Photos','','','bx_photos',115,'active',1589028393,1,69,5),(100,'Cover photos','Cover-photos','','','bx_photos',115,'active',1589028400,0,0,5),(101,'Alvyna Tuiaulia Euta-Filo\'s timeline photos','Alvyna-Tuiaulia-Euta-Filo-s-timeline-photos','','','bx_photos',118,'active',1600492270,2,71,5),(102,'Profile Photos','Profile-Photos','','','bx_photos',118,'active',1600492744,0,0,5),(103,'Cover photos','Cover-photos','','','bx_photos',118,'active',1600492752,0,0,5),(104,'09.19.2020','09-19-2020','','','bx_photos',118,'active',1600492764,1,72,5),(105,'09.19.2020 (2)','09-19-2020-2','','','bx_photos',118,'active',1600492781,1,73,5),(106,'Profile Photos','Profile-Photos','','','bx_photos',127,'active',1607293542,0,0,5),(107,'Profile Photos','Profile-Photos','','','bx_photos',130,'active',1608247115,0,0,5),(108,'Profile Photos','Profile-Photos','','','bx_photos',141,'active',1625142274,0,0,5),(109,'Profile Photos','Profile-Photos','','','bx_photos',133,'active',1625179122,0,0,5);

--
-- Table structure for table `sys_albums_objects`
--

CREATE TABLE `sys_albums_objects` (
  `id_album` int(10) NOT NULL,
  `id_object` int(10) NOT NULL,
  `obj_order` int(10) NOT NULL DEFAULT '0',
  UNIQUE KEY `id_album` (`id_album`,`id_object`),
  KEY `id_object` (`id_object`)
) ENGINE=MyISAM DEFAULT CHARSET=utf8;

--
-- Dumping data for table `sys_albums_objects`
--

INSERT INTO `sys_albums_objects` VALUES (32,42,0),(40,40,0),(41,41,0),(4,4,0),(80,61,0),(46,39,0),(46,38,0),(46,37,0),(80,60,0),(79,59,0),(43,36,0),(77,58,0),(32,24,0),(32,25,0),(31,26,26),(40,35,0),(50,46,0),(50,45,0),(31,44,0),(31,43,43),(64,54,0),(39,34,0),(70,57,0),(68,56,0),(55,50,0),(50,52,0),(50,53,0),(62,55,0),(80,62,0),(80,63,0),(80,64,0),(83,65,0),(87,66,0),(93,67,0),(98,68,0),(99,69,0),(101,70,0),(101,71,0),(104,72,0),(105,73,0);

--
-- Table structure for table `sys_alerts`
--

CREATE TABLE `sys_alerts` (
  `id` int(11) unsigned NOT NULL AUTO_INCREMENT,
  `unit` varchar(64) NOT NULL DEFAULT '',
  `action` varchar(64) NOT NULL DEFAULT 'none',
  `handler_id` int(11) NOT NULL DEFAULT '0',
  PRIMARY KEY (`id`),
  UNIQUE KEY `alert_handler` (`unit`,`action`,`handler_id`)
) ENGINE=MyISAM AUTO_INCREMENT=183 DEFAULT CHARSET=utf8;

--
-- Dumping data for table `sys_alerts`
--

INSERT INTO `sys_alerts` VALUES (1,'system','begin',1),(2,'profile','before_join',2),(3,'profile','join',2),(4,'profile','before_login',2),(5,'profile','login',2),(6,'profile','logout',2),(7,'profile','edit',2),(8,'profile','join',3),(9,'profile','edit',3),(10,'profile','delete',3),(11,'profile','join',4),(12,'profile','edit',4),(13,'profile','delete',4),(14,'profile','change_status',4),(15,'profile','commentRemoved',5),(17,'profile','delete',7),(18,'bx_photos','delete',8),(19,'bx_videos','delete',8),(20,'bx_sounds','delete',8),(21,'bx_files','delete',8),(22,'module','install',9),(38,'profile','edit',12),(39,'profile','edit_status_message',12),(116,'comment','add',12),(41,'profile','delete',12),(42,'friend','accept',12),(45,'bx_events','add',12),(46,'bx_events','commentPost',12),(47,'profile','delete',13),(48,'bx_photos','add',12),(49,'bx_photos','commentPost',12),(55,'system','design_included',14),(98,'bx_photos','delete',24),(97,'profile','delete',23),(65,'profile','delete',16),(177,'module','install',35),(176,'profile','delete',34),(78,'ads','commentPost',12),(88,'profile','edit',20),(89,'profile','delete',20),(90,'profile','delete',21),(91,'bx_avatar','add',12),(92,'bx_avatar','change',12),(99,'bx_videos','delete',24),(100,'bx_sounds','delete',24),(101,'bx_files','delete',24),(102,'module','install',25),(103,'bx_groups','add',12),(104,'bx_groups','commentPost',12),(120,'profile','delete',28),(117,'profile','delete',2),(121,'bx_photos','delete',29),(122,'bx_videos','delete',29),(123,'bx_sounds','delete',29),(124,'bx_files','delete',29),(125,'module','install',30),(126,'modzzz_articles','add',12),(178,'ads','create',12);

--
