-- Table structure for table `bx_wall_handlers`
--

CREATE TABLE `bx_wall_handlers` (
  `id` int(11) NOT NULL AUTO_INCREMENT,
  `alert_unit` varchar(64) COLLATE utf8_unicode_ci NOT NULL DEFAULT '',
  `alert_action` varchar(64) COLLATE utf8_unicode_ci NOT NULL DEFAULT '',
  `module_uri` varchar(64) COLLATE utf8_unicode_ci NOT NULL DEFAULT '',
  `module_class` varchar(64) COLLATE utf8_unicode_ci NOT NULL DEFAULT '',
  `module_method` varchar(64) COLLATE utf8_unicode_ci NOT NULL DEFAULT '',
  `groupable` tinyint(1) NOT NULL DEFAULT '0',
  `group_by` varchar(64) COLLATE utf8_unicode_ci NOT NULL DEFAULT '',
  `timeline` tinyint(1) NOT NULL DEFAULT '1',
  `outline` tinyint(1) NOT NULL DEFAULT '0',
  PRIMARY KEY (`id`),
  UNIQUE KEY `handler` (`alert_unit`,`alert_action`,`module_uri`,`module_class`,`module_method`)
) ENGINE=MyISAM AUTO_INCREMENT=39 DEFAULT CHARSET=utf8 COLLATE=utf8_unicode_ci;

--
-- Dumping data for table `bx_wall_handlers`
--

INSERT INTO `bx_wall_handlers` VALUES (1,'wall_common_text','','','','',0,'',1,0),(2,'wall_common_link','','','','',0,'',1,0),(3,'wall_common_photos','','','','',0,'',1,0),(4,'wall_common_sounds','','','','',0,'',1,0),(5,'wall_common_videos','','','','',0,'',1,0),(6,'profile','edit','','','',0,'',1,0),(7,'profile','edit_status_message','','','',0,'',1,0),(8,'profile','commentPost','','','',0,'',1,0),(9,'profile','delete','','','',0,'',1,0),(10,'friend','accept','','','',0,'',1,0),(13,'bx_events','add','events','Module','get_wall_post',0,'',1,1),(14,'bx_events','commentPost','events','Module','get_wall_post_comment',0,'',1,0),(15,'bx_photos','add','photos','Search','get_wall_post',1,'album',1,1),(16,'bx_photos','commentPost','photos','Search','get_wall_post_comment',0,'',1,0),(26,'bx_groups','commentPost','groups','Module','get_wall_post_comment',0,'',1,0),(25,'bx_groups','add','groups','Module','get_wall_post',0,'',1,1),(37,'ads','comment_add','ads','Module','get_wall_add_comment',0,'',1,0),(36,'ads','create','ads','Module','get_wall_post',0,'',1,1),(23,'bx_avatar','add','avatar','Module','get_wall_post',0,'',1,0),(24,'bx_avatar','change','avatar','Module','get_wall_post',0,'',1,0),(27,'wall_common_repost','','','','',0,'',1,0),(28,'profile','comment_add','','','',0,'',1,0),(29,'comment','add','','','',0,'',0,0),(38,'ads','commentPost','ads','Module','get_wall_post_comment',0,'',1,0),(33,'modzzz_articles','add','articles','Module','get_wall_post',0,'',1,1),(34,'modzzz_articles','comment_add','articles','Module','get_wall_add_comment',0,'',1,0),(35,'modzzz_articles','commentPost','articles','Module','get_wall_post_comment',0,'',1,0);

--
-- Table structure for table `bx_wall_repost_track`
--

CREATE TABLE `bx_wall_repost_track` (
  `event_id` int(11) NOT NULL DEFAULT '0',
  `author_id` int(11) NOT NULL DEFAULT '0',
  `author_nip` int(11) unsigned NOT NULL DEFAULT '0',
  `reposted_id` int(11) NOT NULL DEFAULT '0',
  `date` int(11) NOT NULL DEFAULT '0',
  UNIQUE KEY `event_id` (`event_id`),
  KEY `repost` (`reposted_id`,`author_nip`)
) ENGINE=MyISAM DEFAULT CHARSET=utf8;

--
-- Dumping data for table `bx_wall_repost_track`
--

INSERT INTO `bx_wall_repost_track` VALUES (72,12,2923395480,71,1462472766),(130,3,847959309,113,1468869798),(131,12,847959309,97,1468869808),(147,3,2923395480,30,1473872995),(184,24,1229237105,171,1478296824),(185,24,1229237105,172,1478296839),(194,3,2923395480,189,1479247660),(279,84,1268429206,227,1575611395),(284,87,2931819014,281,1584280875);

--
-- Table structure for table `bx_wall_voting`
--

CREATE TABLE `bx_wall_voting` (
  `wall_id` bigint(8) NOT NULL DEFAULT '0',
  `wall_rating_count` int(11) NOT NULL DEFAULT '0',
  `wall_rating_sum` int(11) NOT NULL DEFAULT '0',
  UNIQUE KEY `wall_id` (`wall_id`)
) ENGINE=MyISAM DEFAULT CHARSET=utf8;

--
-- Dumping data for table `bx_wall_voting`
--

INSERT INTO `bx_wall_voting` VALUES (97,1,5),(148,2,10),(150,1,5),(166,1,5),(168,1,5),(161,1,5),(154,1,5),(171,3,15),(172,1,5),(131,1,5),(249,1,5),(287,4,20),(267,2,10),(268,1,5),(286,1,5),(295,1,5),(304,1,5);

--
-- Table structure for table `bx_wall_voting_track`
--

CREATE TABLE `bx_wall_voting_track` (
  `wall_id` bigint(8) NOT NULL DEFAULT '0',
  `wall_ip` varchar(20) DEFAULT NULL,
  `wall_date` datetime DEFAULT NULL,
  KEY `wall_ip` (`wall_ip`,`wall_id`)
) ENGINE=MyISAM DEFAULT CHARSET=utf8;

--
-- Dumping data for table `bx_wall_voting_track`
--

INSERT INTO `bx_wall_voting_track` VALUES (97,'174.63.121.152','2016-06-01 22:46:26'),(148,'174.63.121.152','2016-10-18 12:25:26'),(150,'65.34.5.210','2016-10-27 23:01:34'),(166,'65.34.5.210','2016-10-27 23:06:50'),(168,'65.34.5.210','2016-10-27 23:06:51'),(161,'65.34.5.210','2016-10-27 23:06:57'),(148,'65.34.5.210','2016-10-27 23:07:27'),(154,'65.34.5.210','2016-10-27 23:07:38'),(171,'174.63.121.152','2016-11-02 12:37:27'),(172,'73.68.171.113','2016-11-04 17:59:13'),(171,'73.68.171.113','2016-11-04 18:00:16'),(171,'174.63.121.152','2016-11-15 16:44:36'),(131,'50.187.190.254','2016-12-05 14:02:32'),(249,'69.203.217.170','2019-04-13 19:07:20'),(287,'174.63.121.152','2020-03-27 09:23:16'),(287,'105.112.183.85','2020-04-07 09:13:41'),(267,'105.112.183.85','2020-04-07 09:14:35'),(268,'105.112.183.85','2020-04-07 09:16:45'),(287,'174.63.121.152','2020-04-08 10:29:34'),(286,'174.63.121.152','2020-04-08 10:29:37'),(267,'174.63.121.152','2020-04-08 10:29:42'),(295,'174.63.121.152','2020-11-05 15:09:47'),(287,'174.63.121.152','2020-11-05 15:09:59'),(304,'73.149.68.218','2022-03-12 20:33:55');

--
-- Table structure for table `bx_wmap_locations`
--

CREATE TABLE `bx_wmap_locations` (
  `id` int(10) unsigned NOT NULL,
  `part` varchar(16) NOT NULL,
  `ts` int(10) unsigned NOT NULL,
  `lat` double NOT NULL,
  `lng` double NOT NULL,
  `zoom` tinyint(4) NOT NULL DEFAULT '-1',
  `type` char(16) NOT NULL,
  `address` varchar(255) NOT NULL,
  `city` varchar(255) NOT NULL,
  `country` varchar(2) NOT NULL,
  `title` varchar(255) NOT NULL,
  `uri` varchar(255) NOT NULL,
  `privacy` varchar(64) NOT NULL,
  `failed` tinyint(4) NOT NULL,
  PRIMARY KEY (`id`,`part`),
  KEY `lat` (`lat`),
  KEY `lng` (`lng`)
) ENGINE=InnoDB DEFAULT CHARSET=utf8;

--
-- Dumping data for table `bx_wmap_locations`
--

INSERT INTO `bx_wmap_locations` VALUES (3,'profiles',1587226968,0,0,-1,'','Amherst, US','Amherst','','persister1','3','4',1),(4,'ads',1476406365,42.3403799,-72.4968189,-1,'','01002, US','01002','US','baby crib','baby-crib','3',0),(5,'groups',1476468366,42.3403799,-72.4968189,-1,'','Amherst, US','Amherst','US','Bitchy over 50','Bitchy-over-50','3',0),(6,'groups',1476785074,42.3403799,-72.4968189,-1,'','Amherst, US','Amherst','US','Meditate with Moms','Meditate-with-Moms','3',0),(7,'ads',1546720203,0,0,-1,'','','','','Bike','Bike','5',1),(7,'events',1476468494,42.3920512,-72.5316611,-1,'','Amherst, MA 01002, US','Amherst, MA 01002','US','Canning my ass off','Canning-my-ass-off','3',0),(7,'groups',1478298037,42.3403799,-72.4968189,-1,'','Amherst, US','Amherst','US','Dog walkers unite','Dog-walkers-unite','3',0),(8,'events',1478297954,42.3732216,-72.5198537,-1,'','Amherst, MA 01002, US','Amherst, MA 01002','US','Walk the dogs','Walk-the-dogs','3',0),(9,'events',1479247487,42.3732216,-72.5198537,-1,'','amherst, MA 01002, US','amherst, MA 01002','US','Dog talk','Dog-talk','3',0),(11,'groups',1546721080,0,0,-1,'','','','','Women Against Sexual Abuse','Women-Against-Sexual-Abuse','3',1),(12,'groups',1575614866,0,0,-1,'','','','','Lol','Lol','3',1),(14,'articles',1547059238,0,0,-1,'','','','','Hairdresser','Hairdresser','3',1),(21,'articles',1547055924,0,0,-1,'','','','','Naturopath Laila Tomsovic','Naturopath-Laila-Tomsovic','3',1),(23,'profiles',1476785457,42.3250492,-72.6411923,-1,'',', US','','US','9Jukj2dZdQ','23','3',0),(24,'profiles',1478297793,42.3250492,-72.6411923,-1,'',', US','','US','zBQpjhpCG8','24','4',0),(25,'profiles',1476394204,42.3250492,-72.6411923,-1,'',', US','','US','GhUZaRPUhU','25','3',0),(26,'profiles',1476461146,42.3403799,-72.4968189,-1,'',', US','','US','PbZPJm4S9Z','26','3',0),(27,'profiles',1477623852,42.3403799,-72.4968189,-1,'',', US','','US','dRVHThGtVA','27','3',0),(28,'profiles',1478109860,42.3403799,-72.4968189,-1,'',', US','','US','bQgGsccZ34','28','3',0),(29,'profiles',1479244602,42.3403799,-72.4968189,-1,'',', US','','US','A3EKaWGBHV','29','3',0),(30,'articles',1565380790,0,0,-1,'','','','','no cost energy assesment ','no-cost-energy-assesment','3',1),(31,'articles',1565381236,0,0,-1,'','','','','Free Women\'s Clinic in Springfield, MA','Free-Women-s-Clinic-in-Springfield-MA','3',1),(32,'articles',1565381610,0,0,-1,'','','','','Women, Infants and Children\'s MA nutrion program WIC','Women-Infants-and-Children-s-MA-nutrion-program-WIC','3',1),(33,'articles',1565382095,0,0,-1,'','','','','Massachusetts Rent assistance program ','Massachusetts-Rent-assistance-program','3',1),(34,'articles',1565382703,0,0,-1,'','','','','Rent Assitance Program through a religous organization','Rent-Assitance-Program-through-a-religous-organization','3',1),(35,'articles',1565382918,0,0,-1,'','','','','Food assistance ','Food-assistance','3',1),(36,'articles',1565383277,0,0,-1,'','','','','Homeless shelters','Homeless-shelters','3',1),(37,'articles',1567087133,0,0,-1,'','','','','Women Running for the 2020 presidential elections','Women-Running-for-the-2020-presidential-elections','3',1),(37,'profiles',1559242894,0,0,-1,'',', US','','','86sHuX9XKv','37','3',1),(38,'articles',1567107292,0,0,-1,'','','','','Welfare in Massachusetts','Welfare-in-Massachusetts','3',1),(39,'articles',1567107554,0,0,-1,'','','','','Public Housing','Public-Housing','3',1),(39,'profiles',1531077020,40.7645239,-73.9624327,-1,'',', US','','US','vkhjh8DNZp','39','3',0),(40,'articles',1567108008,0,0,-1,'','','','','Springfield, MA Low Income Housing','Springfield-MA-Low-Income-Housing','3',1),(40,'profiles',1531077066,40.8624613,-73.9918181,-1,'',', US','','US','PgK5Lq9jDX','40','3',0),(41,'articles',1567108160,0,0,-1,'','','','','Low Income Housing in Holyoke, MA','Low-Income-Housing-in-Holyoke-MA','3',1),(42,'articles',1567108368,0,0,-1,'','','','','Halway houses in Springfield, MA','Halway-houses-in-Springfield-MA','3',1),(42,'profiles',1546712712,0,0,-1,'','','','','cFLQz5hA6k','42','3',1),(43,'articles',1567108509,0,0,-1,'','','','','Halfway Houses in Holyoke, MA','Halfway-Houses-in-Holyoke-MA','3',1),(43,'profiles',1546716538,0,0,-1,'','','','','Cp5u3vYzu2','43','3',1),(44,'articles',1567108543,0,0,-1,'','','','','Halfway Houses in Holyoke, MA','Halfway-Houses-in-Holyoke-MA-2019-08-29','3',1),(45,'articles',1567108986,0,0,-1,'','','','','Assistance with Paying Bills/Office of Housing SPRINGFIELD','Assistance-with-Paying-Bills-Office-of-Housing-SPRINGFIELD','3',1),(45,'profiles',1546746251,0,0,-1,'','','','','ckYFZcvt4h','45','3',1),(46,'articles',1567109317,0,0,-1,'','','','','Help with paying bills in Holyoke','Help-with-paying-bills-in-Holyoke','3',1),(46,'profiles',1546861624,0,0,-1,'','','','','mVUjgXsesm','46','3',1),(47,'articles',1584279701,0,0,-1,'','','','','The Bloom Community Workspace & Family Center','The-Bloom-Community-Workspace-Family-Center','3',1),(47,'profiles',1546961631,0,0,-1,'','','','','bBXYfy2CpQ','47','3',1),(48,'profiles',1546985009,0,0,-1,'','','','','qKG9XqaXpL','48','3',1),(50,'profiles',1547829719,0,0,-1,'','','','','aR5qUuRMG7','50','3',1),(53,'profiles',1549232848,0,0,-1,'','','','','mZggQZa92Y','53','3',1),(54,'profiles',1549640149,0,0,-1,'','','','','ExHMAqpGcB','54','3',1),(55,'profiles',1549898985,0,0,-1,'','','','','TXv98icNqF','55','3',1),(56,'profiles',1550173740,0,0,-1,'','','','','XfBpxhgJ23','56','3',1),(57,'profiles',1550328820,0,0,-1,'','','','','D6qsBKWvXr','57','3',1),(58,'profiles',1552064238,0,0,-1,'','','','','wifVjLAaTv','58','3',1),(62,'profiles',1554750968,0,0,-1,'','','','','GHJh6WVaTx','62','3',1),(63,'profiles',1555127996,0,0,-1,'','','','','dVD5239W6M','63','3',1),(67,'profiles',1559052183,0,0,-1,'','','','','Xe2kMm4jHB','67','3',1),(72,'profiles',1559413671,0,0,-1,'','','','','ELBx44U8kT','72','5',1),(73,'profiles',1559973358,0,0,-1,'','','','','vp4eAuermf','73','3',1),(74,'profiles',1562281695,0,0,-1,'','','','','r29LqS8L45','74','3',1),(77,'profiles',1565030068,0,0,-1,'','','','','8sf3yeUHfC','77','3',1),(80,'profiles',1571814160,0,0,-1,'','','','','5hKtKR3CXf','80','3',1),(82,'profiles',1573678584,0,0,-1,'','','','','62JALN5mAX','82','3',1),(83,'profiles',1575136221,0,0,-1,'','','','','2gvEtMX6si','83','3',1),(84,'profiles',1575598440,0,0,-1,'','','','','kvpS2VVBwY','84','3',1),(87,'profiles',1584280671,0,0,-1,'','','','','yS6xrQhNLu','87','3',1),(88,'profiles',1584430907,0,0,-1,'','','','','Gwnd8JhsZS','88','3',1),(90,'profiles',1584889866,0,0,-1,'','','','','8is9quRL5x','90','3',1),(91,'profiles',1584891577,0,0,-1,'','','','','Gg2M7DfFJa','91','3',1),(93,'profiles',1584979372,0,0,-1,'','','','','UeSc8yP66b','93','3',1),(95,'profiles',1585319667,0,0,-1,'','','','','DqncumJSmi','95','3',1),(96,'profiles',1586264175,0,0,-1,'','','','','7EvXCMH2cF','96','3',1),(97,'profiles',1586961091,0,0,-1,'','','','','kh84CvBTjp','97','3',1),(98,'profiles',1586959938,0,0,-1,'','','','','NQm67DPxzA','98','3',1),(99,'profiles',1586964280,0,0,-1,'','','','','7Jynnwtfk6','99','3',1),(100,'profiles',1586971894,0,0,-1,'','','','','hKp6ygQJrX','100','3',1),(101,'profiles',1586973118,0,0,-1,'','','','','3T6agaL3UX','101','3',1),(103,'profiles',1587023344,0,0,-1,'','','','','R66qREUQzY','103','3',1),(104,'profiles',1587035917,0,0,-1,'','','','','QHzAFfxKDH','104','3',1),(107,'profiles',1587092754,0,0,-1,'','','','','86kfCvXpZb','107','3',1),(109,'profiles',1587311077,0,0,-1,'','','','','e8DrXQ2jPw','109','3',1),(110,'profiles',1587319469,0,0,-1,'','','','','5fXicRCizb','110','3',1),(111,'profiles',1588020417,0,0,-1,'','','','','FvmSuqPJCv','111','3',1),(113,'profiles',1588394354,0,0,-1,'','','','','LgqmcMg7wv','113','3',1),(114,'profiles',1588799177,0,0,-1,'','','','','NDxct2hufr','114','3',1),(115,'profiles',1588967715,0,0,-1,'','','','','Vxjr9wJxW8','115','3',1),(116,'profiles',1589850194,0,0,-1,'','','','','JBfvfivaLC','116','3',1),(117,'profiles',1594491371,0,0,-1,'','','','','aXZaFdVp7h','117','3',1),(118,'profiles',1600492073,0,0,-1,'','','','','2vFkQEdxgh','118','3',1),(127,'profiles',1607293422,0,0,-1,'','','','','CRSWcbgQWh','127','3',1),(128,'profiles',1607370272,0,0,-1,'','','','','jPiBQVPzDB','128','3',1),(129,'profiles',1607865042,0,0,-1,'','','','','8kKXPvRtmh','129','3',1),(130,'profiles',1608247550,0,0,-1,'','','','','uV8NCLP2x7','130','3',1),(133,'profiles',1624803185,0,0,-1,'','','','','ZpBTXKJbXS','133','3',1),(137,'profiles',1625152854,0,0,-1,'','','','','9RmWBFBkGY','137','3',1),(141,'profiles',1625142842,0,0,-1,'','','','','JdDnpadADn','141','3',1),(145,'profiles',1629135294,0,0,-1,'','','','','UWcRvYcNQW','145','3',1),(150,'profiles',1647134168,0,0,-1,'','','','','DVtfyzBtXX','150','3',1);

--
-- Table structure for table `bx_wmap_parts`
--

CREATE TABLE `bx_wmap_parts` (
  `id` int(10) unsigned NOT NULL AUTO_INCREMENT,
  `part` varchar(16) NOT NULL,
  `title` varchar(64) NOT NULL,
  `title_singular` varchar(64) NOT NULL,
  `icon` varchar(255) NOT NULL,
  `icon_site` varchar(255) NOT NULL,
  `join_table` varchar(64) NOT NULL,
  `join_where` varchar(255) NOT NULL,
  `join_field_id` varchar(64) NOT NULL,
  `join_field_country` varchar(64) NOT NULL,
  `join_field_city` varchar(64) NOT NULL,
  `join_field_state` varchar(64) NOT NULL,
  `join_field_zip` varchar(64) NOT NULL,
  `join_field_address` varchar(64) NOT NULL,
  `join_field_latitude` varchar(64) NOT NULL,
  `join_field_longitude` varchar(64) NOT NULL,
  `join_field_title` varchar(64) NOT NULL,
  `join_field_uri` varchar(64) NOT NULL,
  `join_field_author` varchar(64) NOT NULL,
  `join_field_privacy` varchar(64) NOT NULL,
  `permalink` varchar(64) NOT NULL,
  `enabled` tinyint(4) NOT NULL DEFAULT '1',
  PRIMARY KEY (`id`),
  UNIQUE KEY `part` (`part`)
) ENGINE=InnoDB AUTO_INCREMENT=7 DEFAULT CHARSET=utf8;

--
-- Dumping data for table `bx_wmap_parts`
--

INSERT INTO `bx_wmap_parts` VALUES (1,'profiles','_Profiles','_Profile','map_marker_profiles.png','user','Profiles','AND `p`.`Status` = \'Active\'','ID','Country','City','','zip','','','','NickName','ID','ID','allow_view_to','profile.php?ID=',1),(2,'events','_bx_events','_bx_events_single','modules/boonex/events/|map_marker.png','calendar','bx_events_main','AND `p`.`Status` = \'approved\'','ID','Country','City','','','Place','','','Title','EntryUri','ResponsibleID','allow_view_event_to','modules/?r=events/view/',1),(4,'groups','_bx_groups','_bx_events_single','modules/boonex/groups/|map_marker.png','users','bx_groups_main','AND `p`.`status` = \'approved\'','id','country','city','','zip','','','','title','uri','author_id','allow_view_group_to','modules/?r=groups/view/',1),(5,'ads','_bx_ads_Ads','_bx_ads_Ad','modules/boonex/ads/|map_marker.png','money','bx_ads_main','AND `p`.`Status` = \'active\' AND UNIX_TIMESTAMP() - `p`.`LifeTime`*24*60*60 < `p`.`DateTime`','ID','Country','City','','','','','','Subject','EntryUri','IDProfile','AllowView','modules/boonex/ads/classifieds.php?entryUri=',1),(6,'articles','_modzzz_articles','_modzzz_articles_single','modules/modzzz/articles/|map_marker.png','file','modzzz_articles_main','AND `p`.`status` = \'approved\'','id','country','city','state','zip','street','','','title','uri','author_id','allow_view_article_to','modules/?r=articles/view/',1);

--
-- Table structure for table `bx_zip_countries_geonames`
--

CREATE TABLE `bx_zip_countries_geonames` (
  `ISO2` varchar(2) NOT NULL DEFAULT '',
  PRIMARY KEY (`ISO2`)
) ENGINE=MyISAM DEFAULT CHARSET=utf8;

--
-- Dumping data for table `bx_zip_countries_geonames`
--


--
-- Table structure for table `bx_zip_countries_google`
--

CREATE TABLE `bx_zip_countries_google` (
  `ISO2` varchar(2) NOT NULL DEFAULT '',
  PRIMARY KEY (`ISO2`)
) ENGINE=MyISAM DEFAULT CHARSET=utf8;

--
-- Dumping data for table `bx_zip_countries_google`
--

INSERT INTO `bx_zip_countries_google` VALUES ('AR'),('AT'),('AU'),('BB'),('BE'),('BR'),('CA'),('CH'),('CL'),('CN'),('CZ'),('DE'),('DK'),('EE'),('EG'),('ES'),('FI'),('FR'),('GB'),('HK'),('HR'),('HU'),('IL'),('IN'),('IT'),('JP'),('KR'),('LI'),('LT'),('LU'),('LV'),('MO'),('MY'),('NL'),('NO'),('NZ'),('PL'),('PT'),('RU'),('SE'),('SG'),('SI'),('SK'),('TW'),('US');

--
-- Table structure for table `modzzz_articles_admins`
--

CREATE TABLE `modzzz_articles_admins` (
  `id_entry` int(10) unsigned NOT NULL,
  `id_profile` int(10) unsigned NOT NULL,
  `when` int(10) unsigned NOT NULL,
  PRIMARY KEY (`id_entry`,`id_profile`)
) ENGINE=MyISAM DEFAULT CHARSET=utf8;

--
-- Dumping data for table `modzzz_articles_admins`
--


--
-- Table structure for table `modzzz_articles_categ`
--

CREATE TABLE `modzzz_articles_categ` (
  `id` int(10) unsigned NOT NULL AUTO_INCREMENT,
  `parent` int(11) NOT NULL DEFAULT '0',
  `name` varchar(255) NOT NULL DEFAULT '',
  `uri` varchar(255) NOT NULL DEFAULT '',
  `icon` varchar(255) NOT NULL DEFAULT '',
  `active` int(11) NOT NULL DEFAULT '1',
  PRIMARY KEY (`id`)
) ENGINE=MyISAM AUTO_INCREMENT=136 DEFAULT CHARSET=utf8;

--
-- Dumping data for table `modzzz_articles_categ`
--

INSERT INTO `modzzz_articles_categ` VALUES (3,0,'Travel & Leisure','Travel-Leisure','',1),(134,0,'Child Care','child-care','',1),(135,0,'Spirituality','spirituality','',1),(8,1,'Accounting','Accounting','',1),(9,1,'Affiliate Programs','Affiliate-Programs','',1),(10,1,'Agriculture','Agriculture','',1),(11,1,'Architecture and Interior Design','Architecture-and-Interior-Design','',1),(12,1,'Branding','Branding','',1),(13,1,'Business Ideas','Business-Ideas','',1),(14,1,'Business Opporunity','Business-Opporunity','',1),(15,1,'Consulting','Consulting','',1),(16,1,'Customer Service','Customer-Service','',1),(17,1,'Ecommerce','Ecommerce','',1),(18,1,'Entrepreneurship','Entrepreneurship','',1),(19,1,'Ethics','Ethics','',1),(20,1,'Franchising','Franchising','',1),(21,1,'Fundraising','Fundraising','',1),(22,1,'Furnishings and Supplies','Furnishings-and-Supplies','',1),(23,1,'Human Resources','Human-Resources','',1),(24,1,'Industrial Mechanical','Industrial-Mechanical','',1),(25,1,'International Business','International-Business','',1),(26,1,'Leadership','Leadership','',1),(27,1,'Management','Management','',1),(28,1,'Marketing','Marketing','',1),(29,1,'Negotiation','Negotiation','',1),(30,1,'Networking','Networking','',1),(31,1,'Non Profit','Non-Profit','',1),(32,1,'Outsourcing','Outsourcing','',1),(33,1,'Presentation','Presentation','',1),(34,1,'Product Reviews','Product-Reviews','',1),(35,1,'Productivity','Productivity','',1),(36,1,'Retail','Retail','',1),(37,1,'Risk Management','Risk-Management','',1),(38,1,'Sales','Sales','',1),(39,1,'Sales Management','Sales-Management','',1),(40,1,'Sales Teleselling','Sales-Teleselling','',1),(41,1,'Sales Training','Sales-Training','',1),(42,1,'Security','Security','',1),(43,1,'Services Reviews','Services-Reviews','',1),(44,1,'Shipping','Shipping','',1),(45,1,'Small Business','Small-Business','',1),(46,1,'Strategic Planning','Strategic-Planning','',1),(47,1,'Team Building','Team-Building','',1),(48,1,'Venture Capital','Venture-Capital','',1),(49,1,'Workplace Communication','Workplace-Communication','',1),(50,1,'Workplace Safety','Workplace-Safety','',1),(51,2,'Career Management','Career-Management','',1),(52,2,'Interviews','Interviews','',1),(53,2,'Recruitment','Recruitment','',1),(54,2,'Resumes','Resumes','',1),(55,3,'Airline Travel','Airline-Travel','',1),(56,3,'Aviation Airplanes','Aviation-Airplanes','',1),(57,3,'Bed Breakfast Inns','Bed-Breakfast-Inns','',1),(58,3,'Budget Travel','Budget-Travel','',1),(59,3,'Camping','Camping','',1),(60,3,'Car Rentals','Car-Rentals','',1),(61,3,'Charter Jets','Charter-Jets','',1),(62,3,'City Guides and Information','City-Guides-and-Information','',1),(63,3,'Cruise Ship Reviews','Cruise-Ship-Reviews','',1),(64,3,'Cruising','Cruising','',1),(65,3,'Destination Tips','Destination-Tips','',1),(66,3,'Hotels and Lodging','Hotels-and-Lodging','',1),(67,3,'Outdoors','Outdoors','',1),(68,3,'Timeshare','Timeshare','',1),(69,3,'Travel Reviews','Travel-Reviews','',1),(70,3,'Travel Tips','Travel-Tips','',1),(71,3,'Vacation Rentals','Vacation-Rentals','',1),(72,4,'Astronomy','Astronomy','',1),(73,4,'Biology','Biology','',1),(74,4,'Childhood Education','Childhood-Education','',1),(75,4,'College University','College-University','',1),(76,4,'Continuing Education','Continuing-Education','',1),(77,4,'Financial Aid','Financial-Aid','',1),(78,4,'Homeschooling','Homeschooling','',1),(79,4,'International Studies','International-Studies','',1),(80,4,'Languages','Languages','',1),(81,4,'Mathematics','Mathematics','',1),(82,4,'Online Education','Online-Education','',1),(83,4,'Philosophy','Philosophy','',1),(84,4,'Science','Science','',1),(85,4,'Special Education','Special-Education','',1),(86,4,'Standardized Tests','Standardized-Tests','',1),(87,4,'Study Techniques','Study-Techniques','',1),(88,4,'Teaching','Teaching','',1),(89,4,'Tutoring','Tutoring','',1),(90,4,'Vocational Trade Schools','Vocational-Trade-Schools','',1),(91,5,'Accounting','Accounting','',1),(92,5,'Banking','Banking','',1),(93,5,'Bankruptcy','Bankruptcy','',1),(94,5,'Budgeting','Budgeting','',1),(95,5,'Credit','Credit','',1),(96,5,'Credit Counseling','Credit-Counseling','',1),(97,5,'Credit Tips','Credit-Tips','',1),(98,5,'Debt Consolidation','Debt-Consolidation','',1),(99,5,'Debt Management','Debt-Management','',1),(100,5,'Debt Relief','Debt-Relief','',1),(101,5,'Estate Plan Trusts','Estate-Plan-Trusts','',1),(102,5,'Insurance','Insurance','',1),(103,5,'Investing','Investing','',1),(104,5,'Loans','Loans','',1),(105,5,'Mortgage','Mortgage','',1),(106,5,'Personal Finance','Personal-Finance','',1),(107,5,'Taxes','Taxes','',1),(108,5,'Wealth Building','Wealth-Building','',1),(109,6,'Biotechnology','Biotechnology','',1),(110,6,'Cable and Satellite TV','Cable-and-Satellite-TV','',1),(111,6,'Cell Phones','Cell-Phones','',1),(112,6,'Communication','Communication','',1),(113,6,'Electronics','Electronics','',1),(114,6,'Gadgets and Gizmos','Gadgets-and-Gizmos','',1),(115,6,'GPS','GPS','',1),(116,6,'Information Technology','Information-Technology','',1),(117,6,'Video Conferencing','Video-Conferencing','',1),(118,6,'VoIP','VoIP','',1),(119,7,'Antiques','Antiques','',1),(120,7,'Arts','Arts','',1),(121,7,'Dance','Dance','',1),(122,7,'Humanities','Humanities','',1),(123,7,'Literature','Literature','',1),(124,7,'Movies','Movies','',1),(125,7,'Music','Music','',1),(126,7,'Painting','Painting','',1),(127,7,'Photography','Photography','',1),(128,7,'Poetry','Poetry','',1),(129,7,'Television','Television','',1),(130,7,'Visual Art','Visual-Art','',1),(131,0,'Helpful Tips','main','',1),(132,0,'Health','health','',1);

--
-- Table structure for table `modzzz_articles_cmts`
--

CREATE TABLE `modzzz_articles_cmts` (
  `cmt_id` int(11) NOT NULL AUTO_INCREMENT,
  `cmt_parent_id` int(11) NOT NULL DEFAULT '0',
  `cmt_object_id` int(12) NOT NULL DEFAULT '0',
  `cmt_author_id` int(10) unsigned NOT NULL DEFAULT '0',
  `cmt_text` text NOT NULL,
  `cmt_mood` tinyint(4) NOT NULL DEFAULT '0',
  `cmt_rate` int(11) NOT NULL DEFAULT '0',
  `cmt_rate_count` int(11) NOT NULL DEFAULT '0',
  `cmt_time` datetime NOT NULL DEFAULT '0000-00-00 00:00:00',
  `cmt_replies` int(11) NOT NULL DEFAULT '0',
  PRIMARY KEY (`cmt_id`),
  KEY `cmt_object_id` (`cmt_object_id`,`cmt_parent_id`)
) ENGINE=MyISAM DEFAULT CHARSET=utf8;

--
-- Dumping data for table `modzzz_articles_cmts`
--


--
-- Table structure for table `modzzz_articles_cmts_track`
--

CREATE TABLE `modzzz_articles_cmts_track` (
  `cmt_system_id` int(11) NOT NULL DEFAULT '0',
  `cmt_id` int(11) NOT NULL DEFAULT '0',
  `cmt_rate` tinyint(4) NOT NULL DEFAULT '0',
  `cmt_rate_author_id` int(10) unsigned NOT NULL DEFAULT '0',
  `cmt_rate_author_nip` int(11) unsigned NOT NULL DEFAULT '0',
  `cmt_rate_ts` int(11) NOT NULL DEFAULT '0',
  PRIMARY KEY (`cmt_system_id`,`cmt_id`,`cmt_rate_author_nip`)
) ENGINE=MyISAM DEFAULT CHARSET=utf8;

--
-- Dumping data for table `modzzz_articles_cmts_track`
--


--
-- Table structure for table `modzzz_articles_entries`
--

CREATE TABLE `modzzz_articles_entries` (
  `id` int(11) unsigned NOT NULL AUTO_INCREMENT,
  `author_id` int(11) unsigned NOT NULL DEFAULT '0',
  `caption` varchar(64) NOT NULL DEFAULT '',
  `snippet` text NOT NULL,
  `content` text NOT NULL,
  `when` int(11) NOT NULL DEFAULT '0',
  `uri` varchar(64) NOT NULL DEFAULT '',
  `tags` varchar(255) NOT NULL DEFAULT '',
  `categories` varchar(255) NOT NULL DEFAULT '',
  `comment` tinyint(4) NOT NULL DEFAULT '0',
  `vote` tinyint(4) NOT NULL DEFAULT '0',
  `date` int(11) NOT NULL DEFAULT '0',
  `status` tinyint(4) NOT NULL DEFAULT '0',
  `featured` tinyint(4) NOT NULL DEFAULT '0',
  `rate` int(11) NOT NULL DEFAULT '0',
  `rate_count` int(11) NOT NULL DEFAULT '0',
  `view_count` int(11) NOT NULL DEFAULT '0',
  `cmts_count` int(11) NOT NULL DEFAULT '0',
  PRIMARY KEY (`id`),
  UNIQUE KEY `uri` (`uri`),
  FULLTEXT KEY `search_group` (`caption`,`content`,`tags`,`categories`),
  FULLTEXT KEY `search_caption` (`caption`),
  FULLTEXT KEY `search_content` (`content`),
  FULLTEXT KEY `search_tags` (`tags`),
  FULLTEXT KEY `search_categories` (`categories`)
) ENGINE=MyISAM DEFAULT CHARSET=utf8;

--
-- Dumping data for table `modzzz_articles_entries`
--


--
-- Table structure for table `modzzz_articles_favorites`
--

CREATE TABLE `modzzz_articles_favorites` (
  `id_entry` int(10) unsigned NOT NULL,
  `id_profile` int(10) unsigned NOT NULL,
  `when` int(10) unsigned NOT NULL,
  PRIMARY KEY (`id_entry`,`id_profile`)
) ENGINE=MyISAM DEFAULT CHARSET=utf8;

--
-- Dumping data for table `modzzz_articles_favorites`
--


--
-- Table structure for table `modzzz_articles_files`
--

CREATE TABLE `modzzz_articles_files` (
  `entry_id` int(10) unsigned NOT NULL,
  `media_id` int(11) NOT NULL,
  UNIQUE KEY `entry_id` (`entry_id`,`media_id`)
) ENGINE=MyISAM DEFAULT CHARSET=utf8;

--
-- Dumping data for table `modzzz_articles_files`
--


--
-- Table structure for table `modzzz_articles_images`
--

CREATE TABLE `modzzz_articles_images` (
  `entry_id` int(10) unsigned NOT NULL,
  `media_id` int(10) unsigned NOT NULL,
  UNIQUE KEY `entry_id` (`entry_id`,`media_id`)
) ENGINE=MyISAM DEFAULT CHARSET=utf8;

--
-- Dumping data for table `modzzz_articles_images`
--


--
-- Table structure for table `modzzz_articles_main`
--

CREATE TABLE `modzzz_articles_main` (
  `id` int(10) unsigned NOT NULL AUTO_INCREMENT,
  `title` varchar(100) NOT NULL DEFAULT '',
  `uri` varchar(255) NOT NULL,
  `snippet` text NOT NULL,
  `desc` text NOT NULL,
  `country` varchar(2) NOT NULL,
  `city` varchar(64) NOT NULL,
  `state` varchar(10) NOT NULL DEFAULT '',
  `street` varchar(150) NOT NULL,
  `zip` varchar(16) NOT NULL,
  `status` enum('approved','pending','draft') NOT NULL DEFAULT 'approved',
  `thumb` int(11) NOT NULL,
  `created` int(11) NOT NULL,
  `author_id` int(10) unsigned NOT NULL DEFAULT '0',
  `letter` varchar(1) NOT NULL DEFAULT '',
  `tags` varchar(255) NOT NULL DEFAULT '',
  `category_id` int(11) NOT NULL DEFAULT '0',
  `parent_category_id` int(11) NOT NULL DEFAULT '0',
  `categories` text NOT NULL,
  `publish` int(11) NOT NULL DEFAULT '1',
  `when` int(11) NOT NULL DEFAULT '0',
  `views` int(11) NOT NULL,
  `rate` float NOT NULL,
  `rate_count` int(11) NOT NULL,
  `comments_count` int(11) NOT NULL,
  `featured` tinyint(4) NOT NULL,
  `article_membership_filter` varchar(100) NOT NULL DEFAULT '',
  `allow_view_article_to` int(11) NOT NULL,
  `allow_comment_to` int(11) NOT NULL,
  `allow_rate_to` int(11) NOT NULL,
  `allow_upload_photos_to` varchar(16) NOT NULL,
  `allow_upload_videos_to` varchar(16) NOT NULL,
  `allow_upload_sounds_to` varchar(16) NOT NULL,
  `allow_upload_files_to` varchar(16) NOT NULL,
  `anonymous` int(11) NOT NULL DEFAULT '0',
  `votes` int(11) NOT NULL DEFAULT '0',
  `video_embed` text NOT NULL,
  `website` varchar(255) DEFAULT NULL,
  `phone` varchar(255) DEFAULT NULL,
  `email` varchar(255) DEFAULT NULL,
  PRIMARY KEY (`id`),
  UNIQUE KEY `uri` (`uri`),
  KEY `author_id` (`author_id`),
  KEY `created` (`created`),
  FULLTEXT KEY `search` (`title`,`desc`,`tags`),
  FULLTEXT KEY `tags` (`tags`)
) ENGINE=MyISAM AUTO_INCREMENT=48 DEFAULT CHARSET=utf8;

--
-- Dumping data for table `modzzz_articles_main`
--

INSERT INTO `modzzz_articles_main` VALUES (21,'Naturopath Laila Tomsovic','Naturopath-Laila-Tomsovic','Approach in natural healing, and not symptomatic treatment in conventional healing. ','<p>Unfortunately MA does not recognize naturopathis doctors as doctors yet so you cannot see them using your insurance. VT does.</p>\r\n<p>1 413 665 1505</p>\r\n<p>http://drlaila.com</p>','US','Northampton, MA','','','01060','approved',0,1546882288,3,'n','',0,0,'',1,0,1,0,0,0,0,'',0,0,0,'','','','',0,0,'',NULL,NULL,NULL),(14,'Hairdresser','Hairdresser','Chameleons Hair Salon in Northampton, MA ','<p>Michael and Frankie are the best hairdressers there</p>\r\n<p>Phone number 413 586 2234</p>','US','Northampton','MA','2 Conz St # 64','01060','approved',0,1546719891,3,'h','',0,0,'',1,0,3,0,0,0,0,'',0,0,0,'','','','',0,0,'','https://www.facebook.com/Chameleons-Hair-Salon-63114030996','(413) 586-2234',''),(31,'Free Women\'s Clinic in Springfield, MA','Free-Women-s-Clinic-in-Springfield-MA','Clearway Clinic for free pregnancy consultations.','<p>Here you can find pregnancy counseling and get a free pregnancy tests, free ultrasounds, nurse consultations, medical diagnosis, and STD testing</p>','','Springfield, MA','','1259 E. Columbus Avenue ','01105','approved',0,1565381236,77,'f','',0,0,'',1,0,0,0,0,0,0,'',0,0,0,'','','','',0,0,'','https://clearwayclinic.com/parenting/','774-515-9719',''),(30,'no cost energy assesment ','no-cost-energy-assesment','To see if you are eligible for free electricity in Massachusetts','<p>A lot of single mothers or women live under the poverty level or just above. The state of Massachusetts has resources for women who do. This is one resource to lower your electric bill.</p>','US','','','','','approved',0,1565380790,77,'n','',0,0,'',1,0,0,0,0,0,0,'',0,0,0,'','','','',0,0,'','https://www.masssave.com/en/saving/energy-assessments/','',''),(32,'Women, Infants and Children\'s MA nutrion program WIC','Women-Infants-and-Children-s-MA-nutrion-program-WIC','Here you can find support for the nutrition of your family ','<p>WIC is a nutrition program that provides healthy foods, nutrition education, breastfeeding support, and referrals to healthcare and other services, free of charge, to Massachusetts families who qualify.</p>\r\n<p>Here you can find the WIC offices in the greater Springfield area:</p>\r\n<p><a href=\"https://www.mass.gov/women-infants-children-wic-nutrition-program/locations?_page=1&amp;page=1&amp;location=Springfield.+MA&amp;tags=\" class=\"bx-link\" rel=\"nofollow\">https://www.mass.gov/women-infants-children-wic-nutrition-program/locations?_page=1&amp;page=1&amp;location=Springfield.+MA&amp;tags=</a></p>\r\n<p> </p>\r\n<p>The main WIC Springfield\'s clinic is listed below</p>','US','Springfield, MA','','1985 Main St., ','01103','approved',0,1565381610,77,'w','',0,0,'',1,0,1,0,0,0,0,'',0,0,0,'','','','',0,0,'','https://www.mass.gov/women-infants-children-wic-nutrition-program','(800) 942-1007',''),(33,'Massachusetts Rent assistance program ','Massachusetts-Rent-assistance-program','HAP inc. is one of the two rent assitance programs in Springfield\r\n','<p>If you have trouble paying your rent, please contact HAP Inc. They will check if you are eligible for rent assistance. </p>','US','Springfield, MA','','322 Main Street ','01105','approved',0,1565382094,77,'m','',0,0,'',1,0,1,0,0,0,0,'',0,0,0,'','','','',0,0,'','https://www.rentalassistance.us/li/ma_hap-inc','(413) 233-1500',''),(34,'Rent/Fuel/Utility assitance Program through a religous organization','Rent-Assitance-Program-through-a-religous-organization','The Dicocese of Springfield has a rent assistance program','<p>If you have trouble paying for your rent as a single mother you can contact this organization to see  if your are eligitable for rent assistance</p>\n<p> </p>','US','Springfield, MA','AL','65 Elliot Street','01105','approved',0,1565382577,77,'r','',0,0,'',1,0,1,0,0,0,0,'',0,0,0,'','','','',0,0,'','https://www.rentalassistance.us/li/ma_office-for-community-development-holyoke','(413) 452-0605',''),(35,'Food assistance ','Food-assistance','Open Pantry Community Services Emergency Food Pantry','<p>If you have trouble buying food for you and your chidren consider going to a food pantry. Below is a way to find a Food Pantry near you</p>','US','Springfield, MA','','287 State Street ','01101','approved',0,1565382918,77,'f','',0,0,'',1,0,0,0,0,0,0,'',0,0,0,'','','','',0,0,'','https://www.foodpantriesnear.me/','(413) 737-5354',''),(36,'Homeless shelters','Homeless-shelters','A place you and your kids can rest your heads if you are homeless\r\n','<p>The website below will list all the shelters in the Pioneer Valley Area to Hartford, CT</p>','US','Springfield, MA and surroundings','','','','approved',0,1565383277,77,'h','',0,0,'',1,0,0,0,0,0,0,'',0,0,0,'','','','',0,0,'','https://www.homelessshelterdirectory.org/cgi-bin/id/city.cgi?city=Springfield&state=MA','',''),(37,'Women Running for the 2020 presidential elections','Women-Running-for-the-2020-presidential-elections','What are our choices of women presidential candidates for 2020. Resource New York Times\r\n\r\n','<div class=\"g-item g-text\">\r\n<div class=\"g-name\"><strong>Tulsi Gabbard</strong><span class=\"g-age\">, 38 Democrat<br /></span></div>\r\n<div class=\"g-title\">Congresswoman from Hawaii; Army National Guard veteran</div>\r\n<div class=\"g-title\"> </div>\r\n<div class=\"g-title\">“There are a lot of challenges that are facing the American people that I’m concerned about and that I want to help solve.” - Tulsi Gabbard</div>\r\n<p class=\"g-body\"><a href=\"https://www.nytimes.com/politics/first-draft/2016/02/28/tulsi-gabbard-rising-democratic-star-endorses-bernie-sanders/\" class=\"bx-link\" rel=\"nofollow\">Supported Bernie Sanders</a> in the 2016 primaries.</p>\r\n</div>\r\n<div class=\"g-item g-text\">\r\n<p class=\"g-body\">Has drawn condemnation for meeting with Syria’s president, Bashar al-Assad, whose regime has been accused of <a href=\"https://www.nytimes.com/2019/01/11/us/politics/tulsi-gabbard-2020-president-announcement.html\" class=\"bx-link\" rel=\"nofollow\">using chemical weapons</a> against civilians.</p>\r\n</div>\r\n<div class=\"g-item g-text\">\r\n<p class=\"g-body\">Has <a href=\"https://www.nytimes.com/2019/01/17/us/politics/tulsi-gabbard-gay-lgbtq.html\" class=\"bx-link\" rel=\"nofollow\">apologized for her history</a> of anti-gay statements and her past work for an anti-gay advocacy group.</p>\r\n</div>\r\n<div class=\"g-item g-text\">\r\n<p class=\"g-body\"><strong>Signature issue:</strong> Opposition to American military intervention overseas, including in countries like Syria.</p>\r\n<p class=\"g-body\"> </p>\r\n<div class=\"g-name\"><strong>Kamala Harris</strong><span class=\"g-age\">, 54 Democrat<br /></span></div>\r\n<div class=\"g-title\">Senator from California; former attorney general of California; former San Francisco district attorney</div>\r\n<div class=\"g-title\"> </div>\r\n<div class=\"g-title\">“I believe our country wants and needs some leadership that provides a vision of the country in which everyone could see themselves.” - Kamala Harris</div>\r\n<div class=\"g-title\"> </div>\r\n<div class=\"g-title\">Would bring a star power and history-making potential to the race that few other Democrats can match.\r\n<div class=\"g-item g-text\">\r\n<p class=\"g-body\">One of few new Democrats to join the Senate after 2016.</p>\r\n</div>\r\n<div class=\"g-item g-text\">\r\n<p class=\"g-body\"><a href=\"https://www.nytimes.com/2017/07/06/us/politics/senator-kamala-harris-democrats.html\" class=\"bx-link\" rel=\"nofollow\">Quickly drew notice</a> for her tough questioning of Mr. Trump’s cabinet nominees — and later, his <a href=\"https://www.nytimes.com/2018/09/06/us/politics/kavanaugh-hearings-kamala-harris-cory-booker.html\" class=\"bx-link\" rel=\"nofollow\">Supreme Court nominee</a> Brett M. Kavanaugh.</p>\r\n</div>\r\n<div class=\"g-item g-text\">\r\n<p class=\"g-body\"><strong>Signature issues:</strong> Unveiled middle-class tax cut legislation last fall, and has championed a liberal civil rights agenda in the Senate.</p>\r\n<p class=\"g-body\"> </p>\r\n<div class=\"g-item g-cand\">\r\n<div class=\"g-cand-wrapper\">\r\n<div class=\"g-info g-balance\">\r\n<div class=\"g-name\"><strong>Amy Klobuchar</strong><span class=\"g-age\">, 59 Democrat<br /></span></div>\r\n<div class=\"g-title\">Senator from Minnesota; former Hennepin County, Minn., attorney</div>\r\n<div class=\"g-img-quote-wrapper\">\r\n<div class=\"g-img-note-wrapper\">\r\n<div class=\"g-img g-running\"> </div>\r\n<div class=\"g-dem g-small-note\">Democrat</div>\r\n</div>\r\n<div class=\"g-quote\"> </div>\r\n<div class=\"g-quote\">“It is time to organize, time to galvanize, time to take back our democracy.” - Amy Klobuchar</div>\r\n</div>\r\n</div>\r\n</div>\r\n</div>\r\n<div class=\"g-item g-text\">\r\n<p class=\"g-body\">Became a hero to many Democrats for her stern, cool <a href=\"https://www.nytimes.com/2018/10/01/us/politics/brett-kavanaugh-temperament-honesty.html\" class=\"bx-link\" rel=\"nofollow\">questioning of Brett M. Kavanaugh</a> during his confirmation hearings.</p>\r\n</div>\r\n<div class=\"g-item g-text\">\r\n<p class=\"g-body\">Has called for Democrats to focus on reclaiming the swing states in the middle of the country.</p>\r\n</div>\r\n<div class=\"g-item g-text\">\r\n<p class=\"g-body\"><strong>Signature issues:</strong> Has championed legislation to combat the opioid crisis and drug addiction, and to address the cost of prescription drugs.</p>\r\n<p class=\"g-body\"> </p>\r\n<div class=\"g-item g-cand\">\r\n<div class=\"g-cand-wrapper\">\r\n<div class=\"g-info g-balance\">\r\n<div class=\"g-name\"><strong>Elizabeth Warren</strong><span class=\"g-age\">, 70 Democrat<br /></span></div>\r\n<div class=\"g-title\">Senator from Massachusetts; former Harvard professor</div>\r\n<div class=\"g-img-quote-wrapper\">\r\n<div class=\"g-img-note-wrapper\">\r\n<div class=\"g-img g-running\"> </div>\r\n<div class=\"g-dem g-small-note\">Democrat</div>\r\n</div>\r\n<div class=\"g-quote\"> </div>\r\n<div class=\"g-quote\">“It’s time for women to go to Washington and fix our broken government, and that includes a woman at the top.” - Elizabeth Warren</div>\r\n</div>\r\n</div>\r\n</div>\r\n</div>\r\n<div class=\"g-item g-text\">\r\n<p class=\"g-body\">Has done some of the most extensive preparations for a <a href=\"https://www.nytimes.com/2018/12/31/us/politics/elizabeth-warren-2020-president-announcement.html\" class=\"bx-link\" rel=\"nofollow\">presidential run</a>.</p>\r\n</div>\r\n<div class=\"g-item g-text\">\r\n<p class=\"g-body\">Attempted to dispatch questions about her Native American heritage by <a href=\"https://www.nytimes.com/2018/10/15/us/politics/elizabeth-warren-dna-ancestry.html\" class=\"bx-link\" rel=\"nofollow\">releasing the results of a DNA test</a>.</p>\r\n</div>\r\n<div class=\"g-item g-text\">\r\n<p class=\"g-body\">That effort <a href=\"https://www.nytimes.com/2018/12/06/us/politics/elizabeth-warren-dna-test-2020.html?module=inline\" class=\"bx-link\" rel=\"nofollow\">raised questions</a> about her readiness for a national bid.</p>\r\n</div>\r\n<div class=\"g-item g-text\">\r\n<p class=\"g-body\"><strong>Signature issues:</strong> Income inequality and what she sees as a middle class under attack from big corporations and political corruption.</p>\r\n<p class=\"g-body\"> </p>\r\n<div class=\"g-item g-cand\">\r\n<div class=\"g-cand-wrapper\">\r\n<div class=\"g-info g-balance\">\r\n<div class=\"g-name\"><strong>Marianne Williamson</strong><span class=\"g-age\">, 67 Democrat<br /></span></div>\r\n<div class=\"g-title\">Self-help author, new age lecturer</div>\r\n<div class=\"g-img-quote-wrapper\">\r\n<div class=\"g-img-note-wrapper\">\r\n<div class=\"g-img g-running\"> </div>\r\n<div class=\"g-dem g-small-note\">Democrat</div>\r\n</div>\r\n<div class=\"g-quote\"> </div>\r\n<div class=\"g-quote\">“We need a moral and spiritual awakening in the country … Nothing short of that is adequate to fundamentally change the patterns of our political dysfunction.” - Marianne Williamson</div>\r\n</div>\r\n</div>\r\n</div>\r\n</div>\r\n<div class=\"g-item g-text\">\r\n<p class=\"g-body\">The author of more than a dozen self-help and spirituality books.</p>\r\n</div>\r\n<div class=\"g-item g-text\">\r\n<p class=\"g-body\">Ran for Congress as an independent in 2014, and lost.</p>\r\n</div>\r\n<div class=\"g-item g-text\">\r\n<p class=\"g-body\">Championed the rights of gay men with AIDS, founding a charity that now supplies meals to people with serious illnesses.</p>\r\n</div>\r\n<div class=\"g-item g-text\">\r\n<p class=\"g-body\"><strong>Signature issues:</strong> Has proposed $100 billion in reparations for slavery, with $10 billion to be distributed annually over a decade for economic and education projects.</p>\r\n<p class=\"g-body\"> </p>\r\n<p class=\"g-body\"> </p>\r\n</div>\r\n</div>\r\n</div>\r\n</div>\r\n</div>\r\n<p class=\"g-body\"> </p>\r\n<p class=\"g-body\"> </p>\r\n</div>','US','','','','','approved',0,1567087133,77,'w','',0,0,'',1,0,0,0,0,0,0,'',0,0,0,'','','','',0,0,'','https://www.nytimes.com/interactive/2019/us/politics/2020-presidential-candidates.html','',''),(38,'Welfare in Massachusetts','Welfare-in-Massachusetts','WelfareOffices.org provides listings of government welfare offices, hours, photos, and details. ','<div class=\"widget-container widget_categories\">\n<h3 class=\"widget-title\">Categories Of Assistance</h3>\n<ul><li>Child Assistance</li>\n<li>Food Assistance</li>\n<li>Housing Assistance</li>\n<li>Job Finding Assistance</li>\n<li>Cash Assistance</li>\n<li>Medical Assistance</li>\n<li>Utility Assistance</li>\n<li>Legal Assistance</li>\n</ul></div>','US','','MA','','','approved',0,1567107292,77,'w','',0,0,'',1,0,0,0,0,0,0,'',0,0,0,'','','','',0,0,'','https://www.welfareoffices.org/st/massachusetts','',''),(39,'Public Housing','Public-Housing','PublicHousing.com\'s listings include subsidized affordable and low income apartment properties. ','<p>The forms of listings include: <strong>HUD apartments, Public Housing Apartments, Low Income Apartments, Subsidized Apartments, Senior Subsidized Apartments, Apartments for Disabled and local Housing Authority listings and apartments</strong>. Rental rates often times vary based on income. The site lists all the cities in Massachusetts for low income housing.</p>','US','Springfield, MA','MA','','','approved',0,1567107554,77,'p','',0,0,'',1,0,0,0,0,0,0,'',0,0,0,'','','','',0,0,'','https://www.publichousing.com/state/massachusetts','',''),(40,'Springfield, MA Low Income Housing','Springfield-MA-Low-Income-Housing','Find low income apartments in Springfield along with non profit organizations that help with low income housing along with HUD apartments, public housing apartments, public housing authorities, and housing assistance agencies. ','<p>There are 31 low income housing possibilities within Springfield, MA</p>','US','Springfield','MA','','','approved',0,1567108008,77,'s','',0,0,'',1,0,0,0,0,0,0,'',0,0,0,'','','','',0,0,'','https://www.lowincomehousing.us/MA/springfield.html','',''),(41,'Low Income Housing in Holyoke, MA','Low-Income-Housing-in-Holyoke-MA','Find low income apartments in Holyoke, MA along with non profit organizations that help with low income housing along with HUD apartments, public housing apartments, public housing authorities, and housing assistance agencies. ','<p>There are 14 low income housing complexes in Holyoke, MA</p>','US','Holyoke','MA','','','approved',0,1567108160,77,'l','',0,0,'',1,0,0,0,0,0,0,'',0,0,0,'','','','',0,0,'','https://www.lowincomehousing.us/MA/holyoke.html','',''),(42,'Halway houses in Springfield, MA','Halway-houses-in-Springfield-MA','Call 1-800-496-0542 to speak with an alcohol or drug abuse counselor.\r\n\r\n','<p>Their goal is to help those that need help. The listings include as many halfway houses / sober living facility locations as possible for the users. Many of the in patient treatment center halfway houses offer low income and sliding scale payment programs.</p>','US','Springfield','MA','','','approved',0,1567108368,77,'h','',0,0,'',1,0,0,0,0,0,0,'',0,0,0,'','','','',0,0,'','https://www.halfwayhouses.us/city/ma-springfield','',''),(43,'Halfway Houses in Holyoke, MA','Halfway-Houses-in-Holyoke-MA','Call 1-800-496-0542 to speak with an alcohol or drug abuse counselor.','<p>Their goal is to help those that need help. Their listings include as many halfway houses / sober living facility locations as possible for their users. Many of the in patient treatment center halfway houses offer low income and sliding scale payment programs.</p>','US','Holyoke','MA','','','approved',0,1567108509,77,'h','',0,0,'',1,0,0,0,0,0,0,'',0,0,0,'','','','',0,0,'','https://www.halfwayhouses.us/city/ma-holyoke','',''),(44,'Halfway Houses in Holyoke, MA','Halfway-Houses-in-Holyoke-MA-2019-08-29','Call 1-800-496-0542 to speak with an alcohol or drug abuse counselor.','<p>Their goal is to help those that need help. Their listings include as many halfway houses / sober living facility locations as possible for their users. Many of the in patient treatment center halfway houses offer low income and sliding scale payment programs.</p>','US','Holyoke','','','','approved',0,1567108543,77,'h','',0,0,'',1,0,0,0,0,0,0,'',0,0,0,'','','','',0,0,'','https://www.halfwayhouses.us/city/ma-holyoke','',''),(45,'Assistance with Paying Bills/Office of Housing SPRINGFIELD','Assistance-with-Paying-Bills-Office-of-Housing-SPRINGFIELD','Assistance with paying bills for low income families','<p>Office of Housing in Springfield can help low income families with bill paying.</p>','','Springfield, MA ','','1600 E. Columbus Avenue','','approved',0,1567108986,77,'a','',0,0,'',1,0,0,0,0,0,0,'',0,0,0,'','','','',0,0,'','http://www.billshelp.org/li/2562_office-of-housing-springfield','(413) 787 6500',''),(46,'Help with paying bills in Holyoke','Help-with-paying-bills-in-Holyoke','Organization for helping paying bills','<p>This organization might be of help with paying bills for low income families</p>','','Holyoke, MA','','Room 400, City Hall Annex','','approved',0,1567109317,77,'h','',0,0,'',1,0,0,0,0,0,0,'',0,0,0,'','','','',0,0,'','http://www.billshelp.org/ci/ma-holyoke','(413) 322-5610',''),(47,'The Bloom Community Workspace & Family Center','The-Bloom-Community-Workspace-Family-Center','Community Coworking with On-site Childcare','<p style=\"margin:0px;font-size:11px;line-height:normal;font-family:\'Helvetica Neue\';color:#000000;\"><span>The Bloom Community Workspace, Wellness &amp; Family Center </span>is a non-profit co-working &amp; private office space with flexible on-site childcare and wellness support located in the heart of downtown Northampton, Massachusetts. </p>\n<p style=\"margin:0px;font-size:11px;line-height:normal;font-family:\'Helvetica Neue\';color:#000000;\"> </p>\n<p style=\"margin:0px;font-size:11px;line-height:normal;font-family:\'Helvetica Neue\';color:#000000;\"><span>With a variety of professional spaces available for work, meetings, events, and therapeutic sessions, Bloom strengthens community resiliency by empowering working parents to achieve financial security while nurturing familial integrity and personal wellness. </span></p>\n<p style=\"margin:0px;font-size:11px;line-height:normal;font-family:\'Helvetica Neue\';color:#000000;\"> </p>\n<p style=\"margin:0px;font-size:11px;line-height:normal;font-family:\'Helvetica Neue\';color:#000000;\"><span>Our membership community includes self-employed entrepreneurs &amp; service practitioners, remote workers, freelance contractors, and parents who need access to quiet, productive workspace alongside flexible, enriching childcare, all under one roof. Our on-site Family Center allows us to bridge the gap between work and home and integrate our ideal life balance, so we can reach our career goals without sacrificing personal or family wellbeing.</span></p>\n<p style=\"margin:0px;font-size:11px;line-height:normal;font-family:\'Helvetica Neue\';color:#000000;\"> </p>\n<p style=\"margin:0px;font-size:11px;line-height:normal;font-family:\'Helvetica Neue\';color:#000000;\"><span>The Bloom Family Center is a unique childcare and early education environment in Northampton, MA. Our inclusive Play School program provides onsite childcare to working parents committed to strengthening the health and well-being of their families and the local community. Our approach includes low child:caregiver ratios and a gentle play-to-learn model that reflects Montessori, Waldorf, and attachment parenting styles, integrating a natural learning curriculum designed to encourage and support skill building, cooperation and empathy across all age tiers. Our cooperative model affords our members low-cost childcare at variable rates $5-10/hour. Flexible drop-in childcare is open to all ages in our Play School from 9am to 5:30pm, Monday through Friday.</span></p>\n<p style=\"margin:0px;font-size:11px;line-height:normal;font-family:\'Helvetica Neue\';color:#000000;\"> </p>\n<p style=\"margin:0px;font-size:11px;line-height:normal;font-family:\'Helvetica Neue\';color:#000000;\"><span>Our new Wellness Suite is available by the hour to therapeutic practitioners of all types, who can also offer our on-site childcare to their clients as a unique and convenient amenity to their service. Reserved desk space in the Wellness Suite is also available. All of our members receive discounts on childcare and room rental rates. </span></p>\n<p style=\"margin:0px;font-size:11px;line-height:normal;font-family:\'Helvetica Neue\';color:#000000;\"> </p>\n<p style=\"margin:0px;font-size:11px;line-height:normal;font-family:\'Helvetica Neue\';color:#000000;\"><span>Financial aid is available through Membership Grants open to economically disadvantaged women seeking to create financial independence for their families, with special consideration given to single mothers, survivors of domestic violence, and mothers continuing their education. Work/trade scholarships are also available to skilled applicants on a limited basis.</span></p>\n<p style=\"margin:0px;font-size:11px;line-height:normal;font-family:\'Helvetica Neue\';color:#000000;\"> </p>\n<p style=\"margin:0px;font-size:11px;line-height:normal;font-family:\'Helvetica Neue\';color:#000000;\"><span>When we work together, we CAN have it all...family, career &amp; self-care. We balance it all at Bloom!</span></p>\n<p style=\"margin:0px;font-size:11px;line-height:normal;font-family:\'Helvetica Neue\';color:#000000;\"> </p>\n<p style=\"margin:0px;font-size:16px;line-height:normal;font-family:Helvetica;color:#000000;\"><span>The Bloom Community Workspace, Wellness &amp; Family Center ∞ </span></p>\n<p style=\"margin:0px;font-size:11px;line-height:normal;font-family:\'Helvetica Neue\';color:#000000;\"> </p>\n<p style=\"margin:0px;font-size:16px;line-height:normal;font-family:Helvetica;color:#000000;\"><span>20 Hampton Avenue Suite 160, Northampton MA 01060 ∞ </span></p>\n<p style=\"margin:0px;font-size:16px;line-height:normal;font-family:Helvetica;color:#000000;\"><span><span> </span></span></p>\n<h4 style=\"margin:0px;line-height:1.2;font-weight:400;color:#ffffff;font-family:\'Open Sans\', \'Helvetica Neue\', Arial, Helvetica, sans-serif;\"> </h4>','US','Northampton','MA','20 Hampton Avenue Suite 160+180+185','01060','approved',0,1584279701,87,'t','',0,0,'',1,0,1,0,0,0,0,'',0,0,0,'','','','',0,0,'','www.thebloomcommunity.org','413-341-2184','hello@thebloomcommunity.org');

--
-- Table structure for table `modzzz_articles_rating`
--

CREATE TABLE `modzzz_articles_rating` (
  `gal_id` smallint(6) NOT NULL DEFAULT '0',
  `gal_rating_count` int(11) NOT NULL DEFAULT '0',
  `gal_rating_sum` int(11) NOT NULL DEFAULT '0',
  UNIQUE KEY `gal_id` (`gal_id`)
) ENGINE=MyISAM DEFAULT CHARSET=utf8;

--
-- Dumping data for table `modzzz_articles_rating`
--


--
-- Table structure for table `modzzz_articles_rating_track`
--

CREATE TABLE `modzzz_articles_rating_track` (
  `gal_id` smallint(6) NOT NULL DEFAULT '0',
  `gal_ip` varchar(20) DEFAULT NULL,
  `gal_date` datetime DEFAULT NULL,
  KEY `gal_ip` (`gal_ip`,`gal_id`)
) ENGINE=MyISAM DEFAULT CHARSET=utf8;

--
-- Dumping data for table `modzzz_articles_rating_track`
--


--
-- Table structure for table `modzzz_articles_react_admin`
--

CREATE TABLE `modzzz_articles_react_admin` (
  `ID` int(11) NOT NULL AUTO_INCREMENT,
  `Name` varchar(255) NOT NULL DEFAULT '',
  `Active` int(11) NOT NULL,
  PRIMARY KEY (`ID`)
) ENGINE=MyISAM AUTO_INCREMENT=6 DEFAULT CHARSET=utf8;

--
-- Dumping data for table `modzzz_articles_react_admin`
--

INSERT INTO `modzzz_articles_react_admin` VALUES (1,'lol',1),(2,'wow',1),(3,'sorry, hugs',1),(4,'you rock',1),(5,'I understand',1);

--
-- Table structure for table `modzzz_articles_react_tracking`
--

CREATE TABLE `modzzz_articles_react_tracking` (
  `ReactID` int(11) NOT NULL,
  `ConfessID` int(11) NOT NULL,
  `MemberID` int(11) NOT NULL,
  PRIMARY KEY (`ReactID`,`ConfessID`,`MemberID`)
) ENGINE=MyISAM DEFAULT CHARSET=utf8;

--
-- Dumping data for table `modzzz_articles_react_tracking`
--


--
-- Table structure for table `modzzz_articles_sounds`
--

CREATE TABLE `modzzz_articles_sounds` (
  `entry_id` int(10) unsigned NOT NULL,
  `media_id` int(11) NOT NULL,
  UNIQUE KEY `entry_id` (`entry_id`,`media_id`)
) ENGINE=MyISAM DEFAULT CHARSET=utf8;

--
-- Dumping data for table `modzzz_articles_sounds`
--


--
-- Table structure for table `modzzz_articles_videos`
--

CREATE TABLE `modzzz_articles_videos` (
  `entry_id` int(10) unsigned NOT NULL,
  `media_id` int(11) NOT NULL,
  UNIQUE KEY `entry_id` (`entry_id`,`media_id`)
) ENGINE=MyISAM DEFAULT CHARSET=utf8;

--
-- Dumping data for table `modzzz_articles_videos`
--


--
-- Table structure for table `modzzz_articles_views_track`
--

CREATE TABLE `modzzz_articles_views_track` (
  `id` int(10) unsigned NOT NULL,
  `viewer` int(10) unsigned NOT NULL,
  `ip` int(10) unsigned NOT NULL,
  `ts` int(10) unsigned NOT NULL,
  KEY `id` (`id`,`viewer`,`ip`)
) ENGINE=MyISAM DEFAULT CHARSET=utf8;

--
-- Dumping data for table `modzzz_articles_views_track`
--

INSERT INTO `modzzz_articles_views_track` VALUES (21,12,1206626112,1546889585),(14,12,1206626112,1547049850),(34,77,2923395480,1565382615),(47,87,2931819014,1584280857),(14,3,1206626112,1625054128),(32,3,1206626112,1625054137),(33,3,1206626112,1625054157);

--
-- Table structure for table `modzzz_articles_vote_tracking`
--

CREATE TABLE `modzzz_articles_vote_tracking` (
  `ID` int(11) NOT NULL,
  `OwnerID` int(11) NOT NULL,
  PRIMARY KEY (`ID`,`OwnerID`)
) ENGINE=MyISAM DEFAULT CHARSET=utf8;

--
-- Dumping data for table `modzzz_articles_vote_tracking`
--


--
-- Table structure for table `modzzz_articles_youtube`
--

CREATE TABLE `modzzz_articles_youtube` (
  `id` int(10) unsigned NOT NULL AUTO_INCREMENT,
  `id_entry` int(10) unsigned NOT NULL,
  `url` varchar(255) NOT NULL,
  `title` varchar(255) NOT NULL,
  PRIMARY KEY (`id`)
) ENGINE=MyISAM DEFAULT CHARSET=utf8;

--
-- Dumping data for table `modzzz_articles_youtube`
--


--
-- Table structure for table `modzzz_manager_archive`
--

CREATE TABLE `modzzz_manager_archive` (
  `ID` int(10) unsigned NOT NULL AUTO_INCREMENT,
  `Caption` varchar(100) NOT NULL,
  `Icon` varchar(100) NOT NULL,
  `Url` varchar(250) NOT NULL,
  `Script` varchar(250) NOT NULL,
  `Eval` text NOT NULL,
  `Order` int(5) NOT NULL,
  `Type` varchar(20) NOT NULL,
  `bDisplayInSubMenuHeader` tinyint(1) NOT NULL DEFAULT '0',
  `Date` int(5) NOT NULL,
  PRIMARY KEY (`ID`)
) ENGINE=MyISAM AUTO_INCREMENT=153 DEFAULT CHARSET=utf8;

--
-- Dumping data for table `modzzz_manager_archive`
--

INSERT INTO `modzzz_manager_archive` VALUES (82,'{cpt_feature}','asterisk','','getHtmlData(\'ajaxy_popup_result_div_{ID}\', \'list_pop.php?action={act_feature}&ID={ID}\', false, \'post\'); return false;','',15,'Profile',0,1482418819),(7,'{cpt_greet}','hand-o-right','','{evalResult}','if ({ID} == {member_id}) return;\r\n\r\nreturn \"$.post(\'greet.php\', { sendto: \'{ID}\' }, function(sData){ $(\'#ajaxy_popup_result_div_{ID}\').html(sData) } );return false;\";\r\n',5,'Profile',0,1482418890),(8,'{cpt_get_mail}','envelope-o','','{evalResult}','if ({ID} == {member_id}) return;\r\n\r\n$bAnonymousMode  = \'{anonym_mode}\';\r\n\r\nif ( !$bAnonymousMode ) {\r\n    return \"$.post(\'freemail.php\', { ID: \'{ID}\' }, function(sData){ $(\'#ajaxy_popup_result_div_{ID}\').html(sData) } );return false;\";\r\n}\r\n',6,'Profile',0,1482418899),(3,'{cpt_fave}','asterisk','','{evalResult}','return $GLOBALS[\'oTopMenu\']->getScriptFaveAdd({ID}, {member_id});',3,'Profile',0,1482418915),(4,'{cpt_remove_fave}','asterisk','','{evalResult}','return $GLOBALS[\'oTopMenu\']->getScriptFaveCancel({ID}, {member_id});',3,'Profile',0,1482418919),(10,'{cpt_report}','exclamation-circle','','{evalResult}','if ({ID} == {member_id}) return;\r\n\r\nreturn  \"$.post(\'list_pop.php?action=spam\', { ID: \'{ID}\' }, function(sData){ $(\'#ajaxy_popup_result_div_{ID}\').html(sData) } );return false;\";\r\n',8,'Profile',0,1482418940),(104,'{TitleSubscribe}','paperclip','','{ScriptSubscribe}','',13,'bx_groups',0,1482419173),(100,'{TitleUploadPhotos}','picture-o','{BaseUri}upload_photos/{URI}','','',9,'bx_groups',0,1482419195),(81,'{cpt_delete_spam}','times','','getHtmlData(\'ajaxy_popup_result_div_{ID}\', \'list_pop.php?action=delete_spam&ID={ID}\', false, \'post\', true); return false;','',12,'Profile',0,1482426964),(98,'{AddToFeatured}','star-o','','getHtmlData( \'ajaxy_popup_result_div_{ID}\', \'{evalResult}\', false, \'post\');return false;','$oConfig = $GLOBALS[\'oBxGroupsModule\']->_oConfig; return BX_DOL_URL_ROOT . $oConfig->getBaseUri() . \'mark_featured/{ID}\';',6,'bx_groups',0,1482419260),(152,'_bx_ads_RSS','rss','rss_factory.php?action=ads&pid={owner_id}','','',8,'bx_ads',0,1482419532),(80,'{cpt_delete}','times','','getHtmlData(\'ajaxy_popup_result_div_{ID}\', \'list_pop.php?action=delete&ID={ID}\', false, \'post\', true); return false;','',11,'Profile',0,1482426975),(79,'{cpt_ban}','exclamation-circle','','getHtmlData(\'ajaxy_popup_result_div_{ID}\', \'list_pop.php?action={act_ban}&ID={ID}\', false, \'post\'); return false;','',10,'Profile',0,1482427004),(78,'{cpt_activate}','check','','getHtmlData(\'ajaxy_popup_result_div_{ID}\', \'list_pop.php?action={act_activate}&ID={ID}\', false, \'post\'); return false;','',9,'Profile',0,1482427011);

--
-- Table structure for table `sys_account_custom_stat_elements`
--

CREATE TABLE `sys_account_custom_stat_elements` (
  `ID` int(2) NOT NULL AUTO_INCREMENT,
  `Label` varchar(128) NOT NULL,
  `Value` varchar(255) NOT NULL,
  PRIMARY KEY (`ID`)
) ENGINE=MyISAM AUTO_INCREMENT=11 DEFAULT CHARSET=utf8;

--
-- Dumping data for table `sys_account_custom_stat_elements`
--

INSERT INTO `sys_account_custom_stat_elements` VALUES (1,'_bx_events','__bx_events__ (<a href=\"modules/?r=events/browse/my&bx_events_filter=add_event\">__l_add__</a>)'),(2,'_bx_photos','__phs__ (<a href=\"modules/?r=photos/albums/my/main/\">__l_add__</a>)'),(7,'_bx_groups','__bx_groups__ (<a href=\"modules/?r=groups/browse/my&bx_groups_filter=add_group\">__l_add__</a>)'),(10,'_bx_ads_Ads','__mad__ (<a href=\"__site_url__ads/my_page/add/\">__l_add__</a>)'),(6,'_bx_forums','__mop__ (<a href=\"__site_url__forum/\">__l_add__</a>)'),(9,'_modzzz_articles','__modzzz_articles__ (<a href=\"modules/?r=articles/browse/my&filter=add_article\">__l_add__</a>)');

--
-- Table structure for table `sys_acl_actions`
--

CREATE TABLE `sys_acl_actions` (
  `ID` smallint(5) unsigned NOT NULL AUTO_INCREMENT,
  `Name` varchar(255) NOT NULL DEFAULT '',
  `AdditionalParamName` varchar(80) DEFAULT NULL,
  PRIMARY KEY (`ID`)
) ENGINE=MyISAM AUTO_INCREMENT=111 DEFAULT CHARSET=utf8;

--
-- Dumping data for table `sys_acl_actions`
--

INSERT INTO `sys_acl_actions` VALUES (1,'send greetings',NULL),(2,'view profiles',NULL),(3,'vote',NULL),(4,'send messages',NULL),(5,'get other members emails',NULL),(6,'comments post',NULL),(7,'comments vote',NULL),(8,'comments edit own',NULL),(9,'comments remove own',NULL),(15,'events view',NULL),(16,'events browse',NULL),(17,'events search',NULL),(18,'events add',NULL),(19,'events comments delete and edit',NULL),(20,'events edit any event',NULL),(21,'events delete any event',NULL),(22,'events mark as featured',NULL),(23,'events approve',NULL),(24,'events broadcast message',NULL),(25,'timeline post comment',''),(26,'timeline delete comment',''),(27,'photos view',NULL),(28,'photos add',NULL),(29,'photos delete',NULL),(30,'photos approve',NULL),(31,'photos edit',NULL),(32,'Feedback Delete',''),(33,'News Delete',''),(69,'groups view group',NULL),(35,'use simple messenger',NULL),(109,'ads delete any ad',NULL),(108,'ads edit any ad',NULL),(107,'ads add',NULL),(106,'ads search',NULL),(105,'ads browse',NULL),(104,'ads view',NULL),(51,'forum public read',NULL),(52,'forum public post',NULL),(53,'forum private read',NULL),(54,'forum private post',NULL),(55,'forum search',NULL),(56,'forum files download',NULL),(57,'forum edit all',NULL),(58,'forum delete all',NULL),(59,'forum make sticky',NULL),(60,'forum del topics',NULL),(61,'forum move topics',NULL),(62,'forum hide topics',NULL),(63,'forum unhide topics',NULL),(64,'forum hide posts',NULL),(65,'forum unhide posts',NULL),(66,'avatar upload',NULL),(67,'avatar edit any',NULL),(68,'avatar delete any',NULL),(70,'groups browse',NULL),(71,'groups search',NULL),(72,'groups add group',NULL),(73,'groups comments delete and edit',NULL),(74,'groups edit any group',NULL),(75,'groups delete any group',NULL),(76,'groups mark as featured',NULL),(77,'groups approve groups',NULL),(78,'groups broadcast message',NULL),(79,'timeline repost',''),(92,'articles mark as favorite',NULL),(110,'ads approving',NULL),(93,'articles autoapprove article',NULL),(94,'articles view article',NULL),(95,'articles browse',NULL),(96,'articles search',NULL),(97,'articles add article',NULL),(98,'articles comments delete and edit',NULL),(99,'articles edit any article',NULL),(100,'articles delete any article',NULL),(101,'articles mark as featured',NULL),(102,'articles approve articles',NULL),(103,'articles allow embed',NULL);

--
-- Table structure for table `sys_acl_actions_track`
--

CREATE TABLE `sys_acl_actions_track` (
  `IDAction` smallint(5) unsigned NOT NULL DEFAULT '0',
  `IDMember` int(10) unsigned NOT NULL DEFAULT '0',
  `ActionsLeft` smallint(5) unsigned NOT NULL DEFAULT '0',
  `ValidSince` datetime DEFAULT NULL,
  PRIMARY KEY (`IDAction`,`IDMember`)
) ENGINE=MyISAM DEFAULT CHARSET=utf8;

--
-- Dumping data for table `sys_acl_actions_track`
--

INSERT INTO `sys_acl_actions_track` VALUES (1,1,4,'2015-05-05 01:21:51'),(1,2,4,'2015-06-10 00:38:01'),(4,2,9,'2015-04-08 16:08:21'),(4,1,9,'2015-04-08 16:27:43'),(1,3,4,'2021-06-30 08:45:50'),(1,12,4,'2019-05-02 13:09:14'),(4,12,0,'2016-12-22 13:18:08'),(1,13,4,'2016-06-03 13:11:56'),(4,3,10,'2016-11-15 16:42:13'),(1,17,4,'2016-06-16 12:30:42'),(1,19,4,'2016-06-28 12:45:52'),(4,19,10,'2016-06-16 15:00:52'),(1,24,4,'2019-05-01 14:51:58'),(1,26,4,'2016-10-14 12:18:18'),(4,24,9,'2016-11-04 18:06:11'),(1,23,4,'2016-10-18 06:06:50'),(1,27,4,'2016-10-27 23:02:23'),(1,36,4,'2016-12-22 13:20:48'),(1,37,4,'2020-10-09 21:18:14'),(1,39,4,'2019-05-30 17:44:47'),(1,40,4,'2018-07-08 23:54:22'),(1,46,4,'2019-01-07 06:48:26'),(1,48,4,'2019-01-08 17:04:30'),(1,50,4,'2019-11-05 10:25:53'),(1,53,4,'2019-02-03 17:28:46'),(1,57,4,'2019-02-16 09:59:07'),(1,45,4,'2019-02-16 11:57:24'),(1,58,4,'2019-03-08 12:02:59'),(1,55,4,'2019-04-13 19:07:30'),(1,72,4,'2019-06-01 14:26:10'),(1,77,4,'2019-08-29 15:55:13'),(1,80,4,'2019-10-23 03:03:10'),(1,84,4,'2019-12-05 23:53:31'),(1,87,4,'2020-03-14 15:29:27'),(1,93,4,'2020-03-23 12:03:45'),(1,94,4,'2020-03-23 13:10:49'),(1,95,4,'2020-03-27 10:35:02'),(1,96,4,'2020-04-07 09:01:21'),(1,97,4,'2020-04-15 10:32:56'),(1,100,4,'2020-04-15 13:33:33'),(1,101,4,'2020-04-15 13:53:22'),(1,103,4,'2020-04-16 03:48:38'),(1,108,4,'2020-04-16 18:00:53'),(1,109,4,'2020-04-19 11:42:12'),(1,110,4,'2020-04-19 14:05:08'),(1,111,4,'2020-04-27 16:50:44'),(1,113,4,'2020-05-02 14:14:09'),(1,114,4,'2020-05-06 17:08:07'),(1,115,4,'2020-05-09 08:46:33'),(1,118,4,'2020-09-19 01:19:04'),(1,127,4,'2020-12-06 17:25:42'),(1,130,4,'2020-12-17 18:18:35'),(1,141,4,'2021-07-01 08:24:34'),(1,133,4,'2021-07-01 18:38:42'),(1,128,4,'2021-08-04 14:42:52'),(1,145,4,'2021-08-16 13:41:17'),(1,150,4,'2022-03-12 20:28:09');

--
-- Table structure for table `sys_acl_level_prices`
--

CREATE TABLE `sys_acl_level_prices` (
  `id` int(11) NOT NULL AUTO_INCREMENT,
  `IDLevel` smallint(5) unsigned NOT NULL DEFAULT '0',
  `Days` int(10) unsigned NOT NULL DEFAULT '1',
  `Price` float unsigned NOT NULL DEFAULT '1',
  PRIMARY KEY (`id`),
  UNIQUE KEY `type` (`IDLevel`,`Days`)
) ENGINE=MyISAM DEFAULT CHARSET=utf8;

--
-- Dumping data for table `sys_acl_level_prices`
--


--
-- Table structure for table `sys_acl_levels`
--

CREATE TABLE `sys_acl_levels` (
  `ID` int(11) NOT NULL AUTO_INCREMENT,
  `Name` varchar(100) NOT NULL DEFAULT '',
  `Icon` varchar(255) NOT NULL DEFAULT '',
  `Description` text NOT NULL,
  `Active` enum('yes','no') NOT NULL DEFAULT 'no',
  `Purchasable` enum('yes','no') NOT NULL DEFAULT 'yes',
  `Removable` enum('yes','no') NOT NULL DEFAULT 'yes',
  `Order` int(11) NOT NULL DEFAULT '0',
  PRIMARY KEY (`ID`),
  UNIQUE KEY `Name` (`Name`)
) ENGINE=MyISAM AUTO_INCREMENT=4 DEFAULT CHARSET=utf8;

--
-- Dumping data for table `sys_acl_levels`
--

INSERT INTO `sys_acl_levels` VALUES (1,'Non-member','non-member.png','','yes','no','no',0),(2,'Standard','member.png','','yes','no','no',0),(3,'Promotion','promotion.png','','yes','no','no',0);

--
-- Table structure for table `sys_acl_levels_members`
--

CREATE TABLE `sys_acl_levels_members` (
  `IDMember` int(10) unsigned NOT NULL DEFAULT '0',
  `IDLevel` smallint(5) unsigned NOT NULL DEFAULT '0',
  `DateStarts` datetime NOT NULL DEFAULT '0000-00-00 00:00:00',
  `DateExpires` datetime DEFAULT NULL,
  `TransactionID` varchar(16) NOT NULL DEFAULT '',
  `Expiring` tinyint(4) unsigned NOT NULL DEFAULT '0',
  PRIMARY KEY (`IDMember`,`IDLevel`,`DateStarts`)
) ENGINE=MyISAM DEFAULT CHARSET=utf8;

--
-- Dumping data for table `sys_acl_levels_members`
--


--
-- Table structure for table `sys_acl_matrix`
--

CREATE TABLE `sys_acl_matrix` (
  `IDLevel` smallint(5) unsigned NOT NULL DEFAULT '0',
  `IDAction` smallint(5) unsigned NOT NULL DEFAULT '0',
  `AllowedCount` smallint(5) unsigned DEFAULT NULL,
  `AllowedPeriodLen` smallint(5) unsigned DEFAULT NULL,
  `AllowedPeriodStart` datetime DEFAULT NULL,
  `AllowedPeriodEnd` datetime DEFAULT NULL,
  `AdditionalParamValue` varchar(255) DEFAULT NULL,
  PRIMARY KEY (`IDLevel`,`IDAction`)
) ENGINE=MyISAM DEFAULT CHARSET=utf8;

--
-- Dumping data for table `sys_acl_matrix`
--

INSERT INTO `sys_acl_matrix` VALUES (1,2,NULL,NULL,NULL,NULL,NULL),(1,3,NULL,NULL,NULL,NULL,NULL),(1,7,NULL,NULL,NULL,NULL,NULL),(2,1,4,24,NULL,NULL,NULL),(2,2,NULL,NULL,NULL,NULL,NULL),(2,3,NULL,NULL,NULL,NULL,NULL),(2,4,NULL,NULL,NULL,NULL,NULL),(2,6,NULL,NULL,NULL,NULL,NULL),(2,7,NULL,NULL,NULL,NULL,NULL),(2,8,NULL,NULL,NULL,NULL,NULL),(2,9,NULL,NULL,NULL,NULL,NULL),(3,1,NULL,NULL,NULL,NULL,NULL),(3,2,NULL,NULL,NULL,NULL,NULL),(3,3,NULL,NULL,NULL,NULL,NULL),(3,4,NULL,NULL,NULL,NULL,NULL),(3,6,NULL,NULL,NULL,NULL,NULL),(3,7,NULL,NULL,NULL,NULL,NULL),(3,8,NULL,NULL,NULL,NULL,NULL),(3,9,NULL,NULL,NULL,NULL,NULL),(1,13,NULL,NULL,NULL,NULL,NULL),(2,13,NULL,NULL,NULL,NULL,NULL),(3,13,NULL,NULL,NULL,NULL,NULL),(1,14,NULL,NULL,NULL,NULL,NULL),(2,14,NULL,NULL,NULL,NULL,NULL),(3,14,NULL,NULL,NULL,NULL,NULL),(1,15,NULL,NULL,NULL,NULL,NULL),(2,15,NULL,NULL,NULL,NULL,NULL),(3,15,NULL,NULL,NULL,NULL,NULL),(1,16,NULL,NULL,NULL,NULL,NULL),(2,16,NULL,NULL,NULL,NULL,NULL),(3,16,NULL,NULL,NULL,NULL,NULL),(1,17,NULL,NULL,NULL,NULL,NULL),(2,17,NULL,NULL,NULL,NULL,NULL),(3,17,NULL,NULL,NULL,NULL,NULL),(2,18,NULL,NULL,NULL,NULL,NULL),(3,18,NULL,NULL,NULL,NULL,NULL),(2,25,NULL,NULL,NULL,NULL,NULL),(3,25,NULL,NULL,NULL,NULL,NULL),(1,27,NULL,NULL,NULL,NULL,NULL),(2,27,NULL,NULL,NULL,NULL,NULL),(3,27,NULL,NULL,NULL,NULL,NULL),(2,28,NULL,NULL,NULL,NULL,NULL),(3,28,NULL,NULL,NULL,NULL,NULL),(2,69,NULL,NULL,NULL,NULL,NULL),(1,69,NULL,NULL,NULL,NULL,NULL),(2,35,NULL,NULL,NULL,NULL,NULL),(3,35,NULL,NULL,NULL,NULL,NULL),(2,39,NULL,NULL,NULL,NULL,NULL),(3,39,NULL,NULL,NULL,NULL,NULL),(3,107,NULL,NULL,NULL,NULL,NULL),(2,107,NULL,NULL,NULL,NULL,NULL),(3,106,NULL,NULL,NULL,NULL,NULL),(2,106,NULL,NULL,NULL,NULL,NULL),(1,106,NULL,NULL,NULL,NULL,NULL),(3,105,NULL,NULL,NULL,NULL,NULL),(2,105,NULL,NULL,NULL,NULL,NULL),(1,105,NULL,NULL,NULL,NULL,NULL),(3,104,NULL,NULL,NULL,NULL,NULL),(2,104,NULL,NULL,NULL,NULL,NULL),(1,104,NULL,NULL,NULL,NULL,NULL),(1,51,NULL,NULL,NULL,NULL,NULL),(2,51,NULL,NULL,NULL,NULL,NULL),(3,51,NULL,NULL,NULL,NULL,NULL),(2,52,NULL,NULL,NULL,NULL,NULL),(3,52,NULL,NULL,NULL,NULL,NULL),(3,53,NULL,NULL,NULL,NULL,NULL),(3,54,NULL,NULL,NULL,NULL,NULL),(1,55,NULL,NULL,NULL,NULL,NULL),(2,55,NULL,NULL,NULL,NULL,NULL),(3,55,NULL,NULL,NULL,NULL,NULL),(2,56,NULL,NULL,NULL,NULL,NULL),(3,56,NULL,NULL,NULL,NULL,NULL),(2,66,NULL,NULL,NULL,NULL,NULL),(3,66,NULL,NULL,NULL,NULL,NULL),(3,69,NULL,NULL,NULL,NULL,NULL),(1,70,NULL,NULL,NULL,NULL,NULL),(2,70,NULL,NULL,NULL,NULL,NULL),(3,70,NULL,NULL,NULL,NULL,NULL),(1,71,NULL,NULL,NULL,NULL,NULL),(2,71,NULL,NULL,NULL,NULL,NULL),(3,71,NULL,NULL,NULL,NULL,NULL),(2,72,NULL,NULL,NULL,NULL,NULL),(3,72,NULL,NULL,NULL,NULL,NULL),(2,79,NULL,NULL,NULL,NULL,NULL),(3,79,NULL,NULL,NULL,NULL,NULL),(2,84,NULL,NULL,NULL,NULL,NULL),(3,84,NULL,NULL,NULL,NULL,NULL),(1,91,NULL,NULL,NULL,NULL,NULL),(2,91,NULL,NULL,NULL,NULL,NULL),(3,91,NULL,NULL,NULL,NULL,NULL),(2,92,NULL,NULL,NULL,NULL,NULL),(3,92,NULL,NULL,NULL,NULL,NULL),(2,93,NULL,NULL,NULL,NULL,NULL),(3,93,NULL,NULL,NULL,NULL,NULL),(1,94,NULL,NULL,NULL,NULL,NULL),(2,94,NULL,NULL,NULL,NULL,NULL),(3,94,NULL,NULL,NULL,NULL,NULL),(1,95,NULL,NULL,NULL,NULL,NULL),(2,95,NULL,NULL,NULL,NULL,NULL),(3,95,NULL,NULL,NULL,NULL,NULL),(1,96,NULL,NULL,NULL,NULL,NULL),(2,96,NULL,NULL,NULL,NULL,NULL),(3,96,NULL,NULL,NULL,NULL,NULL),(2,97,NULL,NULL,NULL,NULL,NULL),(3,97,NULL,NULL,NULL,NULL,NULL),(2,103,NULL,NULL,NULL,NULL,NULL),(3,103,NULL,NULL,NULL,NULL,NULL),(1,4,NULL,NULL,NULL,NULL,NULL);

--
-- Table structure for table `sys_admin_ban_list`
--

CREATE TABLE `sys_admin_ban_list` (
  `ProfID` int(10) unsigned NOT NULL DEFAULT '0',
  `Time` int(10) unsigned NOT NULL DEFAULT '0',
  `DateTime` datetime NOT NULL DEFAULT '0000-00-00 00:00:00',
  PRIMARY KEY (`ProfID`)
) ENGINE=MyISAM DEFAULT CHARSET=utf8;

--
-- Dumping data for table `sys_admin_ban_list`
--


--
-- Table structure for table `sys_albums`
--

CREATE TABLE `sys_albums` (
  `ID` int(10) NOT NULL AUTO_INCREMENT,
  `Caption` varchar(128) NOT NULL DEFAULT '',
  `Uri` varchar(255) NOT NULL DEFAULT '',
  `Location` varchar(128) NOT NULL DEFAULT '',
  `Description` varchar(255) NOT NULL DEFAULT '',
  `Type` varchar(20) NOT NULL DEFAULT '',
  `Owner` int(10) NOT NULL DEFAULT '0',
  `Status` enum('active','passive') NOT NULL DEFAULT 'active',
  `Date` int(10) NOT NULL DEFAULT '0',
  `ObjCount` int(10) NOT NULL DEFAULT '0',
  `LastObjId` int(10) NOT NULL DEFAULT '0',
  `AllowAlbumView` int(10) NOT NULL DEFAULT '3',
  PRIMARY KEY (`ID`),
  UNIQUE KEY `Uri` (`Uri`,`Type`,`Owner`),
  KEY `Owner` (`Owner`)
) ENGINE=MyISAM AUTO_INCREMENT=114 DEFAULT CHARSET=utf8;

--
-- Dumping data for table `sys_albums`
--

INSERT INTO `sys_albums` VALUES (48,'Cover photos','Cover-photos','','','bx_photos',24,'active',1478297286,0,0,5),(49,'11.15.2016','11-15-2016','','','bx_photos',3,'active',1479245648,0,0,5),(50,'Hidden','Hidden','','','bx_photos',3,'active',1479247486,4,53,8),(4,'persister1\'s photos','persister1-s-photos','Undefined','','bx_photos',3,'active',1428638299,1,4,3),(47,'Profile photos','Profile-photos','','','bx_photos',27,'active',1477623743,0,0,5),(43,'Profile photos','Profile-photos','','','bx_photos',23,'active',1476785210,1,36,5),(67,'Profile Photos','Profile-Photos','','','bx_photos',66,'active',1559052172,0,0,5),(68,'May Francis\'s timeline photos','May-Francis-s-timeline-photos','','','bx_photos',37,'active',1559252307,1,56,5),(44,'Cover photos','Cover-photos','','','bx_photos',23,'active',1476785223,0,0,5),(16,'persister1\'s cover photos','persister1-s-cover-photos','Undefined','','bx_photos',3,'active',1443490279,0,0,3),(46,'Jennifer Sprung\'s timeline photos','Jennifer-Sprung-s-timeline-photos','','','bx_photos',27,'active',1477623582,3,39,5),(45,'10.18.2016','10-18-2016','','','bx_photos',23,'active',1476785384,0,0,5),(31,'Profile photos','Profile-photos','','','bx_photos',3,'active',1466271236,3,44,4),(32,'Monique Hillen\'s timeline photos','Monique-Hillen-s-timeline-photos','','','bx_photos',3,'active',1466271276,3,42,4),(69,'Profile Photos','Profile-Photos','','','bx_photos',72,'active',1559413570,0,0,5),(70,'Profile Photos','Profile-Photos','','','bx_photos',77,'active',1565030117,1,57,5),(71,'Cover photos','Cover-photos','','','bx_photos',77,'active',1565030130,0,0,5),(40,'Robin Jaffin\'s timeline photos','Robin-Jaffin-s-timeline-photos','','','bx_photos',24,'active',1476396159,2,40,5),(33,'Cover photos','Cover-photos','','','bx_photos',3,'active',1466271310,0,0,4),(42,'Profile photos','Profile-photos','','','bx_photos',26,'active',1476461898,0,0,5),(41,'Profile photos','Profile-photos','','','bx_photos',24,'active',1476410071,1,41,5),(72,'08.05.2019','08-05-2019','','','bx_photos',77,'active',1565030140,0,0,5),(39,'Fanny Rothschild\'s timeline photos','Fanny-Rothschild-s-timeline-photos','','','bx_photos',23,'active',1476371181,1,34,5),(57,'Profile Photos','Profile-Photos','','','bx_photos',39,'active',1546713566,0,0,5),(73,'Profile Photos','Profile-Photos','','','bx_photos',12,'active',1565626706,0,0,5),(74,'Profile Photos','Profile-Photos','','','bx_photos',80,'active',1571814213,0,0,5),(55,'Profile Photos','Profile-Photos','','','bx_photos',37,'active',1529584420,1,50,5),(56,'Profile Photos','Profile-Photos','','','bx_photos',40,'active',1531108462,0,0,5),(58,'Cover photos','Cover-photos','','','bx_photos',37,'active',1546714127,0,0,5),(59,'Profile Photos','Profile-Photos','','','bx_photos',48,'active',1546985096,0,0,5),(60,'Profile Photos','Profile-Photos','','','bx_photos',50,'active',1547829504,0,0,5),(61,'Profile Photos','Profile-Photos','','','bx_photos',53,'active',1549232926,0,0,5),(62,'Profile Photos','Profile-Photos','','','bx_photos',45,'active',1550336244,1,55,5),(63,'Cover photos','Cover-photos','','','bx_photos',45,'active',1550336251,0,0,5),(64,'02.16.2019','02-16-2019','','','bx_photos',45,'active',1550336272,1,54,5),(65,'02.16.2019 (2)','02-16-2019-2','','','bx_photos',45,'active',1550336945,0,0,5),(66,'Profile Photos','Profile-Photos','','','bx_photos',58,'active',1552064579,0,0,5),(75,'Profile Photos','Profile-Photos','','','bx_photos',81,'active',1575597650,0,0,5),(76,'Profile Photos','Profile-Photos','','','bx_photos',84,'active',1575608011,0,0,5),(77,'Profile Photos','Profile-Photos','','','bx_photos',87,'active',1584214167,1,58,5),(78,'Cover photos','Cover-photos','','','bx_photos',87,'active',1584279773,0,0,5),(79,'Jolene Heske\'s timeline photos','Jolene-Heske-s-timeline-photos','','','bx_photos',90,'active',1584890028,1,59,5),(80,'Profile Photos','Profile-Photos','','','bx_photos',93,'active',1584979425,5,64,5),(81,'Cover photos','Cover-photos','','','bx_photos',93,'active',1584979430,0,0,5),(83,'Profile Photos','Profile-Photos','','','bx_photos',95,'active',1585319702,1,65,5),(84,'Cover photos','Cover-photos','','','bx_photos',95,'active',1585319717,0,0,5),(85,'Profile Photos','Profile-Photos','','','bx_photos',96,'active',1586264523,0,0,5),(86,'Profile Photos','Profile-Photos','','','bx_photos',97,'active',1586961176,0,0,5),(87,'Rebecca Edwards\'s timeline photos','Rebecca-Edwards-s-timeline-photos','','','bx_photos',97,'active',1586961213,1,66,5),(88,'Profile Photos','Profile-Photos','','','bx_photos',103,'active',1587023318,0,0,5),(90,'Profile Photos','Profile-Photos','','','bx_photos',109,'active',1587310956,0,0,5),(91,'Profile Photos','Profile-Photos','','','bx_photos',110,'active',1587319508,0,0,5),(92,'Profile Photos','Profile-Photos','','','bx_photos',106,'active',1587658010,0,0,5),(93,'Jennifer Page\'s timeline photos','Jennifer-Page-s-timeline-photos','','','bx_photos',111,'active',1588020626,1,67,5),(94,'Profile Photos','Profile-Photos','','','bx_photos',111,'active',1588020644,0,0,5),(95,'Profile Photos','Profile-Photos','','','bx_photos',113,'active',1588443249,0,0,5),(96,'Cover photos','Cover-photos','','','bx_photos',113,'active',1588443254,0,0,5),(97,'Profile Photos','Profile-Photos','','','bx_photos',114,'active',1588799287,0,0,5),(98,'Melanie Struzzi Sutton\'s timeline photos','Melanie-Struzzi-Sutton-s-timeline-photos','','','bx_photos',115,'active',1589028382,1,68,5),(99,'Profile Photos','Profile-Photos','','','bx_photos',115,'active',1589028393,1,69,5),(100,'Cover photos','Cover-photos','','','bx_photos',115,'active',1589028400,0,0,5),(101,'Alvyna Tuiaulia Euta-Filo\'s timeline photos','Alvyna-Tuiaulia-Euta-Filo-s-timeline-photos','','','bx_photos',118,'active',1600492270,2,71,5),(102,'Profile Photos','Profile-Photos','','','bx_photos',118,'active',1600492744,0,0,5),(103,'Cover photos','Cover-photos','','','bx_photos',118,'active',1600492752,0,0,5),(104,'09.19.2020','09-19-2020','','','bx_photos',118,'active',1600492764,1,72,5),(105,'09.19.2020 (2)','09-19-2020-2','','','bx_photos',118,'active',1600492781,1,73,5),(106,'Profile Photos','Profile-Photos','','','bx_photos',127,'active',1607293542,0,0,5),(107,'Profile Photos','Profile-Photos','','','bx_photos',130,'active',1608247115,0,0,5),(108,'Profile Photos','Profile-Photos','','','bx_photos',141,'active',1625142274,0,0,5),(109,'Profile Photos','Profile-Photos','','','bx_photos',133,'active',1625179122,0,0,5),(110,'Profile Photos','Profile-Photos','','','bx_photos',142,'active',1625327519,0,0,5),(111,'Profile Photos','Profile-Photos','','','bx_photos',128,'active',1628102572,0,0,5),(112,'Profile Photos','Profile-Photos','','','bx_photos',144,'active',1630244682,0,0,5),(113,'Profile Photos','Profile-Photos','','','bx_photos',146,'active',1631390934,0,0,5);

--
-- Table structure for table `sys_albums_objects`
--

CREATE TABLE `sys_albums_objects` (
  `id_album` int(10) NOT NULL,
  `id_object` int(10) NOT NULL,
  `obj_order` int(10) NOT NULL DEFAULT '0',
  UNIQUE KEY `id_album` (`id_album`,`id_object`),
  KEY `id_object` (`id_object`)
) ENGINE=MyISAM DEFAULT CHARSET=utf8;

--
-- Dumping data for table `sys_albums_objects`
--

INSERT INTO `sys_albums_objects` VALUES (32,42,0),(40,40,0),(41,41,0),(4,4,0),(80,61,0),(46,39,0),(46,38,0),(46,37,0),(80,60,0),(79,59,0),(43,36,0),(77,58,0),(32,24,0),(32,25,0),(31,26,26),(40,35,0),(50,46,0),(50,45,0),(31,44,0),(31,43,43),(64,54,0),(39,34,0),(70,57,0),(68,56,0),(55,50,0),(50,52,0),(50,53,0),(62,55,0),(80,62,0),(80,63,0),(80,64,0),(83,65,0),(87,66,0),(93,67,0),(98,68,0),(99,69,0),(101,70,0),(101,71,0),(104,72,0),(105,73,0);

--
-- Table structure for table `sys_alerts`
--

CREATE TABLE `sys_alerts` (
  `id` int(11) unsigned NOT NULL AUTO_INCREMENT,
  `unit` varchar(64) NOT NULL DEFAULT '',
  `action` varchar(64) NOT NULL DEFAULT 'none',
  `handler_id` int(11) NOT NULL DEFAULT '0',
  PRIMARY KEY (`id`),
  UNIQUE KEY `alert_handler` (`unit`,`action`,`handler_id`)
) ENGINE=MyISAM AUTO_INCREMENT=183 DEFAULT CHARSET=utf8;

--
-- Dumping data for table `sys_alerts`
--

INSERT INTO `sys_alerts` VALUES (1,'system','begin',1),(2,'profile','before_join',2),(3,'profile','join',2),(4,'profile','before_login',2),(5,'profile','login',2),(6,'profile','logout',2),(7,'profile','edit',2),(8,'profile','join',3),(9,'profile','edit',3),(10,'profile','delete',3),(11,'profile','join',4),(12,'profile','edit',4),(13,'profile','delete',4),(14,'profile','change_status',4),(15,'profile','commentRemoved',5),(17,'profile','delete',7),(18,'bx_photos','delete',8),(19,'bx_videos','delete',8),(20,'bx_sounds','delete',8),(21,'bx_files','delete',8),(22,'module','install',9),(38,'profile','edit',12),(39,'profile','edit_status_message',12),(116,'comment','add',12),(41,'profile','delete',12),(42,'friend','accept',12),(45,'bx_events','add',12),(46,'bx_events','commentPost',12),(47,'profile','delete',13),(48,'bx_photos','add',12),(49,'bx_photos','commentPost',12),(55,'system','design_included',14),(98,'bx_photos','delete',24),(97,'profile','delete',23),(65,'profile','delete',16),(177,'module','install',35),(176,'profile','delete',34),(78,'ads','commentPost',12),(88,'profile','edit',20),(89,'profile','delete',20),(90,'profile','delete',21),(91,'bx_avatar','add',12),(92,'bx_avatar','change',12),(99,'bx_videos','delete',24),(100,'bx_sounds','delete',24),(101,'bx_files','delete',24),(102,'module','install',25),(103,'bx_groups','add',12),(104,'bx_groups','commentPost',12),(120,'profile','delete',28),(117,'profile','delete',2),(121,'bx_photos','delete',29),(122,'bx_videos','delete',29),(123,'bx_sounds','delete',29),(124,'bx_files','delete',29),(125,'module','install',30),(126,'modzzz_articles','add',12),(178,'ads','create',12);

--
-- Table structure for table `sys_alerts_handlers`
--

CREATE TABLE `sys_alerts_handlers` (
  `id` int(11) unsigned NOT NULL AUTO_INCREMENT,
  `name` varchar(128) NOT NULL DEFAULT '',
  `class` varchar(128) NOT NULL DEFAULT '',
  `file` varchar(255) NOT NULL DEFAULT '',
  `eval` text NOT NULL,
  PRIMARY KEY (`id`),
  UNIQUE KEY `name` (`name`)
) ENGINE=MyISAM AUTO_INCREMENT=37 DEFAULT CHARSET=utf8;

--
-- Dumping data for table `sys_alerts_handlers`
--

INSERT INTO `sys_alerts_handlers` VALUES (1,'system','BxDolAlertsResponseSystem','inc/classes/BxDolAlertsResponseSystem.php',''),(2,'profile','BxDolAlertsResponseProfile','inc/classes/BxDolAlertsResponseProfile.php',''),(3,'membersData','BxDolUpdateMembersCache','inc/classes/BxDolUpdateMembersCache.php',''),(4,'profileMatch','BxDolAlertsResponceMatch','inc/classes/BxDolAlertsResponceMatch.php',''),(5,'bx_videos_comments_delete','BxDolVideoDeleteResponse','flash/modules/video_comments/inc/classes/BxDolVideoDeleteResponse.php',''),(7,'bx_events_profile_delete','','','BxDolService::call(\'events\', \'response_profile_delete\', array($this));'),(8,'bx_events_media_delete','','','BxDolService::call(\'events\', \'response_media_delete\', array($this));'),(9,'bx_events_map_install','','','if (\'wmap\' == $this->aExtras[\'uri\'] && $this->aExtras[\'res\'][\'result\']) BxDolService::call(\'events\', \'map_install\');'),(12,'bx_wall','','','BxDolService::call(\'wall\', \'response\', array($this));'),(13,'bx_photos_profile_delete','','','BxDolService::call(\'photos\', \'response_profile_delete\', array($this));'),(14,'bx_pageac','','','BxDolService::call(\'pageac\', \'responce_protect_URL\', array($_SERVER[\'REQUEST_URI\']));'),(16,'bx_simple_messenger','BxSimpleMessengerResponse','modules/boonex/simple_messenger/classes/BxSimpleMessengerResponse.php',''),(35,'bx_ads_map_install','','','if (\'wmap\' == $this->aExtras[\'uri\'] && $this->aExtras[\'res\'][\'result\']) BxDolService::call(\'ads\', \'map_install\');'),(34,'bx_ads_profile_delete','','','BxDolService::call(\'ads\', \'response_profile_delete\', array($this));'),(20,'bx_forum_profile','BxForumProfileResponse','modules/boonex/forum/profile_response.php',''),(21,'bx_avatar','BxAvaProfileDeleteResponse','modules/boonex/avatar/classes/BxAvaProfileDeleteResponse.php',''),(23,'bx_groups_profile_delete','','','BxDolService::call(\'groups\', \'response_profile_delete\', array($this));'),(24,'bx_groups_media_delete','','','BxDolService::call(\'groups\', \'response_media_delete\', array($this));'),(25,'bx_groups_map_install','','','if (\'wmap\' == $this->aExtras[\'uri\'] && $this->aExtras[\'res\'][\'result\']) BxDolService::call(\'groups\', \'map_install\');'),(28,'modzzz_articles_profile_delete','','','BxDolService::call(\'articles\', \'response_profile_delete\', array($this));'),(29,'modzzz_articles_media_delete','','','BxDolService::call(\'articles\', \'response_media_delete\', array($this));'),(30,'modzzz_articles_map_install','','','if (\'wmap\' == $this->aExtras[\'uri\'] && $this->aExtras[\'res\'][\'result\']) BxDolService::call(\'articles\', \'map_install\');');

--
-- Table structure for table `sys_antispam_block_log`
--

CREATE TABLE `sys_antispam_block_log` (
  `ip` int(10) unsigned NOT NULL,
  `member_id` int(10) unsigned NOT NULL,
  `type` varchar(32) NOT NULL,
  `extra` text NOT NULL,
  `added` int(11) NOT NULL,
  KEY `ip` (`ip`),
  KEY `member_id` (`member_id`)
) ENGINE=MyISAM DEFAULT CHARSET=utf8;

--
-- Dumping data for table `sys_antispam_block_log`
--

INSERT INTO `sys_antispam_block_log` VALUES (2706229731,0,'stopforumspam','join',1440640891),(2706229731,0,'stopforumspam','join',1440640903),(2706229731,0,'stopforumspam','join',1440640905),(2706229731,0,'stopforumspam','join',1440641029),(2706229731,0,'stopforumspam','join',1440641051),(1096872948,0,'stopforumspam','join',1448461642),(1096872948,0,'stopforumspam','join',1448461653),(1096872948,0,'stopforumspam','join',1448461657),(1096872948,0,'stopforumspam','join',1448461667),(1096872948,0,'stopforumspam','join',1448461676),(1096872948,0,'stopforumspam','join',1448461733),(1096872948,0,'stopforumspam','join',1448461828),(847959309,0,'stopforumspam','join',1469815364),(847959309,0,'stopforumspam','join',1469815381),(847959309,0,'stopforumspam','join',1469815389),(847959309,0,'stopforumspam','join',1469815402),(847959309,0,'stopforumspam','join',1469815417),(847959309,0,'stopforumspam','join',1469815433),(847959309,0,'stopforumspam','join',1469815526),(851164926,0,'stopforumspam','join',1476461021),(851164926,0,'stopforumspam','join',1476461041),(1240338797,0,'stopforumspam','join',1496161609),(1240338797,0,'stopforumspam','join',1496161618),(1206626112,0,'stopforumspam','join',1549644243),(1206626112,0,'stopforumspam','join',1549644253),(1206626112,0,'stopforumspam','join',1549644265),(1206626112,0,'stopforumspam','join',1549644274),(1206626112,0,'stopforumspam','join',1549644297),(1206626112,0,'stopforumspam','join',1549644316),(1206626112,0,'stopforumspam','join',1549644344),(1761303491,0,'stopforumspam','join',1550371891),(87961952,0,'stopforumspam','join',1563535877),(87961952,0,'stopforumspam','join',1563535884),(87961952,0,'stopforumspam','join',1563535886),(87961952,0,'stopforumspam','join',1563535896),(87961952,0,'stopforumspam','join',1563535899),(87961952,0,'stopforumspam','join',1563535901),(87961952,0,'stopforumspam','join',1563535904),(87961952,0,'stopforumspam','join',1563535939),(87961952,0,'stopforumspam','join',1563535951),(87961952,0,'stopforumspam','join',1563535959),(87961952,0,'stopforumspam','join',1563535992),(87961952,0,'stopforumspam','join',1563536033),(87961952,0,'stopforumspam','join',1563536042),(1806491919,0,'dnsbluri','Hey there, I just found your site, quick question…\r\n\r\nMy name’s Eric, I found persisters.com after doing a quick search – you showed up near the top of the rankings, so whatever you’re doing for SEO, looks like it’s working well.\r\n\r\nSo here’s my question – what happens AFTER someone lands on your site?  Anything?\r\n\r\nResearch tells us at least 70% of the people who find your site, after a quick once-over, they disappear… forever.\r\n\r\nThat means that all the work and effort you put into getting them to show up, goes down the tubes.\r\n\r\nWhy would you want all that good work – and the great site you’ve built – go to waste?\r\n\r\nBecause the odds are they’ll just skip over calling or even grabbing their phone, leaving you high and dry.\r\n\r\nBut here’s a thought… what if you could make it super-simple for someone to raise their hand, say, “okay, let’s talk” without requiring them to even pull their cell phone from their pocket?\r\n  \r\nYou can – thanks to revolutionary new software that can literally make that first call happen NOW.\r\n\r\nTalk With Web Visitor is a software widget that sits on your site, ready and waiting to capture any visitor’s Name, Email address and Phone Number.  It lets you know IMMEDIATELY – so that you can talk to that lead while they’re still there at your site.\r\n  \r\nYou know, strike when the iron’s hot!\r\n\r\nCLICK HERE http://www.talkwithwebvisitor.com to try out a Live Demo with Talk With Web Visitor now to see exactly how it works.\r\n\r\nWhen targeting leads, you HAVE to act fast – the difference between contacting someone within 5 minutes versus 30 minutes later is huge – like 100 times better!\r\n\r\nThat’s why you should check out our new SMS Text With Lead feature as well… once you’ve captured the phone number of the website visitor, you can automatically kick off a text message (SMS) conversation with them. \r\n \r\nImagine how powerful this could be – even if they don’t take you up on your offer immediately, you can stay in touch with them using text messages to make new offers, provide links to great content, and build your credibility.\r\n\r\nJust this alone could be a game changer to make your website even more effective.\r\n\r\nStrike when  the iron’s hot!\r\n\r\nCLICK HERE http://www.talkwithwebvisitor.com to learn more about everything Talk With Web Visitor can do for your business – you’ll be amazed.\r\n\r\nThanks and keep up the great work!\r\n\r\nEric\r\nPS: Talk With Web Visitor offers a FREE 14 days trial – you could be converting up to 100x more leads immediately!   \r\nIt even includes International Long Distance Calling. \r\nStop wasting money chasing eyeballs that don’t turn into paying customers. \r\nCLICK HERE http://www.talkwithwebvisitor.com to try Talk With Web Visitor now.\r\n\r\nIf you\'d like to unsubscribe click here http://talkwithwebvisitor.com/unsubscribe.aspx?d=persisters.com\r\n',1583882332),(1806447734,0,'dnsbluri','Hey, this is Eric and I ran across persisters.com a few minutes ago.\r\n\r\nLooks great… but now what?\r\n\r\nBy that I mean, when someone like me finds your website – either through Search or just bouncing around – what happens next?  Do you get a lot of leads from your site, or at least enough to make you happy?\r\n\r\nHonestly, most business websites fall a bit short when it comes to generating paying customers. Studies show that 70% of a site’s visitors disappear and are gone forever after just a moment.\r\n\r\nHere’s an idea…\r\n \r\nHow about making it really EASY for every visitor who shows up to get a personal phone call you as soon as they hit your site…\r\n \r\nYou can –\r\n  \r\nTalk With Web Visitor is a software widget that’s works on your site, ready to capture any visitor’s Name, Email address and Phone Number.  It signals you the moment they let you know they’re interested – so that you can talk to that lead while they’re literally looking over your site.\r\n\r\nCLICK HERE http://www.talkwithwebvisitor.com to try out a Live Demo with Talk With Web Visitor now to see exactly how it works.\r\n\r\nYou’ll be amazed - the difference between contacting someone within 5 minutes versus a half-hour or more later could increase your results 100-fold.\r\n\r\nIt gets even better… once you’ve captured their phone number, with our new SMS Text With Lead feature, you can automatically start a text (SMS) conversation.\r\n  \r\nThat way, even if you don’t close a deal right away, you can follow up with text messages for new offers, content links, even just “how you doing?” notes to build a relationship.\r\n\r\nPretty sweet – AND effective.\r\n\r\nCLICK HERE http://www.talkwithwebvisitor.com to discover what Talk With Web Visitor can do for your business.\r\n\r\nYou could be converting up to 100X more leads today!\r\n\r\nEric\r\nPS: Talk With Web Visitor offers a FREE 14 days trial – and it even includes International Long Distance Calling. \r\nYou have customers waiting to talk with you right now… don’t keep them waiting. \r\nCLICK HERE http://www.talkwithwebvisitor.com to try Talk With Web Visitor now.\r\n\r\nIf you\'d like to unsubscribe click here http://talkwithwebvisitor.com/unsubscribe.aspx?d=persisters.com\r\n',1584402368),(2892992538,0,'dnsbluri','hi there\r\nHere is your quotation regarding the SEO Ultimate plan that you inquired about for persisters.com.\r\nhttps://www.arteseo.co/seo-ultimate/\r\n\r\nthank you\r\nMike\r\n',1589681868),(391257495,0,'dnsbluri','Dear persisters.com owner,\r\n\r\nIn an alarming 10 Dec 2019 article in CNN, Morgan Stanley has proclaimed \r\nthat we may see the “MOTHER OF ALL RECESSIONS” in 2020.  The recession has already started.\r\n\r\nWhat are you doing to prepare for it?\r\n\r\nClick here for a bona-fide solution http://www.zoomsoft.net/PerpetualIncome\r\n\r\nIn the recent minor recession of 2018, people lost jobs, livelihoods and \r\nassets. Imagine what would happen if the major one hits?\r\n\r\nIt will be an economic tsunami! You have an obligation to protect your \r\nfinances at any cost.\r\n\r\nHere’s a way to thrive in any market. http://www.zoomsoft.net/PerpetualIncome\r\n\r\nHere’s to a breakthrough 2020.\r\n\r\nBest,\r\n\r\nP.S. If you’re living from paycheck to paycheck, you’re in the most \r\ndanger if things go wrong and companies start cutting jobs.\r\nClick here for a Plan B that can even make you rich http://www.zoomsoft.net/PerpetualIncome\r\n\r\nUNSUBSCRIBE http://www.zoomsoft.net/unsubscribe',1595802915),(391781861,0,'dnsbluri','Hey, my name’s Eric and for just a second, imagine this…\r\n\r\n- Someone does a search and winds up at persisters.com.\r\n\r\n- They hang out for a minute to check it out.  “I’m interested… but… maybe…”\r\n\r\n- And then they hit the back button and check out the other search results instead. \r\n\r\n- Bottom line – you got an eyeball, but nothing else to show for it.\r\n\r\n- There they go.\r\n\r\nThis isn’t really your fault – it happens a LOT – studies show 7 out of 10 visitors to any site disappear without leaving a trace.\r\n\r\nBut you CAN fix that.\r\n\r\nTalk With Web Visitor is a software widget that’s works on your site, ready to capture any visitor’s Name, Email address and Phone Number.  It lets you know right then and there – enabling you to call that lead while they’re literally looking over your site.\r\n\r\nCLICK HERE http://www.talkwithwebvisitors.com to try out a Live Demo with Talk With Web Visitor now to see exactly how it works.\r\n\r\nTime is money when it comes to connecting with leads – the difference between contacting someone within 5 minutes versus 30 minutes later can be huge – like 100 times better!\r\n\r\nPlus, now that you have their phone number, with our new SMS Text With Lead feature you can automatically start a text (SMS) conversation… so even if you don’t close a deal then, you can follow up with text messages for new offers, content links, even just “how you doing?” notes to build a relationship.\r\n\r\nStrong stuff.\r\n\r\nCLICK HERE http://www.talkwithwebvisitors.com to discover what Talk With Web Visitor can do for your business.\r\n\r\nYou could be converting up to 100X more leads today!\r\n\r\nEric\r\nPS: Talk With Web Visitor offers a FREE 14 days trial – and it even includes International Long Distance Calling. \r\nYou have customers waiting to talk with you right now… don’t keep them waiting. \r\nCLICK HERE http://www.talkwithwebvisitors.com to try Talk With Web Visitor now.\r\n\r\nIf you\'d like to unsubscribe click here http://talkwithwebvisitors.com/unsubscribe.aspx?d=persisters.com\r\n',1598544372),(1082751047,0,'dnsbluri','Hi, my name is Eric and I’m betting you’d like your website persisters.com to generate more leads.\r\n\r\nHere’s how:\r\nTalk With Web Visitor is a software widget that’s works on your site, ready to capture any visitor’s Name, Email address and Phone Number.  It signals you as soon as they say they’re interested – so that you can talk to that lead while they’re still there at persisters.com.\r\n\r\nTalk With Web Visitor – CLICK HERE http://www.talkwithwebvisitors.com for a live demo now.\r\n\r\nAnd now that you’ve got their phone number, our new SMS Text With Lead feature enables you to start a text (SMS) conversation – answer questions, provide more info, and close a deal that way.\r\n\r\nIf they don’t take you up on your offer then, just follow up with text messages for new offers, content links, even just “how you doing?” notes to build a relationship.\r\n\r\nCLICK HERE http://www.talkwithwebvisitors.com to discover what Talk With Web Visitor can do for your business.\r\n\r\nThe difference between contacting someone within 5 minutes versus a half-hour means you could be converting up to 100X more leads today!\r\n\r\nTry Talk With Web Visitor and get more leads now.\r\n\r\nEric\r\nPS: The studies show 7 out of 10 visitors don’t hang around – you can’t afford to lose them!\r\nTalk With Web Visitor offers a FREE 14 days trial – and it even includes International Long Distance Calling. \r\nYou have customers waiting to talk with you right now… don’t keep them waiting. \r\nCLICK HERE http://www.talkwithwebvisitors.com to try Talk With Web Visitor now.\r\n\r\nIf you\'d like to unsubscribe click here http://talkwithwebvisitors.com/unsubscribe.aspx?d=persisters.com\r\n',1598924857),(1806668923,0,'dnsbluri','Hello, my name’s Eric and I just ran across your website at persisters.com...\r\n\r\nI found it after a quick search, so your SEO’s working out…\r\n\r\nContent looks pretty good…\r\n\r\nOne thing’s missing though…\r\n\r\nA QUICK, EASY way to connect with you NOW.\r\n\r\nBecause studies show that a web lead like me will only hang out a few seconds – 7 out of 10 disappear almost instantly, Surf Surf Surf… then gone forever.\r\n\r\nI have the solution:\r\n\r\nTalk With Web Visitor is a software widget that’s works on your site, ready to capture any visitor’s Name, Email address and Phone Number.  You’ll know immediately they’re interested and you can call them directly to TALK with them - literally while they’re still on the web looking at your site.\r\n\r\nCLICK HERE http://www.talkwithwebvisitors.com to try out a Live Demo with Talk With Web Visitor now to see exactly how it works and even give it a try… it could be huge for your business.\r\n\r\nPlus, now that you’ve got that phone number, with our new SMS Text With Lead feature, you can automatically start a text (SMS) conversation pronto… which is so powerful, because connecting with someone within the first 5 minutes is 100 times more effective than waiting 30 minutes or more later.\r\n\r\nThe new text messaging feature lets you follow up regularly with new offers, content links, even just follow up notes to build a relationship.\r\n\r\nEverything I’ve just described is extremely simple to implement, cost-effective, and profitable.\r\n \r\nCLICK HERE http://www.talkwithwebvisitors.com to discover what Talk With Web Visitor can do for your business, potentially converting up to 100X more eyeballs into leads today!\r\n\r\nEric\r\nPS: Talk With Web Visitor offers a FREE 14 days trial – and it even includes International Long Distance Calling. \r\nYou have customers waiting to talk with you right now… don’t keep them waiting. \r\nCLICK HERE http://www.talkwithwebvisitors.com to try Talk With Web Visitor now.\r\n\r\nIf you\'d like to unsubscribe click here http://talkwithwebvisitors.com/unsubscribe.aspx?d=persisters.com\r\n',1599139228),(1759452371,0,'dnsbluri','Hello, my name’s Eric and I just ran across your website at persisters.com...\r\n\r\nI found it after a quick search, so your SEO’s working out…\r\n\r\nContent looks pretty good…\r\n\r\nOne thing’s missing though…\r\n\r\nA QUICK, EASY way to connect with you NOW.\r\n\r\nBecause studies show that a web lead like me will only hang out a few seconds – 7 out of 10 disappear almost instantly, Surf Surf Surf… then gone forever.\r\n\r\nI have the solution:\r\n\r\nTalk With Web Visitor is a software widget that’s works on your site, ready to capture any visitor’s Name, Email address and Phone Number.  You’ll know immediately they’re interested and you can call them directly to TALK with them - literally while they’re still on the web looking at your site.\r\n\r\nCLICK HERE http://www.talkwithwebvisitors.com to try out a Live Demo with Talk With Web Visitor now to see exactly how it works and even give it a try… it could be huge for your business.\r\n\r\nPlus, now that you’ve got that phone number, with our new SMS Text With Lead feature, you can automatically start a text (SMS) conversation pronto… which is so powerful, because connecting with someone within the first 5 minutes is 100 times more effective than waiting 30 minutes or more later.\r\n\r\nThe new text messaging feature lets you follow up regularly with new offers, content links, even just follow up notes to build a relationship.\r\n\r\nEverything I’ve just described is extremely simple to implement, cost-effective, and profitable.\r\n \r\nCLICK HERE http://www.talkwithwebvisitors.com to discover what Talk With Web Visitor can do for your business, potentially converting up to 100X more eyeballs into leads today!\r\n\r\nEric\r\nPS: Talk With Web Visitor offers a FREE 14 days trial – and it even includes International Long Distance Calling. \r\nYou have customers waiting to talk with you right now… don’t keep them waiting. \r\nCLICK HERE http://www.talkwithwebvisitors.com to try Talk With Web Visitor now.\r\n\r\nIf you\'d like to unsubscribe click here http://talkwithwebvisitors.com/unsubscribe.aspx?d=persisters.com\r\n',1601090092),(3458840814,0,'dnsbluri','Hello, my name’s Eric and I just ran across your website at persisters.com...\r\n\r\nI found it after a quick search, so your SEO’s working out…\r\n\r\nContent looks pretty good…\r\n\r\nOne thing’s missing though…\r\n\r\nA QUICK, EASY way to connect with you NOW.\r\n\r\nBecause studies show that a web lead like me will only hang out a few seconds – 7 out of 10 disappear almost instantly, Surf Surf Surf… then gone forever.\r\n\r\nI have the solution:\r\n\r\nTalk With Web Visitor is a software widget that’s works on your site, ready to capture any visitor’s Name, Email address and Phone Number.  You’ll know immediately they’re interested and you can call them directly to TALK with them - literally while they’re still on the web looking at your site.\r\n\r\nCLICK HERE http://www.talkwithwebvisitors.com to try out a Live Demo with Talk With Web Visitor now to see exactly how it works and even give it a try… it could be huge for your business.\r\n\r\nPlus, now that you’ve got that phone number, with our new SMS Text With Lead feature, you can automatically start a text (SMS) conversation pronto… which is so powerful, because connecting with someone within the first 5 minutes is 100 times more effective than waiting 30 minutes or more later.\r\n\r\nThe new text messaging feature lets you follow up regularly with new offers, content links, even just follow up notes to build a relationship.\r\n\r\nEverything I’ve just described is extremely simple to implement, cost-effective, and profitable.\r\n \r\nCLICK HERE http://www.talkwithwebvisitors.com to discover what Talk With Web Visitor can do for your business, potentially converting up to 100X more eyeballs into leads today!\r\n\r\nEric\r\nPS: Talk With Web Visitor offers a FREE 14 days trial – and it even includes International Long Distance Calling. \r\nYou have customers waiting to talk with you right now… don’t keep them waiting. \r\nCLICK HERE http://www.talkwithwebvisitors.com to try Talk With Web Visitor now.\r\n\r\nIf you\'d like to unsubscribe click here http://talkwithwebvisitors.com/unsubscribe.aspx?d=persisters.com\r\n',1602785825),(2889497426,0,'dnsbl','join',1604067063),(759013463,0,'dnsbluri','Hey there, I just found your site, quick question…\r\n\r\nMy name’s Eric, I found persisters.com after doing a quick search – you showed up near the top of the rankings, so whatever you’re doing for SEO, looks like it’s working well.\r\n\r\nSo here’s my question – what happens AFTER someone lands on your site?  Anything?\r\n\r\nResearch tells us at least 70% of the people who find your site, after a quick once-over, they disappear… forever.\r\n\r\nThat means that all the work and effort you put into getting them to show up, goes down the tubes.\r\n\r\nWhy would you want all that good work – and the great site you’ve built – go to waste?\r\n\r\nBecause the odds are they’ll just skip over calling or even grabbing their phone, leaving you high and dry.\r\n\r\nBut here’s a thought… what if you could make it super-simple for someone to raise their hand, say, “okay, let’s talk” without requiring them to even pull their cell phone from their pocket?\r\n  \r\nYou can – thanks to revolutionary new software that can literally make that first call happen NOW.\r\n\r\nTalk With Web Visitor is a software widget that sits on your site, ready and waiting to capture any visitor’s Name, Email address and Phone Number.  It lets you know IMMEDIATELY – so that you can talk to that lead while they’re still there at your site.\r\n  \r\nYou know, strike when the iron’s hot!\r\n\r\nCLICK HERE http://www.talkwithwebvisitors.com to try out a Live Demo with Talk With Web Visitor now to see exactly how it works.\r\n\r\nWhen targeting leads, you HAVE to act fast – the difference between contacting someone within 5 minutes versus 30 minutes later is huge – like 100 times better!\r\n\r\nThat’s why you should check out our new SMS Text With Lead feature as well… once you’ve captured the phone number of the website visitor, you can automatically kick off a text message (SMS) conversation with them. \r\n \r\nImagine how powerful this could be – even if they don’t take you up on your offer immediately, you can stay in touch with them using text messages to make new offers, provide links to great content, and build your credibility.\r\n\r\nJust this alone could be a game changer to make your website even more effective.\r\n\r\nStrike when  the iron’s hot!\r\n\r\nCLICK HERE http://www.talkwithwebvisitors.com to learn more about everything Talk With Web Visitor can do for your business – you’ll be amazed.\r\n\r\nThanks and keep up the great work!\r\n\r\nEric\r\nPS: Talk With Web Visitor offers a FREE 14 days trial – you could be converting up to 100x more leads immediately!   \r\nIt even includes International Long Distance Calling. \r\nStop wasting money chasing eyeballs that don’t turn into paying customers. \r\nCLICK HERE http://www.talkwithwebvisitors.com to try Talk With Web Visitor now.\r\n\r\nIf you\'d like to unsubscribe click here http://talkwithwebvisitors.com/unsubscribe.aspx?d=persisters.com\r\n',1606506142),(3221485103,0,'dnsbluri','Hey people at persisters.com,\r\nHope you’re great. \r\nI\'m , I hope you liked the joke in the subject and that business is good and you’ve been successful throughout the current situation.\r\nAs I’ve had spoken with you long time ago previously.\r\nWe want to introduce our explainer video want to you that may benefit your web site persisters.com.\r\nCheck out some of our existing videos here:\r\nhttps://youtu.be/bj3Nea4n0no\r\nhttps://youtu.be/rY722qtQ9tc\r\nhttps://youtu.be/jLncTNoZyks\r\nAll of our videos are in a similar animated format as the above examples, and we have voice-over artists with US/UK/Australian accents.\r\nThey can show a strategy to a challenge or promote one of the offerings. They are concise, might be uploaded to video service for example Youtube, and embedded into your website or featured on landing pages.\r\nOur price list is as follows determined by video length:\r\n0-1 minutes = $159\r\n1-2 minutes = $269\r\n2-3 minutes = $379\r\nAll prices above will be in USD and can include a custom video, full script, and a voice-over. If this is something you want to discuss further, you may order our your video in https://1borsa.com/explainervideo578773, it will be ready in 3-5 working days.\r\nIf you are not interested, just erase this email so we won\'t contact you again.\r\nKind regards,\r\n',1606959034),(1266617096,0,'dnsbluri','Hey people at persisters.com,\r\nHope you’re good. \r\nI\'m ,\r\nHope you’re well, and that business is profitable. Please allow me to introduce to you this service.\r\nThe quickest way to market your site. Just enter your URL. Your competitors make use of this service already.\r\nhttps://slimex365.com/websitesubmitter326102\r\nSincerely,\r\n',1607698476),(2193201556,0,'dnsbluri','Good morning,\r\nI\'m ,\r\nHow are you doing regarding your Business Reviews?\r\nGoogle reviews influence purchase decisions. Online Google reviews may be what exactly the consumer should push them from consideration to acquire.\r\nhttps://bogazicitente.com/googlereviews766650\r\nKind Regards,\r\n',1609974131),(1263266708,0,'dnsbluri','Hi,\r\nI\'m ,\r\nHow are you doing regarding your Business Reviews?\r\nGoogle reviews expand your web exposure and local SEO. Since successful marketing tactics drive google’s algorithm, businesses with multiple reviews get first in local searches.\r\nhttps://jtbtigers.com/googlereviews309614\r\nKind Regards,\r\n',1610687221),(1806519920,0,'dnsbluri','We develop data-driven digital marketing strategies that achieve success. Let us boost your business social media presence. We can\'t wait to help you.\r\nSee what we can do for you:\r\nhttps://slimex365.com/socialnetworks595298\r\nWe wish you a million clients this year.',1611533081),(1755320723,0,'dnsbluri','Good evening \r\nHope you’re excellent, and that the company is good.\r\nTo become the most effective and quite a few known company inside your field, you\'ll need this tool to convert contributes to clients out of your site. \r\nhttps://bogazicitente.com/backlinks491078\r\nBest regards,\r\n\r\n',1612256614),(94181494,0,'dnsbluri','Good Afternoon\r\nStandout from the competition, keep persisters.com fresh and optimized, hire us:\r\nhttps://darknesstr.com/technicalseo620037\r\nHave great day!\r\nSincerely,\r\n',1612947903),(1758949526,0,'dnsbluri','Hi,\r\n \r\nI\'m always asked what is the quickest way to make money online, when you are just starting out? Well here\'s the definitive answer that question:\r\n \r\n==> https://sesforyou.com\r\n \r\nNew Book Reveals How I Built A 7-Figure Online Business Using Nothing But Ethical Email Marketing To Drive Revenue, Sales and Commissions...\r\n \r\n==> https://sesforyou.com\r\n \r\nRegards,\r\nSesForYou.com',1615179768),(761194729,0,'dnsbluri','How To Master Internet Lead Conversion?\r\n\r\nI spent the last 10+ years generating, calling and closing Internet leads. I will be sharing my decade long conversion code for you to copy during this new, free webinar!\r\nDuring the webinar, I will show you:\r\n\r\nEvery business needs to capture more leads, create more appointments, and close more deals.\r\n\r\nIf you commit to mastering the content in this session, you will earn more money immediately– not in six months or a year, but literally as soon as you put your new knowledge to work. I have used this method on 1,000\'s of Internet leads of all price points. \r\n\r\nIf you want Internet leads, I have the key to CONVERTING them. Hope you can make it... https://TalkWithWebTraffic.com/Webinar\r\n\r\nIf getting more Hot Phone Leads is a part of your business plan (and why wouldn\'t it be?), I\'ve got great news for you.\r\n\r\n1. 12 ways to generate seller leads\r\n2. How to get seller leads on the phone\r\n3. What to say on the phone so you get instant sales\r\n4. The Key to SMS Marketing\r\n5  Never Cold Call Again\r\n6. Better leads = Faster conversions\r\n7. The four keys to inside sales success\r\n8. The 10 steps to a perfect sales call with an Internet lead\r\n\r\nMore than 7,000 people have already registered. The last time I did a webinar with Top Producers, hundreds of people got locked out and could only watch the replay. Get your spot now and tune in early!\r\n\r\n==> Save my spot https://TalkWithWebTraffic.com/Webinar\r\n\r\nWe\'ve become obsessed with making sure our clients are converting the leads we generate for them. \r\n\r\nHow much are you getting back in commissions compared to how much are you spending on advertising? But what is even better than a great ROI is a quick ROI. During this live webinar I will show you how we can help you generate higher quality leads that are easier to convert, fast.\r\n\r\n==>  Register at https://TalkWithWebTraffic.com/Webinar\r\n\r\nYour #1 Fan, \r\nLinda Miller\r\nBe there or be square.\r\n\r\nIf you\'d like to unsubscribe click here http://talkwithwebtraffic.com/unsubscribe.aspx?d=persisters.com\r\n',1617558141),(3301217313,0,'dnsbluri','Hi persisters.com Owner,\r\n\r\nDo you want to know the Secrets To Mastering Internet Lead Conversion?\r\n\r\nI spent the last 10+ years generating, calling and closing Internet leads. I will be sharing my decade long conversion code for you to copy during this new, free webinar!\r\nDuring the webinar, I will show you:\r\n\r\nEvery business needs to capture more leads, create more appointments, and close more deals.\r\n\r\nIf you commit to mastering the content in this session, you will earn more money immediately– not in six months or a year, but literally as soon as you put your new knowledge to work. I have used this method on 1,000\'s of Internet leads of all price points. \r\n\r\nIf you want Internet leads, I have the key to CONVERTING them. Hope you can make it... https://TalkWithWebTraffic.com/Webinar\r\n\r\nIf getting more Hot Phone Leads is a part of your business plan (and why wouldn\'t it be?), I\'ve got great news for you.\r\n\r\n1. 12 ways to generate seller leads\r\n2. How to get seller leads on the phone\r\n3. What to say on the phone so you get instant sales\r\n4. The Key to SMS Marketing\r\n5  Never Cold Call Again\r\n6. Better leads = Faster conversions\r\n7. The four keys to inside sales success\r\n8. The 10 steps to a perfect sales call with an Internet lead\r\n\r\nMore than 7,000 people have already registered. The last time I did a webinar with Top Producers, hundreds of people got locked out and could only watch the replay. Get your spot now and tune in early!\r\n\r\n==> Save my spot https://TalkWithWebTraffic.com/Webinar\r\n\r\nWe\'ve become obsessed with making sure our clients are converting the leads we generate for them. \r\n\r\nHow much are you getting back in commissions compared to how much are you spending on advertising? But what is even better than a great ROI is a quick ROI. During this live webinar I will show you how we can help you generate higher quality leads that are easier to convert, fast.\r\n\r\n==>  Register at https://TalkWithWebTraffic.com/Webinar\r\n\r\nYour #1 Fan, \r\nLinda Miller\r\nBe there or be square.\r\n\r\nIf you\'d like to unsubscribe click here http://talkwithwebtraffic.com/unsubscribe.aspx?d=persisters.com\r\n',1619777509),(3235036615,0,'dnsbluri','Hi persisters.com Owner,\r\n\r\nDo you want to know the Secrets To Mastering Internet Lead Conversion?\r\n\r\nI spent the last 10+ years generating, calling and closing Internet leads. I will be sharing my decade long conversion code for you to copy during this new, free webinar!\r\nDuring the webinar, I will show you:\r\n\r\nEvery business needs to capture more leads, create more appointments, and close more deals.\r\n\r\nIf you commit to mastering the content in this session, you will earn more money immediately– not in six months or a year, but literally as soon as you put your new knowledge to work. I have used this method on 1,000\'s of Internet leads of all price points. \r\n\r\nIf you want Internet leads, I have the key to CONVERTING them. Hope you can make it... https://TalkWithWebTraffic.com/Webinar\r\n\r\nIf getting more Hot Phone Leads is a part of your business plan (and why wouldn\'t it be?), I\'ve got great news for you.\r\n\r\n1. 12 ways to generate seller leads\r\n2. How to get seller leads on the phone\r\n3. What to say on the phone so you get instant sales\r\n4. The Key to SMS Marketing\r\n5  Never Cold Call Again\r\n6. Better leads = Faster conversions\r\n7. The four keys to inside sales success\r\n8. The 10 steps to a perfect sales call with an Internet lead\r\n\r\nMore than 7,000 people have already registered. The last time I did a webinar with Top Producers, hundreds of people got locked out and could only watch the replay. Get your spot now and tune in early!\r\n\r\n==> Save my spot https://TalkWithWebTraffic.com/Webinar\r\n\r\nWe\'ve become obsessed with making sure our clients are converting the leads we generate for them. \r\n\r\nHow much are you getting back in commissions compared to how much are you spending on advertising? But what is even better than a great ROI is a quick ROI. During this live webinar I will show you how we can help you generate higher quality leads that are easier to convert, fast.\r\n\r\n==>  Register at https://TalkWithWebTraffic.com/Webinar\r\n\r\nYour #1 Fan, \r\nLinda Miller\r\nBe there or be square.\r\n\r\nIf you\'d like to unsubscribe click here http://talkwithwebtraffic.com/unsubscribe.aspx?d=persisters.com\r\n',1620009988),(1496202769,0,'dnsbluri','Hi there, I hope you’re doing well.\r\n\r\nI handle influencer relations for LeggingsHut. Great to meet you! \r\nI stumbled across your account and thought your content would be perfect for us.\r\nIf you feel we’d make a good fit, I’d love to invite you to our referral program. \r\n\r\nUse this link to visit, http://leggingscashteam.com \r\n\r\nSincerely, \r\nLeggings Cash Team Judy',1620337907),(2901764015,0,'dnsbluri','Hi persisters.com Owner,\r\n\r\nDo you want to know the Secrets To Mastering Internet Lead Conversion?\r\n\r\nI spent the last 10+ years generating, calling and closing Internet leads. I will be sharing my decade long conversion code for you to copy during this new, free webinar!\r\nDuring the webinar, I will show you:\r\n\r\nEvery business needs to capture more leads, create more appointments, and close more deals.\r\n\r\nIf you commit to mastering the content in this session, you will earn more money immediately– not in six months or a year, but literally as soon as you put your new knowledge to work. I have used this method on 1,000\'s of Internet leads of all price points. \r\n\r\nIf you want Internet leads, I have the key to CONVERTING them. Hope you can make it... https://TalkWithWebTraffic.com/Webinar\r\n\r\nIf getting more Hot Phone Leads is a part of your business plan (and why wouldn\'t it be?), I\'ve got great news for you.\r\n\r\n1. 12 ways to generate seller leads\r\n2. How to get seller leads on the phone\r\n3. What to say on the phone so you get instant sales\r\n4. The Key to SMS Marketing\r\n5  Never Cold Call Again\r\n6. Better leads = Faster conversions\r\n7. The four keys to inside sales success\r\n8. The 10 steps to a perfect sales call with an Internet lead\r\n\r\nMore than 7,000 people have already registered. The last time I did a webinar with Top Producers, hundreds of people got locked out and could only watch the replay. Get your spot now and tune in early!\r\n\r\n==> Save my spot https://TalkWithWebTraffic.com/Webinar\r\n\r\nWe\'ve become obsessed with making sure our clients are converting the leads we generate for them. \r\n\r\nHow much are you getting back in commissions compared to how much are you spending on advertising? But what is even better than a great ROI is a quick ROI. During this live webinar I will show you how we can help you generate higher quality leads that are easier to convert, fast.\r\n\r\n==>  Register at https://TalkWithWebTraffic.com/Webinar\r\n\r\nYour #1 Fan, \r\nLinda Miller\r\nBe there or be square.\r\n\r\nIf you\'d like to unsubscribe click here http://talkwithwebtraffic.com/unsubscribe.aspx?d=persisters.com\r\n',1620844080),(3289643500,0,'dnsbluri','Hello from order-fulfillment.net,\r\n\r\nDoing your own product shipping or order fulfillment in house?\r\n\r\nTired of it? Visit us on www.order-fulfillment.net  \r\n\r\nWe can store, inventory, and manage your drop shipping / order fulfillment for you.  \r\n\r\nBased in the US for almost 2 decades - we ship around the world and will save you time and money.\r\n\r\nWho would be the best contact at your company to discuss?\r\n\r\nHere are some of the items we ship for clients:\r\n-Books, training manuals, guides\r\n-New member welcomes boxes and gifts\r\n-Product samples\r\n-Marketing materials\r\n-Medical program test kits\r\n-Follow up gifts to clients, leads, and prospects\r\n\r\nThank you!\r\nFulfillment Warehouse\r\nhttps://order-fulfillment.net',1623716392),(3632483885,0,'stopforumspam','join',1632585904),(3632483885,0,'stopforumspam','join',1632585919),(3632483885,0,'stopforumspam','join',1632585959),(757797699,0,'stopforumspam','join',1633046557),(757797699,0,'stopforumspam','join',1633046688),(757797699,0,'stopforumspam','join',1633046729),(2500321897,0,'dnsbluri','Hi there\r\nHow would you like to grab more visibility for your YT videos at no advertisment costs.\r\nAll organically\r\n\r\nWe have built a special plan for ranking YT videos, check it out here:\r\nhttps://www.seo-treff.de/product/youtube-seo-package/\r\n\r\nThanks and regards\r\n\r\nMichel\r\nsupport@seo-treff.de',1637617924),(3630924140,0,'dnsbluri','Hello there \r\n \r\nPawSafer™ CAN SAFELY TRIM YOUR DOG\'S NAILS IN NO TIME FROM HOME.\r\n\r\nGet it while it\'s still 50% OFF + FREE Shipping\r\n\r\nBuy here: https://pawsafer.shop\r\n \r\nAll the best, \r\n \r\nOmer',1642104322),(3111823997,0,'dnsbluri','Hey, my name’s Eric and for just a second, imagine this…\r\n\r\n- Someone does a search and winds up at persisters.com.\r\n\r\n- They hang out for a minute to check it out.  “I’m interested… but… maybe…”\r\n\r\n- And then they hit the back button and check out the other search results instead. \r\n\r\n- Bottom line – you got an eyeball, but nothing else to show for it.\r\n\r\n- There they go.\r\n\r\nThis isn’t really your fault – it happens a LOT – studies show 7 out of 10 visitors to any site disappear without leaving a trace.\r\n\r\nBut you CAN fix that.\r\n\r\nTalk With Web Visitor is a software widget that’s works on your site, ready to capture any visitor’s Name, Email address and Phone Number.  It lets you know right then and there – enabling you to call that lead while they’re literally looking over your site.\r\n\r\nCLICK HERE http://jumboleadmagnet.com to try out a Live Demo with Talk With Web Visitor now to see exactly how it works.\r\n\r\nTime is money when it comes to connecting with leads – the difference between contacting someone within 5 minutes versus 30 minutes later can be huge – like 100 times better!\r\n\r\nPlus, now that you have their phone number, with our new SMS Text With Lead feature you can automatically start a text (SMS) conversation… so even if you don’t close a deal then, you can follow up with text messages for new offers, content links, even just “how you doing?” notes to build a relationship.\r\n\r\nStrong stuff.\r\n\r\nCLICK HERE http://jumboleadmagnet.com to discover what Talk With Web Visitor can do for your business.\r\n\r\nYou could be converting up to 100X more leads today!\r\n\r\nEric\r\nPS: Talk With Web Visitor offers a FREE 14 days trial – and it even includes International Long Distance Calling. \r\nYou have customers waiting to talk with you right now… don’t keep them waiting. \r\nCLICK HERE http://jumboleadmagnet.com to try Talk With Web Visitor now.\r\n\r\nIf you\'d like to unsubscribe click here http://jumboleadmagnet.com/unsubscribe.aspx?d=persisters.com\r\n',1642302823),(3304196714,0,'dnsbluri','Good day, \r\n\r\nMy name is Eric and unlike a lot of emails you might get, I wanted to instead provide you with a word of encouragement – Congratulations\r\n\r\nWhat for?  \r\n\r\nPart of my job is to check out websites and the work you’ve done with persisters.com definitely stands out. \r\n\r\nIt’s clear you took building a website seriously and made a real investment of time and resources into making it top quality.\r\n\r\nThere is, however, a catch… more accurately, a question…\r\n\r\nSo when someone like me happens to find your site – maybe at the top of the search results (nice job BTW) or just through a random link, how do you know? \r\n\r\nMore importantly, how do you make a connection with that person?\r\n\r\nStudies show that 7 out of 10 visitors don’t stick around – they’re there one second and then gone with the wind.\r\n\r\nHere’s a way to create INSTANT engagement that you may not have known about… \r\n\r\nTalk With Web Visitor is a software widget that’s works on your site, ready to capture any visitor’s Name, Email address and Phone Number.  It lets you know INSTANTLY that they’re interested – so that you can talk to that lead while they’re literally checking out persisters.com.\r\n\r\nCLICK HERE http://talkwithwebtraffic.com to try out a Live Demo with Talk With Web Visitor now to see exactly how it works.\r\n\r\nIt could be a game-changer for your business – and it gets even better… once you’ve captured their phone number, with our new SMS Text With Lead feature, you can automatically start a text (SMS) conversation – immediately (and there’s literally a 100X difference between contacting someone within 5 minutes versus 30 minutes.)\r\n\r\nPlus then, even if you don’t close a deal right away, you can connect later on with text messages for new offers, content links, even just follow up notes to build a relationship.\r\n\r\nEverything I’ve just described is simple, easy, and effective. \r\n\r\nCLICK HERE http://talkwithwebtraffic.com to discover what Talk With Web Visitor can do for your business.\r\n\r\nYou could be converting up to 100X more leads today!\r\n\r\nEric\r\nPS: Talk With Web Visitor offers a FREE 14 days trial – and it even includes International Long Distance Calling. \r\nYou have customers waiting to talk with you right now… don’t keep them waiting. \r\nCLICK HERE http://talkwithwebtraffic.com to try Talk With Web Visitor now.\r\n\r\nIf you\'d like to unsubscribe click here http://talkwithwebtraffic.com/unsubscribe.aspx?d=persisters.com\r\n',1644976647),(3304239726,0,'dnsbluri','Hi, Eric here with a quick thought about your website persisters.com...\r\n\r\nI’m on the internet a lot and I look at a lot of business websites.\r\n\r\nLike yours, many of them have great content. \r\n\r\nBut all too often, they come up short when it comes to engaging and connecting with anyone who visits.\r\n\r\nI get it – it’s hard.  Studies show 7 out of 10 people who land on a site, abandon it in moments without leaving even a trace.  You got the eyeball, but nothing else.\r\n\r\nHere’s a solution for you…\r\n\r\nTalk With Web Visitor is a software widget that’s works on your site, ready to capture any visitor’s Name, Email address and Phone Number.  You’ll know immediately they’re interested and you can call them directly to talk with them literally while they’re still on the web looking at your site.\r\n\r\nCLICK HERE http://talkwithwebtraffic.com to try out a Live Demo with Talk With Web Visitor now to see exactly how it works.\r\n\r\nIt could be huge for your business – and because you’ve got that phone number, with our new SMS Text With Lead feature, you can automatically start a text (SMS) conversation – immediately… and contacting someone in that 5 minute window is 100 times more powerful than reaching out 30 minutes or more later.\r\n\r\nPlus, with text messaging you can follow up later with new offers, content links, even just follow up notes to keep the conversation going.\r\n\r\nEverything I’ve just described is extremely simple to implement, cost-effective, and profitable. \r\n \r\nCLICK HERE http://talkwithwebtraffic.com to discover what Talk With Web Visitor can do for your business.\r\n\r\nYou could be converting up to 100X more eyeballs into leads today!\r\n\r\nEric\r\nPS: Talk With Web Visitor offers a FREE 14 days trial – and it even includes International Long Distance Calling. \r\nYou have customers waiting to talk with you right now… don’t keep them waiting. \r\nCLICK HERE http://talkwithwebtraffic.com to try Talk With Web Visitor now.\r\n\r\nIf you\'d like to unsubscribe click here http://talkwithwebtraffic.com/unsubscribe.aspx?d=persisters.com\r\n',1645211089),(87964414,0,'dnsbluri','Hey \r\n \r\nCAREDOGBEST™ - Personalized Dog Harness. All sizes from XS to XXL.  Easy ON/OFF in just 2 seconds.  LIFETIME WARRANTY.\r\n\r\nClick here: https://caredogbest.com\r\n \r\nBest, \r\n \r\nSherry\r\nPerSisters',1646233395),(3350975251,0,'dnsbluri','Hello there \r\n \r\nPawSafer™ Can Safely Trim Your Dog\'S Nails In No Time From Home.\r\n\r\nGet it while it\'s still 50% OFF + FREE Shipping\r\n\r\nBuy here: https://pawsafer.shop\r\n \r\nCheers, \r\n \r\nSamual',1649991925),(1761500212,0,'dnsbluri','World\'s Best Neck Massager Get it Now 50% OFF + Free Shipping!\r\n\r\nWellness Enthusiasts! There has never been a better time to take care of your neck pain! \r\n\r\nOur clinical-grade TENS technology will ensure you have neck relief in as little as 20 minutes.\r\n\r\nGet Yours: https://hineck.shop\r\n\r\nRegards,\r\n\r\nBrittany\r\nContact us',1651179652),(3563464834,0,'dnsbluri','Good Morning \r\n\r\nDon\'t you hate carrying a big bulky backpack when you are only going out for the day? This high quality shoulder bag solves that problem. \r\nCarry enough without bogging yourself down! Perfect for that fishing trip or day hike!\r\n\r\n50% OFF for the next 24 Hours ONLY + FREE Worldwide Shipping for a LIMITED time\r\n\r\nBuy now: https://fashionbag.sale\r\n\r\nAll the best, \r\n\r\nDominga',1651524686),(2734522684,0,'dnsbluri','New Multifunction Anti-theft Waterproof Sling Bag\r\n\r\nThe best ever SUPER Sling Bag: Drop-proof/Anti-theft/Scratch-resistant/USB Charging\r\n\r\n50% OFF for the next 24 Hours ONLY + FREE Worldwide Shipping for a LIMITED time\r\n\r\nBuy now: https://fashiondaily.shop\r\n\r\nRegards, \r\n\r\nGale\r\nPerSisters',1655336331),(2734522795,0,'dnsbluri','Good Morning \r\n\r\nThe New Powerful LED Flashlight is The Perfect Flashlight For Any Situation!\r\n\r\nThe 3,000 Lumens & Adjustable Zoom gives you the wide field of view and brightness other flashlights don’t have.\r\n\r\n50% OFF + Free Shipping!  Get it Now: https://linternaonline.shop\r\n\r\nBest Wishes, \r\n\r\nLonny',1656300901),(3563464706,0,'dnsbluri','Do you have time to brush your dog\'s teeth every day?\r\n\r\nLet your dog clean his own teeth with our dog dental care brushing stick. Made of eco-friendly natural rubber, this toothbrush is sturdy. The soft design is safe for your dogs\' gums and helps to clean their teeth and protect them from oral diseases and dental decay. \r\n\r\nAct Now And Receive A Special Discount!\r\n\r\nClick here: https://dogcare.center\r\n\r\nTo your success, \r\n \r\nHye',1658925628),(3350975391,0,'dnsbluri','Good Morning,\r\n\r\nHave you ever wanted to change the color of your swim shorts without having to buy a new pair? With our new swim shorts, you can do just that!\r\n\r\nOur swim shorts are made with a special material that allows you to change the color of the shorts with just a few drops of water. So, if you\'re ever in the mood for a new color, you can just change it yourself! They are AMAZING!  It could be a great addition to your summer line-up.\r\n\r\nGet yours today with 50% OFF: https://myshorts.shop\r\n\r\nFREE Shipping - TODAY ONLY!\r\n\r\nEnjoy, \r\n\r\nKellee',1659602883),(3227741845,0,'dnsbluri','Hello, \r\n\r\nI hope you\'re doing well. I wanted to let you know about our new BANGE backpacks and sling bags that just released.\r\n\r\nThe bags are waterproof and anti-theft, and have a built-in USB cable that can recharge your phone while you\'re on the go.\r\n\r\nBoth bags are made of durable and high-quality materials, and are perfect for everyday use or travel.\r\n\r\nOrder yours now at 50% OFF with FREE Shipping: https://bangeonline.shop\r\n\r\nThanks and Best Regards,\r\n\r\nAngeles',1660091712),(2328302220,0,'dnsbluri','Are you missing out on email marketing for your site? Running a site is a full time job. With limited time and resources, it be difficult to put energy in marketing your business. But with email marketing, promoting your business becomes a whole lot easier. Receive your free guide here https://thewayofemail.buzz/email/?lwhbd19@ba1oe8_io\r\n\r\nTo remove your site from our list visit https://thewayofemail.buzz/unsubscribe/?lwhbd19@ba1oe8_io',1662599296),(2870365260,0,'dnsbluri','Good Morning \r\n\r\nDon\'t you hate carrying a big bulky backpack when you are only going out for the day? Our hiking and trekking shoulder bag is perfect for day hikes and outdoor activities. It\'s comfortable, lightweight, and has plenty of room for all your essentials.\r\n\r\nWe\'re confident that you\'ll love our shoulder bag, and we\'re offering a special discount for our first 20 customers.\r\n\r\n50% OFF for the next 24 Hours ONLY + FREE Worldwide Shipping for a LIMITED time\r\n\r\nBuy now: https://fashionbag.sale\r\n\r\nSincerely, \r\n\r\nDinah',1662835382),(2734522850,0,'dnsbluri','Morning \r\n\r\nI wanted to reach out and let you know about our new dog harness. It\'s really easy to put on and take off - in just 2 seconds - and it\'s personalized for each dog. \r\nPlus, we offer a lifetime warranty so you can be sure your pet is always safe and stylish.\r\n\r\nWe\'ve had a lot of success with it so far and I think your dog would love it. \r\n\r\nGet yours today with 50% OFF:  https://caredogbest.com\r\n\r\nFREE Shipping - TODAY ONLY! \r\n\r\nThe Best, \r\n\r\nRoyal',1663806965),(2626823833,0,'dnsbluri','New Multifunction Waterproof Backpack\r\n\r\nThe best ever SUPER Backpack: Drop-proof/Scratch-resistant/USB Charging/Large capacity storage\r\n\r\n50% OFF for the next 24 Hours ONLY + FREE Worldwide Shipping for a LIMITED time\r\n\r\nBuy now: https://thebackpack.sale\r\n\r\nThank You, \r\n\r\nErika\r\n',1664371844),(2734632437,0,'stopforumspam','join',1664802820),(2734632437,0,'stopforumspam','join',1664802827),(2734632437,0,'stopforumspam','join',1664802844),(2734632437,0,'stopforumspam','join',1664802848),(2626823826,0,'dnsbluri','Good Morning \r\n\r\nI wanted to reach out and let you know about our new dog harness. It\'s really easy to put on and take off - in just 2 seconds - and it\'s personalized for each dog. \r\nPlus, we offer a lifetime warranty so you can be sure your pet is always safe and stylish.\r\n\r\nWe\'ve had a lot of success with it so far and I think your dog would love it. \r\n\r\nGet yours today with 50% OFF: https://caredogbest.com\r\n\r\nFREE Shipping - TODAY ONLY! \r\n\r\nHave a great time, \r\n\r\nLyle',1665483775),(2870365237,0,'dnsbluri','Good Morning,\r\n\r\nIf you are one of the sufferers of the common problems nails have, then you are in luck! Our Toenail Clippers is here to help. It has a specially designed clip that can help those with troubles with winding nails, hard nails, two nails, nail cracks, deep nails, and thickened nails.\r\n\r\nWe are confident that our Toenail Clippers will provide you with the results you are looking for.\r\n\r\nGet yours today with 60% OFF: https://thepodiatrist.shop\r\n\r\nThank You,\r\n\r\nMiguel',1665767486),(2626823811,0,'dnsbluri','World\'s Best Neck Massager Get it Now 50% OFF + Free Shipping!\r\n\r\nWellness Enthusiasts! There has never been a better time to take care of your neck pain! \r\nOur clinical-grade TENS technology will ensure you have neck relief in as little as 20 minutes.\r\n\r\nGet Yours: https://hineck.shop\r\n\r\nThanks and Best Regards,\r\n\r\nLanora\r\nPerSisters',1666773860),(2328310981,0,'dnsbluri','Good day, \r\n\r\nI hope this email finds you well. I wanted to let you know about our new BANGE backpacks and sling bags that just released.\r\n\r\nThe bags are waterproof and anti-theft, and have a built-in USB cable that can recharge your phone while you\'re on the go.\r\n\r\nBoth bags are made of durable and high-quality materials, and are perfect for everyday use or travel.\r\n\r\nOrder yours now at 50% OFF with FREE Shipping: https://bangeshop.com\r\n\r\nEnjoy,\r\n\r\nJayson',1668322871),(1505474981,0,'dnsbluri','Hi,\r\n\r\nDo you ever worry about your belongings when you travel? I know I do.  Our Sling Bags are drop-proof, anti-theft, scratch-resistant, and come with a USB charging port. They\'re perfect for keeping your belongings safe when you\'re on the go.\r\n\r\nI think these would make an excellent addition to your travel gear. I\'m confident you\'ll love them as much as I do.\r\n\r\n50% OFF for the next 24 Hours ONLY + FREE Worldwide Shipping for a LIMITED time\r\n\r\nBuy now: https://fashiondaily.shop\r\n\r\nBest regards, \r\nFlor',1671399504),(622053263,0,'dnsbluri','Is your dog\'s nails getting too long? If you\'re tired of going to the vet or groomer to get them trimmed, why not try PawSafer™? \r\nWith PawSafer™, you can trim your dog\'s nails from the comfort of your own home, and it only takes a few minutes!\r\n\r\nPawSafer™ is the safest and most convenient way to trim your dog\'s nails, and it\'s very affordable. \r\n\r\nGet it while it\'s still 50% OFF + FREE Shipping\r\n\r\nBuy here: https://pawsafer.sale\r\n \r\nHave a great time, \r\n \r\nVance',1672746543),(2415144118,0,'dnsbluri','Hi there \r\n\r\nThe New Powerful LED Flashlight is The Perfect Flashlight For Any Situation!\r\n\r\nThe 3,000 Lumens & Adjustable Zoom gives you the wide field of view and brightness other flashlights don’t have.\r\n\r\n50% OFF + Free Shipping!  Get it Now: https://linternaonline.shop\r\n\r\nBest, \r\n\r\nAllan',1673467499),(1505473337,0,'dnsbluri','Hey,\r\n\r\nIf you are one of the sufferers of the common problems nails have, then you are in luck! Our Toenail Clippers is here to help. It has a specially designed clip that can help those with troubles with winding nails, hard nails, two nails, nail cracks, deep nails, and thickened nails.\r\n\r\nWe are confident that our Toenail Clippers will provide you with the results you are looking for.\r\n\r\nGet yours today with 60% OFF: https://thepodiatrist.shop\r\n\r\nRegards,\r\n\r\nEdwina',1674197570),(1505473338,0,'dnsbluri','Hey \r\n\r\nI wanted to reach out and let you know about our new dog harness. It\'s really easy to put on and take off - in just 2 seconds - and it\'s personalized for each dog. \r\nPlus, we offer a lifetime warranty so you can be sure your pet is always safe and stylish.\r\n\r\nWe\'ve had a lot of success with it so far and I think your dog would love it. \r\n\r\nGet yours today with 50% OFF:   https://caredogbest.com\r\n\r\nFREE Shipping - TODAY ONLY! \r\n\r\nAll the best, \r\n\r\nGary',1675966055),(2891855138,0,'dnsbluri','Hi there\r\nDo you want to get backlinks from domains that have tons of ranking keywords?\r\n\r\nhttps://www.monkeydigital.co/semrush-backlinks/',1677615997),(1475970689,0,'dnsbluri','New Multifunction Waterproof Backpack\r\n\r\nThe best ever SUPER Backpack: Drop-proof/Scratch-resistant/USB Charging/Large capacity storage\r\n\r\n50% OFF for the next 24 Hours ONLY + FREE Worldwide Shipping for a LIMITED time\r\n\r\nBuy now: https://thebackpack.co\r\n\r\nAll the best, \r\n\r\nBernard\r\n',1677697787),(2626827140,0,'dnsbluri','World\'s Best Neck Massager Get it Now 50% OFF + Free Shipping!\r\n\r\nWellness Enthusiasts! There has never been a better time to take care of your neck pain! \r\nOur clinical-grade TENS technology will ensure you have neck relief in as little as 20 minutes.\r\n\r\nGet Yours: https://hineck.shop\r\n\r\nBest,\r\n\r\nWilda\r\nPerSisters',1678511678),(2626827139,0,'dnsbluri','Hi,\r\n\r\nDo you ever worry about your belongings when you travel? I know I do.  Our Sling Bags are drop-proof, anti-theft, scratch-resistant, and come with a USB charging port. They\'re perfect for keeping your belongings safe when you\'re on the go.\r\n\r\nI think these would make an excellent addition to your travel gear. I\'m confident you\'ll love them as much as I do.\r\n\r\n50% OFF for the next 24 Hours ONLY + FREE Worldwide Shipping for a LIMITED time\r\n\r\nBuy now: https://fashiondaily.shop\r\n\r\nAll the best, \r\nJacki',1678871863),(3642164139,0,'dnsbluri','New Multifunction Anti-theft Waterproof Sling Bag\r\n\r\nThe best ever SUPER Sling Bag: Drop-proof/Anti-theft/Scratch-resistant/USB Charging\r\n\r\n50% OFF for the next 24 Hours ONLY + FREE Worldwide Shipping for a LIMITED time\r\n\r\nBuy now: https://fashiondaily.shop\r\n\r\nBest Wishes, \r\n\r\nGretta\r\nPerSisters',1679287392),(2454098790,0,'dnsbluri','Hello \r\n \r\nDefrost frozen foods in minutes safely and naturally with our THAW KING™. \r\n\r\n50% OFF for the next 24 Hours ONLY + FREE Worldwide Shipping for a LIMITED \r\n\r\nBuy now: https://thawking.co\r\n \r\nBest Wishes, \r\n \r\nFlorentina',1679940093),(3247706714,0,'dnsbluri','Hi \r\n\r\nI wanted to reach out and let you know about our new dog harness. It\'s really easy to put on and take off - in just 2 seconds - and it\'s personalized for each dog. \r\nPlus, we offer a lifetime warranty so you can be sure your pet is always safe and stylish.\r\n\r\nWe\'ve had a lot of success with it so far and I think your dog would love it. \r\n\r\nGet yours today with 50% OFF: https://caredogbest.shop\r\n\r\nFREE Shipping - TODAY ONLY! \r\n\r\nEnjoy, \r\n\r\nKatherine',1685517089),(3488896674,0,'dnsbluri','If you’ve spent any amount of time marketing online, you probably learned that one way to make money is by creating content that will send people to sales or opt-in pages.Visiting us at https://onlinegptpro.com can help you learn to work with Chat GPT to direct traffic and increase sales. \r\n\r\nGetting clients engaged and headed to your sales page takes effort. You must think about what to write, research for details and ideas, and write and check the content. This can become overwhelming. Let https://onlinegptpro.com show you how to push traffic to the correct pages with creative content and original ideas. Looking to create short stories, long ebooks, or even writen books for Amazon. We can assist you in finding the best ways of using ChatGPT to find your inspiration.\r\n\r\nWith standard content creation, you’ve got to:\r\n-> Spend hours researching for good ideas on what to write.\r\n-> Spend even more time writing and proofreading your text.\r\n-> Sit down and pound out the entire thing key by key *or*...\r\n​​-> Pay a freelancer through the nose for it, never knowing if they are or what quality they will deliver.\r\n​-> Get crazy if you don\'t know what to write about a specific subject you know nothing about.\r\n​-> Win writer\'s block. It is the biggest problem when you need content and ideas in a fast way.\r\n\r\nAs you can see, this process is so daunting that most people don’t even attempt to generate any content, which is the key to success nowadays. Content is king if you want people to visit your website, blog, sales, and opt-in pages. \r\n\r\nVisit us on https://onlinegptpro.com/',1685729918),(1495720844,0,'dnsbluri','Hello,\r\n\r\nIf you are one of the sufferers of the common problems nails have, then you are in luck! Our Toenail Clippers is here to help. It has a specially designed clip that can help those with troubles with winding nails, hard nails, two nails, nail cracks, deep nails, and thickened nails.\r\n\r\nWe are confident that our Toenail Clippers will provide you with the results you are looking for.\r\n\r\nGet yours today with 60% OFF: https://podiatristusa.sale\r\n\r\nThe Best,\r\n\r\nTera',1689253682),(1495720844,0,'dnsbluri','World\'s Best Neck Massager Get it Now 50% OFF + Free Shipping!\r\n\r\nWellness Enthusiasts! There has never been a better time to take care of your neck pain! \r\nOur clinical-grade TENS technology will ensure you have neck relief in as little as 20 minutes.\r\n\r\nGet Yours: https://hineck.co\r\n\r\nBest,\r\n\r\nBridget\r\nContact us',1690222301),(1505473199,0,'dnsbluri','Get The Worlds Greatest Magic Sand Free Beach Mat!\r\n\r\nWatch sand, dirt & dust disappear right before your eyes! It\'s perfect for beach, picnic, camping or hiking.\r\n\r\nAct Now And Receive A Special Discount For Our Magic Mat!\r\n\r\nGet Yours Here:  https://magicmats.co\r\n\r\nBest Wishes, \r\n \r\nHubert',1690674590),(87961970,0,'dnsbluri','Hello there,\r\n\r\nIf you are one of the sufferers of the common problems nails have, then you are in luck! Our Toenail Clippers is here to help. It has a specially designed clip that can help those with troubles with winding nails, hard nails, two nails, nail cracks, deep nails, and thickened nails.\r\n\r\nWe are confident that our Toenail Clippers will provide you with the results you are looking for.\r\n\r\nGet yours today with 60% OFF: https://podiatristusa.sale\r\n\r\nBest regards,\r\n\r\nSebastian',1692416777),(647655089,0,'dnsbluri','Hi there,\r\nMonthly Seo Services - Professional/ Affordable Seo Services\r\nHire the leading seo marketing company and get your website ranked on search engines. Are you looking to rank your website on search engines? Contact us now to get started -  https://digitalpromax.co/lb/ Today!',1694107403),(3237796869,0,'dnsbluri','Get The Worlds Greatest Magic Sand Free Beach Mat!\r\n\r\nWatch sand, dirt & dust disappear right before your eyes! It\'s perfect for beach, picnic, camping or hiking.\r\n\r\nAct Now And Receive A Special Discount For Our Magic Mat!\r\n\r\nGet Yours Here:  https://magicmats.co\r\n\r\nRegards, \r\n \r\nMalcolm',1694481626),(2328305609,0,'dnsbluri','Hi there,\r\nMonthly Seo Services - Professional/ Affordable Seo Services\r\nHire the leading seo marketing company and get your website ranked on search engines. Are you looking to rank your website on search engines? Contact us now to get started - https://alwaysdigital.co/la/  Today!\r\n\r\nPsst.. we will also do web design and build complete website. Wordpress and Ecommerce sites development. Click here: https://outsource-bpo.com/website/',1695388982),(3237796895,0,'dnsbluri','Morning \r\n \r\nIs your dog\'s nails getting too long? If you\'re tired of going to the vet or groomer to get them trimmed, why not try PawSafer™? \r\nWith PawSafer™, you can trim your dog\'s nails from the comfort of your own home, and it only takes a few minutes!\r\n\r\nPawSafer™ is the safest and most convenient way to trim your dog\'s nails, and it\'s very affordable. \r\n\r\nGet it while it\'s still 50% OFF + FREE Shipping\r\n\r\nBuy here: https://pawsafer.net\r\n \r\nTo your success, \r\n \r\nClint',1695556575),(3114020386,0,'dnsbluri','World\'s Best Neck Massager Get it Now 50% OFF + Free Shipping!\r\n\r\nWellness Enthusiasts! There has never been a better time to take care of your neck pain! \r\nOur clinical-grade TENS technology will ensure you have neck relief in as little as 20 minutes.\r\n\r\nGet Yours: https://hineck.co\r\n\r\nKind Regards,\r\n\r\nDoris\r\nContact us',1697056850),(2454115412,0,'dnsbluri','Hi there!\r\nTop Rated SEO Agency. Personalized Service from Dedicated Account Team. ROI Driven. Relationship Focused. Custom SEO Strategy. 95% Client Retention Rate. Services: Analytics, Back-end Development, Competitive Research, Consulting.  Buy now: https://alwaysdigital.co/la/ \r\n\r\nPsst. If you have web development/ designing requirements, feel free to see more details at: https://outsource-bpo.com/website/\r\n',1698968117),(3650391185,0,'dnsbluri','Hi there!\r\nTop Rated SEO Agency. Personalized Service from Dedicated Account Team. ROI Driven. Relationship Focused. Custom SEO Strategy. 95% Client Retention Rate. Services: Analytics, Back-end Development, Competitive Research, Consulting.  Buy now: https://alwaysdigital.co/la/ \r\n\r\nPsst. If you have web development/ designing requirements, feel free to see more details at: https://outsource-bpo.com/website/\r\n',1699331888),(3650391185,0,'dnsbluri','Hi there!\r\nTop Rated SEO Agency. Personalized Service from Dedicated Account Team. ROI Driven. Relationship Focused. Custom SEO Strategy. 95% Client Retention Rate. Services: Analytics, Back-end Development, Competitive Research, Consulting.  Buy now: https://alwaysdigital.co/la/ \r\n\r\nPsst. If you have web development/ designing requirements, feel free to see more details at: https://outsource-bpo.com/website/\r\n',1699400604),(2505576982,0,'dnsbluri','Is Your Search Console Reporting Errors? Don\'t let issues hold back your SEO! Specializing in fixing Search Console errors for higher rankings. Resolve crawl issues, improve indexing, and supercharge your SEO. Let\'s boost your site together! Visit now: https://speedexpert.co/search-console/\r\n\r\nWe also offer Web Designing Services:\r\n\r\n7 Pages Website, 2 Contact Forms, Responsive Design, Onsite SEO, Banner with Slideshow on Home Page, Professional and affordable website design - Starts $79 . More details: https://wpexpertspro.co/website/',1700306230),(2454107638,0,'dnsbluri','Hope you\'re well. Our monthly SEO services offer comprehensive keyword analysis, content optimization, and continuous monitoring for sustained growth. Let\'s discuss how we can elevate your online presence.Check out here: https://digitalpromax.co/lb/\r\n\r\nIs Your Search Console Reporting Errors? Don\'t let issues hold back your SEO! Specializing in fixing Search Console errors for higher rankings. Resolve crawl issues, improve indexing, and supercharge your SEO. Let\'s boost your site together! Visit now: https://speedexpert.co/search-console/',1700478497),(2505576982,0,'dnsbluri','Is Your Search Console Reporting Errors? Don\'t let issues hold back your SEO! Specializing in fixing Search Console errors for higher rankings. Resolve crawl issues, improve indexing, and supercharge your SEO. Let\'s boost your site together! Visit now: https://speedexpert.co/search-console/\r\n\r\nWe also offer Web Designing Services:\r\n\r\n7 Pages Website, 2 Contact Forms, Responsive Design, Onsite SEO, Banner with Slideshow on Home Page, Professional and affordable website design - Starts $79 . More details: https://wpexpertspro.co/website/',1700569175),(2502097978,0,'dnsbluri','Is Your Search Console Reporting Errors? Don\'t let issues hold back your SEO! Specializing in fixing Search Console errors for higher rankings. Resolve crawl issues, improve indexing, and supercharge your SEO. Let\'s boost your site together! Visit now: https://speedexpert.co/search-console/\r\n\r\nWe also offer Web Designing Services:\r\n\r\n7 Pages Website, 2 Contact Forms, Responsive Design, Onsite SEO, Banner with Slideshow on Home Page, Professional and affordable website design - Starts $79 . More details: https://wpexpertspro.co/website/',1700638465),(2502097978,0,'dnsbluri','Is Your Search Console Reporting Errors? Don\'t let issues hold back your SEO! Specializing in fixing Search Console errors for higher rankings. Resolve crawl issues, improve indexing, and supercharge your SEO. Let\'s boost your site together! Visit now: https://speedexpert.co/search-console/\r\n\r\nWe also offer Web Designing Services:\r\n\r\n7 Pages Website, 2 Contact Forms, Responsive Design, Onsite SEO, Banner with Slideshow on Home Page, Professional and affordable website design - Starts $79 . More details: https://wpexpertspro.co/website/',1700642808),(2454115399,0,'dnsbluri','Wondering why SEO matters for your business?\r\n\r\nVisibility Boost:\r\nBe found by potential customers with improved search engine rankings.\r\n\r\nOrganic Traffic Surge:\r\nIncrease website traffic naturally, reducing reliance on paid ads.\r\n\r\nCredibility and Trust:\r\nEstablish your brand as a credible and trusted authority.\r\n\r\nEnhanced User Experience:\r\nOptimize your site for a seamless, user-friendly experience.\r\n\r\nReady to unlock these benefits? Let\'s chat about tailoring an SEO strategy for your business. Click here for more information https://alwaysdigital.co/',1701187360),(100543481,0,'dnsbluri','SEO ensures your website stands out when people search for products or services. Google prioritizes relevance and reliability to decide which sites appear on the first pages, underscoring the need for effective website presentation.\r\n\r\nSEO Benefits in Brief:\r\n1. Boosts Visibility and Traffic:\r\n2. Establishes Trust:\r\n3. Yields High ROI:\r\n4. Enhances User Experience:\r\nGoogle announced prioritizing pages based on user experience in their algorithm.\r\nIn essence, SEO is your key to standing out, building trust, and ensuring a high return on investment.\r\n\r\nContact us at https://digitalpromax.co/\r\n\r\nAlso Need expert hands on your WordPress projects? We\'ve got you covered. Let\'s discuss how our WordPress developers can boost your web endeavors.\r\n\r\nClick here for more details: https://outsource-bpo.com/website/',1701820404),(2505577221,0,'dnsbluri','Discover our latest research findings based on continuous SEO feedback from our strategies:\r\n\r\nVisit https://alwaysdigital.co/ls/ to explore the impact of the new Semrush Backlinks on boosting the SEO trend of your website instantly.\r\n\r\nOur approach is straightforward – we create links from domains with a substantial number of ranking keywords. Forget about conventional SEO metrics and other factors touted by numerous tools. The most valuable link is one from a website with a robust trend and numerous ranking keywords.\r\n\r\nTo delve into the details, visit https://alwaysdigital.co/ls/.\r\n\r\nIt\'s a cost-effective solution. Give it a try soon!\r\n\r\n\r\nP.S:  We are also experts in web development. Click here for more details: https://outsource-bpo.com/website/',1702304719),(2328308496,0,'dnsbluri','I hope this message finds you well. I wanted to highlight the key advantages of our Monthly SEO Services:\r\n\r\nContinuous Visibility: Maintain a strong presence in search results.\r\nTargeted Traffic: Attract relevant visitors through ongoing optimization.\r\nAdaptability: Stay ahead by quickly adapting to industry trends.\r\nDetailed Reporting: Receive comprehensive analytics for informed decision-making.\r\nContent Freshness: Regular updates keep your site relevant and engaging.\r\nAuthority Building: Boost your website\'s credibility over time.\r\nCompetitive Edge: Outperform competitors with refined strategies.\r\n\r\nLet\'s discuss how our Monthly SEO Services can specifically benefit your business. Can we schedule a brief call at your convenience? https://digitalpromax.co/lb/\r\n\r\nIf you want web development work to support your SEO or build your website from scratch, Please contact at https://speedexpert.co/wp-development/',1702419003),(2505577221,0,'dnsbluri','Discover our latest research findings based on continuous SEO feedback from our strategies:\r\n\r\nVisit https://alwaysdigital.co/ls/ to explore the impact of the new Semrush Backlinks on boosting the SEO trend of your website instantly.\r\n\r\nOur approach is straightforward – we create links from domains with a substantial number of ranking keywords. Forget about conventional SEO metrics and other factors touted by numerous tools. The most valuable link is one from a website with a robust trend and numerous ranking keywords.\r\n\r\nTo delve into the details, visit https://alwaysdigital.co/ls/.\r\n\r\nIt\'s a cost-effective solution. Give it a try soon!\r\n\r\n\r\nP.S:  We are also experts in web development. Click here for more details: https://outsource-bpo.com/website/',1702421301),(100538192,0,'dnsbluri','Discover our latest research findings based on continuous SEO feedback from our strategies:\r\n\r\nVisit https://alwaysdigital.co/ls/ to explore the impact of the new Semrush Backlinks on boosting the SEO trend of your website instantly.\r\n\r\nOur approach is straightforward – we create links from domains with a substantial number of ranking keywords. Forget about conventional SEO metrics and other factors touted by numerous tools. The most valuable link is one from a website with a robust trend and numerous ranking keywords.\r\n\r\nTo delve into the details, visit https://alwaysdigital.co/ls/.\r\n\r\nIt\'s a cost-effective solution. Give it a try soon!\r\n\r\n\r\nP.S:  We are also experts in web development. Click here for more details: https://outsource-bpo.com/website/',1702835905),(100538192,0,'dnsbluri','Discover our latest research findings based on continuous SEO feedback from our strategies:\r\n\r\nVisit https://alwaysdigital.co/ls/ to explore the impact of the new Semrush Backlinks on boosting the SEO trend of your website instantly.\r\n\r\nOur approach is straightforward – we create links from domains with a substantial number of ranking keywords. Forget about conventional SEO metrics and other factors touted by numerous tools. The most valuable link is one from a website with a robust trend and numerous ranking keywords.\r\n\r\nTo delve into the details, visit https://alwaysdigital.co/ls/.\r\n\r\nIt\'s a cost-effective solution. Give it a try soon!\r\n\r\n\r\nP.S:  We are also experts in web development. Click here for more details: https://outsource-bpo.com/website/',1702841779),(2502097974,0,'dnsbluri','I hope this email finds you well. I wanted to take a moment to discuss how our Monthly SEO Services can significantly impact your business\'s bottom line, driving both profit and sales growth.\r\n\r\n1. Increased Visibility, Increased Sales \r\n2. Targeted Traffic for Conversions \r\n3. Enhanced Conversion Rates \r\n4. Competitive Edge in Sales \r\n5. Measurable ROI \r\n6. Adaptation to Market Trends \r\n\r\nWe\'d be thrilled to discuss how our tailored Monthly SEO Services can specifically contribute to the profitability and sales growth of your business. When would be a convenient time for a discussion? Let\'s collaborate to unlock the full potential of your online success. Find out more at https://digitalpromax.co/',1702952091),(3118220651,0,'dnsbluri','I hope this message finds you well. We\'d like to highlight the advantages of outsourcing your web development to us:\r\n\r\nSpecialized Expertise:\r\nCost Efficiency:\r\nFocus on Core Functions:\r\nFlexibility and Scalability:\r\nTimely Delivery:\r\nAccess to Latest Technologies:\r\n\r\nWe\'d love to discuss this further. When would be a convenient time for you? Looking forward to the possibility of partnering with you for your web development needs. Click here for more details: https://outsource-bpo.com/website/\r\n\r\n\r\nPS: If you are looking for high quality SEMRush links, we have handpicked/ selected links up for grabs at  https://alwaysdigital.co/ls/',1703070419),(100538193,0,'dnsbluri','I hope this email finds you well. I wanted to take a moment to discuss how our Monthly SEO Services can significantly impact your business\'s bottom line, driving both profit and sales growth.\r\n\r\n1. Increased Visibility, Increased Sales \r\n2. Targeted Traffic for Conversions \r\n3. Enhanced Conversion Rates \r\n4. Competitive Edge in Sales \r\n5. Measurable ROI \r\n6. Adaptation to Market Trends \r\n\r\nWe\'d be thrilled to discuss how our tailored Monthly SEO Services can specifically contribute to the profitability and sales growth of your business. When would be a convenient time for a discussion? Let\'s collaborate to unlock the full potential of your online success. Find out more at https://digitalpromax.co/',1703071552),(100538191,0,'dnsbluri','I hope this email finds you well. I wanted to take a moment to discuss how our Monthly SEO Services can significantly impact your business\'s bottom line, driving both profit and sales growth.\r\n\r\n1. Increased Visibility, Increased Sales \r\n2. Targeted Traffic for Conversions \r\n3. Enhanced Conversion Rates \r\n4. Competitive Edge in Sales \r\n5. Measurable ROI \r\n6. Adaptation to Market Trends \r\n\r\nWe\'d be thrilled to discuss how our tailored Monthly SEO Services can specifically contribute to the profitability and sales growth of your business. When would be a convenient time for a discussion? Let\'s collaborate to unlock the full potential of your online success. Find out more at https://digitalpromax.co/',1703340709),(100538191,0,'dnsbluri','\r\nWhy choose Our ongoing monthly SEO services?\r\n\r\nSEO is a great addition to your digital marketing plan if you want to help your business reach more valuable traffic and earn new leads. By investing in monthly SEO services, you’ll continue to optimize your site and earn new traffic. At our company, we have more than 16 years of experience creating SEO plans that drive results.\r\n\r\n We have a team of 50+ experts that will bring their knowledge and expertise to your campaign. Our team will help you create an SEO plan that works for your business.\r\n\r\nIf you’re looking for an SEO company that drives results, look no further than us. To date, we’ve driven over 3x in sales and over 2x leads for our clients. We focus on driving successful campaigns for our clients first.\r\n\r\nKnow more about us at \r\n\r\nhttps://digitalpromax.co/lb/\r\n\r\nAlso if you have Web development needs, Hire our Web developer at \r\nhttps://outsource-bpo.com/website/',1704207737),(2891853835,0,'dnsbluri','We\'re an expert link building agency that offers services to build incredible backlinks to your website. Trusted by SEO professionals Worldwide. Our affordable SEO link building packages prices for your online business. Choose the best Link building service packages that suits your website\'s needs.\r\n\r\nClick here for more options: \r\n\r\nhttps://alwaysdigital.co/ls/\r\n\r\nPS: Need Wordpress website? Hire Our Wordpress Developer at https://wpexpertspro.co/website/',1704286255),(100538191,0,'dnsbluri','\r\nWhy choose Our ongoing monthly SEO services?\r\n\r\nSEO is a great addition to your digital marketing plan if you want to help your business reach more valuable traffic and earn new leads. By investing in monthly SEO services, you’ll continue to optimize your site and earn new traffic. At our company, we have more than 16 years of experience creating SEO plans that drive results.\r\n\r\n We have a team of 50+ experts that will bring their knowledge and expertise to your campaign. Our team will help you create an SEO plan that works for your business.\r\n\r\nIf you’re looking for an SEO company that drives results, look no further than us. To date, we’ve driven over 3x in sales and over 2x leads for our clients. We focus on driving successful campaigns for our clients first.\r\n\r\nKnow more about us at \r\n\r\nhttps://digitalpromax.co/lb/\r\n\r\nAlso if you have Web development needs, Hire our Web developer at \r\nhttps://outsource-bpo.com/website/',1704326913);

--
-- Table structure for table `sys_banners`
--

CREATE TABLE `sys_banners` (
  `ID` int(11) unsigned NOT NULL AUTO_INCREMENT,
  `Title` varchar(32) NOT NULL DEFAULT '',
  `Url` varchar(255) NOT NULL DEFAULT '',
  `Text` mediumtext NOT NULL,
  `Active` tinyint(4) NOT NULL DEFAULT '0',
  `Created` date NOT NULL DEFAULT '0000-00-00',
  `campaign_start` date NOT NULL DEFAULT '2005-01-01',
  `campaign_end` date NOT NULL DEFAULT '2007-01-01',
  `Position` varchar(10) NOT NULL DEFAULT '4',
  `lhshift` int(5) NOT NULL DEFAULT '-200',
  `lvshift` int(5) NOT NULL DEFAULT '-750',
  `rhshift` int(5) NOT NULL DEFAULT '100',
  `rvshift` int(5) NOT NULL DEFAULT '-750',
  PRIMARY KEY (`ID`)
) ENGINE=MyISAM DEFAULT CHARSET=utf8 PACK_KEYS=0;

--
-- Dumping data for table `sys_banners`
--


--
-- Table structure for table `sys_banners_clicks`
--

CREATE TABLE `sys_banners_clicks` (
  `ID` int(10) unsigned NOT NULL DEFAULT '0',
  `Date` int(10) NOT NULL DEFAULT '0',
  `IP` varchar(16) NOT NULL DEFAULT '',
  UNIQUE KEY `ID_2` (`ID`,`Date`,`IP`),
  KEY `ID` (`ID`)
) ENGINE=MyISAM DEFAULT CHARSET=utf8;

--
-- Dumping data for table `sys_banners_clicks`
--


--
-- Table structure for table `sys_banners_shows`
--

CREATE TABLE `sys_banners_shows` (
  `ID` int(10) unsigned NOT NULL DEFAULT '0',
  `Date` int(10) NOT NULL DEFAULT '0',
  `IP` varchar(16) NOT NULL DEFAULT '',
  KEY `ID` (`ID`)
) ENGINE=MyISAM DEFAULT CHARSET=utf8;

--
-- Dumping data for table `sys_banners_shows`
--


--
-- Table structure for table `sys_block_list`
--

CREATE TABLE `sys_block_list` (
  `ID` int(10) unsigned NOT NULL DEFAULT '0',
  `Profile` int(10) unsigned NOT NULL DEFAULT '0',
  `When` timestamp NOT NULL DEFAULT CURRENT_TIMESTAMP,
  UNIQUE KEY `BlockPair` (`ID`,`Profile`),
  KEY `ID` (`ID`),
  KEY `Profile` (`Profile`)
) ENGINE=MyISAM DEFAULT CHARSET=utf8;

--
-- Dumping data for table `sys_block_list`
--


--
-- Table structure for table `sys_box_download`
--

CREATE TABLE `sys_box_download` (
  `id` int(11) NOT NULL AUTO_INCREMENT,
  `title` varchar(64) NOT NULL,
  `url` varchar(255) NOT NULL,
  `onclick` varchar(255) NOT NULL,
  `desc` text NOT NULL,
  `icon` varchar(255) NOT NULL,
  `order` int(11) NOT NULL,
  `disabled` tinyint(4) NOT NULL,
  PRIMARY KEY (`id`)
) ENGINE=MyISAM AUTO_INCREMENT=3 DEFAULT CHARSET=utf8;

--
-- Dumping data for table `sys_box_download`
--

INSERT INTO `sys_box_download` VALUES (1,'_sbd_iPhone_title','http://itunes.apple.com/us/app/oo/id345450186','','_sbd_iPhone_desc','apple',2,0),(2,'_sbd_Android_title','https://play.google.com/store/apps/details?id=com.boonex.oo','','_sbd_Android_desc','android',3,0);

--
-- Table structure for table `sys_categories`
--

CREATE TABLE `sys_categories` (
  `Category` varchar(32) NOT NULL DEFAULT '',
  `ID` int(10) unsigned NOT NULL DEFAULT '0',
  `Type` varchar(20) NOT NULL DEFAULT 'photo',
  `Owner` int(10) unsigned NOT NULL,
  `Status` enum('active','passive') NOT NULL DEFAULT 'active',
  `Date` timestamp NOT NULL DEFAULT CURRENT_TIMESTAMP,
  PRIMARY KEY (`Category`,`ID`,`Type`)
) ENGINE=MyISAM DEFAULT CHARSET=utf8;

--
-- Dumping data for table `sys_categories`
--

INSERT INTO `sys_categories` VALUES ('Party',0,'bx_events',0,'active','2015-04-08 16:05:08'),('Expedition',0,'bx_events',0,'active','2015-04-08 16:05:08'),('Presentation',0,'bx_events',0,'active','2015-04-08 16:05:08'),('Last Friday',0,'bx_events',0,'passive','2015-04-08 16:05:08'),('Birthday',0,'bx_events',0,'active','2015-04-08 16:05:08'),('Exhibition',0,'bx_events',0,'active','2015-04-08 16:05:08'),('Bushwalking',0,'bx_events',0,'passive','2015-04-08 16:05:08'),('Profile photos',0,'bx_photos',0,'active','2015-04-08 16:06:08'),('wall',0,'bx_sounds',0,'active','2015-04-08 16:05:09'),('wall',0,'bx_videos',0,'active','2015-04-08 16:05:09'),('Family',0,'bx_photos',0,'active','2015-04-08 16:06:08'),('Fun',0,'bx_photos',0,'active','2015-04-08 16:06:08'),('My portfolio',0,'bx_photos',0,'active','2015-04-08 16:06:08'),('Our cars',0,'bx_photos',0,'passive','2015-04-08 16:06:08'),('Other',0,'bx_photos',0,'active','2015-04-08 16:06:08'),('Default',0,'bx_news',0,'active','2015-04-08 16:21:07'),('BoonEx Products',0,'bx_news',0,'passive','2015-04-08 16:21:07'),('Some Useful Info',0,'bx_news',0,'passive','2015-04-08 16:21:07'),('Animals & Pets',12,'bx_groups',84,'active','2019-12-06 06:47:46'),('Profile Photos',4,'bx_photos',3,'active','2015-04-10 03:58:19'),('Groups',0,'bx_photos',0,'passive','2015-10-30 01:34:31'),('Arts & Literature',0,'bx_groups',0,'active','2015-10-30 01:34:31'),('Animals & Pets',0,'bx_groups',0,'active','2015-10-30 01:34:31'),('Activities',0,'bx_groups',0,'active','2015-10-30 01:34:31'),('Automotive',0,'bx_groups',0,'passive','2015-10-30 01:34:31'),('Business & Money',0,'bx_groups',0,'passive','2015-10-30 01:34:31'),('Companies & Co-workers',0,'bx_groups',0,'passive','2015-10-30 01:34:31'),('Cultures & Nations',0,'bx_groups',0,'passive','2015-10-30 01:34:31'),('Dolphin Community',0,'bx_groups',0,'passive','2015-10-30 01:34:31'),('Family & Friends',0,'bx_groups',0,'active','2015-10-30 01:34:31'),('Fan Clubs',0,'bx_groups',0,'passive','2015-10-30 01:34:31'),('Fashion & Style',0,'bx_groups',0,'active','2015-10-30 01:34:31'),('Fitness & Body Building',0,'bx_groups',0,'passive','2015-10-30 01:34:31'),('Food & Drink',0,'bx_groups',0,'active','2015-10-30 01:34:31'),('Gay, Lesbian & Bi',0,'bx_groups',0,'active','2015-10-30 01:34:31'),('Health & Wellness',0,'bx_groups',0,'active','2015-10-30 01:34:31'),('Hobbies & Entertainment',0,'bx_groups',0,'active','2015-10-30 01:34:31'),('Internet & Computers',0,'bx_groups',0,'passive','2015-10-30 01:34:31'),('Love & Relationships',0,'bx_groups',0,'active','2015-10-30 01:34:31'),('Mass Media',0,'bx_groups',0,'passive','2015-10-30 01:34:31'),('Music & Cinema',0,'bx_groups',0,'active','2015-10-30 01:34:31'),('Places & Travel',0,'bx_groups',0,'active','2015-10-30 01:34:31'),('Politics',0,'bx_groups',0,'passive','2015-10-30 01:34:31'),('Recreation & Sports',0,'bx_groups',0,'passive','2015-10-30 01:34:31'),('Religion',0,'bx_groups',0,'active','2015-10-30 01:34:31'),('Science & Innovations',0,'bx_groups',0,'passive','2015-10-30 01:34:31'),('Sex',0,'bx_groups',0,'passive','2015-10-30 01:34:31'),('Teens & Schools',0,'bx_groups',0,'passive','2015-10-30 01:34:31'),('Other',0,'bx_groups',0,'active','2015-10-30 01:34:31'),('Groups',46,'bx_photos',3,'active','2016-11-15 22:12:37'),('Events',45,'bx_photos',3,'active','2016-11-15 22:04:46'),('Health & Wellness',11,'bx_groups',3,'active','2019-01-05 20:44:35'),('Online Only',0,'bx_groups',0,'active','2017-01-04 15:49:12'),('In Person',0,'bx_groups',0,'active','2017-01-04 15:49:24'),('Groups',52,'bx_photos',3,'active','2019-01-05 20:44:34'),('Groups',53,'bx_photos',3,'active','2019-01-05 20:44:35');

--
-- Table structure for table `sys_categories_bak`
--

CREATE TABLE `sys_categories_bak` (
  `Category` varchar(32) NOT NULL DEFAULT '',
  `ID` int(10) unsigned NOT NULL DEFAULT '0',
  `Type` varchar(20) NOT NULL DEFAULT 'photo',
  `Owner` int(10) unsigned NOT NULL,
  `Status` enum('active','passive') NOT NULL DEFAULT 'active',
  `Date` timestamp NOT NULL DEFAULT CURRENT_TIMESTAMP,
  PRIMARY KEY (`Category`,`ID`,`Type`)
) ENGINE=MyISAM DEFAULT CHARSET=utf8;

--
-- Dumping data for table `sys_categories_bak`
--

INSERT INTO `sys_categories_bak` VALUES ('BoonEx Products',0,'bx_articles',0,'active','2016-04-28 23:51:03'),('Default',0,'bx_articles',0,'active','2016-04-28 23:51:03'),('Some Useful Info',0,'bx_articles',0,'active','2016-04-28 23:51:03');

--
-- Table structure for table `sys_cmts_profile`
--

CREATE TABLE `sys_cmts_profile` (
  `cmt_id` int(11) NOT NULL AUTO_INCREMENT,
  `cmt_parent_id` int(11) NOT NULL DEFAULT '0',
  `cmt_object_id` int(11) NOT NULL DEFAULT '0',
  `cmt_author_id` int(10) unsigned NOT NULL DEFAULT '0',
  `cmt_text` text NOT NULL,
  `cmt_mood` tinyint(4) NOT NULL DEFAULT '0',
  `cmt_rate` int(11) NOT NULL DEFAULT '0',
  `cmt_rate_count` int(11) NOT NULL DEFAULT '0',
  `cmt_time` datetime NOT NULL DEFAULT '0000-00-00 00:00:00',
  `cmt_replies` int(11) NOT NULL DEFAULT '0',
  PRIMARY KEY (`cmt_id`),
  KEY `cmt_object_id` (`cmt_object_id`,`cmt_parent_id`)
) ENGINE=MyISAM DEFAULT CHARSET=utf8;

--
-- Dumping data for table `sys_cmts_profile`
--


--
-- Table structure for table `sys_cmts_track`
--

CREATE TABLE `sys_cmts_track` (
  `cmt_system_id` int(11) NOT NULL DEFAULT '0',
  `cmt_id` int(11) NOT NULL DEFAULT '0',
  `cmt_rate` tinyint(4) NOT NULL DEFAULT '0',
  `cmt_rate_author_id` int(10) unsigned NOT NULL DEFAULT '0',
  `cmt_rate_author_nip` int(11) unsigned NOT NULL DEFAULT '0',
  `cmt_rate_ts` int(11) NOT NULL DEFAULT '0',
  PRIMARY KEY (`cmt_system_id`,`cmt_id`,`cmt_rate_author_nip`)
) ENGINE=MyISAM DEFAULT CHARSET=utf8;

--
-- Dumping data for table `sys_cmts_track`
--

INSERT INTO `sys_cmts_track` VALUES (4,5,1,3,2923395480,1476807963),(4,11,1,3,855109973,1557510073);

--
-- Table structure for table `sys_color_base`
--

CREATE TABLE `sys_color_base` (
  `ColorName` varchar(20) NOT NULL DEFAULT '',
  `ColorCode` varchar(10) NOT NULL DEFAULT '',
  UNIQUE KEY `ColorName` (`ColorName`)
) ENGINE=MyISAM DEFAULT CHARSET=utf8;

--
-- Dumping data for table `sys_color_base`
--

INSERT INTO `sys_color_base` VALUES ('AliceBlue','#F0F8FF'),('AntiqueWhite','#FAEBD7'),('Aqua','#00FFFF'),('Aquamarine','#7FFFD4'),('Azure','#F0FFFF'),('Beige','#F5F5DC'),('Bisque','#FFE4C4'),('Black','#000000'),('BlanchedAlmond','#FFEBCD'),('Blue','#0000FF'),('BlueViolet','#8A2BE2'),('Brown','#A52A2A'),('BurlyWood','#DEB887'),('CadetBlue','#5F9EA0'),('Chartreuse','#7FFF00'),('Chocolate','#D2691E'),('Coral','#FF7F50'),('CornflowerBlue','#6495ED'),('Cornsilk','#FFF8DC'),('Crimson','#DC143C'),('Cyan','#00FFFF'),('DarkBlue','#00008B'),('DarkCyan','#008B8B'),('DarkGoldenRod','#B8860B'),('DarkGray','#A9A9A9'),('DarkGreen','#006400'),('DarkKhaki','#BDB76B'),('DarkMagenta','#8B008B'),('DarkOliveGreen','#556B2F'),('Darkorange','#FF8C00'),('DarkOrchid','#9932CC'),('DarkRed','#8B0000'),('DarkSalmon','#E9967A'),('DarkSeaGreen','#8FBC8F'),('DarkSlateBlue','#483D8B'),('DarkSlateGray','#2F4F4F'),('DarkTurquoise','#00CED1'),('DarkViolet','#9400D3'),('DeepPink','#FF1493'),('DeepSkyBlue','#00BFFF'),('DimGray','#696969'),('DodgerBlue','#1E90FF'),('Feldspar','#D19275'),('FireBrick','#B22222'),('FloralWhite','#FFFAF0'),('ForestGreen','#228B22'),('Fuchsia','#FF00FF'),('Gainsboro','#DCDCDC'),('GhostWhite','#F8F8FF'),('Gold','#FFD700'),('GoldenRod','#DAA520'),('Gray','#808080'),('Green','#008000'),('GreenYellow','#ADFF2F'),('HoneyDew','#F0FFF0'),('HotPink','#FF69B4'),('IndianRed','#CD5C5C'),('Indigo','#4B0082'),('Ivory','#FFFFF0'),('Khaki','#F0E68C'),('Lavender','#E6E6FA'),('LavenderBlush','#FFF0F5'),('LawnGreen','#7CFC00'),('LemonChiffon','#FFFACD'),('LightBlue','#ADD8E6'),('LightCoral','#F08080'),('LightCyan','#E0FFFF'),('LightGoldenRodYellow','#FAFAD2'),('LightGrey','#D3D3D3'),('LightGreen','#90EE90'),('LightPink','#FFB6C1'),('LightSalmon','#FFA07A'),('LightSeaGreen','#20B2AA'),('LightSkyBlue','#87CEFA'),('LightSlateBlue','#8470FF'),('LightSlateGray','#778899'),('LightSteelBlue','#B0C4DE'),('LightYellow','#FFFFE0'),('Lime','#00FF00'),('LimeGreen','#32CD32'),('Linen','#FAF0E6'),('Magenta','#FF00FF'),('Maroon','#800000'),('MediumAquaMarine','#66CDAA'),('MediumBlue','#0000CD'),('MediumOrchid','#BA55D3'),('MediumPurple','#9370D8'),('MediumSeaGreen','#3CB371'),('MediumSlateBlue','#7B68EE'),('MediumSpringGreen','#00FA9A'),('MediumTurquoise','#48D1CC'),('MediumVioletRed','#C71585'),('MidnightBlue','#191970'),('MintCream','#F5FFFA'),('MistyRose','#FFE4E1'),('Moccasin','#FFE4B5'),('NavajoWhite','#FFDEAD'),('Navy','#000080'),('OldLace','#FDF5E6'),('Olive','#808000'),('OliveDrab','#6B8E23'),('Orange','#FFA500'),('OrangeRed','#FF4500'),('Orchid','#DA70D6'),('PaleGoldenRod','#EEE8AA'),('PaleGreen','#98FB98'),('PaleTurquoise','#AFEEEE'),('PaleVioletRed','#D87093'),('PapayaWhip','#FFEFD5'),('PeachPuff','#FFDAB9'),('Peru','#CD853F'),('Pink','#FFC0CB'),('Plum','#DDA0DD'),('PowderBlue','#B0E0E6'),('Purple','#800080'),('Red','#FF0000'),('RosyBrown','#BC8F8F'),('RoyalBlue','#4169E1'),('SaddleBrown','#8B4513'),('Salmon','#FA8072'),('SandyBrown','#F4A460'),('SeaGreen','#2E8B57'),('SeaShell','#FFF5EE'),('Sienna','#A0522D'),('Silver','#C0C0C0'),('SkyBlue','#87CEEB'),('SlateBlue','#6A5ACD'),('SlateGray','#708090'),('Snow','#FFFAFA'),('SpringGreen','#00FF7F'),('SteelBlue','#4682B4'),('Tan','#D2B48C'),('Teal','#008080'),('Thistle','#D8BFD8'),('Tomato','#FF6347'),('Turquoise','#40E0D0'),('Violet','#EE82EE'),('VioletRed','#D02090'),('Wheat','#F5DEB3'),('White','#FFFFFF'),('WhiteSmoke','#F5F5F5'),('Yellow','#FFFF00'),('YellowGreen','#9ACD32');

--
-- Table structure for table `sys_countries`
--

CREATE TABLE `sys_countries` (
  `ISO2` varchar(2) NOT NULL DEFAULT '',
  `ISO3` varchar(3) NOT NULL DEFAULT '',
  `ISONo` smallint(3) NOT NULL DEFAULT '0',
  `Country` varchar(100) NOT NULL DEFAULT '',
  `Region` varchar(100) DEFAULT NULL,
  `Currency` varchar(100) DEFAULT NULL,
  `CurrencyCode` varchar(3) DEFAULT NULL,
  PRIMARY KEY (`ISO2`),
  KEY `CurrencyCode` (`CurrencyCode`)
) ENGINE=MyISAM DEFAULT CHARSET=utf8;

--
-- Dumping data for table `sys_countries`
--

INSERT INTO `sys_countries` VALUES ('AD','AND',20,'Andorra','Europe','Euro','EUR'),('AE','ARE',784,'United Arab Emirates','Middle East','UAE Dirham','AED'),('AF','AFG',4,'Afghanistan','Asia','Afghani','AFA'),('AG','ATG',28,'Antigua and Barbuda','Central America and the Caribbean','East Caribbean Dollar','XCD'),('AI','AIA',660,'Anguilla','Central America and the Caribbean','East Caribbean Dollar','XCD'),('AL','ALB',8,'Albania','Europe','Lek','ALL'),('AM','ARM',51,'Armenia','Commonwealth of Independent States','Armenian Dram','AMD'),('AN','ANT',530,'Netherlands Antilles','Central America and the Caribbean','Netherlands Antillean guilder','ANG'),('AO','AGO',24,'Angola','Africa','Kwanza','AOA'),('AQ','ATA',10,'Antarctica','Antarctic Region',NULL,NULL),('AR','ARG',32,'Argentina','South America','Argentine Peso','ARS'),('AS','ASM',16,'American Samoa','Oceania','US Dollar','USD'),('AT','AUT',40,'Austria','Europe','Euro','EUR'),('AU','AUS',36,'Australia','Oceania','Australian dollar','AUD'),('AW','ABW',533,'Aruba','Central America and the Caribbean','Aruban Guilder','AWG'),('AX','ALA',248,'Aland Islands','Europe','Euro','EUR'),('AZ','AZE',31,'Azerbaijan','Commonwealth of Independent States','Azerbaijani Manat','AZM'),('BA','BIH',70,'Bosnia and Herzegovina','Bosnia and Herzegovina, Europe','Convertible Marka','BAM'),('BB','BRB',52,'Barbados','Central America and the Caribbean','Barbados Dollar','BBD'),('BD','BGD',50,'Bangladesh','Asia','Taka','BDT'),('BE','BEL',56,'Belgium','Europe','Euro','EUR'),('BF','BFA',854,'Burkina Faso','Africa','CFA Franc BCEAO','XOF'),('BG','BGR',100,'Bulgaria','Europe','Lev','BGL'),('BH','BHR',48,'Bahrain','Middle East','Bahraini Dinar','BHD'),('BI','BDI',108,'Burundi','Africa','Burundi Franc','BIF'),('BJ','BEN',204,'Benin','Africa','CFA Franc BCEAO','XOF'),('BL','BLM',652,'Saint Barthelemy','Central America and the Caribbean','Euro','EUR'),('BM','BMU',60,'Bermuda','North America','Bermudian Dollar','BMD'),('BN','BRN',96,'Brunei Darussalam','Southeast Asia','Brunei Dollar','BND'),('BO','BOL',68,'Bolivia','South America','Boliviano','BOB'),('BR','BRA',76,'Brazil','South America','Brazilian Real','BRL'),('BS','BHS',44,'The Bahamas','Central America and the Caribbean','Bahamian Dollar','BSD'),('BT','BTN',64,'Bhutan','Asia','Ngultrum','BTN'),('BV','BVT',74,'Bouvet Island','Antarctic Region','Norwegian Krone','NOK'),('BW','BWA',72,'Botswana','Africa','Pula','BWP'),('BY','BLR',112,'Belarus','Commonwealth of Independent States','Belarussian Ruble','BYR'),('BZ','BLZ',84,'Belize','Central America and the Caribbean','Belize Dollar','BZD'),('CA','CAN',124,'Canada','North America','Canadian Dollar','CAD'),('CC','CCK',166,'Cocos (Keeling) Islands','Southeast Asia','Australian Dollar','AUD'),('CD','COD',180,'Congo, Democratic Republic of the','Africa','Franc Congolais','CDF'),('CF','CAF',140,'Central African Republic','Africa','CFA Franc BEAC','XAF'),('CG','COG',178,'Congo, Republic of the','Africa','CFA Franc BEAC','XAF'),('CH','CHE',756,'Switzerland','Europe','Swiss Franc','CHF'),('CI','CIV',384,'Cote d\'Ivoire','Africa','CFA Franc BCEAO','XOF'),('CK','COK',184,'Cook Islands','Oceania','New Zealand Dollar','NZD'),('CL','CHL',152,'Chile','South America','Chilean Peso','CLP'),('CM','CMR',120,'Cameroon','Africa','CFA Franc BEAC','XAF'),('CN','CHN',156,'China','Asia','Yuan Renminbi','CNY'),('CO','COL',170,'Colombia','South America, Central America and the Caribbean','Colombian Peso','COP'),('CR','CRI',188,'Costa Rica','Central America and the Caribbean','Costa Rican Colon','CRC'),('CU','CUB',192,'Cuba','Central America and the Caribbean','Cuban Peso','CUP'),('CV','CPV',132,'Cape Verde','World','Cape Verdean Escudo','CVE'),('CX','CXR',162,'Christmas Island','Southeast Asia','Australian Dollar','AUD'),('CY','CYP',196,'Cyprus','Middle East','Cyprus Pound','CYP'),('CZ','CZE',203,'Czech Republic','Europe','Czech Koruna','CZK'),('DE','DEU',276,'Germany','Europe','Euro','EUR'),('DJ','DJI',262,'Djibouti','Africa','Djibouti Franc','DJF'),('DK','DNK',208,'Denmark','Europe','Danish Krone','DKK'),('DM','DMA',212,'Dominica','Central America and the Caribbean','East Caribbean Dollar','XCD'),('DO','DOM',214,'Dominican Republic','Central America and the Caribbean','Dominican Peso','DOP'),('DZ','DZA',12,'Algeria','Africa','Algerian Dinar','DZD'),('EC','ECU',218,'Ecuador','South America','US dollar','USD'),('EE','EST',233,'Estonia','Europe','Kroon','EEK'),('EG','EGY',818,'Egypt','Africa','Egyptian Pound','EGP'),('EH','ESH',732,'Western Sahara','Africa','Moroccan Dirham','MAD'),('ER','ERI',232,'Eritrea','Africa','Nakfa','ERN'),('ES','ESP',724,'Spain','Europe','Euro','EUR'),('ET','ETH',231,'Ethiopia','Africa','Ethiopian Birr','ETB'),('FI','FIN',246,'Finland','Europe','Euro','EUR'),('FJ','FJI',242,'Fiji','Oceania','Fijian Dollar','FJD'),('FK','FLK',238,'Falkland Islands (Islas Malvinas)','South America','Falkland Islands Pound','FKP'),('FM','FSM',583,'Micronesia, Federated States of','Oceania','US dollar','USD'),('FO','FRO',234,'Faroe Islands','Europe','Danish Krone','DKK'),('FR','FRA',250,'France','Europe','Euro','EUR'),('GA','GAB',266,'Gabon','Africa','CFA Franc BEAC','XAF'),('GB','GBR',826,'United Kingdom','Europe','Pound Sterling','GBP'),('GD','GRD',308,'Grenada','Central America and the Caribbean','East Caribbean Dollar','XCD'),('GE','GEO',268,'Georgia','Commonwealth of Independent States','Lari','GEL'),('GF','GUF',254,'French Guiana','South America','Euro','EUR'),('GG','GGY',831,'Guernsey','Europe','Pound sterling','GBP'),('GH','GHA',288,'Ghana','Africa','Cedi','GHC'),('GI','GIB',292,'Gibraltar','Europe','Gibraltar Pound','GIP'),('GL','GRL',304,'Greenland','Arctic Region','Danish Krone','DKK'),('GM','GMB',270,'The Gambia','Africa','Dalasi','GMD'),('GN','GIN',324,'Guinea','Africa','Guinean Franc','GNF'),('GP','GLP',312,'Guadeloupe','Central America and the Caribbean','Euro','EUR'),('GQ','GNQ',226,'Equatorial Guinea','Africa','CFA Franc BEAC','XAF'),('GR','GRC',300,'Greece','Europe','Euro','EUR'),('GS','SGS',239,'South Georgia and the South Sandwich Islands','Antarctic Region','Pound Sterling','GBP'),('GT','GTM',320,'Guatemala','Central America and the Caribbean','Quetzal','GTQ'),('GU','GUM',316,'Guam','Oceania','US Dollar','USD'),('GW','GNB',624,'Guinea-Bissau','Africa','CFA Franc BCEAO','XOF'),('GY','GUY',328,'Guyana','South America','Guyana Dollar','GYD'),('HK','HKG',344,'Hong Kong (SAR)','Southeast Asia','Hong Kong Dollar','HKD'),('HM','HMD',334,'Heard Island and McDonald Islands','Antarctic Region','Australian Dollar','AUD'),('HN','HND',340,'Honduras','Central America and the Caribbean','Lempira','HNL'),('HR','HRV',191,'Croatia','Europe','Kuna','HRK'),('HT','HTI',332,'Haiti','Central America and the Caribbean','Gourde','HTG'),('HU','HUN',348,'Hungary','Europe','Forint','HUF'),('ID','IDN',360,'Indonesia','Southeast Asia','Rupiah','IDR'),('IE','IRL',372,'Ireland','Europe','Euro','EUR'),('IL','ISR',376,'Israel','Middle East','New Israeli Sheqel','ILS'),('IM','IMN',833,'Isle of Man','Europe','Pound sterling','GBP'),('IN','IND',356,'India','Asia','Indian Rupee','INR'),('IO','IOT',86,'British Indian Ocean Territory','World','US Dollar','USD'),('IQ','IRQ',368,'Iraq','Middle East','Iraqi Dinar','IQD'),('IR','IRN',364,'Iran','Middle East','Iranian Rial','IRR'),('IS','ISL',352,'Iceland','Arctic Region','Iceland Krona','ISK'),('IT','ITA',380,'Italy','Europe','Euro','EUR'),('JE','JEY',832,'Jersey','Europe','Pound sterling','GBP'),('JM','JAM',388,'Jamaica','Central America and the Caribbean','Jamaican dollar','JMD'),('JO','JOR',400,'Jordan','Middle East','Jordanian Dinar','JOD'),('JP','JPN',392,'Japan','Asia','Yen','JPY'),('KE','KEN',404,'Kenya','Africa','Kenyan shilling','KES'),('KG','KGZ',417,'Kyrgyzstan','Commonwealth of Independent States','Som','KGS'),('KH','KHM',116,'Cambodia','Southeast Asia','Riel','KHR'),('KI','KIR',296,'Kiribati','Oceania','Australian dollar','AUD'),('KM','COM',174,'Comoros','Africa','Comoro Franc','KMF'),('KN','KNA',659,'Saint Kitts and Nevis','Central America and the Caribbean','East Caribbean Dollar','XCD'),('KP','PRK',408,'Korea, North','Asia','North Korean Won','KPW'),('KR','KOR',410,'Korea, South','Asia','Won','KRW'),('KW','KWT',414,'Kuwait','Middle East','Kuwaiti Dinar','KWD'),('KY','CYM',136,'Cayman Islands','Central America and the Caribbean','Cayman Islands Dollar','KYD'),('KZ','KAZ',398,'Kazakhstan','Commonwealth of Independent States','Tenge','KZT'),('LA','LAO',418,'Laos','Southeast Asia','Kip','LAK'),('LB','LBN',422,'Lebanon','Middle East','Lebanese Pound','LBP'),('LC','LCA',662,'Saint Lucia','Central America and the Caribbean','East Caribbean Dollar','XCD'),('LI','LIE',438,'Liechtenstein','Europe','Swiss Franc','CHF'),('LK','LKA',144,'Sri Lanka','Asia','Sri Lanka Rupee','LKR'),('LR','LBR',430,'Liberia','Africa','Liberian Dollar','LRD'),('LS','LSO',426,'Lesotho','Africa','Loti','LSL'),('LT','LTU',440,'Lithuania','Europe','Lithuanian Litas','LTL'),('LU','LUX',442,'Luxembourg','Europe','Euro','EUR'),('LV','LVA',428,'Latvia','Europe','Latvian Lats','LVL'),('LY','LBY',434,'Libya','Africa','Libyan Dinar','LYD'),('MA','MAR',504,'Morocco','Africa','Moroccan Dirham','MAD'),('MC','MCO',492,'Monaco','Europe','Euro','EUR'),('MD','MDA',498,'Moldova','Commonwealth of Independent States','Moldovan Leu','MDL'),('ME','MNE',499,'Montenegro','Europe','Euro','EUR'),('MF','MAF',663,'Saint Martin (French part)','Central America and the Caribbean','Euro','EUR'),('MG','MDG',450,'Madagascar','Africa','Malagasy Franc','MGF'),('MH','MHL',584,'Marshall Islands','Oceania','US dollar','USD'),('MK','MKD',807,'Macedonia, The Former Yugoslav Republic of','Europe','Denar','MKD'),('ML','MLI',466,'Mali','Africa','CFA Franc BCEAO','XOF'),('MM','MMR',104,'Myanmar','Southeast Asia','kyat','MMK'),('MN','MNG',496,'Mongolia','Asia','Tugrik','MNT'),('MO','MAC',446,'Macao','Southeast Asia','Pataca','MOP'),('MP','MNP',580,'Northern Mariana Islands','Oceania','US Dollar','USD'),('MQ','MTQ',474,'Martinique','Central America and the Caribbean','Euro','EUR'),('MR','MRT',478,'Mauritania','Africa','Ouguiya','MRO'),('MS','MSR',500,'Montserrat','Central America and the Caribbean','East Caribbean Dollar','XCD'),('MT','MLT',470,'Malta','Europe','Maltese Lira','MTL'),('MU','MUS',480,'Mauritius','World','Mauritius Rupee','MUR'),('MV','MDV',462,'Maldives','Asia','Rufiyaa','MVR'),('MW','MWI',454,'Malawi','Africa','Kwacha','MWK'),('MX','MEX',484,'Mexico','North America','Mexican Peso','MXN'),('MY','MYS',458,'Malaysia','Southeast Asia','Malaysian Ringgit','MYR'),('MZ','MOZ',508,'Mozambique','Africa','Metical','MZM'),('NA','NAM',516,'Namibia','Africa','Namibian Dollar','NAD'),('NC','NCL',540,'New Caledonia','Oceania','CFP Franc','XPF'),('NE','NER',562,'Niger','Africa','CFA Franc BCEAO','XOF'),('NF','NFK',574,'Norfolk Island','Oceania','Australian Dollar','AUD'),('NG','NGA',566,'Nigeria','Africa','Naira','NGN'),('NI','NIC',558,'Nicaragua','Central America and the Caribbean','Cordoba Oro','NIO'),('NL','NLD',528,'Netherlands','Europe','Euro','EUR'),('NO','NOR',578,'Norway','Europe','Norwegian Krone','NOK'),('NP','NPL',524,'Nepal','Asia','Nepalese Rupee','NPR'),('NR','NRU',520,'Nauru','Oceania','Australian Dollar','AUD'),('NU','NIU',570,'Niue','Oceania','New Zealand Dollar','NZD'),('NZ','NZL',554,'New Zealand','Oceania','New Zealand Dollar','NZD'),('OM','OMN',512,'Oman','Middle East','Rial Omani','OMR'),('PA','PAN',591,'Panama','Central America and the Caribbean','balboa','PAB'),('PE','PER',604,'Peru','South America','Nuevo Sol','PEN'),('PF','PYF',258,'French Polynesia','Oceania','CFP Franc','XPF'),('PG','PNG',598,'Papua New Guinea','Oceania','Kina','PGK'),('PH','PHL',608,'Philippines','Southeast Asia','Philippine Peso','PHP'),('PK','PAK',586,'Pakistan','Asia','Pakistan Rupee','PKR'),('PL','POL',616,'Poland','Europe','Zloty','PLN'),('PM','SPM',666,'Saint Pierre and Miquelon','North America','Euro','EUR'),('PN','PCN',612,'Pitcairn Islands','Oceania','New Zealand Dollar','NZD'),('PR','PRI',630,'Puerto Rico','Central America and the Caribbean','US dollar','USD'),('PS','PSE',275,'Palestinian Territory, Occupied',NULL,NULL,NULL),('PT','PRT',620,'Portugal','Europe','Euro','EUR'),('PW','PLW',585,'Palau','Oceania','US dollar','USD'),('PY','PRY',600,'Paraguay','South America','Guarani','PYG'),('QA','QAT',634,'Qatar','Middle East','Qatari Rial','QAR'),('RE','REU',638,'Reunion','World','Euro','EUR'),('RO','ROU',642,'Romania','Europe','Leu','ROL'),('RS','SRB',688,'Serbia','Europe','Serbian Dinar','RSD'),('RU','RUS',643,'Russia','Asia','Russian Ruble','RUB'),('RW','RWA',646,'Rwanda','Africa','Rwanda Franc','RWF'),('SA','SAU',682,'Saudi Arabia','Middle East','Saudi Riyal','SAR'),('SB','SLB',90,'Solomon Islands','Oceania','Solomon Islands Dollar','SBD'),('SC','SYC',690,'Seychelles','Africa','Seychelles Rupee','SCR'),('SD','SDN',736,'Sudan','Africa','Sudanese Dinar','SDD'),('SE','SWE',752,'Sweden','Europe','Swedish Krona','SEK'),('SG','SGP',702,'Singapore','Southeast Asia','Singapore Dollar','SGD'),('SH','SHN',654,'Saint Helena','Africa','Saint Helenian Pound','SHP'),('SI','SVN',705,'Slovenia','Europe','Tolar','SIT'),('SJ','SJM',744,'Svalbard','Arctic Region','Norwegian Krone','NOK'),('SK','SVK',703,'Slovakia','Europe','Slovak Koruna','SKK'),('SL','SLE',694,'Sierra Leone','Africa','Leone','SLL'),('SM','SMR',674,'San Marino','Europe','Euro','EUR'),('SN','SEN',686,'Senegal','Africa','CFA Franc BCEAO','XOF'),('SO','SOM',706,'Somalia','Africa','Somali Shilling','SOS'),('SR','SUR',740,'Suriname','South America','Suriname Guilder','SRG'),('ST','STP',678,'Sao Tome and Principe','Africa','Dobra','STD'),('SV','SLV',222,'El Salvador','Central America and the Caribbean','El Salvador Colon','SVC'),('SY','SYR',760,'Syria','Middle East','Syrian Pound','SYP'),('SZ','SWZ',748,'Swaziland','Africa','Lilangeni','SZL'),('TC','TCA',796,'Turks and Caicos Islands','Central America and the Caribbean','US Dollar','USD'),('TD','TCD',148,'Chad','Africa','CFA Franc BEAC','XAF'),('TF','ATF',260,'French Southern and Antarctic Lands','Antarctic Region','Euro','EUR'),('TG','TGO',768,'Togo','Africa','CFA Franc BCEAO','XOF'),('TH','THA',764,'Thailand','Southeast Asia','Baht','THB'),('TJ','TJK',762,'Tajikistan','Commonwealth of Independent States','Somoni','TJS'),('TK','TKL',772,'Tokelau','Oceania','New Zealand Dollar','NZD'),('TL','TLS',626,'East Timor',NULL,'Timor Escudo','TPE'),('TM','TKM',795,'Turkmenistan','Commonwealth of Independent States','Manat','TMM'),('TN','TUN',788,'Tunisia','Africa','Tunisian Dinar','TND'),('TO','TON',776,'Tonga','Oceania','Pa\'anga','TOP'),('TR','TUR',792,'Turkey','Middle East','Turkish Lira','TRL'),('TT','TTO',780,'Trinidad and Tobago','Central America and the Caribbean','Trinidad and Tobago Dollar','TTD'),('TV','TUV',798,'Tuvalu','Oceania','Australian Dollar','AUD'),('TW','TWN',158,'Taiwan','Southeast Asia','New Taiwan Dollar','TWD'),('TZ','TZA',834,'Tanzania','Africa','Tanzanian Shilling','TZS'),('UA','UKR',804,'Ukraine','Commonwealth of Independent States','Hryvnia','UAH'),('UG','UGA',800,'Uganda','Africa','Uganda Shilling','UGX'),('UM','UMI',581,'United States Minor Outlying Islands',NULL,'US Dollar','USD'),('US','USA',840,'United States','North America','US Dollar','USD'),('UY','URY',858,'Uruguay','South America','Peso Uruguayo','UYU'),('UZ','UZB',860,'Uzbekistan','Commonwealth of Independent States','Uzbekistan Sum','UZS'),('VA','VAT',336,'Holy See (Vatican City)','Europe','Euro','EUR'),('VC','VCT',670,'Saint Vincent and the Grenadines','Central America and the Caribbean','East Caribbean Dollar','XCD'),('VE','VEN',862,'Venezuela','South America, Central America and the Caribbean','Bolivar','VEB'),('VG','VGB',92,'British Virgin Islands','Central America and the Caribbean','US dollar','USD'),('VI','VIR',850,'Virgin Islands','Central America and the Caribbean','US Dollar','USD'),('VN','VNM',704,'Vietnam','Southeast Asia','Dong','VND'),('VU','VUT',548,'Vanuatu','Oceania','Vatu','VUV'),('WF','WLF',876,'Wallis and Futuna','Oceania','CFP Franc','XPF'),('WS','WSM',882,'Samoa','Oceania','Tala','WST'),('YE','YEM',887,'Yemen','Middle East','Yemeni Rial','YER'),('YT','MYT',175,'Mayotte','Africa','Euro','EUR'),('ZA','ZAF',710,'South Africa','Africa','Rand','ZAR'),('ZM','ZWB',894,'Zambia','Africa','Kwacha','ZMK'),('ZW','ZWE',716,'Zimbabwe','Africa','Zimbabwe Dollar','ZWD');

--
-- Table structure for table `sys_cron_jobs`
--

CREATE TABLE `sys_cron_jobs` (
  `id` int(11) unsigned NOT NULL AUTO_INCREMENT,
  `name` varchar(128) NOT NULL DEFAULT '',
  `time` varchar(128) NOT NULL DEFAULT '*',
  `class` varchar(128) NOT NULL DEFAULT '',
  `file` varchar(255) NOT NULL DEFAULT '',
  `eval` text NOT NULL,
  PRIMARY KEY (`id`)
) ENGINE=MyISAM AUTO_INCREMENT=13 DEFAULT CHARSET=utf8;

--
-- Dumping data for table `sys_cron_jobs`
--

INSERT INTO `sys_cron_jobs` VALUES (1,'cmd','0 0 * * *','BxDolCronCmd','inc/classes/BxDolCronCmd.php',''),(2,'notifies','*/10 * * * *','BxDolCronNotifies','inc/classes/BxDolCronNotifies.php',''),(3,'video_comments','* * * * *','BxDolCronVideoComments','flash/modules/video_comments/inc/classes/BxDolCronVideoComments.php',''),(4,'sitemap','0 2 * * *','','','bx_import(\'BxDolSiteMaps\');\r\nBxDolSiteMaps::generateAllSiteMaps();'),(5,'modules','0 0 * * 0','BxDolCronModules','inc/classes/BxDolCronModules.php',''),(7,'bx_news','*/5 * * * *','BxNewsCron','modules/boonex/news/classes/BxNewsCron.php',''),(11,'modzzz_articles','*/5 * * * *','BxArticlesCron','modules/modzzz/articles/classes/BxArticlesCron.php','');

--
-- Table structure for table `sys_dnsbl_rules`
--

CREATE TABLE `sys_dnsbl_rules` (
  `id` int(11) NOT NULL AUTO_INCREMENT,
  `chain` enum('spammers','whitelist','uridns') NOT NULL,
  `zonedomain` varchar(255) NOT NULL,
  `postvresp` varchar(32) NOT NULL,
  `url` varchar(255) NOT NULL,
  `recheck` varchar(255) NOT NULL,
  `comment` varchar(255) NOT NULL,
  `added` int(11) NOT NULL,
  `active` tinyint(4) NOT NULL,
  PRIMARY KEY (`id`)
) ENGINE=MyISAM AUTO_INCREMENT=17 DEFAULT CHARSET=utf8;

--
-- Dumping data for table `sys_dnsbl_rules`
--

INSERT INTO `sys_dnsbl_rules` VALUES (1,'whitelist','au.countries.nerd.dk.','127.0.0.2','http://countries.nerd.dk/','','Country based zone, any ip from Australia is whitelisted',1287642420,0),(2,'spammers','sbl.spamhaus.org.','any','http://www.spamhaus.org/sbl/','http://www.spamhaus.org/query/bl?ip=%s','Any non-failure result from sbl.spamhaus.org is a positive match',1287642420,1),(4,'spammers','cn.countries.nerd.dk.','127.0.0.2','http://countries.nerd.dk/','','Country based zone, any ip from China is blocked',1287642420,0),(5,'uridns','multi.surbl.org.','any','http://www.surbl.org/','http://george.surbl.org/lookup.html','SURBLs are lists of web sites that have appeared in unsolicited messages. Unlike most lists, SURBLs are not lists of message senders.',1287642420,1),(6,'spammers','dnsbl.dronebl.org.','127.0.0.5','http://www.dronebl.org/','http://www.dronebl.org/lookup?ip=%s','Bottler',1368854835,1),(7,'spammers','dnsbl.dronebl.org.','127.0.0.6','http://www.dronebl.org/','http://www.dronebl.org/lookup?ip=%s','Unknown spambot or drone',1368854835,1),(8,'spammers','dnsbl.dronebl.org.','127.0.0.7','http://www.dronebl.org/','http://www.dronebl.org/lookup?ip=%s','DDOS Drone',1368854835,1),(9,'spammers','dnsbl.dronebl.org.','127.0.0.8','http://www.dronebl.org/','http://www.dronebl.org/lookup?ip=%s','SOCKS Proxy',1368854835,1),(10,'spammers','dnsbl.dronebl.org.','127.0.0.9','http://www.dronebl.org/','http://www.dronebl.org/lookup?ip=%s','HTTP Proxy',1368854835,1),(11,'spammers','dnsbl.dronebl.org.','127.0.0.10','http://www.dronebl.org/','http://www.dronebl.org/lookup?ip=%s','ProxyChain',1368854835,1),(12,'spammers','dnsbl.dronebl.org.','127.0.0.14','http://www.dronebl.org/','http://www.dronebl.org/lookup?ip=%s','Open Wingate Proxy',1368854835,1),(13,'spammers','dnsbl.dronebl.org.','127.0.0.15','http://www.dronebl.org/','http://www.dronebl.org/lookup?ip=%s','Compromised router / gateway',1368854835,1),(14,'spammers','dnsbl.tornevall.org.','230','http://dnsbl.tornevall.org/','','Block anonymous/elite proxies and abuse IPs',1369274751,1),(15,'spammers','uribl.swinog.ch.','127.0.0.3','http://antispam.imp.ch/06-dnsbl.php?lng=1','','ImproWare Antispam',1393336086,0),(16,'uridns','uribl.swinog.ch.','any','http://antispam.imp.ch/05-uribl.php?lng=1','','ImproWare Antispam',1393336170,0);

--
-- Table structure for table `sys_dnsbluri_zones`
--

CREATE TABLE `sys_dnsbluri_zones` (
  `level` tinyint(4) NOT NULL,
  `zone` varchar(64) NOT NULL
) ENGINE=MyISAM DEFAULT CHARSET=utf8;

--
-- Dumping data for table `sys_dnsbluri_zones`
--

INSERT INTO `sys_dnsbluri_zones` VALUES (2,'0.bg'),(2,'1.bg'),(2,'110mb.com'),(2,'150m.com'),(2,'163.to'),(2,'1blu.de'),(2,'2.bg'),(2,'2000.hu'),(2,'3.bg'),(2,'4.bg'),(2,'5.bg'),(2,'6.bg'),(2,'6a.org'),(2,'6bone.pl'),(2,'7.bg'),(2,'8.bg'),(2,'9.bg'),(2,'9k.com'),(2,'a.bg'),(2,'a.se'),(2,'aa.no'),(2,'aarborte.no'),(2,'ab.ca'),(2,'ab.se'),(2,'abo.pa'),(2,'ac.ae'),(2,'ac.am'),(2,'ac.at'),(2,'ac.bd'),(2,'ac.be'),(2,'ac.ci'),(2,'ac.cn'),(2,'ac.com'),(2,'ac.cr'),(2,'ac.cy'),(2,'ac.fj'),(2,'ac.fk'),(2,'ac.gg'),(2,'ac.gn'),(2,'ac.hu'),(2,'ac.id'),(2,'ac.il'),(2,'ac.im'),(2,'ac.in'),(2,'ac.ir'),(2,'ac.je'),(2,'ac.jp'),(2,'ac.ke'),(2,'ac.kr'),(2,'ac.lk'),(2,'ac.ma'),(2,'ac.me'),(2,'ac.mu'),(2,'ac.mw'),(2,'ac.ng'),(2,'ac.nz'),(2,'ac.om'),(2,'ac.pa'),(2,'ac.pg'),(2,'ac.pr'),(2,'ac.rs'),(2,'ac.ru'),(2,'ac.rw'),(2,'ac.se'),(2,'ac.sz'),(2,'ac.th'),(2,'ac.tj'),(2,'ac.tz'),(2,'ac.ug'),(2,'ac.uk'),(2,'ac.vn'),(2,'ac.yu'),(2,'ac.za'),(2,'ac.zm'),(2,'ac.zw'),(2,'aca.pro'),(2,'academy.museum'),(2,'accident-investigation.aero'),(2,'accident-prevention.aero'),(2,'act.au'),(2,'ad.jp'),(2,'addr.com'),(2,'adm.br'),(2,'adult.ht'),(2,'adv.br'),(2,'adygeya.ru'),(2,'ae.org'),(2,'aejrie.no'),(2,'aero.mv'),(2,'aero.tt'),(2,'aerobatic.aero'),(2,'aeroclub.aero'),(2,'aerodrome.aero'),(2,'aeroport.fr'),(2,'afjord.no'),(2,'ag.it'),(2,'agdenes.no'),(2,'agents.aero'),(2,'agr.br'),(2,'agrar.hu'),(2,'agriculture.museum'),(2,'agrigento.it'),(2,'agrinet.tn'),(2,'agro.pl'),(2,'ah.cn'),(2,'ah.no'),(2,'aichi.jp'),(2,'aid.pl'),(2,'aip.ee'),(2,'air-surveillance.aero'),(2,'air-traffic-control.aero'),(2,'air.museum'),(2,'aircraft.aero'),(2,'airguard.museum'),(2,'airline.aero'),(2,'airport.aero'),(2,'airtraffic.aero'),(2,'ak.us'),(2,'akita.jp'),(2,'aknoluokta.no'),(2,'akrehamn.no'),(2,'al.it'),(2,'al.no'),(2,'al.us'),(2,'alabama.museum'),(2,'alaheadju.no'),(2,'aland.fi'),(2,'alaska.museum'),(2,'alderney.gg'),(2,'alessandria.it'),(2,'alesund.no'),(2,'algard.no'),(2,'alstahaug.no'),(2,'alt.na'),(2,'alt.za'),(2,'alta.no'),(2,'altai.ru'),(2,'altervista.org'),(2,'alto-adige.it'),(2,'altoadige.it'),(2,'alvdal.no'),(2,'am.br'),(2,'amber.museum'),(2,'ambulance.aero'),(2,'ambulance.museum'),(2,'american.museum'),(2,'americana.museum'),(2,'americanantiques.museum'),(2,'americanart.museum'),(2,'amli.no'),(2,'amot.no'),(2,'amsterdam.museum'),(2,'amur.ru'),(2,'amursk.ru'),(2,'amusement.aero'),(2,'an.it'),(2,'ancona.it'),(2,'and.museum'),(2,'andasuolo.no'),(2,'andebu.no'),(2,'andoy.no'),(2,'angelfire.com'),(2,'annefrank.museum'),(2,'anthro.museum'),(2,'anthropology.museum'),(2,'antiques.museum'),(2,'ao.it'),(2,'aomori.jp'),(2,'aosta.it'),(2,'aoste.it'),(2,'ap.it'),(2,'appspot.com'),(2,'aq.it'),(2,'aquarium.museum'),(2,'aquila.it'),(2,'ar.com'),(2,'ar.it'),(2,'ar.us'),(2,'arboretum.museum'),(2,'archaeological.museum'),(2,'archaeology.museum'),(2,'architecture.museum'),(2,'ardal.no'),(2,'aremark.no'),(2,'arendal.no'),(2,'arezzo.it'),(2,'arkhangelsk.ru'),(2,'army.mil'),(2,'arna.no'),(2,'arq.br'),(2,'art.br'),(2,'art.do'),(2,'art.dz'),(2,'art.ht'),(2,'art.museum'),(2,'art.pl'),(2,'artanddesign.museum'),(2,'artcenter.museum'),(2,'artdeco.museum'),(2,'arteducation.museum'),(2,'artgallery.museum'),(2,'arts.co'),(2,'arts.museum'),(2,'arts.nf'),(2,'arts.ro'),(2,'arts.ve'),(2,'artsandcrafts.museum'),(2,'as.us'),(2,'ascoli-piceno.it'),(2,'ascolipiceno.it'),(2,'aseral.no'),(2,'asker.no'),(2,'askim.no'),(2,'askoy.no'),(2,'askvoll.no'),(2,'asmatart.museum'),(2,'asn.au'),(2,'asn.lv'),(2,'asnes.no'),(2,'ass.dz'),(2,'ass.km'),(2,'assassination.museum'),(2,'assedic.fr'),(2,'assisi.museum'),(2,'assn.lk'),(2,'asso.ci'),(2,'asso.dz'),(2,'asso.fr'),(2,'asso.gp'),(2,'asso.ht'),(2,'asso.km'),(2,'asso.ma'),(2,'asso.mc'),(2,'asso.re'),(2,'asso.ws'),(2,'association.aero'),(2,'association.museum'),(2,'asti.it'),(2,'astrakhan.ru'),(2,'astronomy.museum'),(2,'at.it'),(2,'at.lv'),(2,'at.pn'),(2,'at.tc'),(2,'at.tf'),(2,'at.tt'),(2,'ath.cx'),(2,'atlanta.museum'),(2,'atm.pl'),(2,'ato.br'),(2,'au.com'),(2,'au.ms'),(2,'au.pn'),(2,'au.tc'),(2,'au.tt'),(2,'audnedaln.no'),(2,'augustow.pl'),(2,'aukra.no'),(2,'aure.no'),(2,'aurland.no'),(2,'aurskog-holand.no'),(2,'austevoll.no'),(2,'austin.museum'),(2,'australia.museum'),(2,'austrheim.no'),(2,'author.aero'),(2,'auto.pl'),(2,'automotive.museum'),(2,'av.it'),(2,'av.tr'),(2,'avellino.it'),(2,'averoy.no'),(2,'aviation.museum'),(2,'avocat.fr'),(2,'avoues.fr'),(2,'axis.museum'),(2,'az.us'),(2,'a�roport.ci'),(2,'b.bg'),(2,'b.se'),(2,'ba.it'),(2,'babia-gora.pl'),(2,'badaddja.no'),(2,'badajoz.museum'),(2,'baghdad.museum'),(2,'bahcavuotna.no'),(2,'bahccavuotna.no'),(2,'bahn.museum'),(2,'baidar.no'),(2,'baikal.ru'),(2,'bajddar.no'),(2,'balat.no'),(2,'bale.museum'),(2,'balestrand.no'),(2,'ballangen.no'),(2,'ballooning.aero'),(2,'balsan.it'),(2,'balsfjord.no'),(2,'baltimore.museum'),(2,'bamble.no'),(2,'bar.pro'),(2,'barcelona.museum'),(2,'bardu.no'),(2,'bari.it'),(2,'barletta-andria-trani.it'),(2,'barlettaandriatrani.it'),(2,'barreau.fr'),(2,'barum.no'),(2,'baseball.museum'),(2,'basel.museum'),(2,'bashkiria.ru'),(2,'baths.museum'),(2,'batsfjord.no'),(2,'bauern.museum'),(2,'bbs.tr'),(2,'bc.ca'),(2,'bd.se'),(2,'be.tc'),(2,'be.tt'),(2,'bearalvahki.no'),(2,'beardu.no'),(2,'beauxarts.museum'),(2,'bedzin.pl'),(2,'beeldengeluid.museum'),(2,'beiarn.no'),(2,'bel.tr'),(2,'belau.pw'),(2,'belgie.be'),(2,'belgorod.ru'),(2,'bellevue.museum'),(2,'belluno.it'),(2,'benevento.it'),(2,'berg.no'),(2,'bergamo.it'),(2,'bergbau.museum'),(2,'bergen.no'),(2,'berkeley.museum'),(2,'berlevag.no'),(2,'berlin.museum'),(2,'bern.museum'),(2,'beskidy.pl'),(2,'bg.it'),(2,'bg.tc'),(2,'bg.tf'),(2,'bi.it'),(2,'bialowieza.pl'),(2,'bialystok.pl'),(2,'bib.ve'),(2,'bible.museum'),(2,'bielawa.pl'),(2,'biella.it'),(2,'bieszczady.pl'),(2,'bievat.no'),(2,'bilbao.museum'),(2,'bill.museum'),(2,'bindal.no'),(2,'bio.br'),(2,'bir.ru'),(2,'birdart.museum'),(2,'birkenes.no'),(2,'birthplace.museum'),(2,'biz.az'),(2,'biz.bh'),(2,'biz.cy'),(2,'biz.et'),(2,'biz.fj'),(2,'biz.ki'),(2,'biz.ly'),(2,'biz.mv'),(2,'biz.mw'),(2,'biz.nr'),(2,'biz.om'),(2,'biz.pk'),(2,'biz.pl'),(2,'biz.pr'),(2,'biz.tj'),(2,'biz.tm'),(2,'biz.tr'),(2,'biz.tt'),(2,'biz.ua'),(2,'biz.vn'),(2,'bj.cn'),(2,'bjarkoy.no'),(2,'bjerkreim.no'),(2,'bjugn.no'),(2,'bl.it'),(2,'bl.uk'),(2,'blog.br'),(2,'blog.com'),(2,'blog.ru'),(2,'blog4ever.com'),(2,'blogspot.com'),(2,'bmd.br'),(2,'bn.it'),(2,'bo.it'),(2,'bodo.no'),(2,'bokn.no'),(2,'boleslawiec.pl'),(2,'bologna.it'),(2,'bolt.hu'),(2,'bolzano.it'),(2,'bomlo.no'),(2,'bonn.museum'),(2,'boston.museum'),(2,'botanical.museum'),(2,'botanicalgarden.museum'),(2,'botanicgarden.museum'),(2,'botany.museum'),(2,'bourse.za'),(2,'bozen.it'),(2,'br.com'),(2,'br.it'),(2,'br.ms'),(2,'br.tc'),(2,'brand.se'),(2,'brandywinevalley.museum'),(2,'brasil.museum'),(2,'bravehost.com'),(2,'bravepages.com'),(2,'bremanger.no'),(2,'brescia.it'),(2,'brindisi.it'),(2,'bristol.museum'),(2,'british-library.uk'),(2,'british.museum'),(2,'britishcolumbia.museum'),(2,'broadcast.museum'),(2,'broker.aero'),(2,'bronnoy.no'),(2,'bronnoysund.no'),(2,'brumunddal.no'),(2,'brunel.museum'),(2,'brussel.museum'),(2,'brussels.museum'),(2,'bruxelles.museum'),(2,'bryansk.ru'),(2,'bryne.no'),(2,'bs.it'),(2,'bu.no'),(2,'budejju.no'),(2,'building.museum'),(2,'burghof.museum'),(2,'buryatia.ru'),(2,'bus.museum'),(2,'busan.kr'),(2,'bushey.museum'),(2,'by.ru'),(2,'bydgoszcz.pl'),(2,'bygland.no'),(2,'bykle.no'),(2,'bytom.pl'),(2,'bz.it'),(2,'c.bg'),(2,'c.la'),(2,'c.se'),(2,'ca.it'),(2,'ca.na'),(2,'ca.pn'),(2,'ca.tf'),(2,'ca.tt'),(2,'ca.us'),(2,'caa.aero'),(2,'cadaques.museum'),(2,'cagliari.it'),(2,'cahcesuolo.no'),(2,'california.museum'),(2,'caltanissetta.it'),(2,'cambridge.museum'),(2,'campobasso.it'),(2,'can.br'),(2,'can.museum'),(2,'canada.museum'),(2,'capebreton.museum'),(2,'cargo.aero'),(2,'carrier.museum'),(2,'cartoonart.museum'),(2,'casadelamoneda.museum'),(2,'caserta.it'),(2,'casino.hu'),(2,'castle.museum'),(2,'castres.museum'),(2,'catania.it'),(2,'catanzaro.it'),(2,'catering.aero'),(2,'cb.it'),(2,'cbg.ru'),(2,'cc.bh'),(2,'cc.cc'),(2,'cc.na'),(2,'cci.fr'),(2,'ce.it'),(2,'celtic.museum'),(2,'center.museum'),(2,'certification.aero'),(2,'ch.it'),(2,'ch.lv'),(2,'ch.pn'),(2,'ch.tc'),(2,'ch.tf'),(2,'ch.vu'),(2,'chambagri.fr'),(2,'championship.aero'),(2,'charter.aero'),(2,'chat.ru'),(2,'chattanooga.museum'),(2,'chel.ru'),(2,'cheltenham.museum'),(2,'chelyabinsk.ru'),(2,'cherkassy.ua'),(2,'chernigov.ua'),(2,'chernovtsy.ua'),(2,'chesapeakebay.museum'),(2,'chiba.jp'),(2,'chicago.museum'),(2,'chieti.it'),(2,'children.museum'),(2,'childrens.museum'),(2,'childrensgarden.museum'),(2,'chiropractic.museum'),(2,'chirurgiens-dentistes.fr'),(2,'chita.ru'),(2,'chocolate.museum'),(2,'christiansburg.museum'),(2,'chukotka.ru'),(2,'chungbuk.kr'),(2,'chungnam.kr'),(2,'chuvashia.ru'),(2,'cieszyn.pl'),(2,'cim.br'),(2,'cincinnati.museum'),(2,'cinema.museum'),(2,'circus.museum'),(2,'city.hu'),(2,'city.za'),(2,'civilaviation.aero'),(2,'civilisation.museum'),(2,'civilization.museum'),(2,'civilwar.museum'),(2,'cjb.net'),(2,'ck.ua'),(2,'cl.it'),(2,'clickbank.net'),(2,'clinton.museum'),(2,'clock.museum'),(2,'club.aero'),(2,'club.tw'),(2,'cmw.ru'),(2,'cn.com'),(2,'cn.it'),(2,'cn.ms'),(2,'cn.pn'),(2,'cn.ua'),(2,'cng.br'),(2,'cnt.br'),(2,'co.ae'),(2,'co.ag'),(2,'co.am'),(2,'co.ao'),(2,'co.at'),(2,'co.ba'),(2,'co.bi'),(2,'co.bw'),(2,'co.cc'),(2,'co.ci'),(2,'co.ck'),(2,'co.cr'),(2,'co.dk'),(2,'co.ee'),(2,'co.fk'),(2,'co.gg'),(2,'co.gy'),(2,'co.hu'),(2,'co.id'),(2,'co.il'),(2,'co.im'),(2,'co.in'),(2,'co.ir'),(2,'co.it'),(2,'co.je'),(2,'co.jp'),(2,'co.ke'),(2,'co.kg'),(2,'co.kr'),(2,'co.lc'),(2,'co.ls'),(2,'co.ma'),(2,'co.me'),(2,'co.mu'),(2,'co.mw'),(2,'co.mz'),(2,'co.na'),(2,'co.nz'),(2,'co.om'),(2,'co.pn'),(2,'co.pw'),(2,'co.rs'),(2,'co.rw'),(2,'co.sh'),(2,'co.st'),(2,'co.sz'),(2,'co.th'),(2,'co.tj'),(2,'co.tm'),(2,'co.tt'),(2,'co.tv'),(2,'co.tz'),(2,'co.ua'),(2,'co.ug'),(2,'co.uk'),(2,'co.us'),(2,'co.uz'),(2,'co.ve'),(2,'co.vi'),(2,'co.yu'),(2,'co.za'),(2,'co.zm'),(2,'co.zw'),(2,'coal.museum'),(2,'coastaldefence.museum'),(2,'cody.museum'),(2,'coldwar.museum'),(2,'collection.museum'),(2,'colonialwilliamsburg.museum'),(2,'coloradoplateau.museum'),(2,'columbia.museum'),(2,'columbus.museum'),(2,'com.ac'),(2,'com.ae'),(2,'com.af'),(2,'com.ag'),(2,'com.ai'),(2,'com.al'),(2,'com.am'),(2,'com.an'),(2,'com.ar'),(2,'com.au'),(2,'com.aw'),(2,'com.az'),(2,'com.ba'),(2,'com.bb'),(2,'com.bd'),(2,'com.bh'),(2,'com.bi'),(2,'com.bm'),(2,'com.bn'),(2,'com.bo'),(2,'com.br'),(2,'com.bs'),(2,'com.bt'),(2,'com.by'),(2,'com.bz'),(2,'com.cd'),(2,'com.ch'),(2,'com.ci'),(2,'com.cn'),(2,'com.co'),(2,'com.cu'),(2,'com.cy'),(2,'com.dm'),(2,'com.do'),(2,'com.dz'),(2,'com.ec'),(2,'com.ee'),(2,'com.eg'),(2,'com.er'),(2,'com.es'),(2,'com.et'),(2,'com.fj'),(2,'com.fk'),(2,'com.fr'),(2,'com.ge'),(2,'com.gh'),(2,'com.gi'),(2,'com.gn'),(2,'com.gp'),(2,'com.gr'),(2,'com.gt'),(2,'com.gu'),(2,'com.gy'),(2,'com.hk'),(2,'com.hn'),(2,'com.hr'),(2,'com.ht'),(2,'com.io'),(2,'com.iq'),(2,'com.is'),(2,'com.jm'),(2,'com.jo'),(2,'com.kg'),(2,'com.kh'),(2,'com.ki'),(2,'com.km'),(2,'com.kw'),(2,'com.ky'),(2,'com.kz'),(2,'com.la'),(2,'com.lb'),(2,'com.lc'),(2,'com.li'),(2,'com.lk'),(2,'com.lr'),(2,'com.lv'),(2,'com.ly'),(2,'com.mg'),(2,'com.mk'),(2,'com.ml'),(2,'com.mm'),(2,'com.mn'),(2,'com.mo'),(2,'com.mt'),(2,'com.mu'),(2,'com.mv'),(2,'com.mw'),(2,'com.mx'),(2,'com.my'),(2,'com.na'),(2,'com.nc'),(2,'com.nf'),(2,'com.ng'),(2,'com.ni'),(2,'com.np'),(2,'com.nr'),(2,'com.om'),(2,'com.pa'),(2,'com.pe'),(2,'com.pf'),(2,'com.pg'),(2,'com.ph'),(2,'com.pk'),(2,'com.pl'),(2,'com.pr'),(2,'com.ps'),(2,'com.pt'),(2,'com.py'),(2,'com.qa'),(2,'com.re'),(2,'com.ro'),(2,'com.ru'),(2,'com.rw'),(2,'com.sa'),(2,'com.sb'),(2,'com.sc'),(2,'com.sd'),(2,'com.sg'),(2,'com.sh'),(2,'com.sl'),(2,'com.st'),(2,'com.sv'),(2,'com.sy'),(2,'com.tj'),(2,'com.tm'),(2,'com.tn'),(2,'com.to'),(2,'com.tr'),(2,'com.tt'),(2,'com.tv'),(2,'com.tw'),(2,'com.ua'),(2,'com.uy'),(2,'com.uz'),(2,'com.vc'),(2,'com.ve'),(2,'com.vi'),(2,'com.vn'),(2,'com.vu'),(2,'com.ws'),(2,'com.ye'),(2,'communication.museum'),(2,'communications.museum'),(2,'community.museum'),(2,'como.it'),(2,'computer.museum'),(2,'computerhistory.museum'),(2,'conf.au'),(2,'conf.lv'),(2,'conference.aero'),(2,'congresodelalengua3.ar'),(2,'consulado.st'),(2,'consultant.aero'),(2,'consulting.aero'),(2,'contemporary.museum'),(2,'contemporaryart.museum'),(2,'control.aero'),(2,'convent.museum'),(2,'coop.br'),(2,'coop.ht'),(2,'coop.km'),(2,'coop.mv'),(2,'coop.mw'),(2,'coop.tt'),(2,'copenhagen.museum'),(2,'corp.st'),(2,'corporation.museum'),(2,'corvette.museum'),(2,'cosenza.it'),(2,'costume.museum'),(2,'council.aero'),(2,'countryestate.museum'),(2,'county.museum'),(2,'cpa.pro'),(2,'cq.cn'),(2,'cr.it'),(2,'crafts.museum'),(2,'cranbrook.museum'),(2,'creation.museum'),(2,'cremona.it'),(2,'crew.aero'),(2,'cri.nz'),(2,'crimea.ua'),(2,'crotone.it'),(2,'cs.it'),(2,'csiro.au'),(2,'ct.it'),(2,'ct.us'),(2,'cul.na'),(2,'cultural.museum'),(2,'culturalcenter.museum'),(2,'culture.museum'),(2,'cuneo.it'),(2,'cv.ua'),(2,'cyber.museum'),(2,'cymru.museum'),(2,'cz.it'),(2,'cz.tc'),(2,'cz.tf'),(2,'czeladz.pl'),(2,'czest.pl'),(2,'d.bg'),(2,'d.se'),(2,'daegu.kr'),(2,'daejeon.kr'),(2,'dagestan.ru'),(2,'dali.museum'),(2,'dallas.museum'),(2,'database.museum'),(2,'davvenjarga.no'),(2,'davvesiida.no'),(2,'dc.us'),(2,'ddr.museum'),(2,'de.com'),(2,'de.ki'),(2,'de.lv'),(2,'de.ms'),(2,'de.net'),(2,'de.pn'),(2,'de.tc'),(2,'de.tf'),(2,'de.tt'),(2,'de.us'),(2,'de.vu'),(2,'deatnu.no'),(2,'decorativearts.museum'),(2,'defense.tn'),(2,'delaware.museum'),(2,'delmenhorst.museum'),(2,'denmark.museum'),(2,'dep.no'),(2,'depot.museum'),(2,'design.aero'),(2,'design.museum'),(2,'detroit.museum'),(2,'dgca.aero'),(2,'dielddanuorri.no'),(2,'dinosaur.museum'),(2,'discovery.museum'),(2,'divtasvuodna.no'),(2,'divttasvuotna.no'),(2,'dk.org'),(2,'dk.tc'),(2,'dk.tt'),(2,'dlugoleka.pl'),(2,'dn.ua'),(2,'dnepropetrovsk.ua'),(2,'dni.us'),(2,'dns.be'),(2,'dolls.museum'),(2,'donetsk.ua'),(2,'donna.no'),(2,'donostia.museum'),(2,'dovre.no'),(2,'dp.ua'),(2,'dpn.br'),(2,'dr.na'),(2,'dr.tr'),(2,'drammen.no'),(2,'drangedal.no'),(2,'drobak.no'),(2,'dr�bak.no'),(2,'dudinka.ru'),(2,'durham.museum'),(2,'dyroy.no'),(2,'e-burg.ru'),(2,'e.bg'),(2,'e.se'),(2,'e12.ve'),(2,'e164.arpa'),(2,'eastafrica.museum'),(2,'eastcoast.museum'),(2,'ebiz.tw'),(2,'ecn.br'),(2,'ed.ao'),(2,'ed.ci'),(2,'ed.cr'),(2,'ed.jp'),(2,'ed.pw'),(2,'edu.ac'),(2,'edu.af'),(2,'edu.ai'),(2,'edu.al'),(2,'edu.am'),(2,'edu.an'),(2,'edu.ar'),(2,'edu.au'),(2,'edu.az'),(2,'edu.ba'),(2,'edu.bb'),(2,'edu.bd'),(2,'edu.bh'),(2,'edu.bi'),(2,'edu.bm'),(2,'edu.bn'),(2,'edu.bo'),(2,'edu.br'),(2,'edu.bs'),(2,'edu.bt'),(2,'edu.bz'),(2,'edu.ci'),(2,'edu.ck'),(2,'edu.cn'),(2,'edu.co'),(2,'edu.cu'),(2,'edu.dm'),(2,'edu.do'),(2,'edu.dz'),(2,'edu.ec'),(2,'edu.ee'),(2,'edu.eg'),(2,'edu.er'),(2,'edu.es'),(2,'edu.et'),(2,'edu.ge'),(2,'edu.gh'),(2,'edu.gi'),(2,'edu.gn'),(2,'edu.gp'),(2,'edu.gr'),(2,'edu.gt'),(2,'edu.gu'),(2,'edu.hk'),(2,'edu.hn'),(2,'edu.ht'),(2,'edu.hu'),(2,'edu.in'),(2,'edu.iq'),(2,'edu.is'),(2,'edu.it'),(2,'edu.jm'),(2,'edu.jo'),(2,'edu.kg'),(2,'edu.kh'),(2,'edu.ki'),(2,'edu.km'),(2,'edu.kn'),(2,'edu.kw'),(2,'edu.ky'),(2,'edu.kz'),(2,'edu.la'),(2,'edu.lb'),(2,'edu.lc'),(2,'edu.lk'),(2,'edu.lr'),(2,'edu.lv'),(2,'edu.ly'),(2,'edu.me'),(2,'edu.mg'),(2,'edu.mk'),(2,'edu.ml'),(2,'edu.mm'),(2,'edu.mn'),(2,'edu.mo'),(2,'edu.mt'),(2,'edu.mv'),(2,'edu.mw'),(2,'edu.mx'),(2,'edu.my'),(2,'edu.na'),(2,'edu.ng'),(2,'edu.ni'),(2,'edu.np'),(2,'edu.nr'),(2,'edu.om'),(2,'edu.pa'),(2,'edu.pe'),(2,'edu.pf'),(2,'edu.ph'),(2,'edu.pk'),(2,'edu.pl'),(2,'edu.pn'),(2,'edu.pr'),(2,'edu.ps'),(2,'edu.pt'),(2,'edu.py'),(2,'edu.qa'),(2,'edu.rs'),(2,'edu.ru'),(2,'edu.rw'),(2,'edu.sa'),(2,'edu.sb'),(2,'edu.sc'),(2,'edu.sd'),(2,'edu.sg'),(2,'edu.sh'),(2,'edu.sk'),(2,'edu.sl'),(2,'edu.st'),(2,'edu.sv'),(2,'edu.sy'),(2,'edu.tc'),(2,'edu.tf'),(2,'edu.tj'),(2,'edu.to'),(2,'edu.tr'),(2,'edu.tt'),(2,'edu.tw'),(2,'edu.ua'),(2,'edu.uk'),(2,'edu.uy'),(2,'edu.vc'),(2,'edu.ve'),(2,'edu.vi'),(2,'edu.vn'),(2,'edu.vu'),(2,'edu.ws'),(2,'edu.ye'),(2,'edu.yu'),(2,'edu.za'),(2,'educ.ar'),(2,'education.museum'),(2,'educational.museum'),(2,'educator.aero'),(2,'edunet.tn'),(2,'egersund.no'),(2,'egyptian.museum'),(2,'ehime.jp'),(2,'eid.no'),(2,'eidfjord.no'),(2,'eidsberg.no'),(2,'eidskog.no'),(2,'eidsvoll.no'),(2,'eigersund.no'),(2,'eisenbahn.museum'),(2,'ekloges.cy'),(2,'elblag.pl'),(2,'elburg.museum'),(2,'elk.pl'),(2,'elvendrell.museum'),(2,'elverum.no'),(2,'embaixada.st'),(2,'embroidery.museum'),(2,'emergency.aero'),(2,'en.it'),(2,'encyclopedic.museum'),(2,'enebakk.no'),(2,'eng.br'),(2,'eng.pro'),(2,'engerdal.no'),(2,'engine.aero'),(2,'engineer.aero'),(2,'england.museum'),(2,'enna.it'),(2,'ens.tn'),(2,'entertainment.aero'),(2,'entomology.museum'),(2,'environment.museum'),(2,'environmentalconservation.museum'),(2,'epilepsy.museum'),(2,'equipment.aero'),(2,'ernet.in'),(2,'erotica.hu'),(2,'erotika.hu'),(2,'es.kr'),(2,'es.pn'),(2,'es.tc'),(2,'es.tl'),(2,'es.tt'),(2,'esp.br'),(2,'essex.museum'),(2,'est.pr'),(2,'estate.museum'),(2,'etc.br'),(2,'ethnology.museum'),(2,'eti.br'),(2,'etne.no'),(2,'etnedal.no'),(2,'eu.com'),(2,'eu.im'),(2,'eu.int'),(2,'eu.org'),(2,'eu.tc'),(2,'eu.tf'),(2,'eu.tt'),(2,'eun.eg'),(2,'euro.tm'),(2,'evenassi.no'),(2,'evenes.no'),(2,'evje-og-hornnes.no'),(2,'exchange.aero'),(2,'exeter.museum'),(2,'exhibition.museum'),(2,'experts-comptables.fr'),(2,'express.aero'),(2,'extra.hu'),(2,'f.bg'),(2,'f.se'),(2,'fam.pk'),(2,'family.museum'),(2,'far.br'),(2,'fareast.ru'),(2,'farm.museum'),(2,'farmequipment.museum'),(2,'farmers.museum'),(2,'farmstead.museum'),(2,'farsund.no'),(2,'fauske.no'),(2,'fax.nr'),(2,'fc.it'),(2,'fe.it'),(2,'fed.us'),(2,'federation.aero'),(2,'fedje.no'),(2,'fermo.it'),(2,'ferrara.it'),(2,'fet.no'),(2,'fetsund.no'),(2,'fg.it'),(2,'fgov.be'),(2,'fh.se'),(2,'fhs.no'),(2,'fhsk.se'),(2,'fhv.se'),(2,'fi.cr'),(2,'fi.it'),(2,'fie.ee'),(2,'field.museum'),(2,'figueres.museum'),(2,'filatelia.museum'),(2,'film.hu'),(2,'film.museum'),(2,'fin.ec'),(2,'fin.tn'),(2,'fineart.museum'),(2,'finearts.museum'),(2,'finland.museum'),(2,'finnoy.no'),(2,'firenze.it'),(2,'firm.co'),(2,'firm.ht'),(2,'firm.in'),(2,'firm.nf'),(2,'firm.ro'),(2,'firm.ve'),(2,'fitjar.no'),(2,'fj.cn'),(2,'fjaler.no'),(2,'fjell.no'),(2,'fl.us'),(2,'fla.no'),(2,'flakstad.no'),(2,'flanders.museum'),(2,'flatanger.no'),(2,'flekkefjord.no'),(2,'flesberg.no'),(2,'flight.aero'),(2,'flog.br'),(2,'flora.no'),(2,'florence.it'),(2,'florida.museum'),(2,'floro.no'),(2,'fm.br'),(2,'fm.no'),(2,'fnd.br'),(2,'foggia.it'),(2,'folkebibl.no'),(2,'folldal.no'),(2,'force.museum'),(2,'forde.no'),(2,'forli-cesena.it'),(2,'forlicesena.it'),(2,'forsand.no'),(2,'fortmissoula.museum'),(2,'fortworth.museum'),(2,'forum.hu'),(2,'fosnes.no'),(2,'fot.br'),(2,'foundation.museum'),(2,'fr.it'),(2,'fr.ms'),(2,'fr.pn'),(2,'fr.tc'),(2,'fr.tt'),(2,'fr.vu'),(2,'frana.no'),(2,'francaise.museum'),(2,'frankfurt.museum'),(2,'franziskaner.museum'),(2,'fredrikstad.no'),(2,'free.fr'),(2,'freehostia.com'),(2,'freemasonry.museum'),(2,'freeservercity.com'),(2,'frei.no'),(2,'freiburg.museum'),(2,'freight.aero'),(2,'fribourg.museum'),(2,'frog.museum'),(2,'frogn.no'),(2,'froland.no'),(2,'from.hr'),(2,'front.ru'),(2,'frosinone.it'),(2,'frosta.no'),(2,'froya.no'),(2,'fst.br'),(2,'fuel.aero'),(2,'fukui.jp'),(2,'fukuoka.jp'),(2,'fukushima.jp'),(2,'fundacio.museum'),(2,'funpic.de'),(2,'fuoisku.no'),(2,'fuossko.no'),(2,'furniture.museum'),(2,'fusa.no'),(2,'fx.to'),(2,'fylkesbibl.no'),(2,'fyresdal.no'),(2,'g.bg'),(2,'g.se'),(2,'g12.br'),(2,'ga.us'),(2,'gaivuotna.no'),(2,'gallery.museum'),(2,'galsa.no'),(2,'game.tw'),(2,'games.hu'),(2,'gamvik.no'),(2,'gangaviika.no'),(2,'gangwon.kr'),(2,'garden.museum'),(2,'gateway.museum'),(2,'gaular.no'),(2,'gausdal.no'),(2,'gb.com'),(2,'gb.net'),(2,'gbr.me'),(2,'gc.ca'),(2,'gd.cn'),(2,'gda.pl'),(2,'gdansk.pl'),(2,'gdynia.pl'),(2,'ge.it'),(2,'geek.nz'),(2,'geelvinck.museum'),(2,'gemological.museum'),(2,'gen.in'),(2,'gen.nz'),(2,'gen.tr'),(2,'genoa.it'),(2,'genova.it'),(2,'geocities.com'),(2,'geocities.jp'),(2,'geology.museum'),(2,'geometre-expert.fr'),(2,'georgia.museum'),(2,'getmyip.com'),(2,'ggf.br'),(2,'giehtavuoatna.no'),(2,'giessen.museum'),(2,'gifu.jp'),(2,'gigazu.net'),(2,'gildeskal.no'),(2,'giske.no'),(2,'gjemnes.no'),(2,'gjerdrum.no'),(2,'gjerstad.no'),(2,'gjesdal.no'),(2,'gjovik.no'),(2,'glas.museum'),(2,'glass.museum'),(2,'gliding.aero'),(2,'gliwice.pl'),(2,'glogow.pl'),(2,'gloppen.no'),(2,'gmina.pl'),(2,'gmxhome.de'),(2,'gniezno.pl'),(2,'go.ci'),(2,'go.com'),(2,'go.cr'),(2,'go.id'),(2,'go.it'),(2,'go.jp'),(2,'go.ke'),(2,'go.kr'),(2,'go.pw'),(2,'go.ro'),(2,'go.th'),(2,'go.tj'),(2,'go.tz'),(2,'go.ug'),(2,'gob.bo'),(2,'gob.cl'),(2,'gob.do'),(2,'gob.es'),(2,'gob.gt'),(2,'gob.hn'),(2,'gob.mx'),(2,'gob.ni'),(2,'gob.pa'),(2,'gob.pe'),(2,'gob.pk'),(2,'gob.sv'),(2,'gob.ve'),(2,'gobiernoelectronico.ar'),(2,'gok.pk'),(2,'gol.no'),(2,'gon.pk'),(2,'googlegroups.com'),(2,'googlepages.com'),(2,'gop.pk'),(2,'gorge.museum'),(2,'gorizia.it'),(2,'gorlice.pl'),(2,'gos.pk'),(2,'gouv.ci'),(2,'gouv.fr'),(2,'gouv.ht'),(2,'gouv.km'),(2,'gouv.ml'),(2,'gouv.rw'),(2,'gov.ac'),(2,'gov.ae'),(2,'gov.af'),(2,'gov.ai'),(2,'gov.al'),(2,'gov.am'),(2,'gov.ar'),(2,'gov.as'),(2,'gov.au'),(2,'gov.az'),(2,'gov.ba'),(2,'gov.bb'),(2,'gov.bd'),(2,'gov.bf'),(2,'gov.bh'),(2,'gov.bm'),(2,'gov.bo'),(2,'gov.br'),(2,'gov.bs'),(2,'gov.bt'),(2,'gov.by'),(2,'gov.bz'),(2,'gov.cd'),(2,'gov.ch'),(2,'gov.ck'),(2,'gov.cl'),(2,'gov.cm'),(2,'gov.cn'),(2,'gov.co'),(2,'gov.cu'),(2,'gov.cx'),(2,'gov.cy'),(2,'gov.dm'),(2,'gov.do'),(2,'gov.dz'),(2,'gov.ec'),(2,'gov.ee'),(2,'gov.eg'),(2,'gov.er'),(2,'gov.et'),(2,'gov.fj'),(2,'gov.fk'),(2,'gov.ge'),(2,'gov.gg'),(2,'gov.gh'),(2,'gov.gi'),(2,'gov.gn'),(2,'gov.gr'),(2,'gov.gu'),(2,'gov.hk'),(2,'gov.hu'),(2,'gov.ie'),(2,'gov.il'),(2,'gov.im'),(2,'gov.in'),(2,'gov.io'),(2,'gov.iq'),(2,'gov.ir'),(2,'gov.is'),(2,'gov.it'),(2,'gov.je'),(2,'gov.jm'),(2,'gov.jo'),(2,'gov.jp'),(2,'gov.kg'),(2,'gov.kh'),(2,'gov.ki'),(2,'gov.km'),(2,'gov.kn'),(2,'gov.kw'),(2,'gov.ky'),(2,'gov.kz'),(2,'gov.la'),(2,'gov.lb'),(2,'gov.lc'),(2,'gov.li'),(2,'gov.lk'),(2,'gov.lr'),(2,'gov.lt'),(2,'gov.lu'),(2,'gov.lv'),(2,'gov.ly'),(2,'gov.ma'),(2,'gov.me'),(2,'gov.mg'),(2,'gov.mk'),(2,'gov.ml'),(2,'gov.mm'),(2,'gov.mn'),(2,'gov.mo'),(2,'gov.mr'),(2,'gov.mt'),(2,'gov.mu'),(2,'gov.mv'),(2,'gov.mw'),(2,'gov.my'),(2,'gov.ng'),(2,'gov.np'),(2,'gov.nr'),(2,'gov.om'),(2,'gov.ph'),(2,'gov.pk'),(2,'gov.pl'),(2,'gov.pn'),(2,'gov.pr'),(2,'gov.ps'),(2,'gov.pt'),(2,'gov.py'),(2,'gov.qa'),(2,'gov.rs'),(2,'gov.ru'),(2,'gov.rw'),(2,'gov.sa'),(2,'gov.sb'),(2,'gov.sc'),(2,'gov.sd'),(2,'gov.sg'),(2,'gov.sh'),(2,'gov.sk'),(2,'gov.sl'),(2,'gov.st'),(2,'gov.sy'),(2,'gov.tj'),(2,'gov.tl'),(2,'gov.tm'),(2,'gov.tn'),(2,'gov.to'),(2,'gov.tp'),(2,'gov.tr'),(2,'gov.tt'),(2,'gov.tv'),(2,'gov.tw'),(2,'gov.ua'),(2,'gov.uk'),(2,'gov.vc'),(2,'gov.ve'),(2,'gov.vi'),(2,'gov.vn'),(2,'gov.ws'),(2,'gov.ye'),(2,'gov.za'),(2,'gov.zm'),(2,'gov.zw'),(2,'government.aero'),(2,'government.pn'),(2,'govt.nz'),(2,'gr.it'),(2,'gr.jp'),(2,'grajewo.pl'),(2,'gran.no'),(2,'grandrapids.museum'),(2,'grane.no'),(2,'granvin.no'),(2,'gratangen.no'),(2,'gratishost.com'),(2,'graz.museum'),(2,'greta.fr'),(2,'grimstad.no'),(2,'grong.no'),(2,'grosseto.it'),(2,'groundhandling.aero'),(2,'group.aero'),(2,'grozny.ru'),(2,'grp.lk'),(2,'grue.no'),(2,'gs.cn'),(2,'gsm.pl'),(2,'gu.us'),(2,'gub.uy'),(2,'guernsey.gg'),(2,'guernsey.museum'),(2,'gulen.no'),(2,'gunma.jp'),(2,'guovdageaidnu.no'),(2,'gv.ao'),(2,'gv.at'),(2,'gwangju.kr'),(2,'gx.cn'),(2,'gyeongbuk.kr'),(2,'gyeonggi.kr'),(2,'gyeongnam.kr'),(2,'gz.cn'),(2,'h.bg'),(2,'h.se'),(2,'ha.cn'),(2,'ha.no'),(2,'habmer.no'),(2,'hadsel.no'),(2,'hagebostad.no'),(2,'halden.no'),(2,'halloffame.museum'),(2,'halsa.no'),(2,'hamar.no'),(2,'hamaroy.no'),(2,'hamburg.museum'),(2,'hammarfeasta.no'),(2,'hammerfest.no'),(2,'handson.museum'),(2,'hanggliding.aero'),(2,'hapmir.no'),(2,'haram.no'),(2,'hareid.no'),(2,'harstad.no'),(2,'harvestcelebration.museum'),(2,'hasvik.no'),(2,'hattfjelldal.no'),(2,'haugesund.no'),(2,'hawaii.museum'),(2,'hb.cn'),(2,'he.cn'),(2,'health.museum'),(2,'health.vn'),(2,'heimatunduhren.museum'),(2,'hellas.museum'),(2,'helloweb.eu'),(2,'helsinki.museum'),(2,'hembygdsforbund.museum'),(2,'hemne.no'),(2,'hemnes.no'),(2,'hemsedal.no'),(2,'herad.no'),(2,'heritage.museum'),(2,'hi.cn'),(2,'hi.us'),(2,'hiroshima.jp'),(2,'histoire.museum'),(2,'historical.museum'),(2,'historicalsociety.museum'),(2,'historichouses.museum'),(2,'historisch.museum'),(2,'historisches.museum'),(2,'history.museum'),(2,'historyofscience.museum'),(2,'hitra.no'),(2,'hjartdal.no'),(2,'hjelmeland.no'),(2,'hk.cn'),(2,'hk.ms'),(2,'hk.tc'),(2,'hl.cn'),(2,'hl.no'),(2,'hm.no'),(2,'hn.cn'),(2,'hobol.no'),(2,'hof.no'),(2,'hokkaido.jp'),(2,'hokksund.no'),(2,'hol.no'),(2,'hole.no'),(2,'holmestrand.no'),(2,'holtalen.no'),(2,'home.pl'),(2,'home.ro'),(2,'homebuilt.aero'),(2,'homeip.net'),(2,'honefoss.no'),(2,'hornindal.no'),(2,'horology.museum'),(2,'horten.no'),(2,'host.sk'),(2,'hostevo.com'),(2,'hotbox.ru'),(2,'hotel.hu'),(2,'hotel.lk'),(2,'hotmail.ru'),(2,'house.museum'),(2,'hoyanger.no'),(2,'hoylandet.no'),(2,'hs.kr'),(2,'hu.com'),(2,'hu.tc'),(2,'hu2.ru'),(2,'huissier-justice.fr'),(2,'humanities.museum'),(2,'hurdal.no'),(2,'hurum.no'),(2,'hut2.ru'),(2,'hvaler.no'),(2,'hyllestad.no'),(2,'hyogo.jp'),(2,'i.bg'),(2,'i.ph'),(2,'i.se'),(2,'ia.us'),(2,'ibaraki.jp'),(2,'ibelgique.com'),(2,'ibestad.no'),(2,'iblogger.org'),(2,'ic.cz'),(2,'icnet.uk'),(2,'id.au'),(2,'id.fj'),(2,'id.ir'),(2,'id.lv'),(2,'id.ly'),(2,'id.ru'),(2,'id.us'),(2,'idf.il'),(2,'idn.sg'),(2,'idoo.com'),(2,'idrett.no'),(2,'idv.hk'),(2,'idv.tw'),(2,'ie.tc'),(2,'iespana.es'),(2,'if.ua'),(2,'ifrance.com'),(2,'il.im'),(2,'il.us'),(2,'ilawa.pl'),(2,'illustration.museum'),(2,'im.it'),(2,'imageandsound.museum'),(2,'imb.br'),(2,'imperia.it'),(2,'in.na'),(2,'in.rs'),(2,'in.th'),(2,'in.ua'),(2,'in.us'),(2,'incheon.kr'),(2,'ind.br'),(2,'ind.er'),(2,'ind.gg'),(2,'ind.gt'),(2,'ind.in'),(2,'ind.je'),(2,'ind.tn'),(2,'inderoy.no'),(2,'indian.museum'),(2,'indiana.museum'),(2,'indianapolis.museum'),(2,'indianmarket.museum'),(2,'inf.br'),(2,'inf.cu'),(2,'inf.mk'),(2,'info.au'),(2,'info.az'),(2,'info.bh'),(2,'info.co'),(2,'info.cu'),(2,'info.cy'),(2,'info.ec'),(2,'info.et'),(2,'info.fj'),(2,'info.ht'),(2,'info.hu'),(2,'info.ki'),(2,'info.la'),(2,'info.ms'),(2,'info.mv'),(2,'info.na'),(2,'info.nf'),(2,'info.nr'),(2,'info.pk'),(2,'info.pl'),(2,'info.pr'),(2,'info.ro'),(2,'info.sd'),(2,'info.tn'),(2,'info.tr'),(2,'info.tt'),(2,'info.ve'),(2,'info.vn'),(2,'ing.pa'),(2,'ingatlan.hu'),(2,'inima.al'),(2,'insurance.aero'),(2,'int.am'),(2,'int.ar'),(2,'int.az'),(2,'int.bo'),(2,'int.ci'),(2,'int.co'),(2,'int.is'),(2,'int.la'),(2,'int.lk'),(2,'int.mv'),(2,'int.mw'),(2,'int.pt'),(2,'int.ru'),(2,'int.rw'),(2,'int.tc'),(2,'int.tf'),(2,'int.tj'),(2,'int.tt'),(2,'int.ve'),(2,'int.vn'),(2,'intelligence.museum'),(2,'interactive.museum'),(2,'interia.pl'),(2,'interii.pl'),(2,'intl.tn'),(2,'ip6.arpa'),(2,'iquebec.com'),(2,'iraq.museum'),(2,'irc.pl'),(2,'iris.arpa'),(2,'irkutsk.ru'),(2,'iron.museum'),(2,'is.it'),(2,'isa.us'),(2,'isernia.it'),(2,'ishikawa.jp'),(2,'isla.pr'),(2,'isleofman.museum'),(2,'isuisse.com'),(2,'it.ao'),(2,'it.pn'),(2,'it.tc'),(2,'it.tt'),(2,'its.me'),(2,'ivano-frankivsk.ua'),(2,'ivanovo.ru'),(2,'iveland.no'),(2,'ivgu.no'),(2,'iwate.jp'),(2,'iwebsource.com'),(2,'iwi.nz'),(2,'iz.hr'),(2,'izhevsk.ru'),(2,'j.bg'),(2,'jamal.ru'),(2,'jamison.museum'),(2,'jan-mayen.no'),(2,'jar.ru'),(2,'jaworzno.pl'),(2,'jefferson.museum'),(2,'jeju.kr'),(2,'jelenia-gora.pl'),(2,'jeonbuk.kr'),(2,'jeonnam.kr'),(2,'jersey.je'),(2,'jerusalem.museum'),(2,'jessheim.no'),(2,'jet.uk'),(2,'jevnaker.no'),(2,'jewelry.museum'),(2,'jewish.museum'),(2,'jewishart.museum'),(2,'jfk.museum'),(2,'jgora.pl'),(2,'jimdo.com'),(2,'jino-net.ru'),(2,'jl.cn'),(2,'jobs.tt'),(2,'jogasz.hu'),(2,'jolster.no'),(2,'jondal.no'),(2,'jor.br'),(2,'jorpeland.no'),(2,'joshkar-ola.ru'),(2,'journal.aero'),(2,'journalism.museum'),(2,'journalist.aero'),(2,'jp.pn'),(2,'jpn.com'),(2,'js.cn'),(2,'judaica.museum'),(2,'judygarland.museum'),(2,'juedisches.museum'),(2,'juif.museum'),(2,'jur.pro'),(2,'jus.br'),(2,'jx.cn'),(2,'k-uralsk.ru'),(2,'k.bg'),(2,'k.se'),(2,'k12.ec'),(2,'k12.il'),(2,'k12.tr'),(2,'k12.vi'),(2,'kafjord.no'),(2,'kagawa.jp'),(2,'kagoshima.jp'),(2,'kalisz.pl'),(2,'kalmykia.ru'),(2,'kaluga.ru'),(2,'kamchatka.ru'),(2,'kanagawa.jp'),(2,'kanazawa.jp'),(2,'karasjohka.no'),(2,'karasjok.no'),(2,'karate.museum'),(2,'karelia.ru'),(2,'karikatur.museum'),(2,'karlsoy.no'),(2,'karmoy.no'),(2,'karpacz.pl'),(2,'kartuzy.pl'),(2,'kaszuby.pl'),(2,'katowice.pl'),(2,'kautokeino.no'),(2,'kawasaki.jp'),(2,'kazan.ru'),(2,'kazimierz-dolny.pl'),(2,'kchr.ru'),(2,'kemerovo.ru'),(2,'kepno.pl'),(2,'ketrzyn.pl'),(2,'kg.kr'),(2,'kh.ua'),(2,'khabarovsk.ru'),(2,'khakassia.ru'),(2,'kharkov.ua'),(2,'kherson.ua'),(2,'khmelnitskiy.ua'),(2,'khv.ru'),(2,'kickme.to'),(2,'kids.museum'),(2,'kids.us'),(2,'kiev.ua'),(2,'kimsufi.com'),(2,'kirkenes.no'),(2,'kirov.ru'),(2,'kirovograd.ua'),(2,'kitakyushu.jp'),(2,'klabu.no'),(2,'klepp.no'),(2,'klodzko.pl'),(2,'km.ua'),(2,'kms.ru'),(2,'kobe.jp'),(2,'kobierzyce.pl'),(2,'kochi.jp'),(2,'koebenhavn.museum'),(2,'koeln.museum'),(2,'koenig.ru'),(2,'kolobrzeg.pl'),(2,'komforb.se'),(2,'komi.ru'),(2,'kommunalforbund.se'),(2,'kommune.no'),(2,'komvux.se'),(2,'kongsberg.no'),(2,'kongsvinger.no'),(2,'konin.pl'),(2,'konskowola.pl'),(2,'konyvelo.hu'),(2,'kopervik.no'),(2,'kostroma.ru'),(2,'kr.com'),(2,'kr.it'),(2,'kr.tc'),(2,'kr.ua'),(2,'kraanghke.no'),(2,'kragero.no'),(2,'krakow.pl'),(2,'krasnoyarsk.ru'),(2,'kristiansand.no'),(2,'kristiansund.no'),(2,'krodsherad.no'),(2,'krokstadelva.no'),(2,'ks.ua'),(2,'ks.us'),(2,'kuban.ru'),(2,'kumamoto.jp'),(2,'kunst.museum'),(2,'kunstsammlung.museum'),(2,'kunstunddesign.museum'),(2,'kurgan.ru'),(2,'kursk.ru'),(2,'kustanai.ru'),(2,'kutno.pl'),(2,'kuzbass.ru'),(2,'kv.ua'),(2,'kvafjord.no'),(2,'kvalsund.no'),(2,'kvam.no'),(2,'kvanangen.no'),(2,'kvinesdal.no'),(2,'kvinnherad.no'),(2,'kviteseid.no'),(2,'kvitsoy.no'),(2,'kwik.to'),(2,'ky.us'),(2,'kyonggi.kr'),(2,'kyoto.jp'),(2,'l.bg'),(2,'l.se'),(2,'la-spezia.it'),(2,'la.us'),(2,'laakesvuemie.no'),(2,'labor.museum'),(2,'labour.museum'),(2,'lahppi.no'),(2,'lajolla.museum'),(2,'lakas.hu'),(2,'lanarb.se'),(2,'lanbib.se'),(2,'lancashire.museum'),(2,'land.ru'),(2,'landes.museum'),(2,'langevag.no'),(2,'lans.museum'),(2,'lapy.pl'),(2,'laquila.it'),(2,'lardal.no'),(2,'larsson.museum'),(2,'larvik.no'),(2,'laspezia.it'),(2,'latina.it'),(2,'lavagis.no'),(2,'lavangen.no'),(2,'law.pro'),(2,'law.za'),(2,'lc.it'),(2,'le.it'),(2,'lea?gaviika.no'),(2,'leangaviika.no'),(2,'leasing.aero'),(2,'lebesby.no'),(2,'lebork.pl'),(2,'lecce.it'),(2,'lecco.it'),(2,'legnica.pl'),(2,'leikanger.no'),(2,'leirfjord.no'),(2,'leirvik.no'),(2,'leka.no'),(2,'leksvik.no'),(2,'lel.br'),(2,'lenvik.no'),(2,'lerdal.no'),(2,'lesja.no'),(2,'levanger.no'),(2,'lewismiller.museum'),(2,'lezajsk.pl'),(2,'lg.jp'),(2,'lg.ua'),(2,'li.it'),(2,'lib.ee'),(2,'lier.no'),(2,'lierne.no'),(2,'lillehammer.no'),(2,'lillesand.no'),(2,'limanowa.pl'),(2,'lincoln.museum'),(2,'lindas.no'),(2,'lindesnes.no'),(2,'linz.museum'),(2,'lipetsk.ru'),(2,'livejournal.com'),(2,'living.museum'),(2,'livinghistory.museum'),(2,'livorno.it'),(2,'ln.cn'),(2,'lo.it'),(2,'loabat.no'),(2,'localhistory.museum'),(2,'lodi.it'),(2,'lodingen.no'),(2,'lodz.pl'),(2,'logistics.aero'),(2,'lom.no'),(2,'lomza.pl'),(2,'london.museum'),(2,'loppa.no'),(2,'lorenskog.no'),(2,'losangeles.museum'),(2,'loten.no'),(2,'louvre.museum'),(2,'lowicz.pl'),(2,'loyalist.museum'),(2,'lt.it'),(2,'ltd.cy'),(2,'ltd.gg'),(2,'ltd.gi'),(2,'ltd.je'),(2,'ltd.lk'),(2,'ltd.uk'),(2,'lu.it'),(2,'lubin.pl'),(2,'lublin.pl'),(2,'lucca.it'),(2,'lucerne.museum'),(2,'lugansk.ua'),(2,'lukow.pl'),(2,'lund.no'),(2,'lunner.no'),(2,'luroy.no'),(2,'luster.no'),(2,'lutsk.ua'),(2,'luxembourg.museum'),(2,'luzern.museum'),(2,'lviv.ua'),(2,'lyngdal.no'),(2,'lyngen.no'),(2,'m.bg'),(2,'m.se'),(2,'ma.us'),(2,'macerata.it'),(2,'mad.museum'),(2,'madrid.museum'),(2,'magadan.ru'),(2,'magazine.aero'),(2,'magnitka.ru'),(2,'mail.pl'),(2,'mail.ru'),(2,'mail15.su'),(2,'mail2k.ru'),(2,'mail333.su'),(2,'maintenance.aero'),(2,'malatvuopmi.no'),(2,'malbork.pl'),(2,'mallorca.museum'),(2,'malopolska.pl'),(2,'malselv.no'),(2,'malvik.no'),(2,'manchester.museum'),(2,'mandal.no'),(2,'mansion.museum'),(2,'mansions.museum'),(2,'mantova.it'),(2,'manx.museum'),(2,'maori.nz'),(2,'marburg.museum'),(2,'mari-el.ru'),(2,'mari.ru'),(2,'marine.ru'),(2,'maritime.museum'),(2,'maritimo.museum'),(2,'marker.no'),(2,'marketplace.aero'),(2,'marnardal.no'),(2,'maryland.museum'),(2,'marylhurst.museum'),(2,'masfjorden.no'),(2,'masoy.no'),(2,'massa-carrara.it'),(2,'massacarrara.it'),(2,'mat.br'),(2,'matera.it'),(2,'matsuyama.jp'),(2,'matta-varjjat.no'),(2,'mazowsze.pl'),(2,'mazury.pl'),(2,'mb.ca'),(2,'mbone.pl'),(2,'mc.it'),(2,'md.ci'),(2,'md.us'),(2,'me.it'),(2,'me.uk'),(2,'me.us'),(2,'mecon.ar'),(2,'med.br'),(2,'med.ec'),(2,'med.ee'),(2,'med.ht'),(2,'med.ly'),(2,'med.om'),(2,'med.pa'),(2,'med.pl'),(2,'med.pro'),(2,'med.sa'),(2,'med.sd'),(2,'medecin.fr'),(2,'medecin.km'),(2,'media.aero'),(2,'media.hu'),(2,'media.museum'),(2,'media.pl'),(2,'medical.museum'),(2,'medizinhistorisches.museum'),(2,'meeres.museum'),(2,'meland.no'),(2,'meldal.no'),(2,'melhus.no'),(2,'meloy.no'),(2,'memorial.museum'),(2,'meraker.no'),(2,'mesaverde.museum'),(2,'messina.it'),(2,'mi.it'),(2,'mi.th'),(2,'mi.us'),(2,'miasta.pl'),(2,'michigan.museum'),(2,'microlight.aero'),(2,'midatlantic.museum'),(2,'midsund.no'),(2,'midtre-gauldal.no'),(2,'mie.jp'),(2,'mielec.pl'),(2,'mielno.pl'),(2,'mil.ac'),(2,'mil.ae'),(2,'mil.am'),(2,'mil.ar'),(2,'mil.az'),(2,'mil.ba'),(2,'mil.bd'),(2,'mil.bo'),(2,'mil.br'),(2,'mil.by'),(2,'mil.cn'),(2,'mil.co'),(2,'mil.do'),(2,'mil.ec'),(2,'mil.eg'),(2,'mil.er'),(2,'mil.fj'),(2,'mil.ge'),(2,'mil.gh'),(2,'mil.gt'),(2,'mil.gu'),(2,'mil.hn'),(2,'mil.id'),(2,'mil.in'),(2,'mil.io'),(2,'mil.iq'),(2,'mil.jo'),(2,'mil.kg'),(2,'mil.kh'),(2,'mil.km'),(2,'mil.kr'),(2,'mil.kw'),(2,'mil.kz'),(2,'mil.lb'),(2,'mil.lt'),(2,'mil.lu'),(2,'mil.lv'),(2,'mil.mg'),(2,'mil.mv'),(2,'mil.my'),(2,'mil.no'),(2,'mil.np'),(2,'mil.nz'),(2,'mil.om'),(2,'mil.pe'),(2,'mil.ph'),(2,'mil.pl'),(2,'mil.ru'),(2,'mil.rw'),(2,'mil.se'),(2,'mil.sh'),(2,'mil.sk'),(2,'mil.st'),(2,'mil.sy'),(2,'mil.tj'),(2,'mil.tm'),(2,'mil.to'),(2,'mil.tr'),(2,'mil.tw'),(2,'mil.uk'),(2,'mil.uy'),(2,'mil.vc'),(2,'mil.ve'),(2,'mil.ye'),(2,'mil.za'),(2,'milan.it'),(2,'milano.it'),(2,'military.museum'),(2,'mill.museum'),(2,'mincom.tn'),(2,'mine.nu'),(2,'miners.museum'),(2,'mining.museum'),(2,'minnesota.museum'),(2,'missile.museum'),(2,'missoula.museum'),(2,'miyagi.jp'),(2,'miyazaki.jp'),(2,'mjondalen.no'),(2,'mk.ua'),(2,'mn.it'),(2,'mn.us'),(2,'mo-i-rana.no'),(2,'mo.cn'),(2,'mo.it'),(2,'mo.us'),(2,'moareke.no'),(2,'mob.nr'),(2,'mobi.gp'),(2,'mobi.na'),(2,'mobi.tt'),(2,'mobil.nr'),(2,'mobile.nr'),(2,'mod.gi'),(2,'mod.om'),(2,'mod.uk'),(2,'modalen.no'),(2,'modelling.aero'),(2,'modena.it'),(2,'modern.museum'),(2,'modum.no'),(2,'molde.no'),(2,'moma.museum'),(2,'money.museum'),(2,'monmouth.museum'),(2,'monticello.museum'),(2,'montreal.museum'),(2,'monza.it'),(2,'mooo.com'),(2,'mordovia.ru'),(2,'moscow.museum'),(2,'mosjoen.no'),(2,'moskenes.no'),(2,'mosreg.ru'),(2,'moss.no'),(2,'mosvik.no'),(2,'motorcycle.museum'),(2,'mr.no'),(2,'mragowo.pl'),(2,'ms.it'),(2,'ms.kr'),(2,'ms.us'),(2,'msk.ru'),(2,'mt.it'),(2,'mt.us'),(2,'muenchen.museum'),(2,'muenster.museum'),(2,'mulhouse.museum'),(2,'muncie.museum'),(2,'muni.il'),(2,'muosat.no'),(2,'murmansk.ru'),(2,'mus.br'),(2,'museet.museum'),(2,'museum.mn'),(2,'museum.mv'),(2,'museum.mw'),(2,'museum.no'),(2,'museum.om'),(2,'museum.tt'),(2,'museumcenter.museum'),(2,'museumvereniging.museum'),(2,'music.mobi'),(2,'music.museum'),(2,'mx.na'),(2,'mx.tc'),(2,'mytis.ru'),(2,'myvnc.com'),(2,'n.bg'),(2,'n.se'),(2,'na.by'),(2,'na.it'),(2,'naamesjevuemie.no'),(2,'nacion.ar'),(2,'nagano.jp'),(2,'nagasaki.jp'),(2,'nagoya.jp'),(2,'nakhodka.ru'),(2,'naklo.pl'),(2,'nalchik.ru'),(2,'namdalseid.no'),(2,'name.ae'),(2,'name.az'),(2,'name.cy'),(2,'name.et'),(2,'name.fj'),(2,'name.hr'),(2,'name.jo'),(2,'name.mk'),(2,'name.mv'),(2,'name.my'),(2,'name.na'),(2,'name.pr'),(2,'name.tj'),(2,'name.tr'),(2,'name.tt'),(2,'name.vn'),(2,'namsos.no'),(2,'namsskogan.no'),(2,'nannestad.no'),(2,'naples.it'),(2,'napoli.it'),(2,'nara.jp'),(2,'narod.ru'),(2,'naroy.no'),(2,'narviika.no'),(2,'narvik.no'),(2,'nat.tn'),(2,'national-library-scotland.uk'),(2,'national.museum'),(2,'nationalfirearms.museum'),(2,'nationalheritage.museum'),(2,'nativeamerican.museum'),(2,'naturalhistory.museum'),(2,'naturalhistorymuseum.museum'),(2,'naturalsciences.museum'),(2,'naturbruksgymn.se'),(2,'nature.museum'),(2,'naturhistorisches.museum'),(2,'natuurwetenschappen.museum'),(2,'naumburg.museum'),(2,'naustdal.no'),(2,'naval.museum'),(2,'navigation.aero'),(2,'navuotna.no'),(2,'navy.mil'),(2,'nb.ca'),(2,'nc.us'),(2,'nd.us'),(2,'ne.jp'),(2,'ne.ke'),(2,'ne.kr'),(2,'ne.pw'),(2,'ne.tz'),(2,'ne.ug'),(2,'ne.us'),(2,'nebraska.museum'),(2,'nedre-eiker.no'),(2,'nel.uk'),(2,'nesna.no'),(2,'nesodden.no'),(2,'nesoddtangen.no'),(2,'nesseby.no'),(2,'nesset.no'),(2,'net.ac'),(2,'net.ae'),(2,'net.af'),(2,'net.ag'),(2,'net.ai'),(2,'net.al'),(2,'net.am'),(2,'net.an'),(2,'net.ar'),(2,'net.au'),(2,'net.az'),(2,'net.ba'),(2,'net.bb'),(2,'net.bd'),(2,'net.bh'),(2,'net.bm'),(2,'net.bn'),(2,'net.bo'),(2,'net.br'),(2,'net.bs'),(2,'net.bt'),(2,'net.bz'),(2,'net.cd'),(2,'net.ch'),(2,'net.ci'),(2,'net.ck'),(2,'net.cn'),(2,'net.co'),(2,'net.cu'),(2,'net.cy'),(2,'net.dm'),(2,'net.do'),(2,'net.dz'),(2,'net.ec'),(2,'net.eg'),(2,'net.er'),(2,'net.et'),(2,'net.fj'),(2,'net.fk'),(2,'net.ge'),(2,'net.gg'),(2,'net.gn'),(2,'net.gp'),(2,'net.gr'),(2,'net.gt'),(2,'net.gu'),(2,'net.gy'),(2,'net.hk'),(2,'net.hn'),(2,'net.ht'),(2,'net.id'),(2,'net.il'),(2,'net.im'),(2,'net.in'),(2,'net.io'),(2,'net.iq'),(2,'net.ir'),(2,'net.is'),(2,'net.je'),(2,'net.jm'),(2,'net.jo'),(2,'net.jp'),(2,'net.kg'),(2,'net.kh'),(2,'net.ki'),(2,'net.kn'),(2,'net.kw'),(2,'net.ky'),(2,'net.kz'),(2,'net.la'),(2,'net.lb'),(2,'net.lc'),(2,'net.li'),(2,'net.lk'),(2,'net.lr'),(2,'net.lu'),(2,'net.lv'),(2,'net.ly'),(2,'net.ma'),(2,'net.me'),(2,'net.mk'),(2,'net.ml'),(2,'net.mm'),(2,'net.mo'),(2,'net.ms'),(2,'net.mt'),(2,'net.mu'),(2,'net.mv'),(2,'net.mw'),(2,'net.mx'),(2,'net.my'),(2,'net.na'),(2,'net.nc'),(2,'net.nf'),(2,'net.ng'),(2,'net.ni'),(2,'net.np'),(2,'net.nr'),(2,'net.nz'),(2,'net.om'),(2,'net.pa'),(2,'net.pe'),(2,'net.pg'),(2,'net.ph'),(2,'net.pk'),(2,'net.pl'),(2,'net.pn'),(2,'net.pr'),(2,'net.ps'),(2,'net.pt'),(2,'net.py'),(2,'net.qa'),(2,'net.ru'),(2,'net.rw'),(2,'net.sa'),(2,'net.sb'),(2,'net.sc'),(2,'net.sd'),(2,'net.sg'),(2,'net.sh'),(2,'net.sl'),(2,'net.st'),(2,'net.sy'),(2,'net.tc'),(2,'net.tf'),(2,'net.th'),(2,'net.tj'),(2,'net.tm'),(2,'net.tn'),(2,'net.to'),(2,'net.tr'),(2,'net.tt'),(2,'net.tv'),(2,'net.tw'),(2,'net.ua'),(2,'net.uk'),(2,'net.uy'),(2,'net.uz'),(2,'net.vc'),(2,'net.ve'),(2,'net.vi'),(2,'net.vn'),(2,'net.vu'),(2,'net.ws'),(2,'net.ye'),(2,'net.za'),(2,'netfirms.com'),(2,'netsolhost.com'),(2,'neues.museum'),(2,'new.ke'),(2,'newhampshire.museum'),(2,'newjersey.museum'),(2,'newmail.ru'),(2,'newmexico.museum'),(2,'newport.museum'),(2,'news.hu'),(2,'newspaper.museum'),(2,'newyork.museum'),(2,'nextmail.ru'),(2,'nf.ca'),(2,'ngo.lk'),(2,'ngo.ph'),(2,'ngo.pl'),(2,'ngo.za'),(2,'nh.us'),(2,'nhs.uk'),(2,'nic.ar'),(2,'nic.im'),(2,'nic.in'),(2,'nic.tt'),(2,'nic.uk'),(2,'niepce.museum'),(2,'nieruchomosci.pl'),(2,'nightmail.ru'),(2,'niigata.jp'),(2,'nikolaev.ua'),(2,'ning.com'),(2,'nissedal.no'),(2,'nittedal.no'),(2,'nj.us'),(2,'nkz.ru'),(2,'nl.ca'),(2,'nl.no'),(2,'nls.uk'),(2,'nm.cn'),(2,'nm.ru'),(2,'nm.us'),(2,'nnov.ru'),(2,'no.com'),(2,'no.it'),(2,'no.tc'),(2,'nom.ad'),(2,'nom.ag'),(2,'nom.br'),(2,'nom.co'),(2,'nom.es'),(2,'nom.fk'),(2,'nom.fr'),(2,'nom.km'),(2,'nom.mg'),(2,'nom.ni'),(2,'nom.pa'),(2,'nom.pe'),(2,'nom.pl'),(2,'nom.re'),(2,'nom.ro'),(2,'nom.sh'),(2,'nom.ve'),(2,'nom.za'),(2,'nome.pt'),(2,'nord-aurdal.no'),(2,'nord-fron.no'),(2,'nord-odal.no'),(2,'norddal.no'),(2,'nordkapp.no'),(2,'nordre-land.no'),(2,'nordreisa.no'),(2,'nore-og-uvdal.no'),(2,'norfolk.museum'),(2,'norilsk.ru'),(2,'north.museum'),(2,'not.br'),(2,'notaires.fr'),(2,'notaires.km'),(2,'notlong.com'),(2,'notodden.no'),(2,'notteroy.no'),(2,'nov.ru'),(2,'novara.it'),(2,'novosibirsk.ru'),(2,'nowaruda.pl'),(2,'nrw.museum'),(2,'ns.ca'),(2,'nsk.ru'),(2,'nsn.us'),(2,'nsw.au'),(2,'nt.au'),(2,'nt.ca'),(2,'nt.no'),(2,'nt.ro'),(2,'ntr.br'),(2,'nu.ca'),(2,'nu.it'),(2,'nuernberg.museum'),(2,'nui.hu'),(2,'nuoro.it'),(2,'nuremberg.museum'),(2,'nv.us'),(2,'nx.cn'),(2,'ny.us'),(2,'nyc.museum'),(2,'nyny.museum'),(2,'nysa.pl'),(2,'o.bg'),(2,'o.se'),(2,'oceanographic.museum'),(2,'oceanographique.museum'),(2,'od.ua'),(2,'odda.no'),(2,'odessa.ua'),(2,'odo.br'),(2,'of.no'),(2,'off.ai'),(2,'og.ao'),(2,'oh.us'),(2,'oita.jp'),(2,'ok.us'),(2,'okayama.jp'),(2,'okinawa.jp'),(2,'oksnes.no'),(2,'ol.no'),(2,'olawa.pl'),(2,'olecko.pl'),(2,'olkusz.pl'),(2,'olsztyn.pl'),(2,'omaha.museum'),(2,'omasvuotna.no'),(2,'omsk.ru'),(2,'on.ca'),(2,'one.pl'),(2,'online.museum'),(2,'ontario.museum'),(2,'openair.museum'),(2,'opoczno.pl'),(2,'opole.pl'),(2,'oppdal.no'),(2,'oppegard.no'),(2,'or.at'),(2,'or.bi'),(2,'or.ci'),(2,'or.cr'),(2,'or.id'),(2,'or.it'),(2,'or.jp'),(2,'or.ke'),(2,'or.kr'),(2,'or.mu'),(2,'or.na'),(2,'or.pw'),(2,'or.th'),(2,'or.tz'),(2,'or.ug'),(2,'or.us'),(2,'oregon.museum'),(2,'oregontrail.museum'),(2,'orenburg.ru'),(2,'org.ac'),(2,'org.ae'),(2,'org.af'),(2,'org.ag'),(2,'org.ai'),(2,'org.al'),(2,'org.am'),(2,'org.an'),(2,'org.ar'),(2,'org.au'),(2,'org.az'),(2,'org.ba'),(2,'org.bb'),(2,'org.bd'),(2,'org.bh'),(2,'org.bi'),(2,'org.bm'),(2,'org.bn'),(2,'org.bo'),(2,'org.br'),(2,'org.bs'),(2,'org.bt'),(2,'org.bw'),(2,'org.bz'),(2,'org.cd'),(2,'org.ch'),(2,'org.ci'),(2,'org.ck'),(2,'org.cn'),(2,'org.co'),(2,'org.cu'),(2,'org.cy'),(2,'org.dm'),(2,'org.do'),(2,'org.dz'),(2,'org.ec'),(2,'org.ee'),(2,'org.eg'),(2,'org.er'),(2,'org.es'),(2,'org.et'),(2,'org.fj'),(2,'org.fk'),(2,'org.ge'),(2,'org.gg'),(2,'org.gh'),(2,'org.gi'),(2,'org.gn'),(2,'org.gp'),(2,'org.gr'),(2,'org.gt'),(2,'org.gu'),(2,'org.hk'),(2,'org.hn'),(2,'org.ht'),(2,'org.hu'),(2,'org.il'),(2,'org.im'),(2,'org.in'),(2,'org.io'),(2,'org.iq'),(2,'org.ir'),(2,'org.is'),(2,'org.je'),(2,'org.jm'),(2,'org.jo'),(2,'org.jp'),(2,'org.kg'),(2,'org.kh'),(2,'org.ki'),(2,'org.km'),(2,'org.kn'),(2,'org.kw'),(2,'org.ky'),(2,'org.kz'),(2,'org.la'),(2,'org.lb'),(2,'org.lc'),(2,'org.li'),(2,'org.lk'),(2,'org.lr'),(2,'org.ls'),(2,'org.lu'),(2,'org.lv'),(2,'org.ly'),(2,'org.ma'),(2,'org.me'),(2,'org.mg'),(2,'org.mk'),(2,'org.ml'),(2,'org.mm'),(2,'org.mn'),(2,'org.mo'),(2,'org.mt'),(2,'org.mu'),(2,'org.mv'),(2,'org.mw'),(2,'org.mx'),(2,'org.my'),(2,'org.na'),(2,'org.nc'),(2,'org.ng'),(2,'org.ni'),(2,'org.np'),(2,'org.nr'),(2,'org.nz'),(2,'org.om'),(2,'org.pa'),(2,'org.pe'),(2,'org.pf'),(2,'org.ph'),(2,'org.pk'),(2,'org.pl'),(2,'org.pn'),(2,'org.pr'),(2,'org.ps'),(2,'org.pt'),(2,'org.py'),(2,'org.qa'),(2,'org.ro'),(2,'org.rs'),(2,'org.ru'),(2,'org.rw'),(2,'org.sa'),(2,'org.sb'),(2,'org.sc'),(2,'org.sd'),(2,'org.se'),(2,'org.sg'),(2,'org.sh'),(2,'org.sl'),(2,'org.st'),(2,'org.sv'),(2,'org.sy'),(2,'org.sz'),(2,'org.tj'),(2,'org.tm'),(2,'org.tn'),(2,'org.to'),(2,'org.tr'),(2,'org.tt'),(2,'org.tv'),(2,'org.tw'),(2,'org.ua'),(2,'org.uk'),(2,'org.uy'),(2,'org.uz'),(2,'org.vc'),(2,'org.ve'),(2,'org.vi'),(2,'org.vn'),(2,'org.vu'),(2,'org.ws'),(2,'org.ye'),(2,'org.yu'),(2,'org.za'),(2,'org.zm'),(2,'org.zw'),(2,'oristano.it'),(2,'orkanger.no'),(2,'orkdal.no'),(2,'orland.no'),(2,'orskog.no'),(2,'orsta.no'),(2,'oryol.ru'),(2,'osaka.jp'),(2,'osen.no'),(2,'oskol.ru'),(2,'oslo.no'),(2,'osoyro.no'),(2,'osteroy.no'),(2,'oster�y.no'),(2,'ostre-toten.no'),(2,'ostroda.pl'),(2,'ostroleka.pl'),(2,'ostrowiec.pl'),(2,'ostrowwlkp.pl'),(2,'otago.museum'),(2,'otc.au'),(2,'other.nf'),(2,'overhalla.no'),(2,'ovh.net'),(2,'ovre-eiker.no'),(2,'oxford.museum'),(2,'oyer.no'),(2,'oygarden.no'),(2,'oystre-slidre.no'),(2,'oz.au'),(2,'p.bg'),(2,'p.se'),(2,'pa.it'),(2,'pa.us'),(2,'pacific.museum'),(2,'paderborn.museum'),(2,'padova.it'),(2,'padua.it'),(2,'page.tl'),(2,'palace.museum'),(2,'palana.ru'),(2,'paleo.museum'),(2,'palermo.it'),(2,'palmsprings.museum'),(2,'panama.museum'),(2,'parachuting.aero'),(2,'paragliding.aero'),(2,'paris.museum'),(2,'parliament.cy'),(2,'parliament.uk'),(2,'parma.it'),(2,'parti.se'),(2,'pasadena.museum'),(2,'passenger-association.aero'),(2,'pavia.it'),(2,'pb.ao'),(2,'pc.it'),(2,'pc.pl'),(2,'pd.it'),(2,'pe.ca'),(2,'pe.it'),(2,'pe.kr'),(2,'penza.ru'),(2,'per.kh'),(2,'per.la'),(2,'per.nf'),(2,'per.sg'),(2,'perm.ru'),(2,'perso.ht'),(2,'perso.tc'),(2,'perso.tn'),(2,'perugia.it'),(2,'pesaro-urbino.it'),(2,'pesarourbino.it'),(2,'pescara.it'),(2,'pg.it'),(2,'ph.tc'),(2,'pharmacien.fr'),(2,'pharmaciens.km'),(2,'pharmacy.museum'),(2,'philadelphia.museum'),(2,'philadelphiaarea.museum'),(2,'philately.museum'),(2,'phoenix.museum'),(2,'photography.museum'),(2,'pi.it'),(2,'piacenza.it'),(2,'pila.pl'),(2,'pilot.aero'),(2,'pilots.museum'),(2,'pisa.it'),(2,'pisem.su'),(2,'pistoia.it'),(2,'pisz.pl'),(2,'pittsburgh.museum'),(2,'pl.tc'),(2,'pl.tf'),(2,'pl.ua'),(2,'planetarium.museum'),(2,'plantation.museum'),(2,'plants.museum'),(2,'plaza.museum'),(2,'plc.ly'),(2,'plc.uk'),(2,'plo.ps'),(2,'pn.it'),(2,'po.it'),(2,'pochta.ru'),(2,'pochtamt.ru'),(2,'podhale.pl'),(2,'podlasie.pl'),(2,'pol.dz'),(2,'pol.ht'),(2,'pol.tr'),(2,'police.uk'),(2,'polkowice.pl'),(2,'poltava.ua'),(2,'pomorskie.pl'),(2,'pomorze.pl'),(2,'pop3.ru'),(2,'pordenone.it'),(2,'porsanger.no'),(2,'porsangu.no'),(2,'porsgrunn.no'),(2,'port.fr'),(2,'portal.museum'),(2,'portland.museum'),(2,'portlligat.museum'),(2,'posts-and-telecommunications.museum'),(2,'potenza.it'),(2,'powiat.pl'),(2,'poznan.pl'),(2,'pp.az'),(2,'pp.ru'),(2,'pp.se'),(2,'pp.ua'),(2,'ppg.br'),(2,'pr.it'),(2,'pr.us'),(2,'prato.it'),(2,'prd.fr'),(2,'prd.km'),(2,'prd.mg'),(2,'preservation.museum'),(2,'presidio.museum'),(2,'press.aero'),(2,'press.cy'),(2,'press.ma'),(2,'press.museum'),(2,'press.se'),(2,'presse.ci'),(2,'presse.fr'),(2,'presse.km'),(2,'pri.ee'),(2,'principe.st'),(2,'priv.at'),(2,'priv.hu'),(2,'priv.me'),(2,'priv.no'),(2,'priv.pl'),(2,'pro.ae'),(2,'pro.az'),(2,'pro.br'),(2,'pro.cy'),(2,'pro.ec'),(2,'pro.fj'),(2,'pro.ht'),(2,'pro.mv'),(2,'pro.na'),(2,'pro.om'),(2,'pro.pr'),(2,'pro.tc'),(2,'pro.tt'),(2,'pro.vn'),(2,'proboards.com'),(2,'prochowice.pl'),(2,'production.aero'),(2,'prof.pr'),(2,'project.museum'),(2,'promocion.ar'),(2,'prserv.net'),(2,'pruszkow.pl'),(2,'przeworsk.pl'),(2,'psc.br'),(2,'psi.br'),(2,'pskov.ru'),(2,'pt.it'),(2,'ptz.ru'),(2,'pu.it'),(2,'pub.sa'),(2,'publ.pt'),(2,'public.museum'),(2,'pubol.museum'),(2,'pulawy.pl'),(2,'pv.it'),(2,'pvt.ge'),(2,'pyatigorsk.ru'),(2,'pz.it'),(2,'q.bg'),(2,'qc.ca'),(2,'qc.com'),(2,'qh.cn'),(2,'qld.au'),(2,'qsl.br'),(2,'quebec.museum'),(2,'r.bg'),(2,'r.se'),(2,'ra.it'),(2,'rade.no'),(2,'radikal.ru'),(2,'radom.pl'),(2,'radoy.no'),(2,'ragusa.it'),(2,'rahkkeravju.no'),(2,'raholt.no'),(2,'railroad.museum'),(2,'railway.museum'),(2,'raisa.no'),(2,'rakkestad.no'),(2,'ralingen.no'),(2,'rana.no'),(2,'randaberg.no'),(2,'rauma.no'),(2,'ravenna.it'),(2,'rawa-maz.pl'),(2,'rbcmail.ru'),(2,'rc.it'),(2,'re.it'),(2,'re.kr'),(2,'realestate.pl'),(2,'rec.br'),(2,'rec.co'),(2,'rec.nf'),(2,'rec.ro'),(2,'rec.ve'),(2,'recreation.aero'),(2,'red.sv'),(2,'redirectme.net'),(2,'reggio-calabria.it'),(2,'reggio-emilia.it'),(2,'reggiocalabria.it'),(2,'reggioemilia.it'),(2,'reklam.hu'),(2,'rel.ht'),(2,'rel.pl'),(2,'rendalen.no'),(2,'rennebu.no'),(2,'rennesoy.no'),(2,'repbody.aero'),(2,'republika.pl'),(2,'res.aero'),(2,'res.in'),(2,'research.aero'),(2,'research.museum'),(2,'resistance.museum'),(2,'retina.ar'),(2,'rg.it'),(2,'ri.it'),(2,'ri.us'),(2,'rieti.it'),(2,'riik.ee'),(2,'rimini.it'),(2,'rindal.no'),(2,'ringebu.no'),(2,'ringerike.no'),(2,'ringsaker.no'),(2,'riodejaneiro.museum'),(2,'risor.no'),(2,'rissa.no'),(2,'rl.no'),(2,'rm.it'),(2,'rm.ru'),(2,'rn.it'),(2,'rnd.ru'),(2,'rnrt.tn'),(2,'rns.tn'),(2,'rnu.tn'),(2,'ro.im'),(2,'ro.it'),(2,'roan.no'),(2,'rochester.museum'),(2,'rockart.museum'),(2,'rodoy.no'),(2,'rollag.no'),(2,'roma.it'),(2,'roma.museum'),(2,'rome.it'),(2,'romsa.no'),(2,'romskog.no'),(2,'roros.no'),(2,'rost.no'),(2,'rotorcraft.aero'),(2,'rovigo.it'),(2,'rovno.ua'),(2,'royken.no'),(2,'royrvik.no'),(2,'rs.ba'),(2,'ru.com'),(2,'ru.tc'),(2,'ru.tf'),(2,'rubtsovsk.ru'),(2,'ruovat.no'),(2,'russia.museum'),(2,'rv.ua'),(2,'ryazan.ru'),(2,'rybnik.pl'),(2,'rygge.no'),(2,'rzeszow.pl'),(2,'s.bg'),(2,'s.se'),(2,'sa.au'),(2,'sa.com'),(2,'sa.cr'),(2,'sa.it'),(2,'safety.aero'),(2,'saga.jp'),(2,'saintlouis.museum'),(2,'saitama.jp'),(2,'sakhalin.ru'),(2,'salangen.no'),(2,'salat.no'),(2,'salem.museum'),(2,'salerno.it'),(2,'saltdal.no'),(2,'salvadordali.museum'),(2,'salzburg.museum'),(2,'samara.ru'),(2,'samnanger.no'),(2,'sandefjord.no'),(2,'sandiego.museum'),(2,'sandnes.no'),(2,'sandnessjoen.no'),(2,'sandoy.no'),(2,'sanfrancisco.museum'),(2,'sanok.pl'),(2,'santabarbara.museum'),(2,'santacruz.museum'),(2,'santafe.museum'),(2,'saotome.st'),(2,'sapo.pt'),(2,'sapporo.jp'),(2,'saratov.ru'),(2,'sark.gg'),(2,'sarpsborg.no'),(2,'saskatchewan.museum'),(2,'sassari.it'),(2,'satx.museum'),(2,'sauda.no'),(2,'sauherad.no'),(2,'savannahga.museum'),(2,'savona.it'),(2,'sc.cn'),(2,'sc.ke'),(2,'sc.kr'),(2,'sc.ug'),(2,'sc.us'),(2,'sch.ae'),(2,'sch.gg'),(2,'sch.id'),(2,'sch.ir'),(2,'sch.je'),(2,'sch.jo'),(2,'sch.lk'),(2,'sch.ly'),(2,'sch.ng'),(2,'sch.om'),(2,'sch.sa'),(2,'sch.sd'),(2,'sch.uk'),(2,'sch.zm'),(2,'schlesisches.museum'),(2,'schoenbrunn.museum'),(2,'schokoladen.museum'),(2,'school.fj'),(2,'school.museum'),(2,'school.na'),(2,'school.nz'),(2,'school.za'),(2,'schweiz.museum'),(2,'sci.eg'),(2,'science-fiction.museum'),(2,'science.museum'),(2,'scienceandhistory.museum'),(2,'scienceandindustry.museum'),(2,'sciencecenter.museum'),(2,'sciencecenters.museum'),(2,'sciencehistory.museum'),(2,'sciences.museum'),(2,'sciencesnaturelles.museum'),(2,'scientist.aero'),(2,'scotland.museum'),(2,'sd.cn'),(2,'sd.us'),(2,'se.com'),(2,'se.net'),(2,'se.tc'),(2,'se.tt'),(2,'seaport.museum'),(2,'sebastopol.ua'),(2,'sec.ps'),(2,'sejny.pl'),(2,'sel.no'),(2,'selbu.no'),(2,'selfip.com'),(2,'selfip.net'),(2,'selje.no'),(2,'seljord.no'),(2,'sendai.jp'),(2,'seoul.kr'),(2,'servebbs.com'),(2,'serveftp.com'),(2,'services.aero'),(2,'settlement.museum'),(2,'settlers.museum'),(2,'sex.hu'),(2,'sex.pl'),(2,'sf.no'),(2,'sg.tf'),(2,'sh.cn'),(2,'shell.museum'),(2,'sherbrooke.museum'),(2,'shiga.jp'),(2,'shimane.jp'),(2,'shizuoka.jp'),(2,'shop.ht'),(2,'shop.hu'),(2,'shop.ms'),(2,'shop.pl'),(2,'shop.tc'),(2,'show.aero'),(2,'shutterfly.com'),(2,'si.it'),(2,'sibenik.museum'),(2,'siellak.no'),(2,'siena.it'),(2,'sigdal.no'),(2,'siljan.no'),(2,'silk.museum'),(2,'simbirsk.ru'),(2,'siracusa.it'),(2,'sirdal.no'),(2,'site.tc'),(2,'sk.ca'),(2,'skanit.no'),(2,'skanland.no'),(2,'skaun.no'),(2,'skedsmo.no'),(2,'skedsmokorset.no'),(2,'ski.museum'),(2,'ski.no'),(2,'skien.no'),(2,'skierva.no'),(2,'skiptvet.no'),(2,'skjak.no'),(2,'skjervoy.no'),(2,'sklep.pl'),(2,'skoczow.pl'),(2,'skodje.no'),(2,'skole.museum'),(2,'skydiving.aero'),(2,'slask.pl'),(2,'slattum.no'),(2,'sld.do'),(2,'sld.pa'),(2,'slg.br'),(2,'slupsk.pl'),(2,'smola.no'),(2,'smolensk.ru'),(2,'smtp.ru'),(2,'sn.cn'),(2,'snaase.no'),(2,'snasa.no'),(2,'snillfjord.no'),(2,'snoasa.no'),(2,'snz.ru'),(2,'so.it'),(2,'soc.lk'),(2,'societe.st'),(2,'society.museum'),(2,'software.aero'),(2,'sogndal.no'),(2,'sogne.no'),(2,'sokndal.no'),(2,'sol.ru'),(2,'sola.no'),(2,'sologne.museum'),(2,'solund.no'),(2,'somna.no'),(2,'sondre-land.no'),(2,'sondrio.it'),(2,'songdalen.no'),(2,'sopot.pl'),(2,'sor-aurdal.no'),(2,'sor-fron.no'),(2,'sor-odal.no'),(2,'sor-varanger.no'),(2,'sorfold.no'),(2,'soros.al'),(2,'sorreisa.no'),(2,'sortland.no'),(2,'sorum.no'),(2,'sos.pl'),(2,'sosblog.com'),(2,'sosnowiec.pl'),(2,'soundandvision.museum'),(2,'southcarolina.museum'),(2,'southwest.museum'),(2,'sp.it'),(2,'space.museum'),(2,'spb.ru'),(2,'spjelkavik.no'),(2,'sport.hu'),(2,'spy.museum'),(2,'spydeberg.no'),(2,'square.museum'),(2,'sr.it'),(2,'srv.br'),(2,'ss.it'),(2,'sshn.se'),(2,'st.no'),(2,'stadt.museum'),(2,'stalbans.museum'),(2,'stalowa-wola.pl'),(2,'stange.no'),(2,'starachowice.pl'),(2,'stargard.pl'),(2,'starnberg.museum'),(2,'stat.no'),(2,'state.museum'),(2,'stateofdelaware.museum'),(2,'stathelle.no'),(2,'station.museum'),(2,'stavanger.no'),(2,'stavern.no'),(2,'stavropol.ru'),(2,'steam.museum'),(2,'steiermark.museum'),(2,'steigen.no'),(2,'steinkjer.no'),(2,'stjohn.museum'),(2,'stjordal.no'),(2,'stjordalshalsen.no'),(2,'stockholm.museum'),(2,'stokke.no'),(2,'stor-elvdal.no'),(2,'stord.no'),(2,'stordal.no'),(2,'store.co'),(2,'store.nf'),(2,'store.ro'),(2,'store.st'),(2,'store.ve'),(2,'storfjord.no'),(2,'stpetersburg.museum'),(2,'strand.no'),(2,'stranda.no'),(2,'stryn.no'),(2,'student.aero'),(2,'stuttgart.museum'),(2,'stv.ru'),(2,'suedtirol.it'),(2,'suisse.museum'),(2,'sula.no'),(2,'suldal.no'),(2,'suli.hu'),(2,'sumy.ua'),(2,'sund.no'),(2,'sunndal.no'),(2,'surgeonshall.museum'),(2,'surgut.ru'),(2,'surnadal.no'),(2,'surrey.museum'),(2,'suwalki.pl'),(2,'sv.it'),(2,'svalbard.no'),(2,'sveio.no'),(2,'svelvik.no'),(2,'svizzera.museum'),(2,'sweden.museum'),(2,'swidnica.pl'),(2,'swiebodzin.pl'),(2,'swinoujscie.pl'),(2,'sx.cn'),(2,'sydney.museum'),(2,'sykkylven.no'),(2,'syzran.ru'),(2,'szczecin.pl'),(2,'szczytno.pl'),(2,'szex.hu'),(2,'szkola.pl'),(2,'szm.com'),(2,'t.bg'),(2,'t.se'),(2,'t3.to'),(2,'t35.com'),(2,'t35.net'),(2,'ta.it'),(2,'takamatsu.jp'),(2,'tambov.ru'),(2,'tana.no'),(2,'tananger.no'),(2,'tank.museum'),(2,'taranto.it'),(2,'targi.pl'),(2,'tarnobrzeg.pl'),(2,'tas.au'),(2,'tatarstan.ru'),(2,'taxi.aero'),(2,'tcm.museum'),(2,'te.it'),(2,'te.ua'),(2,'tec.ve'),(2,'technology.museum'),(2,'tel.no'),(2,'tel.nr'),(2,'tel.tr'),(2,'telecom.na'),(2,'telekommunikation.museum'),(2,'telememo.au'),(2,'television.museum'),(2,'teramo.it'),(2,'terni.it'),(2,'ternopil.ua'),(2,'test.ru'),(2,'texas.museum'),(2,'textile.museum'),(2,'tgory.pl'),(2,'th.tc'),(2,'theater.museum'),(2,'time.museum'),(2,'time.no'),(2,'timekeeping.museum'),(2,'tingvoll.no'),(2,'tinn.no'),(2,'tirana.al'),(2,'tj.cn'),(2,'tjeldsund.no'),(2,'tjome.no'),(2,'tld.am'),(2,'tlf.nr'),(2,'tm.cy'),(2,'tm.fr'),(2,'tm.hu'),(2,'tm.km'),(2,'tm.mc'),(2,'tm.mg'),(2,'tm.mt'),(2,'tm.no'),(2,'tm.pl'),(2,'tm.ro'),(2,'tm.se'),(2,'tm.za'),(2,'tmp.br'),(2,'tn.it'),(2,'tn.us'),(2,'to.it'),(2,'tochigi.jp'),(2,'tokke.no'),(2,'tokushima.jp'),(2,'tokyo.jp'),(2,'tolga.no'),(2,'tom.ru'),(2,'tomsk.ru'),(2,'tonsberg.no'),(2,'topology.museum'),(2,'torino.it'),(2,'torino.museum'),(2,'torsken.no'),(2,'torun.pl'),(2,'tottori.jp'),(2,'touch.museum'),(2,'tourism.pl'),(2,'tourism.tn'),(2,'town.museum'),(2,'toyama.jp'),(2,'tozsde.hu'),(2,'tp.it'),(2,'tr.it'),(2,'tr.no'),(2,'trader.aero'),(2,'trading.aero'),(2,'trainer.aero'),(2,'trana.no'),(2,'tranby.no'),(2,'tranoy.no'),(2,'transport.museum'),(2,'trapani.it'),(2,'travel.pl'),(2,'travel.tt'),(2,'trd.br'),(2,'tree.museum'),(2,'trentino.it'),(2,'trento.it'),(2,'treviso.it'),(2,'trieste.it'),(2,'tripod.com'),(2,'troandin.no'),(2,'trogstad.no'),(2,'trolley.museum'),(2,'tromsa.no'),(2,'tromso.no'),(2,'trondheim.no'),(2,'trust.museum'),(2,'trustee.museum'),(2,'trysil.no'),(2,'ts.it'),(2,'tsaritsyn.ru'),(2,'tsk.ru'),(2,'tula.ru'),(2,'tur.br'),(2,'turek.pl'),(2,'turen.tn'),(2,'turin.it'),(2,'turystyka.pl'),(2,'tuva.ru'),(2,'tv.bo'),(2,'tv.br'),(2,'tv.it'),(2,'tv.na'),(2,'tv.sd'),(2,'tvedestrand.no'),(2,'tver.ru'),(2,'tw.cn'),(2,'tx.us'),(2,'tychy.pl'),(2,'tydal.no'),(2,'tynset.no'),(2,'tysfjord.no'),(2,'tysnes.no'),(2,'tysvar.no'),(2,'tysv�r.no'),(2,'tyumen.ru'),(2,'u.bg'),(2,'u.se'),(2,'ua.tc'),(2,'uba.ar'),(2,'ucoz.ru'),(2,'ud.it'),(2,'udine.it'),(2,'udm.ru'),(2,'udmurtia.ru'),(2,'uhren.museum'),(2,'uk.com'),(2,'uk.net'),(2,'uk.pn'),(2,'uk.tc'),(2,'uk.to'),(2,'uk.tt'),(2,'ulan-ude.ru'),(2,'ullensaker.no'),(2,'ullensvang.no'),(2,'ulm.museum'),(2,'ulsan.kr'),(2,'ulvik.no'),(2,'unam.na'),(2,'unbi.ba'),(2,'unblog.fr'),(2,'undersea.museum'),(2,'union.aero'),(2,'uniti.al'),(2,'university.museum'),(2,'unjarga.no'),(2,'unj�rga.no'),(2,'unlugar.com'),(2,'unsa.ba'),(2,'upt.al'),(2,'uri.arpa'),(2,'url.st'),(2,'urn.arpa'),(2,'us.com'),(2,'us.ms'),(2,'us.na'),(2,'us.tc'),(2,'us.tf'),(2,'us.to'),(2,'us.tt'),(2,'usa.museum'),(2,'usantiques.museum'),(2,'usarts.museum'),(2,'uscountryestate.museum'),(2,'usculture.museum'),(2,'usdecorativearts.museum'),(2,'usenet.pl'),(2,'usgarden.museum'),(2,'ushistory.museum'),(2,'ushuaia.museum'),(2,'uslivinghistory.museum'),(2,'ustka.pl'),(2,'ut.us'),(2,'utah.museum'),(2,'utazas.hu'),(2,'utsira.no'),(2,'utsunomiya.jp'),(2,'uu.mt'),(2,'uvic.museum'),(2,'uy.com'),(2,'uz.ua'),(2,'uzhgorod.ua'),(2,'v.bg'),(2,'va.it'),(2,'va.no'),(2,'va.us'),(2,'vaapste.no'),(2,'vadso.no'),(2,'vaga.no'),(2,'vagan.no'),(2,'vagsoy.no'),(2,'vaksdal.no'),(2,'valle.no'),(2,'valley.museum'),(2,'vang.no'),(2,'vantaa.museum'),(2,'vanylven.no'),(2,'vardo.no'),(2,'varese.it'),(2,'varggat.no'),(2,'varoy.no'),(2,'vatican.va'),(2,'vb.it'),(2,'vc.it'),(2,'vdonsk.ru'),(2,'ve.it'),(2,'vefsn.no'),(2,'vega.no'),(2,'vegarshei.no'),(2,'veg�rshei.no'),(2,'venezia.it'),(2,'venice.it'),(2,'vennesla.no'),(2,'verbania.it'),(2,'vercelli.it'),(2,'verdal.no'),(2,'verona.it'),(2,'verran.no'),(2,'versailles.museum'),(2,'vestby.no'),(2,'vestnes.no'),(2,'vestre-slidre.no'),(2,'vestre-toten.no'),(2,'vestvagoy.no'),(2,'vet.br'),(2,'veterinaire.fr'),(2,'veterinaire.km'),(2,'vevelstad.no'),(2,'vf.no'),(2,'vgs.no'),(2,'vi.it'),(2,'vi.us'),(2,'vibo-valentia.it'),(2,'vibovalentia.it'),(2,'vic.au'),(2,'vicenza.it'),(2,'video.hu'),(2,'vik.no'),(2,'viking.museum'),(2,'vikna.no'),(2,'village.museum'),(2,'vindafjord.no'),(2,'vinnica.ua'),(2,'virginia.museum'),(2,'virtual.museum'),(2,'virtuel.museum'),(2,'viterbo.it'),(2,'vlaanderen.museum'),(2,'vladikavkaz.ru'),(2,'vladimir.ru'),(2,'vladivostok.ru'),(2,'vlog.br'),(2,'vn.ua'),(2,'voagat.no'),(2,'volda.no'),(2,'volgograd.ru'),(2,'volkenkunde.museum'),(2,'vologda.ru'),(2,'voronezh.ru'),(2,'voss.no'),(2,'vossevangen.no'),(2,'vr.it'),(2,'vrn.ru'),(2,'vt.it'),(2,'vt.us'),(2,'vv.it'),(2,'vyatka.ru'),(2,'w.bg'),(2,'w.se'),(2,'wa.au'),(2,'wa.us'),(2,'wakayama.jp'),(2,'walbrzych.pl'),(2,'wales.museum'),(2,'wallonie.museum'),(2,'war.museum'),(2,'warmia.pl'),(2,'warszawa.pl'),(2,'washingtondc.museum'),(2,'watch-and-clock.museum'),(2,'watchandclock.museum'),(2,'waw.pl'),(2,'we.bs'),(2,'weather.mobi'),(2,'web-soft.ru'),(2,'web.co'),(2,'web.do'),(2,'web.id'),(2,'web.lk'),(2,'web.nf'),(2,'web.pk'),(2,'web.tj'),(2,'web.tr'),(2,'web.ve'),(2,'web.za'),(2,'webcindario.com'),(2,'webs.com'),(2,'weebly.com'),(2,'wegrow.pl'),(2,'western.museum'),(2,'westfalen.museum'),(2,'whaling.museum'),(2,'whsites.net'),(2,'wi.us'),(2,'wielun.pl'),(2,'wiki.br'),(2,'wildlife.museum'),(2,'williamsburg.museum'),(2,'windmill.museum'),(2,'wlocl.pl'),(2,'wloclawek.pl'),(2,'wodzislaw.pl'),(2,'wolomin.pl'),(2,'wordpress.com'),(2,'workinggroup.aero'),(2,'works.aero'),(2,'workshop.museum'),(2,'wroc.pl'),(2,'wroclaw.pl'),(2,'ws.na'),(2,'wv.us'),(2,'www.ro'),(2,'wy.us'),(2,'wz.cz'),(2,'x.bg'),(2,'x.se'),(2,'xanga.com'),(2,'xf.cz'),(2,'xj.cn'),(2,'xorg.pl'),(2,'xz.cn'),(2,'y.bg'),(2,'y.se'),(2,'yakutia.ru'),(2,'yamagata.jp'),(2,'yamaguchi.jp'),(2,'yamal.ru'),(2,'yamanashi.jp'),(2,'yaroslavl.ru'),(2,'yekaterinburg.ru'),(2,'yk.ca'),(2,'yn.cn'),(2,'yokohama.jp'),(2,'york.museum'),(2,'yorkshire.museum'),(2,'yosemite.museum'),(2,'youth.museum'),(2,'yuzhno-sakhalinsk.ru'),(2,'z.bg'),(2,'z.se'),(2,'z8.ru'),(2,'za.com'),(2,'za.net'),(2,'za.org'),(2,'za.pl'),(2,'zachpomor.pl'),(2,'zagan.pl'),(2,'zakopane.pl'),(2,'zaporizhzhe.ua'),(2,'zarow.pl'),(2,'zgora.pl'),(2,'zgorzelec.pl'),(2,'zgrad.ru'),(2,'zhitomir.ua'),(2,'zj.cn'),(2,'zlg.br'),(2,'zmail.ru'),(2,'zoological.museum'),(2,'zoology.museum'),(2,'zp.ua'),(2,'zt.ua'),(3,'act.edu.au'),(3,'act.gov.au'),(3,'bay.livefilestore.com'),(3,'blog.friendster.com'),(3,'blu.livefilestore.com'),(3,'bo.nordland.no'),(3,'bo.telemark.no'),(3,'city.chiba.jp'),(3,'city.fukuoka.jp'),(3,'city.hiroshima.jp'),(3,'city.kawasaki.jp'),(3,'city.kitakyushu.jp'),(3,'city.kobe.jp'),(3,'city.kyoto.jp'),(3,'city.nagoya.jp'),(3,'city.niigata.jp'),(3,'city.okayama.jp'),(3,'city.osaka.jp'),(3,'city.saitama.jp'),(3,'city.sapporo.jp'),(3,'city.sendai.jp'),(3,'city.shizuoka.jp'),(3,'city.yokohama.jp'),(3,'cloud.prohosting.com'),(3,'co.at.lv'),(3,'co.at.pn'),(3,'co.at.tc'),(3,'co.uk.pn'),(3,'co.uk.tc'),(3,'com.au.ms'),(3,'com.au.pn'),(3,'com.au.tc'),(3,'com.sapo.pt'),(3,'do.sapo.pt'),(3,'docs.google.com'),(3,'groups.live.com'),(3,'gs.aa.no'),(3,'gs.ah.no'),(3,'gs.bu.no'),(3,'gs.fm.no'),(3,'gs.hl.no'),(3,'gs.hm.no'),(3,'gs.jan-mayen.no'),(3,'gs.mr.no'),(3,'gs.nl.no'),(3,'gs.nt.no'),(3,'gs.of.no'),(3,'gs.ol.no'),(3,'gs.oslo.no'),(3,'gs.rl.no'),(3,'gs.sf.no'),(3,'gs.st.no'),(3,'gs.svalbard.no'),(3,'gs.tm.no'),(3,'gs.tr.no'),(3,'gs.va.no'),(3,'gs.vf.no'),(3,'heroy.more-og-romsdal.no'),(3,'heroy.nordland.no'),(3,'home.sapo.pt'),(3,'homepage.t-online.de'),(3,'lkd.co.im'),(3,'ltd.co.im'),(3,'me.uk.tc'),(3,'metro.tokyo.jp'),(3,'nes.akershus.no'),(3,'nes.buskerud.no'),(3,'no.sapo.pt'),(3,'nsw.edu.au'),(3,'nsw.gov.au'),(3,'nt.edu.au'),(3,'nt.gov.au'),(3,'or.at.lv'),(3,'org.uk.tc'),(3,'os.hedmark.no'),(3,'os.hordaland.no'),(3,'pa.gov.pl'),(3,'paginas.sapo.pt'),(3,'plc.co.im'),(3,'po.gov.pl'),(3,'pref.aichi.jp'),(3,'pref.akita.jp'),(3,'pref.aomori.jp'),(3,'pref.chiba.jp'),(3,'pref.ehime.jp'),(3,'pref.fukui.jp'),(3,'pref.fukuoka.jp'),(3,'pref.fukushima.jp'),(3,'pref.gifu.jp'),(3,'pref.gunma.jp'),(3,'pref.hiroshima.jp'),(3,'pref.hokkaido.jp'),(3,'pref.hyogo.jp'),(3,'pref.ibaraki.jp'),(3,'pref.ishikawa.jp'),(3,'pref.iwate.jp'),(3,'pref.kagawa.jp'),(3,'pref.kagoshima.jp'),(3,'pref.kanagawa.jp'),(3,'pref.kochi.jp'),(3,'pref.kumamoto.jp'),(3,'pref.kyoto.jp'),(3,'pref.mie.jp'),(3,'pref.miyagi.jp'),(3,'pref.miyazaki.jp'),(3,'pref.nagano.jp'),(3,'pref.nagasaki.jp'),(3,'pref.nara.jp'),(3,'pref.niigata.jp'),(3,'pref.oita.jp'),(3,'pref.okayama.jp'),(3,'pref.okinawa.jp'),(3,'pref.osaka.jp'),(3,'pref.saga.jp'),(3,'pref.saitama.jp'),(3,'pref.shiga.jp'),(3,'pref.shimane.jp'),(3,'pref.shizuoka.jp'),(3,'pref.tochigi.jp'),(3,'pref.tokushima.jp'),(3,'pref.tottori.jp'),(3,'pref.toyama.jp'),(3,'pref.wakayama.jp'),(3,'pref.yamagata.jp'),(3,'pref.yamaguchi.jp'),(3,'pref.yamanashi.jp'),(3,'profile.live.com'),(3,'qld.edu.au'),(3,'qld.gov.au'),(3,'sa.edu.au'),(3,'sa.gov.au'),(3,'sakura.ne.jp'),(3,'sande.more-og-romsdal.no'),(3,'sande.vestfold.no'),(3,'skydrive.live.com'),(3,'so.gov.pl'),(3,'spaces.live.com'),(3,'spaces.msn.com'),(3,'sr.gov.pl'),(3,'starostwo.gov.pl'),(3,'tas.edu.au'),(3,'tas.gov.au'),(3,'ug.gov.pl'),(3,'um.gov.pl'),(3,'upow.gov.pl'),(3,'uw.gov.pl'),(3,'valer.hedmark.no'),(3,'valer.ostfold.no'),(3,'vic.edu.au'),(3,'vic.gov.au'),(3,'wa.edu.au'),(3,'wa.gov.au'),(3,'web.aplus.net'),(3,'web.fc2.com'),(3,'web.officelive.com');

--
